-- Table structure for table `info_are`
--

CREATE TABLE `info_are` (
  `cod_are` bigint(3) NOT NULL DEFAULT '0',
  `cod_dare` bigint(3) NOT NULL DEFAULT '0',
  `des_dare` text COLLATE utf8_spanish_ci NOT NULL,
  `cod_gra` int(10) NOT NULL,
  `cod_inf_are` bigint(3) NOT NULL AUTO_INCREMENT,
  `cod_mat` bigint(20) NOT NULL,
  PRIMARY KEY (`cod_inf_are`)
) ENGINE=MyISAM DEFAULT CHARSET=utf8 COLLATE=utf8_spanish_ci;

--
-- Dumping data for table `info_are`
--


--
-- Table structure for table `info_cost_edu`
--

CREATE TABLE `info_cost_edu` (
  `id_info` bigint(5) unsigned NOT NULL AUTO_INCREMENT,
  `ayu_info` text COLLATE utf8_spanish_ci NOT NULL,
  `pal_info` varchar(30) COLLATE utf8_spanish_ci NOT NULL,
  `des_info` text COLLATE utf8_spanish_ci NOT NULL,
  PRIMARY KEY (`id_info`)
) ENGINE=MyISAM DEFAULT CHARSET=utf8 COLLATE=utf8_spanish_ci;

--
-- Dumping data for table `info_cost_edu`
--


--
-- Table structure for table `info_datestud`
--

CREATE TABLE `info_datestud` (
  `id_dane` bigint(6) unsigned zerofill NOT NULL DEFAULT '000000',
  `valor_dane` varchar(200) COLLATE utf8_spanish_ci NOT NULL,
  `id_alu` bigint(20) NOT NULL,
  `id_ano` int(10) unsigned NOT NULL DEFAULT '1',
  PRIMARY KEY (`id_dane`,`id_ano`,`id_alu`)
) ENGINE=MyISAM DEFAULT CHARSET=utf8 COLLATE=utf8_spanish_ci;

--
-- Dumping data for table `info_datestud`
--


--
-- Table structure for table `info_datinstid`
--

CREATE TABLE `info_datinstid` (
  `id_dane` bigint(6) unsigned zerofill NOT NULL DEFAULT '000000',
  `valor_dane` varchar(200) COLLATE utf8_spanish_ci NOT NULL,
  `nit_ins` varchar(12) COLLATE utf8_spanish_ci NOT NULL,
  `id_ano` int(10) unsigned NOT NULL DEFAULT '1',
  PRIMARY KEY (`id_ano`,`id_dane`,`nit_ins`)
) ENGINE=MyISAM DEFAULT CHARSET=utf8 COLLATE=utf8_spanish_ci;

--
-- Dumping data for table `info_datinstid`
--


--
-- Temporary table structure for view `informacion_acudientes`
--

/*!50001 DROP VIEW IF EXISTS `informacion_acudientes`*/;
/*!50001 CREATE TABLE `informacion_acudientes` (
  `CODIGO_ALUMNO` tinyint NOT NULL,
  `IDENTIFICACION_ACUDIENTE` tinyint NOT NULL,
  `TIPO_ID_ACUDIENTE` tinyint NOT NULL,
  `NOMBRE_ACUDIENTE` tinyint NOT NULL,
  `APELLIDO_ACUDIENTE` tinyint NOT NULL,
  `FECHA_NACIMIENTO_ACUDIENTE` tinyint NOT NULL,
  `CIUDAD_NACIMIENTO_ACUDIENTE` tinyint NOT NULL,
  `SEXO_ACUDIENTE` tinyint NOT NULL,
  `DIRECCION_RESIDENCIA_ACUDIENTE` tinyint NOT NULL,
  `TELEFONO_RESIDENCIA_ACUDIENTE` tinyint NOT NULL,
  `TELEFONO_RESIDENCIA_ACUDIENTE_` tinyint NOT NULL,
  `CORREO_ELECTRONICO_ACUDIENTE` tinyint NOT NULL,
  `CIUDAD_RESIDENCIA_ACUDIENTE` tinyint NOT NULL,
  `ESTADO_CIVIL_ACUDIENTE` tinyint NOT NULL,
  `PROFESION_ACUDIENTE` tinyint NOT NULL,
  `DIRECCION_TRABAJO_ACUDIENTE` tinyint NOT NULL,
  `TELEFONO_TRABAJO_ACUDIENTE` tinyint NOT NULL,
  `TELEFONO_TRABAJO_ACUDIENTE_` tinyint NOT NULL,
  `CIUDAD_TRABAJO_ACUDIENTE` tinyint NOT NULL,
  `ASISTENCIA_ACUDIENTE` tinyint NOT NULL,
  `NIVEL_ESTUDIOS_ACUDIENTE` tinyint NOT NULL,
  `ES_EXALUMNO_ACUDIENTE` tinyint NOT NULL
) ENGINE=MyISAM */;

--
-- Temporary table structure for view `informacion_estudiantes`
--

/*!50001 DROP VIEW IF EXISTS `informacion_estudiantes`*/;
/*!50001 CREATE TABLE `informacion_estudiantes` (
  `CODIGO` tinyint NOT NULL,
  `NOMBRE` tinyint NOT NULL,
  `APELLIDO` tinyint NOT NULL,
  `DOCUMENTO_DE_IDENTIDAD` tinyint NOT NULL,
  `NUMERO_DE_DOCUMENTO_DE_IDENTIDAD` tinyint NOT NULL,
  `GENERO` tinyint NOT NULL,
  `FECHA_DE_NACIMIENTO` tinyint NOT NULL,
  `CIUDAD_DE_NACIMIENTO` tinyint NOT NULL,
  `R_H` tinyint NOT NULL,
  `E_P_S` tinyint NOT NULL,
  `DIRECCION_CORRESPONDENCIA` tinyint NOT NULL,
  `BARRIO_CORRESPONDENCIA` tinyint NOT NULL,
  `TELEFONO_1` tinyint NOT NULL,
  `TELEFONO_2` tinyint NOT NULL,
  `E_MAIL` tinyint NOT NULL,
  `SISBEN` tinyint NOT NULL,
  `NIVEL_ESTUDIANTE` tinyint NOT NULL,
  `cod_gra` tinyint NOT NULL,
  `GRADO_ESTUDIANTE` tinyint NOT NULL,
  `CURSO_ESTUDIANTE` tinyint NOT NULL,
  `SECCION_ESTUDIANTE` tinyint NOT NULL,
  `ACOMPANANTE_CURSO` tinyint NOT NULL,
  `ES_NUEVO` tinyint NOT NULL,
  `cod_cur` tinyint NOT NULL,
  `cod_niv` tinyint NOT NULL,
  `BARRIO` tinyint NOT NULL,
  `APROBACION` tinyint NOT NULL,
  `id_pas` tinyint NOT NULL,
  `ACEPTO` tinyint NOT NULL,
  `OBSERVACIONES_APRO` tinyint NOT NULL,
  `NUM_REPETICION` tinyint NOT NULL,
  `ESTADO` tinyint NOT NULL
) ENGINE=MyISAM */;

--
-- Temporary table structure for view `informacion_madres`
--

/*!50001 DROP VIEW IF EXISTS `informacion_madres`*/;
/*!50001 CREATE TABLE `informacion_madres` (
  `CODIGO_ALUMNO` tinyint NOT NULL,
  `IDENTIFICACION_MADRE` tinyint NOT NULL,
  `TIPO_ID_MADRE` tinyint NOT NULL,
  `NOMBRE_MADRE` tinyint NOT NULL,
  `APELLIDO_MADRE` tinyint NOT NULL,
  `FECHA_NACIMIENTO_MADRE` tinyint NOT NULL,
  `CIUDAD_NACIMIENTO_MADRE` tinyint NOT NULL,
  `SEXO_MADRE` tinyint NOT NULL,
  `DIRECCION_RESIDENCIA_MADRE` tinyint NOT NULL,
  `TELEFONO_RESIDENCIA_MADRE` tinyint NOT NULL,
  `TELEFONO_RESIDENCIA_MADRE_` tinyint NOT NULL,
  `CORREO_ELECTRONICO_MADRE` tinyint NOT NULL,
  `CIUDAD_RESIDENCIA_MADRE` tinyint NOT NULL,
  `ESTADO_CIVIL_MADRE` tinyint NOT NULL,
  `PROFESION_MADRE` tinyint NOT NULL,
  `DIRECCION_TRABAJO_MADRE` tinyint NOT NULL,
  `TELEFONO_TRABAJO_MADRE` tinyint NOT NULL,
  `TELEFONO_TRABAJO_MADRE_` tinyint NOT NULL,
  `CIUDAD_TRABAJO_MADRE` tinyint NOT NULL,
  `ASISTENCIA_MADRE` tinyint NOT NULL,
  `NIVEL_ESTUDIOS_MADRE` tinyint NOT NULL,
  `ES_EXALUMNO_MADRE` tinyint NOT NULL
) ENGINE=MyISAM */;

--
-- Temporary table structure for view `informacion_padres`
--

/*!50001 DROP VIEW IF EXISTS `informacion_padres`*/;
/*!50001 CREATE TABLE `informacion_padres` (
  `CODIGO_ALUMNO` tinyint NOT NULL,
  `IDENTIFICACION_PADRE` tinyint NOT NULL,
  `TIPO_ID_PADRE` tinyint NOT NULL,
  `NOMBRE_PADRE` tinyint NOT NULL,
  `APELLIDO_PADRE` tinyint NOT NULL,
  `FECHA_NACIMIENTO_PADRE` tinyint NOT NULL,
  `CIUDAD_NACIMIENTO_PADRE` tinyint NOT NULL,
  `SEXO_PADRE` tinyint NOT NULL,
  `DIRECCION_RESIDENCIA_PADRE` tinyint NOT NULL,
  `TELEFONO_RESIDENCIA_PADRE` tinyint NOT NULL,
  `TELEFONO_RESIDENCIA_PADRE_` tinyint NOT NULL,
  `CORREO_ELECTRONICO_PADRE` tinyint NOT NULL,
  `CIUDAD_RESIDENCIA_PADRE` tinyint NOT NULL,
  `ESTADO_CIVIL_PADRE` tinyint NOT NULL,
  `PROFESION_PADRE` tinyint NOT NULL,
  `DIRECCION_TRABAJO_PADRE` tinyint NOT NULL,
  `TELEFONO_TRABAJO_PADRE` tinyint NOT NULL,
  `TELEFONO_TRABAJO_PADRE_` tinyint NOT NULL,
  `CIUDAD_TRABAJO_PADRE` tinyint NOT NULL,
  `ASISTENCIA_PADRE` tinyint NOT NULL,
  `NIVEL_ESTUDIOS_PADRE` tinyint NOT NULL,
  `ES_EXALUMNO_PADRE` tinyint NOT NULL
) ENGINE=MyISAM */;

--
-- Table structure for table `ingreso`
--

CREATE TABLE `ingreso` (
  `id_doc` int(10) unsigned NOT NULL,
  `id_alu` bigint(20) NOT NULL,
  `id_ano` int(10) unsigned NOT NULL DEFAULT '1',
  PRIMARY KEY (`id_doc`,`id_ano`),
  KEY `ingreso_FKIndex1` (`id_doc`,`id_ano`),
  KEY `ingreso_FKIndex2` (`id_ano`),
  KEY `ingreso_FKIndex3` (`id_alu`)
) ENGINE=MyISAM DEFAULT CHARSET=utf8 COLLATE=utf8_spanish_ci;

--
-- Dumping data for table `ingreso`
--


--
-- Table structure for table `inst_mat_cur`
--

CREATE TABLE `inst_mat_cur` (
  `cod_log` bigint(6) DEFAULT NULL,
  `cod_ind` bigint(6) DEFAULT NULL,
  `cod_ins` bigint(6) NOT NULL,
  `cod_cur` bigint(6) NOT NULL,
  `cod_mat` bigint(6) NOT NULL,
  `id_peri` bigint(3) NOT NULL,
  `id_usu_cre` bigint(6) NOT NULL,
  `fec_cre` date NOT NULL,
  `id_usu_mod` bigint(6) NOT NULL,
  `fec_mod` date DEFAULT NULL,
  `fec_rea` date DEFAULT NULL,
  `pon_ins` float(5,2) unsigned DEFAULT NULL,
  PRIMARY KEY (`cod_ins`,`cod_cur`,`cod_mat`,`id_peri`)
) ENGINE=MyISAM DEFAULT CHARSET=utf8 COLLATE=utf8_spanish_ci;

--
-- Dumping data for table `inst_mat_cur`
--

INSERT INTO `inst_mat_cur` VALUES (NULL,NULL,4,1172,6,1,1,'2014-10-22',0,NULL,'0000-00-00',0.00),(NULL,NULL,5,1163,15,4,60,'2014-10-23',60,'2014-10-23',NULL,0.00),(NULL,NULL,6,1163,15,4,60,'2014-10-23',60,'2014-10-23','2014-10-24',0.00),(NULL,NULL,6,1164,15,4,60,'2014-10-23',60,'2014-10-23','2014-10-27',0.00),(NULL,NULL,14,1164,15,3,60,'2014-10-23',0,NULL,'0000-00-00',0.00),(NULL,NULL,9,1191,13,3,63,'2014-10-23',0,NULL,'0000-00-00',4.50),(NULL,NULL,11,1163,15,3,60,'2014-10-23',0,NULL,'0000-00-00',0.00),(NULL,NULL,14,1163,15,3,60,'2014-10-23',0,NULL,'0000-00-00',0.00);

--
-- Table structure for table `instancia`
--

CREATE TABLE `instancia` (
  `cod_ins` bigint(6) NOT NULL AUTO_INCREMENT,
  `cod_ind` bigint(6) DEFAULT NULL,
  `des_ins` text COLLATE utf8_spanish_ci,
  `cod_tip_ins` bigint(3) DEFAULT NULL,
  `id_usu_cre` bigint(6) DEFAULT NULL,
  `fec_cre` date DEFAULT NULL,
  `id_usu_mod` bigint(6) DEFAULT NULL,
  `fec_mod` date DEFAULT NULL,
  `est_int` enum('hab','des') COLLATE utf8_spanish_ci DEFAULT NULL,
  `ord_ins` int(11) DEFAULT NULL,
  `cod_gra` bigint(20) DEFAULT NULL,
  `cod_mat` bigint(20) DEFAULT NULL,
  PRIMARY KEY (`cod_ins`)
) ENGINE=MyISAM AUTO_INCREMENT=15 DEFAULT CHARSET=utf8 COLLATE=utf8_spanish_ci;

--
-- Dumping data for table `instancia`
--

INSERT INTO `instancia` VALUES (3,NULL,'la celula',1,96,'2014-10-22',NULL,'0000-00-00','hab',NULL,4,6),(4,NULL,'Evaluación sobre La célua',1,1,'2014-10-22',NULL,'0000-00-00','hab',NULL,7,6),(5,0,'LOS VALORES EDUCATIVOS',4,60,'2014-10-23',60,'2014-10-23','hab',1,6,15),(6,0,'QUE ES MICROSOFT Y SUS COMPONENTES',1,60,'2014-10-23',60,'2014-10-23','hab',1,6,15),(7,0,'',4,78,'2014-10-23',78,'2014-10-23','hab',0,6,19),(8,0,'',4,55,'2014-10-23',55,'2014-10-23','hab',0,11,9),(9,0,'',4,63,'2014-10-23',63,'2014-10-23','hab',0,9,13),(14,0,'',4,60,'2014-10-23',60,'2014-10-23','hab',0,6,15),(11,NULL,'KNVKSDKCNC',3,60,'2014-10-23',NULL,'0000-00-00','hab',NULL,6,15),(12,NULL,'',1,55,'2014-10-23',NULL,'0000-00-00','hab',NULL,11,9);

--
-- Table structure for table `instancia_relacion`
--

CREATE TABLE `instancia_relacion` (
  `cod_ins` bigint(20) NOT NULL DEFAULT '0',
  `id_sup` bigint(20) NOT NULL DEFAULT '0',
  `id_tip_sup` int(10) NOT NULL DEFAULT '0',
  PRIMARY KEY (`cod_ins`,`id_sup`,`id_tip_sup`)
) ENGINE=MyISAM DEFAULT CHARSET=utf8 COLLATE=utf8_spanish_ci;

--
-- Dumping data for table `instancia_relacion`
--

INSERT INTO `instancia_relacion` VALUES (5,4,3),(6,3,3),(11,3,3),(11,4,3),(14,3,3),(14,4,3);

--
-- Table structure for table `institucion`
--

CREATE TABLE `institucion` (
  `nit_ins` varchar(12) COLLATE utf8_spanish_ci NOT NULL,
  `nom_ins` varchar(250) COLLATE utf8_spanish_ci NOT NULL,
  `dir_ins` varchar(100) COLLATE utf8_spanish_ci NOT NULL,
  `tel1_ins` varchar(12) COLLATE utf8_spanish_ci NOT NULL,
  `tel2_ins` varchar(12) COLLATE utf8_spanish_ci DEFAULT NULL,
  `tel3_ins` varchar(12) COLLATE utf8_spanish_ci DEFAULT NULL,
  `mai_ins` varchar(50) COLLATE utf8_spanish_ci DEFAULT NULL,
  `url_ins` varchar(50) COLLATE utf8_spanish_ci DEFAULT NULL,
  `res_ins` varchar(4000) COLLATE utf8_spanish_ci NOT NULL,
  `emi_res_ins` varchar(4000) COLLATE utf8_spanish_ci NOT NULL,
  `cod_ciu` bigint(3) NOT NULL DEFAULT '1',
  `log_ins` varchar(128) COLLATE utf8_spanish_ci DEFAULT NULL,
  `slo_ins` longtext COLLATE utf8_spanish_ci,
  `id_rec` varchar(20) COLLATE utf8_spanish_ci DEFAULT NULL,
  `id_sec` varchar(20) COLLATE utf8_spanish_ci DEFAULT NULL,
  `id_tes` varchar(20) COLLATE utf8_spanish_ci NOT NULL,
  `id_ano` int(10) unsigned NOT NULL DEFAULT '2',
  `reg_dane` varchar(30) COLLATE utf8_spanish_ci NOT NULL,
  `reg_secre` varchar(20) COLLATE utf8_spanish_ci NOT NULL,
  `nuc_edu` varchar(15) COLLATE utf8_spanish_ci NOT NULL,
  PRIMARY KEY (`nit_ins`)
) ENGINE=MyISAM DEFAULT CHARSET=utf8 COLLATE=utf8_spanish_ci;

--
-- Dumping data for table `institucion`
--

INSERT INTO `institucion` VALUES ('891201430-1','ESCUELA NORMAL SUPERIOR DEL MAYO','LA CRUZ LLANOGRANDE','7266190','3207842478','7266081','nsmlacruz@gmail.com','www.normalsuperior.edu.co','0579 DEL 3 DE MARZO DE 2010','',1,NULL,'Maestros líderes…Forjadores del Futuro',NULL,NULL,'',2,'152378000038','','');

--
-- Table structure for table `interes`
--

CREATE TABLE `interes` (
  `id_mes` int(10) unsigned NOT NULL,
  `id_ano` int(10) unsigned NOT NULL DEFAULT '1',
  `id_alu` bigint(20) NOT NULL,
  `id_cor` int(10) unsigned NOT NULL,
  `id_ano_cor` int(10) unsigned NOT NULL,
  `valor` decimal(10,0) NOT NULL,
  PRIMARY KEY (`id_mes`,`id_ano`,`id_alu`,`id_cor`,`id_ano_cor`),
  KEY `interes_FKIndex2` (`id_mes`,`id_ano`,`id_alu`),
  KEY `interes_FKIndex3` (`id_cor`)
) ENGINE=MyISAM DEFAULT CHARSET=utf8 COLLATE=utf8_spanish_ci;

--
-- Dumping data for table `interes`
--


--
-- Table structure for table `jornada`
--

CREATE TABLE `jornada` (
  `id_jor` bigint(6) NOT NULL AUTO_INCREMENT,
  `des_jor` text COLLATE utf8_spanish_ci NOT NULL,
  `hor_ini` time NOT NULL,
  `hor_fin` time NOT NULL,
  PRIMARY KEY (`id_jor`)
) ENGINE=MyISAM AUTO_INCREMENT=3 DEFAULT CHARSET=utf8 COLLATE=utf8_spanish_ci;

--
-- Dumping data for table `jornada`
--

INSERT INTO `jornada` VALUES (1,'Mañana','06:05:00','13:10:00');

--
-- Table structure for table `jornada_hor`
--

CREATE TABLE `jornada_hor` (
  `id_jhor` int(10) NOT NULL AUTO_INCREMENT,
  `id_jor` int(11) DEFAULT NULL,
  `des_jhor` varchar(50) COLLATE utf8_spanish_ci DEFAULT NULL,
  `hor_ini` time DEFAULT NULL,
  `hor_fin` time DEFAULT NULL,
  PRIMARY KEY (`id_jhor`)
) ENGINE=MyISAM AUTO_INCREMENT=18 DEFAULT CHARSET=utf8 COLLATE=utf8_spanish_ci;

--
-- Dumping data for table `jornada_hor`
--

INSERT INTO `jornada_hor` VALUES (1,1,'1',NULL,NULL),(2,1,'2',NULL,NULL),(3,1,'3',NULL,NULL),(4,1,'4',NULL,NULL),(5,1,'5',NULL,NULL),(6,1,'6',NULL,NULL),(7,2,'1',NULL,NULL),(8,2,'2',NULL,NULL),(9,2,'3',NULL,NULL),(10,2,'4',NULL,NULL),(11,2,'5',NULL,NULL),(12,2,'6',NULL,NULL),(13,3,'1',NULL,NULL),(14,3,'2',NULL,NULL),(15,3,'3',NULL,NULL),(16,3,'4',NULL,NULL),(17,3,'5',NULL,NULL);

--
-- Table structure for table `lista_negra`
--

CREATE TABLE `lista_negra` (
  `id_alu` bigint(20) NOT NULL AUTO_INCREMENT,
  `cod_tid` int(11) NOT NULL,
  `ced_per` varchar(50) COLLATE utf8_spanish_ci NOT NULL,
  `ape_per` varchar(50) COLLATE utf8_spanish_ci NOT NULL,
  `nom_per` varchar(50) COLLATE utf8_spanish_ci NOT NULL,
  `obs_per` text COLLATE utf8_spanish_ci NOT NULL,
  `est_per` enum('a','i') COLLATE utf8_spanish_ci NOT NULL DEFAULT 'a',
  `sol_per` text COLLATE utf8_spanish_ci,
  `id_usu_cre` int(11) NOT NULL,
  `id_usu_mod` int(11) NOT NULL,
  `fec_cre` timestamp NOT NULL DEFAULT CURRENT_TIMESTAMP,
  `fec_mod` timestamp NOT NULL DEFAULT '0000-00-00 00:00:00',
  PRIMARY KEY (`id_alu`)
) ENGINE=MyISAM DEFAULT CHARSET=utf8 COLLATE=utf8_spanish_ci;

--
-- Dumping data for table `lista_negra`
--


--
-- Table structure for table `localidad`
--

CREATE TABLE `localidad` (
  `cod_loc` bigint(6) unsigned zerofill NOT NULL AUTO_INCREMENT,
  `des_loc` varchar(50) COLLATE utf8_spanish_ci NOT NULL,
  `tip_loc` varchar(5) COLLATE utf8_spanish_ci NOT NULL,
  `pob_loc` varchar(20) COLLATE utf8_spanish_ci NOT NULL,
  `cod_loc_DANE` char(3) COLLATE utf8_spanish_ci DEFAULT NULL,
  `cod_ciu` bigint(3) unsigned zerofill NOT NULL DEFAULT '000',
  PRIMARY KEY (`des_loc`,`cod_ciu`),
  UNIQUE KEY `cod_loc` (`cod_loc`)
) ENGINE=MyISAM DEFAULT CHARSET=utf8 COLLATE=utf8_spanish_ci;

--
-- Dumping data for table `localidad`
--


--
-- Table structure for table `log_are_gra`
--

CREATE TABLE `log_are_gra` (
  `cod_log` bigint(6) NOT NULL AUTO_INCREMENT,
  `cod_gra` bigint(6) NOT NULL,
  `des_log` text COLLATE utf8_spanish_ci,
  `cri_eva` text COLLATE utf8_spanish_ci NOT NULL,
  `id_usu_cre` bigint(6) NOT NULL,
  `fec_cre` date NOT NULL,
  `id_usu_mod` bigint(6) DEFAULT NULL,
  `fec_mod` date DEFAULT NULL,
  `est_log` enum('hab','des') COLLATE utf8_spanish_ci NOT NULL,
  `ord_log` int(11) DEFAULT NULL,
  `cod_mat` bigint(3) NOT NULL,
  `id_niv0` bigint(20) DEFAULT NULL,
  `cod_ant` bigint(20) DEFAULT NULL,
  `id_tniv` bigint(20) DEFAULT NULL,
  PRIMARY KEY (`cod_log`)
) ENGINE=MyISAM DEFAULT CHARSET=utf8 COLLATE=utf8_spanish_ci;

--
-- Dumping data for table `log_are_gra`
--


--
-- Table structure for table `mat_per`
--

CREATE TABLE `mat_per` (
  `id_alu` bigint(20) NOT NULL,
  `cod_cur` int(11) NOT NULL,
  `cod_gra` int(11) NOT NULL,
  `id_peri` int(11) NOT NULL,
  `no_per` int(11) NOT NULL,
  PRIMARY KEY (`id_alu`,`id_peri`)
) ENGINE=MyISAM DEFAULT CHARSET=utf8 COLLATE=utf8_spanish_ci;

--
-- Dumping data for table `mat_per`
--


--
-- Table structure for table `materia`
--

CREATE TABLE `materia` (
  `cod_mat` bigint(3) NOT NULL AUTO_INCREMENT,
  `des_mat` varchar(50) COLLATE utf8_spanish_ci NOT NULL,
  `inh_mat` int(2) DEFAULT '1',
  `des_mat_pre` varchar(50) COLLATE utf8_spanish_ci DEFAULT NULL,
  `des_mat_cor` varchar(5) COLLATE utf8_spanish_ci DEFAULT NULL,
  `cod_are` bigint(3) unsigned NOT NULL DEFAULT '0',
  `icon_mat` varchar(50) COLLATE utf8_spanish_ci DEFAULT NULL,
  PRIMARY KEY (`des_mat`),
  UNIQUE KEY `des_mat` (`des_mat`),
  KEY `cod_mat` (`cod_mat`)
) ENGINE=MyISAM AUTO_INCREMENT=29 DEFAULT CHARSET=utf8 COLLATE=utf8_spanish_ci;

--
-- Dumping data for table `materia`
--

INSERT INTO `materia` VALUES (1,'DIMENSIÓN SOCIOAFECTIVA',1,'DIMENSIÓN SOCIOAFECTIVA','D SOC',21,NULL),(2,'DIMENSIÓN CORPORAL',1,'DIMENSIÓN CORPORAL','DCORP',22,NULL),(3,'DIMENSÓN GOCNITIVA',1,'DIMENSÓN GOCNITIVA','DCOGN',23,NULL),(4,'DIMENSIÓN COMUNICATIVA',1,'DIMENSIÓN COMUNICATIVA','DCOM',24,NULL),(5,'DIMENSIÓN ESTETICA',1,'DIMENSIÓN ESTETICA','DEST',25,NULL),(6,'CIENCIAS NATURALES Y ED AMBIENTAL',1,'CIENCIAS NATURALES Y ED AMBIENTAL','C NAT',26,NULL),(7,'QUIMICA',1,'QUIMICA','QUIM',27,NULL),(8,'FISICA',1,'FISICA','FISC',28,NULL),(9,'MATEMATICAS',1,'MATEMATICAS','MATEM',29,NULL),(10,'CIENCIAS SOCIALES',1,'CIENCIAS SOCIALES','SOCIA',30,NULL),(11,'EDUCACIÓN ETICA Y MORAL',1,'EDUCACIÓN ETICA Y MORAL','ETICA',31,NULL),(12,'EDUCACIÓN RELIGIOSA Y MORAL',1,'EDUCACIÓN RELIGIOSA Y MORAL','RELIG',32,NULL),(13,'HUMANIDADES LENGUA CASTELLANA',1,'HUMANIDADES LENGUA CASTELLANA','CASTE',33,NULL),(14,'IDIOMA EXTRANJERO INGLES',1,'IDIOMA EXTRANJERO INGLES','ING',34,NULL),(15,'TECNOLOGÍA E INFORMÁTICA',1,'TECNOLOGÍA E INFORMÁTICA','INFOR',35,NULL),(16,'EDUCACION ARTISTICA ARTES PLASTICAS',1,'EDUCACION ARTISTICA ARTES PLASTICAS','ARTES',36,NULL),(17,'EDUCACIÓN ARTISTICA MUSICA',1,'EDUCACIÓN ARTISTICA MUSICA','MUSI',37,NULL),(18,'EDUCACIÓN ARTÍSTICA -DANZAS',1,'EDUCACIÓN ARTÍSTICA -DANZAS','DANZ',38,NULL),(19,'EDUCACIÓN FÍSICA RECREACIÓN Y DEPORTE',1,'EDUCACIÓN FÍSICA RECREACIÓN Y DEPORTE','E.FIS',39,NULL),(20,'INVESTIGACIÓN EDUCATIVA',1,'INVESTIGACIÓN EDUCATIVA','INVES',40,NULL),(21,'PSCIOLOGIA',1,'PSCIOLOGIA','PSICO',41,NULL),(22,'FILOSOFIA',1,'FILOSOFIA','FILOS',42,NULL),(23,'GESTIÓN EDUCATIVA',1,'GESTIÓN EDUCATIVA','GEST',43,NULL),(24,'TENDECIAS PEDAGÓGICAS',1,'TENDECIAS PEDAGÓGICAS','T.PED',44,NULL),(25,'PRACTICA DOCENTE',1,'PRACTICA DOCENTE','P.DOC',45,NULL),(26,'DIDACTICA PREESCOALR',1,'DIDACTICA PREESCOALR','D.PRE',46,NULL),(27,'AYUDAS EDUCATIVAS',1,'AYUDAS EDUCATIVAS','A. ED',47,NULL),(28,'COMPORTAMIENTO',1,'COMPORTAMIENTO','COMP',48,NULL);

--
-- Table structure for table `matgra`
--

CREATE TABLE `matgra` (
  `cod_mat` bigint(3) NOT NULL DEFAULT '0',
  `cod_cur` int(6) NOT NULL DEFAULT '0',
  `id_per` varchar(20) COLLATE utf8_spanish_ci NOT NULL,
  `id_ano` int(10) unsigned NOT NULL DEFAULT '1',
  `inh_mat` int(2) unsigned DEFAULT '0',
  `esp_mat` enum('s','n') COLLATE utf8_spanish_ci NOT NULL DEFAULT 'n',
  `cop_mat` enum('s','n') COLLATE utf8_spanish_ci NOT NULL DEFAULT 'n',
  `con_are` enum('s','n') COLLATE utf8_spanish_ci NOT NULL DEFAULT 'n',
  `con_mat` enum('s','n') COLLATE utf8_spanish_ci NOT NULL DEFAULT 'n',
  `grp_con` enum('s','n') COLLATE utf8_spanish_ci NOT NULL DEFAULT 's',
  `con_bco` enum('s','n') COLLATE utf8_spanish_ci NOT NULL DEFAULT 'n',
  `sem_mat` int(10) DEFAULT NULL,
  `pond_mat` float DEFAULT '100',
  PRIMARY KEY (`cod_mat`,`cod_cur`,`id_ano`,`id_per`)
) ENGINE=MyISAM DEFAULT CHARSET=utf8 COLLATE=utf8_spanish_ci;

--
-- Dumping data for table `matgra`
--

INSERT INTO `matgra` VALUES (1,21141,'40',1,5,'n','n','n','n','s','n',NULL,100),(2,21141,'40',1,5,'n','n','n','n','s','n',NULL,100),(3,21141,'40',1,5,'n','n','n','n','s','n',NULL,100),(4,21141,'40',1,5,'n','n','n','n','s','n',NULL,100),(5,21141,'40',1,5,'n','n','n','n','s','n',NULL,100),(1,21142,'41',1,5,'n','n','n','n','s','n',NULL,100),(2,21142,'41',1,5,'n','n','n','n','s','n',NULL,100),(3,21142,'41',1,5,'n','n','n','n','s','n',NULL,100),(4,21142,'41',1,5,'n','n','n','n','s','n',NULL,100),(5,21142,'41',1,5,'n','n','n','n','s','n',NULL,100),(1,21143,'42',1,5,'n','n','n','n','s','n',NULL,100),(2,21143,'42',1,5,'n','n','n','n','s','n',NULL,100),(3,21143,'42',1,5,'n','n','n','n','s','n',NULL,100),(4,21143,'42',1,5,'n','n','n','n','s','n',NULL,100),(5,21143,'42',1,5,'n','n','n','n','s','n',NULL,100),(1,21144,'43',1,5,'n','n','n','n','s','n',NULL,100),(2,21144,'43',1,5,'n','n','n','n','s','n',NULL,100),(3,21144,'43',1,5,'n','n','n','n','s','n',NULL,100),(4,21144,'43',1,2,'n','n','n','n','s','n',NULL,100),(5,21144,'43',1,5,'n','n','n','n','s','n',NULL,100),(11,2111,'45',1,1,'n','n','n','n','s','n',NULL,100),(12,2111,'45',1,1,'n','n','n','n','s','n',NULL,100),(13,2111,'45',1,5,'n','n','n','n','s','n',NULL,100),(14,2111,'45',1,2,'n','n','n','n','s','n',NULL,100),(9,2111,'45',1,5,'n','n','n','n','s','n',NULL,100),(10,2111,'45',1,4,'n','n','n','n','s','n',NULL,100),(6,2111,'45',1,4,'n','n','n','n','s','n',NULL,100),(16,2111,'45',1,1,'n','n','n','n','s','n',NULL,100),(17,2111,'45',1,1,'n','n','n','n','s','n',NULL,100),(19,2111,'45',1,2,'n','n','n','n','s','n',NULL,100),(15,2111,'45',1,2,'n','n','n','n','s','n',NULL,100),(28,2111,'45',1,0,'n','n','n','n','s','n',NULL,100),(11,2112,'44',1,1,'n','n','n','n','s','n',NULL,100),(12,2112,'44',1,1,'n','n','n','n','s','n',NULL,100),(13,2112,'44',1,5,'n','n','n','n','s','n',NULL,100),(14,2112,'44',1,2,'n','n','n','n','s','n',NULL,100),(9,2112,'44',1,5,'n','n','n','n','s','n',NULL,100),(10,2112,'44',1,4,'n','n','n','n','s','n',NULL,100),(6,2112,'44',1,4,'n','n','n','n','s','n',NULL,100),(16,2112,'44',1,1,'n','n','n','n','s','n',NULL,100),(17,2112,'44',1,1,'n','n','n','n','s','n',NULL,100),(19,2112,'44',1,2,'n','n','n','n','s','n',NULL,100),(15,2112,'44',1,2,'n','n','n','n','s','n',NULL,100),(28,2112,'44',1,0,'n','n','n','n','s','n',NULL,100),(11,2113,'50',1,1,'n','n','n','n','s','n',NULL,100),(12,2113,'50',1,1,'n','n','n','n','s','n',NULL,100),(13,2113,'50',1,5,'n','n','n','n','s','n',NULL,100),(14,2113,'50',1,2,'n','n','n','n','s','n',NULL,100),(9,2113,'50',1,5,'n','n','n','n','s','n',NULL,100),(10,2113,'50',1,4,'n','n','n','n','s','n',NULL,100),(6,2113,'50',1,4,'n','n','n','n','s','n',NULL,100),(16,2113,'50',1,1,'n','n','n','n','s','n',NULL,100),(17,2113,'50',1,1,'n','n','n','n','s','n',NULL,100),(19,2113,'50',1,2,'n','n','n','n','s','n',NULL,100),(15,2113,'50',1,2,'n','n','n','n','s','n',NULL,100),(28,2113,'50',1,0,'n','n','n','n','s','n',NULL,100),(11,2121,'50',1,1,'n','n','n','n','s','n',NULL,100),(12,2121,'50',1,1,'n','n','n','n','s','n',NULL,100),(13,2121,'50',1,5,'n','n','n','n','s','n',NULL,100),(14,2121,'50',1,2,'n','n','n','n','s','n',NULL,100),(9,2121,'50',1,5,'n','n','n','n','s','n',NULL,100),(10,2121,'50',1,4,'n','n','n','n','s','n',NULL,100),(6,2121,'50',1,4,'n','n','n','n','s','n',NULL,100),(16,2121,'50',1,1,'n','n','n','n','s','n',NULL,100),(17,2121,'50',1,1,'n','n','n','n','s','n',NULL,100),(19,2121,'50',1,2,'n','n','n','n','s','n',NULL,100),(15,2121,'50',1,2,'n','n','n','n','s','n',NULL,100),(28,2121,'50',1,0,'n','n','n','n','s','n',NULL,100),(11,2122,'47',1,1,'n','n','n','n','s','n',NULL,100),(12,2122,'47',1,1,'n','n','n','n','s','n',NULL,100),(13,2122,'47',1,5,'n','n','n','n','s','n',NULL,100),(14,2122,'47',1,2,'n','n','n','n','s','n',NULL,100),(9,2122,'47',1,5,'n','n','n','n','s','n',NULL,100),(10,2122,'47',1,4,'n','n','n','n','s','n',NULL,100),(6,2122,'47',1,4,'n','n','n','n','s','n',NULL,100),(16,2122,'47',1,1,'n','n','n','n','s','n',NULL,100),(17,2122,'47',1,1,'n','n','n','n','s','n',NULL,100),(19,2122,'47',1,2,'n','n','n','n','s','n',NULL,100),(15,2122,'47',1,2,'n','n','n','n','s','n',NULL,100),(28,2122,'47',1,0,'n','n','n','n','s','n',NULL,100),(11,2123,'46',1,1,'n','n','n','n','s','n',NULL,100),(12,2123,'46',1,1,'n','n','n','n','s','n',NULL,100),(13,2123,'46',1,5,'n','n','n','n','s','n',NULL,100),(14,2123,'46',1,2,'n','n','n','n','s','n',NULL,100),(9,2123,'46',1,5,'n','n','n','n','s','n',NULL,100),(10,2123,'46',1,4,'n','n','n','n','s','n',NULL,100),(6,2123,'46',1,4,'n','n','n','n','s','n',NULL,100),(16,2123,'46',1,1,'n','n','n','n','s','n',NULL,100),(17,2123,'46',1,1,'n','n','n','n','s','n',NULL,100),(19,2123,'46',1,2,'n','n','n','n','s','n',NULL,100),(15,2123,'46',1,2,'n','n','n','n','s','n',NULL,100),(28,2123,'46',1,0,'n','n','n','n','s','n',NULL,100),(11,2131,'52',1,1,'n','n','n','n','s','n',NULL,100),(12,2131,'52',1,1,'n','n','n','n','s','n',NULL,100),(13,2131,'52',1,5,'n','n','n','n','s','n',NULL,100),(14,2131,'52',1,2,'n','n','n','n','s','n',NULL,100),(9,2131,'52',1,5,'n','n','n','n','s','n',NULL,100),(10,2131,'52',1,4,'n','n','n','n','s','n',NULL,100),(6,2131,'52',1,4,'n','n','n','n','s','n',NULL,100),(16,2131,'52',1,1,'n','n','n','n','s','n',NULL,100),(17,2131,'52',1,1,'n','n','n','n','s','n',NULL,100),(19,2131,'52',1,2,'n','n','n','n','s','n',NULL,100),(15,2131,'52',1,2,'n','n','n','n','s','n',NULL,100),(28,2131,'52',1,0,'n','n','n','n','s','n',NULL,100),(11,2132,'49',1,1,'n','n','n','n','s','n',NULL,100),(12,2132,'49',1,1,'n','n','n','n','s','n',NULL,100),(13,2132,'49',1,5,'n','n','n','n','s','n',NULL,100),(14,2132,'49',1,2,'n','n','n','n','s','n',NULL,100),(9,2132,'49',1,5,'n','n','n','n','s','n',NULL,100),(10,2132,'49',1,4,'n','n','n','n','s','n',NULL,100),(6,2132,'49',1,4,'n','n','n','n','s','n',NULL,100),(16,2132,'49',1,1,'n','n','n','n','s','n',NULL,100),(17,2132,'49',1,1,'n','n','n','n','s','n',NULL,100),(19,2132,'49',1,2,'n','n','n','n','s','n',NULL,100),(15,2132,'49',1,2,'n','n','n','n','s','n',NULL,100),(28,2132,'49',1,0,'n','n','n','n','s','n',NULL,100),(11,2133,'60',1,1,'n','n','n','n','s','n',NULL,100),(12,2133,'60',1,1,'n','n','n','n','s','n',NULL,100),(13,2133,'60',1,5,'n','n','n','n','s','n',NULL,100),(14,2133,'60',1,2,'n','n','n','n','s','n',NULL,100),(9,2133,'60',1,5,'n','n','n','n','s','n',NULL,100),(10,2133,'60',1,4,'n','n','n','n','s','n',NULL,100),(6,2133,'60',1,4,'n','n','n','n','s','n',NULL,100),(16,2133,'60',1,1,'n','n','n','n','s','n',NULL,100),(17,2133,'60',1,1,'n','n','n','n','s','n',NULL,100),(19,2133,'60',1,2,'n','n','n','n','s','n',NULL,100),(15,2133,'60',1,2,'n','n','n','n','s','n',NULL,100),(28,2133,'60',1,0,'n','n','n','n','s','n',NULL,100),(11,2141,'51',1,1,'n','n','n','n','s','n',NULL,100),(12,2141,'51',1,1,'n','n','n','n','s','n',NULL,100),(13,2141,'51',1,5,'n','n','n','n','s','n',NULL,100),(14,2141,'51',1,2,'n','n','n','n','s','n',NULL,100),(9,2141,'51',1,5,'n','n','n','n','s','n',NULL,100),(10,2141,'51',1,4,'n','n','n','n','s','n',NULL,100),(6,2141,'51',1,4,'n','n','n','n','s','n',NULL,100),(16,2141,'51',1,1,'n','n','n','n','s','n',NULL,100),(17,2141,'51',1,1,'n','n','n','n','s','n',NULL,100),(19,2141,'51',1,2,'n','n','n','n','s','n',NULL,100),(15,2141,'51',1,2,'n','n','n','n','s','n',NULL,100),(28,2141,'51',1,0,'n','n','n','n','s','n',NULL,100),(11,2142,'53',1,1,'n','n','n','n','s','n',NULL,100),(12,2142,'53',1,1,'n','n','n','n','s','n',NULL,100),(13,2142,'53',1,5,'n','n','n','n','s','n',NULL,100),(14,2142,'53',1,2,'n','n','n','n','s','n',NULL,100),(9,2142,'53',1,5,'n','n','n','n','s','n',NULL,100),(10,2142,'53',1,4,'n','n','n','n','s','n',NULL,100),(6,2142,'53',1,4,'n','n','n','n','s','n',NULL,100),(16,2142,'53',1,1,'n','n','n','n','s','n',NULL,100),(17,2142,'53',1,1,'n','n','n','n','s','n',NULL,100),(19,2142,'53',1,2,'n','n','n','n','s','n',NULL,100),(15,2142,'53',1,2,'n','n','n','n','s','n',NULL,100),(28,2142,'53',1,0,'n','n','n','n','s','n',NULL,100),(11,2143,'55',1,1,'n','n','n','n','s','n',NULL,100),(12,2143,'55',1,1,'n','n','n','n','s','n',NULL,100),(13,2143,'55',1,5,'n','n','n','n','s','n',NULL,100),(14,2143,'55',1,2,'n','n','n','n','s','n',NULL,100),(9,2143,'55',1,5,'n','n','n','n','s','n',NULL,100),(10,2143,'55',1,4,'n','n','n','n','s','n',NULL,100),(6,2143,'55',1,4,'n','n','n','n','s','n',NULL,100),(16,2143,'55',1,1,'n','n','n','n','s','n',NULL,100),(17,2143,'55',1,1,'n','n','n','n','s','n',NULL,100),(19,2143,'55',1,2,'n','n','n','n','s','n',NULL,100),(15,2143,'55',1,2,'n','n','n','n','s','n',NULL,100),(28,2143,'55',1,0,'n','n','n','n','s','n',NULL,100),(11,2151,'59',1,1,'n','n','n','n','s','n',NULL,100),(12,2151,'59',1,1,'n','n','n','n','s','n',NULL,100),(13,2151,'59',1,5,'n','n','n','n','s','n',NULL,100),(14,2151,'59',1,2,'n','n','n','n','s','n',NULL,100),(9,2151,'59',1,5,'n','n','n','n','s','n',NULL,100),(10,2151,'59',1,4,'n','n','n','n','s','n',NULL,100),(6,2151,'59',1,4,'n','n','n','n','s','n',NULL,100),(16,2151,'59',1,1,'n','n','n','n','s','n',NULL,100),(17,2151,'59',1,1,'n','n','n','n','s','n',NULL,100),(19,2151,'59',1,2,'n','n','n','n','s','n',NULL,100),(15,2151,'59',1,2,'n','n','n','n','s','n',NULL,100),(28,2151,'59',1,0,'n','n','n','n','s','n',NULL,100),(11,2152,'56',1,1,'n','n','n','n','s','n',NULL,100),(12,2152,'56',1,1,'n','n','n','n','s','n',NULL,100),(13,2152,'56',1,5,'n','n','n','n','s','n',NULL,100),(14,2152,'56',1,2,'n','n','n','n','s','n',NULL,100),(9,2152,'56',1,5,'n','n','n','n','s','n',NULL,100),(10,2152,'56',1,4,'n','n','n','n','s','n',NULL,100),(6,2152,'56',1,4,'n','n','n','n','s','n',NULL,100),(16,2152,'56',1,1,'n','n','n','n','s','n',NULL,100),(17,2152,'56',1,1,'n','n','n','n','s','n',NULL,100),(19,2152,'56',1,2,'n','n','n','n','s','n',NULL,100),(15,2152,'56',1,2,'n','n','n','n','s','n',NULL,100),(28,2152,'56',1,0,'n','n','n','n','s','n',NULL,100),(11,2153,'54',1,1,'n','n','n','n','s','n',NULL,100),(12,2153,'54',1,1,'n','n','n','n','s','n',NULL,100),(13,2153,'54',1,5,'n','n','n','n','s','n',NULL,100),(14,2153,'54',1,2,'n','n','n','n','s','n',NULL,100),(9,2153,'54',1,5,'n','n','n','n','s','n',NULL,100),(10,2153,'54',1,4,'n','n','n','n','s','n',NULL,100),(6,2153,'54',1,4,'n','n','n','n','s','n',NULL,100),(16,2153,'54',1,1,'n','n','n','n','s','n',NULL,100),(17,2153,'54',1,1,'n','n','n','n','s','n',NULL,100),(19,2153,'54',1,2,'n','n','n','n','s','n',NULL,100),(15,2153,'54',1,2,'n','n','n','n','s','n',NULL,100),(28,2153,'54',1,0,'n','n','n','n','s','n',NULL,100),(6,1161,'37',1,4,'n','n','n','n','s','n',NULL,100),(9,1161,'14',1,4,'n','n','n','n','s','n',NULL,100),(10,1161,'28',1,4,'n','n','n','n','s','n',NULL,100),(11,1161,'37',1,1,'n','n','n','n','s','n',NULL,100),(12,1161,'34',1,1,'n','n','n','n','s','n',NULL,100),(13,1161,'22',1,4,'n','n','n','n','s','n',NULL,100),(14,1161,'24',1,3,'n','n','n','n','s','n',NULL,100),(15,1161,'4',1,2,'n','n','n','n','s','n',NULL,100),(16,1161,'29',1,2,'n','n','n','n','s','n',NULL,100),(17,1161,'33',1,1,'n','n','n','n','s','n',NULL,100),(19,1161,'35',1,2,'n','n','n','n','s','n',NULL,100),(20,1161,'4',1,2,'n','n','n','n','s','n',NULL,100),(28,1161,'4',1,0,'n','n','n','n','s','n',NULL,100),(6,1162,'37',1,4,'n','n','n','n','s','n',NULL,100),(9,1162,'14',1,4,'n','n','n','n','s','n',NULL,100),(10,1162,'28',1,4,'n','n','n','n','s','n',NULL,100),(11,1162,'37',1,1,'n','n','n','n','s','n',NULL,100),(12,1162,'34',1,1,'n','n','n','n','s','n',NULL,100),(13,1162,'22',1,4,'n','n','n','n','s','n',NULL,100),(14,1162,'24',1,3,'n','n','n','n','s','n',NULL,100),(15,1162,'4',1,2,'n','n','n','n','s','n',NULL,100),(16,1162,'29',1,2,'n','n','n','n','s','n',NULL,100),(17,1162,'33',1,1,'n','n','n','n','s','n',NULL,100),(19,1162,'35',1,2,'n','n','n','n','s','n',NULL,100),(20,1162,'4',1,2,'n','n','n','n','s','n',NULL,100),(28,1162,'37',1,0,'n','n','n','n','s','n',NULL,100),(6,1163,'37',1,4,'n','n','n','n','s','n',NULL,100),(9,1163,'14',1,4,'n','n','n','n','s','n',NULL,100),(10,1163,'28',1,4,'n','n','n','n','s','n',NULL,100),(11,1163,'37',1,1,'n','n','n','n','s','n',NULL,100),(12,1163,'34',1,1,'n','n','n','n','s','n',NULL,100),(13,1163,'21',1,4,'n','n','n','n','s','n',NULL,100),(14,1163,'24',1,3,'n','n','n','n','s','n',NULL,100),(15,1163,'18',1,2,'n','n','n','n','s','n',NULL,100),(16,1163,'29',1,2,'n','n','n','n','s','n',NULL,100),(17,1163,'33',1,1,'n','n','n','n','s','n',NULL,100),(19,1163,'35',1,2,'n','n','n','n','s','n',NULL,100),(20,1163,'4',1,2,'n','n','n','n','s','n',NULL,100),(28,1163,'29',1,0,'n','n','n','n','s','n',NULL,100),(6,1164,'37',1,4,'n','n','n','n','s','n',NULL,100),(9,1164,'14',1,4,'n','n','n','n','s','n',NULL,100),(10,1164,'28',1,4,'n','n','n','n','s','n',NULL,100),(11,1164,'37',1,1,'n','n','n','n','s','n',NULL,100),(12,1164,'34',1,1,'n','n','n','n','s','n',NULL,100),(13,1164,'22',1,4,'n','n','n','n','s','n',NULL,100),(14,1164,'24',1,3,'n','n','n','n','s','n',NULL,100),(15,1164,'18',1,2,'n','n','n','n','s','n',NULL,100),(16,1164,'29',1,2,'n','n','n','n','s','n',NULL,100),(17,1164,'33',1,1,'n','n','n','n','s','n',NULL,100),(19,1164,'35',1,2,'n','n','n','n','s','n',NULL,100),(20,1164,'4',1,2,'n','n','n','n','s','n',NULL,100),(28,1164,'24',1,0,'n','n','n','n','s','n',NULL,100),(6,1171,'11',1,4,'n','n','n','n','s','n',NULL,100),(9,1171,'14',1,5,'n','n','n','n','s','n',NULL,100),(10,1171,'30',1,4,'n','n','n','n','s','n',NULL,100),(11,1171,'37',1,1,'n','n','n','n','s','n',NULL,100),(12,1171,'34',1,1,'n','n','n','n','s','n',NULL,100),(13,1171,'22',1,4,'n','n','n','n','s','n',NULL,100),(14,1171,'25',1,3,'n','n','n','n','s','n',NULL,100),(15,1171,'18',1,2,'n','n','n','n','s','n',NULL,100),(16,1171,'32',1,2,'n','n','n','n','s','n',NULL,100),(17,1171,'33',1,1,'n','n','n','n','s','n',NULL,100),(19,1171,'36',1,2,'n','n','n','n','s','n',NULL,100),(20,1171,'4',1,1,'n','n','n','n','s','n',NULL,100),(28,1171,'14',1,0,'n','n','n','n','s','n',NULL,100),(6,1172,'11',1,4,'n','n','n','s','s','n',NULL,100),(9,1172,'7',1,5,'n','n','n','n','s','n',NULL,100),(10,1172,'30',1,4,'n','n','n','n','s','n',NULL,100),(11,1172,'37',1,1,'n','n','n','n','s','n',NULL,100),(12,1172,'34',1,1,'n','n','n','n','s','n',NULL,100),(13,1172,'22',1,4,'n','n','n','n','s','n',NULL,100),(14,1172,'25',1,3,'n','n','n','n','s','n',NULL,100),(15,1172,'18',1,2,'n','n','n','n','s','n',NULL,100),(16,1172,'32',1,2,'n','n','n','n','s','n',NULL,100),(17,1172,'33',1,1,'n','n','n','n','s','n',NULL,100),(19,1172,'36',1,2,'n','n','n','n','s','n',NULL,100),(20,1172,'4',1,1,'n','n','n','n','s','n',NULL,100),(28,1172,'25',1,0,'n','n','n','n','s','n',NULL,100),(6,1173,'11',1,4,'n','n','n','n','s','n',NULL,100),(9,1173,'7',1,5,'n','n','n','n','s','n',NULL,100),(10,1173,'30',1,4,'n','n','n','n','s','n',NULL,100),(11,1173,'11',1,1,'n','n','n','n','s','n',NULL,100),(12,1173,'34',1,1,'n','n','n','n','s','n',NULL,100),(13,1173,'20',1,4,'n','n','n','n','s','n',NULL,100),(14,1173,'25',1,3,'n','n','n','n','s','n',NULL,100),(15,1173,'18',1,2,'n','n','n','n','s','n',NULL,100),(16,1173,'32',1,2,'n','n','n','n','s','n',NULL,100),(17,1173,'33',1,1,'n','n','n','n','s','n',NULL,100),(19,1173,'36',1,2,'n','n','n','n','s','n',NULL,100),(20,1173,'',1,1,'n','n','n','n','s','n',NULL,100),(28,1173,'34',1,0,'n','n','n','n','s','n',NULL,100),(6,1181,'11',1,4,'n','n','n','n','s','n',NULL,100),(9,1181,'15',1,5,'n','n','n','n','s','n',NULL,100),(10,1181,'27',1,4,'n','n','n','n','s','n',NULL,100),(11,1181,'26',1,1,'n','n','n','n','s','n',NULL,100),(12,1181,'34',1,1,'n','n','n','n','s','n',NULL,100),(13,1181,'20',1,4,'n','n','n','n','s','n',NULL,100),(14,1181,'23',1,3,'n','n','n','n','s','n',NULL,100),(15,1181,'18',1,2,'n','n','n','n','s','n',NULL,100),(16,1181,'29',1,2,'n','n','n','n','s','n',NULL,100),(17,1181,'33',1,1,'n','n','n','n','s','n',NULL,100),(19,1181,'35',1,2,'n','n','n','n','s','n',NULL,100),(20,1181,'3',1,1,'n','n','n','n','s','n',NULL,100),(28,1181,'18',1,0,'n','n','n','n','s','n',NULL,100),(6,1182,'10',1,4,'n','n','n','n','s','n',NULL,100),(9,1182,'',1,5,'n','n','n','n','s','n',NULL,100),(10,1182,'27',1,4,'n','n','n','n','s','n',NULL,100),(11,1182,'',1,1,'n','n','n','n','s','n',NULL,100),(12,1182,'34',1,1,'n','n','n','n','s','n',NULL,100),(13,1182,'20',1,4,'n','n','n','n','s','n',NULL,100),(14,1182,'23',1,3,'n','n','n','n','s','n',NULL,100),(15,1182,'18',1,2,'n','n','n','n','s','n',NULL,100),(16,1182,'29',1,2,'n','n','n','n','s','n',NULL,100),(17,1182,'33',1,1,'n','n','n','n','s','n',NULL,100),(19,1182,'35',1,2,'n','n','n','n','s','n',NULL,100),(20,1182,'3',1,1,'n','n','n','n','s','n',NULL,100),(28,1182,'18',1,0,'n','n','n','n','s','n',NULL,100),(6,1183,'10',1,4,'n','n','n','n','s','n',NULL,100),(9,1183,'15',1,5,'n','n','n','n','s','n',NULL,100),(10,1183,'27',1,4,'n','n','n','n','s','n',NULL,100),(11,1183,'',1,1,'n','n','n','n','s','n',NULL,100),(12,1183,'34',1,1,'n','n','n','n','s','n',NULL,100),(13,1183,'20',1,4,'n','n','n','n','s','n',NULL,100),(14,1183,'23',1,3,'n','n','n','n','s','n',NULL,100),(15,1183,'18',1,2,'n','n','n','n','s','n',NULL,100),(16,1183,'29',1,2,'n','n','n','n','s','n',NULL,100),(17,1183,'33',1,1,'n','n','n','n','s','n',NULL,100),(19,1183,'',1,2,'n','n','n','n','s','n',NULL,100),(20,1183,'3',1,1,'n','n','n','n','s','n',NULL,100),(28,1183,'23',1,0,'n','n','n','n','s','n',NULL,100),(6,1184,'11',1,4,'n','n','n','n','s','n',NULL,100),(9,1184,'15',1,2,'n','n','n','n','s','n',NULL,100),(10,1184,'27',1,5,'n','n','n','n','s','n',NULL,100),(11,1184,'26',1,4,'n','n','n','n','s','n',NULL,100),(12,1184,'34',1,1,'n','n','n','n','s','n',NULL,100),(13,1184,'20',1,1,'n','n','n','n','s','n',NULL,100),(14,1184,'23',1,4,'n','n','n','n','s','n',NULL,100),(15,1184,'18',1,3,'n','n','n','n','s','n',NULL,100),(16,1184,'29',1,2,'n','n','n','n','s','n',NULL,100),(17,1184,'33',1,2,'n','n','n','n','s','n',NULL,100),(19,1184,'35',1,1,'n','n','n','n','s','n',NULL,100),(20,1184,'3',1,2,'n','n','n','n','s','n',NULL,100),(28,1184,'20',1,1,'n','n','n','n','s','n',NULL,100),(6,1191,'10',1,4,'n','n','n','n','s','n',NULL,100),(8,1191,'7',1,2,'n','n','n','n','s','n',NULL,100),(9,1191,'12',1,4,'n','n','n','n','s','n',NULL,100),(10,1191,'26',1,4,'n','n','n','n','s','n',NULL,100),(11,1191,'6',1,1,'n','n','n','n','s','n',NULL,100),(12,1191,'34',1,1,'n','n','n','n','s','n',NULL,100),(13,1191,'21',1,3,'n','n','n','n','s','n',NULL,100),(14,1191,'25',1,3,'n','n','n','n','s','n',NULL,100),(15,1191,'18',1,2,'n','n','n','n','s','n',NULL,100),(16,1191,'32',1,2,'n','n','n','n','s','n',NULL,100),(17,1191,'33',1,1,'n','n','n','n','s','n',NULL,100),(19,1191,'36',1,2,'n','n','n','n','s','n',NULL,100),(20,1191,'3',1,1,'n','n','n','n','s','n',NULL,100),(28,1191,'10',1,0,'n','n','n','n','s','n',NULL,100),(6,1192,'10',1,4,'n','n','n','n','s','n',NULL,100),(8,1192,'7',1,2,'n','n','n','n','s','n',NULL,100),(9,1192,'12',1,4,'n','n','n','n','s','n',NULL,100),(10,1192,'26',1,4,'n','n','n','n','s','n',NULL,100),(11,1192,'6',1,1,'n','n','n','n','s','n',NULL,100),(12,1192,'34',1,1,'n','n','n','n','s','n',NULL,100),(13,1192,'21',1,3,'n','n','n','n','s','n',NULL,100),(14,1192,'25',1,3,'n','n','n','n','s','n',NULL,100),(15,1192,'18',1,2,'n','n','n','n','s','n',NULL,100),(16,1192,'32',1,2,'n','n','n','n','s','n',NULL,100),(17,1192,'33',1,1,'n','n','n','n','s','n',NULL,100),(19,1192,'36',1,2,'n','n','n','n','s','n',NULL,100),(20,1192,'3',1,1,'n','n','n','n','s','n',NULL,100),(28,1192,'21',1,0,'n','n','n','n','s','n',NULL,100),(6,1193,'10',1,4,'n','n','n','n','s','n',NULL,100),(8,1193,'7',1,2,'n','n','n','n','s','n',NULL,100),(9,1193,'12',1,4,'n','n','n','n','s','n',NULL,100),(10,1193,'26',1,4,'n','n','n','n','s','n',NULL,100),(11,1193,'6',1,1,'n','n','n','n','s','n',NULL,100),(12,1193,'34',1,1,'n','n','n','n','s','n',NULL,100),(13,1193,'21',1,3,'n','n','n','n','s','n',NULL,100),(14,1193,'25',1,3,'n','n','n','n','s','n',NULL,100),(15,1193,'17',1,2,'n','n','n','n','s','n',NULL,100),(16,1193,'32',1,2,'n','n','n','n','s','n',NULL,100),(17,1193,'33',1,1,'n','n','n','n','s','n',NULL,100),(19,1193,'36',1,2,'n','n','n','n','s','n',NULL,100),(20,1193,'3',1,1,'n','n','n','n','s','n',NULL,100),(28,1193,'7',1,0,'n','n','n','n','s','n',NULL,100),(7,11101,'9',1,3,'n','n','n','n','s','n',NULL,100),(8,11101,'8',1,3,'n','n','n','n','s','n',NULL,100),(9,11101,'13',1,3,'n','n','n','n','s','n',NULL,100),(10,11101,'30',1,2,'n','n','n','n','s','n',NULL,100),(11,11101,'26',1,1,'n','n','n','n','s','n',NULL,100),(12,11101,'34',1,1,'n','n','n','n','s','n',NULL,100),(13,11101,'19',1,3,'n','n','n','n','s','n',NULL,100),(14,11101,'24',1,2,'n','n','n','n','s','n',NULL,100),(15,11101,'17',1,2,'n','n','n','n','s','n',NULL,100),(16,11101,'29',1,1,'n','n','n','n','s','n',NULL,100),(17,11101,'33',1,1,'n','n','n','n','s','n',NULL,100),(19,11101,'36',1,2,'n','n','n','n','s','n',NULL,100),(22,11101,'31',1,2,'n','n','n','n','s','n',NULL,100),(20,11101,'3',1,1,'n','n','n','n','s','n',NULL,100),(21,11101,'5',1,2,'n','n','n','n','s','n',NULL,100),(23,11101,'4',1,1,'n','n','n','n','s','n',NULL,100),(28,11101,'30',1,0,'n','n','n','n','s','n',NULL,100),(7,11102,'9',1,3,'n','n','n','n','s','n',NULL,100),(8,11102,'8',1,3,'n','n','n','n','s','n',NULL,100),(9,11102,'12',1,3,'n','n','n','n','s','n',NULL,100),(10,11102,'30',1,2,'n','n','n','n','s','n',NULL,100),(11,11102,'26',1,1,'n','n','n','n','s','n',NULL,100),(12,11102,'34',1,1,'n','n','n','n','s','n',NULL,100),(13,11102,'19',1,3,'n','n','n','n','s','n',NULL,100),(14,11102,'24',1,2,'n','n','n','n','s','n',NULL,100),(15,11102,'17',1,2,'n','n','n','n','s','n',NULL,100),(16,11102,'29',1,1,'n','n','n','n','s','n',NULL,100),(17,11102,'33',1,1,'n','n','n','n','s','n',NULL,100),(19,11102,'36',1,2,'n','n','n','n','s','n',NULL,100),(22,11102,'31',1,2,'n','n','n','n','s','n',NULL,100),(20,11102,'3',1,1,'n','n','n','n','s','n',NULL,100),(21,11102,'5',1,2,'n','n','n','n','s','n',NULL,100),(23,11102,'4',1,1,'n','n','n','n','s','n',NULL,100),(28,11102,'8',1,0,'n','n','n','n','s','n',NULL,100),(7,11103,'6',1,3,'n','n','n','n','s','n',NULL,100),(8,11103,'8',1,3,'n','n','n','n','s','n',NULL,100),(9,11103,'15',1,3,'n','n','n','n','s','n',NULL,100),(10,11103,'30',1,2,'n','n','n','n','s','n',NULL,100),(11,11103,'26',1,1,'n','n','n','n','s','n',NULL,100),(12,11103,'34',1,1,'n','n','n','n','s','n',NULL,100),(13,11103,'21',1,3,'n','n','n','n','s','n',NULL,100),(14,11103,'24',1,2,'n','n','n','n','s','n',NULL,100),(15,11103,'17',1,2,'n','n','n','n','s','n',NULL,100),(16,11103,'29',1,1,'n','n','n','n','s','n',NULL,100),(17,11103,'33',1,1,'n','n','n','n','s','n',NULL,100),(19,11103,'36',1,2,'n','n','n','n','s','n',NULL,100),(22,11103,'31',1,2,'n','n','n','n','s','n',NULL,100),(20,11103,'3',1,1,'n','n','n','n','s','n',NULL,100),(21,11103,'5',1,2,'n','n','n','n','s','n',NULL,100),(23,11103,'4',1,1,'n','n','n','n','s','n',NULL,100),(28,11103,'26',1,0,'n','n','n','n','s','n',NULL,100),(7,11104,'6',1,3,'n','n','n','n','s','n',NULL,100),(8,11104,'7',1,3,'n','n','n','n','s','n',NULL,100),(9,11104,'12',1,3,'n','n','n','n','s','n',NULL,100),(10,11104,'30',1,2,'n','n','n','n','s','n',NULL,100),(11,11104,'3',1,1,'n','n','n','n','s','n',NULL,100),(12,11104,'',1,1,'n','n','n','n','s','n',NULL,100),(13,11104,'21',1,3,'n','n','n','n','s','n',NULL,100),(14,11104,'25',1,2,'n','n','n','n','s','n',NULL,100),(15,11104,'17',1,2,'n','n','n','n','s','n',NULL,100),(16,11104,'29',1,1,'n','n','n','n','s','n',NULL,100),(17,11104,'33',1,1,'n','n','n','n','s','n',NULL,100),(19,11104,'36',1,2,'n','n','n','n','s','n',NULL,100),(22,11104,'31',1,2,'n','n','n','n','s','n',NULL,100),(20,11104,'3',1,1,'n','n','n','n','s','n',NULL,100),(21,11104,'3',1,2,'n','n','n','n','s','n',NULL,100),(23,11104,'4',1,1,'n','n','n','n','s','n',NULL,100),(28,11104,'12',1,0,'n','n','n','n','s','n',NULL,100),(7,11105,'6',1,3,'n','n','n','n','s','n',NULL,100),(8,11105,'7',1,3,'n','n','n','n','s','n',NULL,100),(9,11105,'12',1,3,'n','n','n','n','s','n',NULL,100),(10,11105,'30',1,2,'n','n','n','n','s','n',NULL,100),(11,11105,'3',1,1,'n','n','n','n','s','n',NULL,100),(12,11105,'34',1,1,'n','n','n','n','s','n',NULL,100),(13,11105,'21',1,3,'n','n','n','n','s','n',NULL,100),(14,11105,'25',1,2,'n','n','n','n','s','n',NULL,100),(15,11105,'17',1,2,'n','n','n','n','s','n',NULL,100),(16,11105,'29',1,1,'n','n','n','n','s','n',NULL,100),(17,11105,'33',1,1,'n','n','n','n','s','n',NULL,100),(19,11105,'36',1,2,'n','n','n','n','s','n',NULL,100),(22,11105,'31',1,2,'n','n','n','n','s','n',NULL,100),(20,11105,'3',1,1,'n','n','n','n','s','n',NULL,100),(21,11105,'5',1,2,'n','n','n','n','s','n',NULL,100),(23,11105,'4',1,1,'n','n','n','n','s','n',NULL,100),(28,11105,'3',1,0,'n','n','n','n','s','n',NULL,100),(7,11111,'9',1,3,'n','n','n','n','s','n',NULL,100),(8,11111,'8',1,3,'n','n','n','n','s','n',NULL,100),(9,11111,'13',1,3,'n','n','n','n','s','n',NULL,100),(10,11111,'27',1,2,'n','n','n','n','s','n',NULL,100),(11,11111,'6',1,1,'n','n','n','n','s','n',NULL,100),(12,11111,'31',1,1,'n','n','n','n','s','n',NULL,100),(13,11111,'19',1,3,'n','n','n','n','s','n',NULL,100),(14,11111,'23',1,2,'n','n','n','n','s','n',NULL,100),(15,11111,'17',1,2,'n','n','n','n','s','n',NULL,100),(16,11111,'32',1,2,'n','n','n','n','s','n',NULL,100),(17,11111,'33',1,1,'n','n','n','n','s','n',NULL,100),(19,11111,'35',1,1,'n','n','n','n','s','n',NULL,100),(22,11111,'31',1,2,'n','n','n','n','s','n',NULL,100),(20,11111,'16',1,2,'n','n','n','n','s','n',NULL,100),(21,11111,'5',1,1,'n','n','n','n','s','n',NULL,100),(23,11111,'16',1,1,'n','n','n','n','s','n',NULL,100),(28,11111,'9',1,0,'n','n','n','n','s','n',NULL,100),(7,11112,'9',1,3,'n','n','n','n','s','n',NULL,100),(8,11112,'8',1,3,'n','n','n','n','s','n',NULL,100),(9,11112,'13',1,3,'n','n','n','n','s','n',NULL,100),(10,11112,'27',1,2,'n','n','n','n','s','n',NULL,100),(11,11112,'6',1,1,'n','n','n','n','s','n',NULL,100),(12,11112,'34',1,1,'n','n','n','n','s','n',NULL,100),(13,11112,'19',1,3,'n','n','n','n','s','n',NULL,100),(14,11112,'23',1,2,'n','n','n','n','s','n',NULL,100),(15,11112,'17',1,2,'n','n','n','n','s','n',NULL,100),(16,11112,'32',1,2,'n','n','n','n','s','n',NULL,100),(17,11112,'33',1,1,'n','n','n','n','s','n',NULL,100),(19,11112,'35',1,1,'n','n','n','n','s','n',NULL,100),(22,11112,'31',1,2,'n','n','n','n','s','n',NULL,100),(20,11112,'16',1,2,'n','n','n','n','s','n',NULL,100),(21,11112,'5',1,1,'n','n','n','n','s','n',NULL,100),(23,11112,'16',1,1,'n','n','n','n','s','n',NULL,100),(28,11112,'13',1,0,'n','n','n','n','s','n',NULL,100),(7,11113,'9',1,3,'n','n','n','n','s','n',NULL,100),(8,11113,'8',1,3,'n','n','n','n','s','n',NULL,100),(9,11113,'13',1,3,'n','n','n','n','s','n',NULL,100),(10,11113,'27',1,2,'n','n','n','n','s','n',NULL,100),(11,11113,'6',1,1,'n','n','n','n','s','n',NULL,100),(12,11113,'34',1,1,'n','n','n','n','s','n',NULL,100),(13,11113,'19',1,3,'n','n','n','n','s','n',NULL,100),(14,11113,'23',1,2,'n','n','n','n','s','n',NULL,100),(15,11113,'17',1,2,'n','n','n','n','s','n',NULL,100),(16,11113,'32',1,2,'n','n','n','n','s','n',NULL,100),(17,11113,'33',1,1,'n','n','n','n','s','n',NULL,100),(19,11113,'35',1,1,'n','n','n','n','s','n',NULL,100),(22,11113,'31',1,2,'n','n','n','n','s','n',NULL,100),(20,11113,'16',1,2,'n','n','n','n','s','n',NULL,100),(21,11113,'5',1,1,'n','n','n','n','s','n',NULL,100),(23,11113,'16',1,1,'n','n','n','n','s','n',NULL,100),(28,11113,'19',1,0,'n','n','n','n','s','n',NULL,100),(7,11114,'9',1,3,'n','n','n','n','s','n',NULL,100),(8,11114,'8',1,3,'n','n','n','n','s','n',NULL,100),(9,11114,'13',1,3,'n','n','n','n','s','n',NULL,100),(10,11114,'26',1,2,'n','n','n','n','s','n',NULL,100),(11,11114,'6',1,1,'n','n','n','n','s','n',NULL,100),(12,11114,'34',1,1,'n','n','n','n','s','n',NULL,100),(13,11114,'19',1,3,'n','n','n','n','s','n',NULL,100),(14,11114,'23',1,2,'n','n','n','n','s','n',NULL,100),(15,11114,'17',1,2,'n','n','n','n','s','n',NULL,100),(16,11114,'32',1,2,'n','n','n','n','s','n',NULL,100),(17,11114,'33',1,1,'n','n','n','n','s','n',NULL,100),(19,11114,'35',1,1,'n','n','n','n','s','n',NULL,100),(22,11114,'31',1,2,'n','n','n','n','s','n',NULL,100),(20,11114,'16',1,2,'n','n','n','n','s','n',NULL,100),(21,11114,'5',1,1,'n','n','n','n','s','n',NULL,100),(23,11114,'16',1,1,'n','n','n','n','s','n',NULL,100),(28,11114,'6',1,0,'n','n','n','n','s','n',NULL,100),(6,11151,'6',1,4,'n','n','n','n','s','n',NULL,100),(9,11151,'13',1,4,'n','n','n','n','s','n',NULL,100),(13,11151,'19',1,4,'n','n','n','n','s','n',NULL,100),(20,11151,'31',1,2,'n','n','n','n','s','n',NULL,100),(21,11151,'5',1,2,'n','n','n','n','s','n',NULL,100),(27,11151,'32',1,2,'n','n','n','n','s','n',NULL,100),(26,11151,'3',1,4,'n','n','n','n','s','n',NULL,100),(25,11151,'5',1,6,'n','n','n','n','s','n',NULL,100),(24,11151,'16',1,2,'n','n','n','n','s','n',NULL,100),(28,11151,'5',1,0,'n','n','n','n','s','n',NULL,100),(9,11173,'13',1,4,'n','n','n','n','s','n',NULL,100),(10,11173,'28',1,2,'n','n','n','n','s','n',NULL,100),(11,11173,'6',1,2,'n','n','n','n','s','n',NULL,100),(17,11173,'',1,2,'n','n','n','n','s','n',NULL,100),(14,11173,'24',1,4,'n','n','n','n','s','n',NULL,100),(15,11173,'17',1,2,'n','n','n','n','s','n',NULL,100),(22,11173,'31',1,2,'n','n','n','n','s','n',NULL,100),(20,11173,'16',1,2,'n','n','n','n','s','n',NULL,100),(21,11173,'',1,2,'n','n','n','n','s','n',NULL,100),(23,11173,'4',1,2,'n','n','n','n','s','n',NULL,100),(25,11173,'16',1,6,'n','n','n','n','s','n',NULL,100),(28,11173,'16',1,0,'n','n','n','n','s','n',NULL,100);

--
-- Table structure for table `matgra_hor`
--

CREATE TABLE `matgra_hor` (
  `id_mgh` bigint(20) NOT NULL AUTO_INCREMENT,
  `id_per` varchar(50) COLLATE utf8_spanish_ci NOT NULL,
  `cod_cur` bigint(10) DEFAULT NULL,
  `cod_mat` bigint(10) DEFAULT NULL,
  `id_jhor` int(11) DEFAULT NULL,
  `dia` int(11) DEFAULT NULL,
  `aula` varchar(50) COLLATE utf8_spanish_ci DEFAULT NULL,
  PRIMARY KEY (`id_mgh`)
) ENGINE=MyISAM DEFAULT CHARSET=utf8 COLLATE=utf8_spanish_ci;

--
-- Dumping data for table `matgra_hor`
--


--
-- Table structure for table `medic_alum`
--

CREATE TABLE `medic_alum` (
  `id_alu` bigint(20) NOT NULL,
  `cod_med` bigint(6) NOT NULL,
  `fec_asi` date NOT NULL,
  `est_uso` enum('hab','des') COLLATE utf8_spanish_ci NOT NULL,
  `fec_des` date DEFAULT NULL,
  `tip_med` enum('pres','cont') COLLATE utf8_spanish_ci NOT NULL,
  `dosis` blob NOT NULL,
  PRIMARY KEY (`id_alu`,`cod_med`,`fec_asi`)
) ENGINE=MyISAM DEFAULT CHARSET=utf8 COLLATE=utf8_spanish_ci;

--
-- Dumping data for table `medic_alum`
--


--
-- Table structure for table `medicamento`
--

CREATE TABLE `medicamento` (
  `cod_med` bigint(6) NOT NULL AUTO_INCREMENT,
  `des_med` text COLLATE utf8_spanish_ci,
  PRIMARY KEY (`cod_med`)
) ENGINE=MyISAM DEFAULT CHARSET=utf8 COLLATE=utf8_spanish_ci;

--
-- Dumping data for table `medicamento`
--


--
-- Table structure for table `men_cur`
--

CREATE TABLE `men_cur` (
  `id_mes` int(10) unsigned NOT NULL,
  `cod_cur` int(10) unsigned NOT NULL,
  `id_ano` int(10) unsigned NOT NULL DEFAULT '1',
  PRIMARY KEY (`id_mes`,`cod_cur`,`id_ano`),
  KEY `Table_41_FKIndex1` (`id_mes`),
  KEY `Table_41_FKIndex2` (`cod_cur`),
  KEY `Table_41_FKIndex3` (`id_ano`)
) ENGINE=MyISAM DEFAULT CHARSET=utf8 COLLATE=utf8_spanish_ci;

--
-- Dumping data for table `men_cur`
--


--
-- Table structure for table `mensaje_inicio`
--

CREATE TABLE `mensaje_inicio` (
  `id_msg` bigint(3) unsigned NOT NULL AUTO_INCREMENT,
  `tit_msg` varchar(50) COLLATE utf8_spanish_ci DEFAULT NULL,
  `feci_msg` date DEFAULT NULL,
  `fecf_msg` date DEFAULT NULL,
  `tip_msg` enum('s','w','sw') COLLATE utf8_spanish_ci DEFAULT 'sw',
  `txt_msg` text COLLATE utf8_spanish_ci,
  `est_msg` enum('a','i') COLLATE utf8_spanish_ci DEFAULT 'a',
  PRIMARY KEY (`id_msg`)
) ENGINE=MyISAM AUTO_INCREMENT=7 DEFAULT CHARSET=utf8 COLLATE=utf8_spanish_ci PACK_KEYS=0 ROW_FORMAT=DYNAMIC;

--
-- Dumping data for table `mensaje_inicio`
--

INSERT INTO `mensaje_inicio` VALUES (1,'FAMILIA NORMALISTA','2014-10-23','2014-11-23','sw','ES UN  GUSTO CONTAR CON TODOS USTEDES  PARA COMENZAR ESTE NUEVO PROYECTO. EXITOS','a'),(2,'FAMILIA NORMALISTA','2014-10-23','2014-10-24','sw','Es un gusto contar con todos ustedes para comenza este nuevo Proyecto','a'),(3,'FAMILIA NORMALISTA','2014-10-23','2014-10-24','sw','Es un gusto contar con todos ustedes para comenza este nuevo Proyecto','a'),(4,'FAMILIA NORMALISTA','2014-10-23','2014-11-23','sw','ES UN GUSTO CONTAR CON TODOS USTEDES PARA COMENZAR ESTE NUEVO PROYECTO. EXITOS','a'),(5,'FAMILIA NORMALISTA','2014-10-23','2014-11-23','sw','ES UN GUSTO CONTAR CON TODOS USTEDES PARA COMENZAR ESTE NUEVO PROYECTO. EXITOS','a'),(6,'FAMILIA NORMALISTA','2014-10-23','2014-11-23','sw','ES UN GUSTO CONTAR CON TO DOS USTEDES PARA INICIAR ESTE NUEVO PROYECTO.\n      EXITOS.','a');

--
-- Table structure for table `mensualidad`
--

CREATE TABLE `mensualidad` (
  `id_mes` int(10) unsigned NOT NULL,
  `id_ano` int(10) unsigned NOT NULL DEFAULT '1',
  `id_alu` bigint(20) NOT NULL,
  `val_bas` decimal(10,0) NOT NULL,
  `est_men` enum('paga','pend') COLLATE utf8_spanish_ci NOT NULL DEFAULT 'pend',
  PRIMARY KEY (`id_mes`,`id_ano`,`id_alu`),
  UNIQUE KEY `id_mes_id_ano_id_alu` (`id_mes`,`id_ano`,`id_alu`),
  KEY `mensualidad_FKIndex1` (`id_mes`),
  KEY `mensualidad_FKIndex3` (`id_ano`),
  KEY `mensualidad_FKIndex4` (`id_alu`)
) ENGINE=MyISAM DEFAULT CHARSET=utf8 COLLATE=utf8_spanish_ci;

--
-- Dumping data for table `mensualidad`
--


--
-- Table structure for table `menus`
--

CREATE TABLE `menus` (
  `id_men` bigint(5) NOT NULL AUTO_INCREMENT,
  `tit_men` varchar(250) COLLATE utf8_spanish_ci DEFAULT NULL,
  `url_men` varchar(250) COLLATE utf8_spanish_ci DEFAULT NULL,
  `ven_men` varchar(20) COLLATE utf8_spanish_ci NOT NULL,
  `men_sup` enum('s','n') COLLATE utf8_spanish_ci DEFAULT 'n',
  `men_pad` bigint(5) DEFAULT NULL,
  `img_men` varchar(50) COLLATE utf8_spanish_ci DEFAULT NULL,
  `est_men` enum('a','i') COLLATE utf8_spanish_ci NOT NULL DEFAULT 'a',
  PRIMARY KEY (`id_men`)
) ENGINE=MyISAM AUTO_INCREMENT=532 DEFAULT CHARSET=utf8 COLLATE=utf8_spanish_ci;

--
-- Dumping data for table `menus`
--

INSERT INTO `menus` VALUES (2,'Registro y Control','','','n',0,'presentacion/icons/fam/table_edit.png','a'),(4,'Configuración','','','n',0,'presentacion/icons/fam/cog.png','a'),(5,'Académico','','','n',0,'presentacion/icons/fam/book_edit.png','a'),(6,'Reportes','','','n',0,'presentacion/icons/fam/page.png','a'),(7,'Convivencia','dfsdfdsfdsf','','n',0,'presentacion/icons/fam/group.png','a'),(8,'Administrativo','','','n',0,'presentacion/icons/fam/coins.png','i'),(11,'Registro Estudiantil','','','n',2,NULL,'a'),(12,'Herramientas de Promoción',NULL,'','n',2,NULL,'a'),(13,'Información General',NULL,'','n',4,NULL,'a'),(14,'Institucionales','','','n',4,'imagen 1','a'),(15,'Personales',NULL,'','n',0,'presentacion/icons/fam/user.png','a'),(16,'Académicas',NULL,'','n',4,NULL,'a'),(17,'1 Planeación General*','academico/planeacion/index.php?usu=admin','','n',5,'presentacion/icons/fam/bullet_yellow.png','a'),(18,'3 Seguimiento Grupal*','academico/seguimiento/sel.php?usu=admin','','n',5,'presentacion/icons/fam/bullet_yellow.png','a'),(19,'3 Seguimiento Grupal','academico/seguimiento/sel.php','','n',5,'presentacion/icons/fam/bullet_yellow.png','a'),(20,'Generales',NULL,'','n',6,NULL,'a'),(21,'1 Resultados Académicos','','','n',6,NULL,'a'),(22,'Convivencia',NULL,'','n',6,NULL,'a'),(23,'Observador Estudiantil',NULL,'','n',7,NULL,'a'),(24,'Historia del Estudiante',NULL,'','n',7,NULL,'a'),(25,'Asistencia ','','','n',7,NULL,'a'),(28,'Configuraciones','','','n',8,NULL,'a'),(29,'Contratación','','','n',8,NULL,'a'),(30,'Tareas Periodicas','','','n',8,NULL,'a'),(31,'Facturación','','','n',8,NULL,'a'),(35,'Ingreso Extemporáneo',NULL,'','n',8,NULL,'a'),(33,'Administrativos','','','n',6,'','i'),(34,'Herramientas de Migración',NULL,'','n',8,NULL,'a'),(36,'Reversa de Documentos',NULL,'','n',8,NULL,'a'),(37,'Deudas de Años Anteriores',NULL,'','n',8,NULL,'a'),(38,'Generacion de Documentos',NULL,'','n',2,NULL,'a'),(40,'Herramientas',NULL,'','n',8,NULL,'a'),(41,'3 Estadisticas Académicas','','','n',6,NULL,'a'),(42,'Años Anteriores a SAPRED','','','n',4,NULL,'a'),(43,'Debido Proceso',NULL,'','n',7,NULL,'a'),(45,'Web','','','n',4,NULL,'a'),(46,'Evaluación Docente','','','n',7,NULL,'a'),(432,'Usuarios','','','n',4,NULL,'a'),(48,'Información de Estudiantes',NULL,'','n',6,NULL,'a'),(49,'Gobierno Estudiantil','','','n',7,NULL,'a'),(50,'4 Herramientas','','','n',5,NULL,'a'),(55,'Documento de Matricula','reportes/docmatri.php','','n',38,'presentacion/icons/fam/bullet_yellow.png','a'),(56,'Validar Informacion','administrativos/verifica_alim_crrta.php','','n',20,'presentacion/icons/fam/bullet_yellow.png','a'),(430,'4. Organización de secciones','normalizacion/organisec/organizacion.php?usu=coor','','n',11,'presentacion/icons/fam/bullet_yellow.png','a'),(58,'Datos Institucionales','administrativos/modinsti.php','','n',14,'presentacion/icons/fam/bullet_yellow.png','a'),(59,'Periodos Académicos','administrativos/creaper.php','','n',16,'presentacion/icons/fam/bullet_yellow.png','a'),(60,'Tipos de Valoración','administrativos/creatipvalora.php','','n',16,'presentacion/icons/fam/bullet_yellow.png','a'),(61,'Usuarios del Sistema','administrativos/crearusu.php','','n',432,'presentacion/icons/fam/bullet_yellow.png','a'),(434,'Estado Académico de Estudiante',NULL,'','n',9,NULL,'a'),(63,'Cambio de Clave','administrativos/modidatusu.php','','n',15,'presentacion/icons/fam/bullet_yellow.png','a'),(64,'Cierre de Periodo','administrativos/corteper.php','','n',16,'presentacion/icons/fam/bullet_yellow.png','a'),(65,'5. Manejo de Funcionarios','administrativos/prof.php','','n',14,'presentacion/icons/fam/bullet_yellow.png','a'),(66,'7. Asignación Curricular','administrativos/asignacurri.php','','n',14,'presentacion/icons/fam/bullet_yellow.png','a'),(67,'2. Cursos','administrativos/cursos/index.php','','n',14,'presentacion/icons/fam/bullet_yellow.png','a'),(68,'Observador Estudiantil *','academico/obserestu.php?usu=admin','','n',23,'presentacion/icons/fam/bullet_yellow.png','a'),(69,'Observaciones Realizadas *','academico/observa.php?usu=admin','','n',23,'presentacion/icons/fam/bullet_yellow.png','a'),(70,'Observador Estudiantil','academico/obserestu.php','','n',23,'presentacion/icons/fam/bullet_yellow.png','a'),(71,'Observaciones Realizadas','academico/observa.php','','n',23,'presentacion/icons/fam/bullet_yellow.png','a'),(72,'Directorio Escolar','reportes/diresc.php','','n',20,'presentacion/icons/fam/bullet_yellow.png','a'),(73,'Album Estudiantil','reportes/album/sel.php','','n',20,'presentacion/icons/fam/bullet_yellow.png','a'),(75,'1b. Documentos y Certificados','reportes/impresion_docs/sel.php','','n',20,'presentacion/icons/fam/bullet_yellow.png','a'),(78,'Listado de Profesores','reportes/lisprof.php','','n',20,'presentacion/icons/fam/bullet_yellow.png','a'),(80,'Pago Anticipado sin validar','ingreso/busqueda.php?pag=anti2','','n',31,'presentacion/icons/fam/bullet_yellow.png','a'),(82,'Estado de Cupos ','reportes/asignacion_cupos/asign_cupos.php','','n',12,'presentacion/icons/fam/bullet_yellow.png','a'),(83,'Profesiones','ingreso/creaprofes.php','','n',13,'presentacion/icons/fam/bullet_yellow.png','a'),(84,'1. Países','ingreso/creapai.php','','n',13,'presentacion/icons/fam/bullet_yellow.png','a'),(85,'2. Departamentos','ingreso/creadep.php','','n',13,'presentacion/icons/fam/bullet_yellow.png','a'),(86,'3. Ciudades','ingreso/creaciu.php','','n',13,'presentacion/icons/fam/bullet_yellow.png','a'),(89,'3. Areas','administrativos/areas.php','','n',14,'presentacion/icons/fam/bullet_yellow.png','a'),(90,'Información Adicional Area *','academico/infoArea/index.php?usu=admin','','n',5,'presentacion/icons/fam/bullet_yellow.png','a'),(92,'Salud del Estudiante *','normalizacion/histo.php?usu=admin','','n',24,'presentacion/icons/fam/bullet_yellow.png','a'),(368,'1 Planeación General','academico/planeacion/index.php?usu=pro','','n',5,'presentacion/icons/fam/bullet_yellow.png','a'),(97,'Salud del Estudiante','normalizacion/histo.php','','n',24,'presentacion/icons/fam/bullet_yellow.png','a'),(98,'2 Gestion de Conceptos','academico/conceptos/sel.php','','n',5,'presentacion/icons/fam/bullet_yellow.png','a'),(99,'2 Gestion de Conceptos *','academico/conceptos/sel.php?usu=admin','','n',5,'presentacion/icons/fam/bullet_yellow.png','a'),(100,'Rangos Valorativos','administrativos/valoraciones/rangos.php','','n',16,'presentacion/icons/fam/bullet_yellow.png','a'),(101,'Información Adicional  Area','james/infoArea/academica.php','','n',5,'presentacion/icons/fam/bullet_yellow.png','a'),(107,'Grupos Escolares','normalizacion/necesidad.php','','n',24,'presentacion/icons/fam/bullet_yellow.png','a'),(108,'Grupos Escolares *','normalizacion/necesidad.php?usu=admin','','n',24,'presentacion/icons/fam/bullet_yellow.png','a'),(109,'Planes de Mejoramiento *','normalizacion/mejora.php?usu=admin','','n',24,'presentacion/icons/fam/bullet_yellow.png','a'),(110,'Planes de Mejoramiento','normalizacion/mejora.php','','n',24,'presentacion/icons/fam/bullet_yellow.png','a'),(113,'1.1 Impuntualidad','control_entrada/control_asis.php','','n',427,'presentacion/icons/fam/bullet_yellow.png','a'),(114,'1.2 Revisión de Asistencia','control_entrada/revision_fa.php','','n',427,'presentacion/icons/fam/bullet_yellow.png','a'),(115,'4. Organización de Secciones *','normalizacion/organisec/organizacion.php?usu=admin','','n',11,'presentacion/icons/fam/bullet_yellow.png','a'),(118,'3.1 Control de Citaciones *','normalizacion/ctrlcita.php?usu=admin','','n',25,'presentacion/icons/fam/bullet_yellow.png','a'),(119,'3.1 Control de Citaciones','normalizacion/ctrlcita.php','','n',25,'presentacion/icons/fam/bullet_yellow.png','a'),(122,'2.2 Permiso de Salida*','control_salida/salida_fa.php?usu=admin','','n',25,'presentacion/icons/fam/bullet_yellow.png','a'),(123,'2.1 Control de Salida','control_salida/salida_control.php','','n',25,'presentacion/icons/fam/bullet_yellow.png','a'),(124,'3.2 Listado de Citaciones *','normalizacion/listcita.php?usu=admin','','n',25,'presentacion/icons/fam/bullet_yellow.png','a'),(125,'3.2 Listado de Citaciones','normalizacion/listcita.php','','n',25,'presentacion/icons/fam/bullet_yellow.png','a'),(126,'4.1 Faltas por Asignatura*','normalizacion/faltas_materia/sel.php?usu=admin','','n',427,'presentacion/icons/fam/bullet_yellow.png','a'),(127,'4.1 Faltas por Asignatura','normalizacion/faltas_materia/sel.php','','n',427,'presentacion/icons/fam/bullet_yellow.png','a'),(128,'4.2 Justificación Faltas Asignatura *','normalizacion/justifaltasmat.php?usu=admin','','n',427,'presentacion/icons/fam/bullet_yellow.png','a'),(129,'4.2 Justificación Faltas Asignatura','normalizacion/justifaltasmat.php','','n',427,'presentacion/icons/fam/bullet_yellow.png','a'),(130,'Estudiantes Con Necesidades*','reporte_necesidades/reporte_necesidad.php?usu=admin','','n',22,'presentacion/icons/fam/bullet_yellow.png','a'),(131,'Ingreso por Archivo Bancario','sased/facturacion/ingreso_banco/index.php','','n',31,'presentacion/icons/fam/bullet_yellow.png','a'),(132,'Consolidado de Asignaturas por periodo','reportes/notas_seccion/index.php','','n',21,'presentacion/icons/fam/bullet_yellow.png','a'),(133,'4. Asignaturas','administrativos/materia.php?usu=admin','','n',14,'presentacion/icons/fam/bullet_yellow.png','a'),(134,'6. Perfíl del Docente','roman/perfiles/perfil.php?usu=admin','','n',14,'presentacion/icons/fam/bullet_yellow.png','a'),(135,'2.3 Reporte de Salidas *','reporte_salidas/reporte_salida.php?usu=admin','','n',25,'presentacion/icons/fam/bullet_yellow.png','a'),(136,'Observador','roman/rep_obs_alum/reporte.php','','n',22,'presentacion/icons/fam/bullet_yellow.png','a'),(137,'Plan de Aula','consulta_planeacion/reporte_corta.php?usu=profe','','n',433,'presentacion/icons/fam/bullet_yellow.png','a'),(138,'Planeación Corta *','consulta_planeacion/reporte_corta.php?usu=admin','','n',433,'presentacion/icons/fam/bullet_yellow.png','a'),(140,'Reporte de diseño curricular*','roman/consulta_dis_curricular/consulta.php?usu=admin','','n',433,'presentacion/icons/fam/bullet_yellow.png','a'),(141,'PIA*','consulta_plan/reporte_plan.php?usu=admin','','n',433,'presentacion/icons/fam/bullet_yellow.png','a'),(142,'Organizacion de Cursos Especiales *','normalizacion/orga_asig_esp/orga_mat_esp.php?usu=admin','','n',11,'presentacion/icons/fam/bullet_yellow.png','a'),(143,'Reporte de Impuntualidad','reportes/impuntualidad/sel.php?usu=admin','','n',427,'presentacion/icons/fam/bullet_yellow.png','a'),(144,'Organizacion de Cursos Especiales','normalizacion/orga_asig_esp/orga_mat_esp.php?usu=coor','','n',11,'presentacion/icons/fam/bullet_yellow.png','a'),(145,'Fechas Facturas','sased/facturacion/ingreso/ing_fact_u.php','','n',40,'presentacion/icons/fam/bullet_yellow.png','a'),(146,'Gestión de Documentos y Certificados','reportes/plantillas/sel.php','','n',14,'presentacion/icons/fam/bullet_yellow.png','a'),(151,'Impuntualidades *','reportes/impuntualidad/sel.php?usu=admin','','n',22,'presentacion/icons/fam/bullet_yellow.png','a'),(152,'Impuntualidades','reportes/impuntualidad/sel.php','','n',22,'presentacion/icons/fam/bullet_yellow.png','a'),(153,'Plan de Aula +','consulta_planeacion/reporte_corta.php?usu=coord','','n',433,'presentacion/icons/fam/bullet_yellow.png','a'),(154,'Inasistencias','reportes/inasistencia/sel.php','','n',22,'presentacion/icons/fam/bullet_yellow.png','a'),(155,'Inasistenacias *','reportes/inasistencia/sel.php?usu=admin','','n',22,'presentacion/icons/fam/bullet_yellow.png','a'),(156,'Plan de Mejoramiento','reportes/plan_mejora/sel.php','','n',22,'presentacion/icons/fam/bullet_yellow.png','a'),(157,'Actividades Plan Mejoramiento','reportes/cump_plan_mej/sel.php','','n',22,'presentacion/icons/fam/bullet_yellow.png','a'),(158,'Directorio Estudiantil Gral','reportes/direc_telef/dir_tel_ini.php','','n',20,'presentacion/icons/fam/bullet_yellow.png','a'),(159,'Reporte de Seguimiento','reportes/listados/sel.php','','n',21,'presentacion/icons/fam/bullet_yellow.png','a'),(161,'Listados de Estudiantes ','reportes/listas/sel.php','','n',20,'presentacion/icons/fam/bullet_yellow.png','a'),(162,'Consulta Valorativa*','reportes/valoraciones/consul_valora.php?usu=admin','','n',41,'presentacion/icons/fam/bullet_yellow.png','a'),(163,'Consulta Valorativa','reportes/valoraciones/consul_valora.php','','n',41,'presentacion/icons/fam/bullet_yellow.png','a'),(164,'Inasistencias Por Materia','reportes/inac_mat/sel.php','','n',22,'presentacion/icons/fam/bullet_yellow.png','a'),(165,'Inasistencias Por Materia*','reportes/inac_mat/sel.php?usu=admin','','n',22,'presentacion/icons/fam/bullet_yellow.png','a'),(166,'Historia Escolar','reporte_historia/reporte_historia.php','','n',22,'presentacion/icons/fam/bullet_yellow.png','a'),(167,'Histoia Escolar*','reporte_historia/reporte_historia.php?usu=admin','','n',22,'presentacion/icons/fam/bullet_yellow.png','a'),(168,'Diagnostico Estudiantil','normalizacion/diagnostico/diag_est/diag_est.php','','n',24,'presentacion/icons/fam/bullet_yellow.png','a'),(169,'Diagnostico Estudiantil*','normalizacion/diagnostico/diag_est/diag_est.php?usu=admin','','n',24,'presentacion/icons/fam/bullet_yellow.png','a'),(170,'Gestion de Diagnosticos','normalizacion/diagnostico/diagnostico.php?usu=admin','','n',24,'presentacion/icons/fam/bullet_yellow.png','a'),(171,'Reporte de Recuperaciones','reportes/reporte_rec/sel.php','','n',21,'presentacion/icons/fam/bullet_yellow.png','a'),(172,'Reporte de Recuperaciones*','reportes/reporte_rec/sel.php?usu=admin','','n',21,'presentacion/icons/fam/bullet_yellow.png','a'),(173,'Gestion de Formatos','administrativos/admin_dat_doc/datos.php?usu=admin','','n',14,'presentacion/icons/fam/bullet_yellow.png','a'),(174,'Retiro / Reingreso de Estudiantes','administrativos/gestion_est/gestion.php?usu=admin','','n',11,'presentacion/icons/fam/bullet_yellow.png','a'),(175,'Observador Estudiantil Gral','academico/observador_gral/obs_est_1.php','','n',23,'presentacion/icons/fam/bullet_yellow.png','a'),(178,'Autorización de Modificación ','administrativos/privilegios_academicos/priv_aca.php','','n',16,'presentacion/icons/fam/bullet_yellow.png','a'),(179,'Estudiantes sin Conceptos *','reportes/sin_conceptos/sel.php?usu=admin','','n',21,'presentacion/icons/fam/bullet_yellow.png','a'),(180,'Estudiantes sin Conceptos','reportes/sin_conceptos/sel.php','','n',21,'presentacion/icons/fam/bullet_yellow.png','a'),(181,'Reporte de Conceptos *','reportes/conceptos/sel.php?usu=admin','','n',433,'presentacion/icons/fam/bullet_yellow.png','a'),(182,'Reporte de Conceptos','reportes/conceptos/sel.php','','n',433,'presentacion/icons/fam/bullet_yellow.png','a'),(183,'Carnet Estudiantil','carnets/sel.php','','n',20,'presentacion/icons/fam/bullet_yellow.png','a'),(427,'Control Por Fecha Hora','','','n',25,NULL,'a'),(186,'Boletin Informativo','reportes/boletin/sel.php','','n',21,'presentacion/icons/fam/bullet_yellow.png','a'),(187,'Valoracion Seccion-Asignatura*','reportes/val_mat_cur/sel.php?usu=admin','','n',41,'presentacion/icons/fam/bullet_yellow.png','a'),(188,'Valoracion Seccion-Asignatura','reportes/val_mat_cur/sel.php','','n',41,'presentacion/icons/fam/bullet_yellow.png','a'),(189,'Consolidado De Valoraciones*','reportes/consolidado_val/sel.php','','n',41,'presentacion/icons/fam/bullet_yellow.png','a'),(190,'Ponderado Por Asignatura','reportes/ponderado_asig/sel.php','','n',41,'presentacion/icons/fam/bullet_yellow.png','a'),(191,'Consolidado de Valoracion *','reportes/consolidado_val/sel.php','','n',41,'presentacion/icons/fam/bullet_yellow.png','i'),(193,'Actualizar Datos de Estudiantes','ingreso/busqueda.php','','n',11,'presentacion/icons/fam/bullet_yellow.png','a'),(194,'Servicios por Grado','sased/servicios/servicio_grado/sel.php','','n',28,'presentacion/icons/fam/bullet_yellow.png','a'),(195,'Descuentos','sased/contratos/descuentos/sel.php','','n',28,'presentacion/icons/fam/bullet_yellow.png','a'),(196,'Cortes','sased/mensualidades/cortes/sel.php','','n',28,'presentacion/icons/fam/bullet_yellow.png','a'),(197,'Servicios','sased/servicios/admin_servicios/sel.php','','n',28,'presentacion/icons/fam/bullet_yellow.png','a'),(198,'Cuentas','sased/mensualidades/cuentas/sel.php','','n',28,'presentacion/icons/fam/bullet_yellow.png','a'),(199,'Meses','sased/mensualidades/meses/sel.php','','n',28,'presentacion/icons/fam/bullet_yellow.png','a'),(200,'Contratar Servicios','ingreso/busqueda.php?pag=contra','','n',29,'presentacion/icons/fam/bullet_yellow.png','a'),(201,'Aplicar Descuentos','ingreso/busqueda.php?pag=descuentos','','n',29,'presentacion/icons/fam/bullet_yellow.png','a'),(202,'3. Generar Intereses','sased/mensualidades/aplicar_corte/aplicar_corte.php','','n',30,'presentacion/icons/fam/bullet_yellow.png','a'),(203,'2. Generar Mensualidades','sased/mensualidades/generar_mens/sel.php','','n',30,'presentacion/icons/fam/bullet_yellow.png','a'),(204,'1. Generar Cartera','sased/cartera/gen_cartera/gen_cartera.php','','n',30,'presentacion/icons/fam/bullet_yellow.png','a'),(205,'Ingreso por Código de Barras','sased/facturacion/ingreso/ing_fact.php','','n',31,'presentacion/icons/fam/bullet_yellow.png','a'),(206,'Pago Anticipado','ingreso/busqueda.php?pag=anti','','n',31,'presentacion/icons/fam/bullet_yellow.png','a'),(207,'Mensualidad Grupal','sased/facturacion/generar/fac_men.php','','n',31,'presentacion/icons/fam/bullet_yellow.png','a'),(208,'Mensualidad Individual','ingreso/busqueda.php?pag=factura','','n',31,'presentacion/icons/fam/bullet_yellow.png','a'),(209,'Documentos para Preinscritos','matricula/doc_estu_nuevos/doc_estu.php','','n',38,'presentacion/icons/fam/bullet_yellow.png','a'),(210,'Abono a Deudas','ingreso/busqueda.php?pag=fabono','','n',31,'presentacion/icons/fam/bullet_yellow.png','a'),(211,'Pago Anticipado','ingreso/busqueda.php?pag=pago_ext_anti','','n',35,'presentacion/icons/fam/bullet_yellow.png','a'),(212,'Pago Anticipado','ingreso/busqueda.php?pag=d_p_a','','n',36,'presentacion/icons/fam/bullet_yellow.png','a'),(213,'Ingreso por Teclado','sased/facturacion/ingreso_teclado/ing_fact.php','','n',31,'presentacion/icons/fam/bullet_yellow.png','a'),(214,'Pago de Todas la Deudas','sased/tools/pago_general/sel.php','','n',34,'presentacion/icons/fam/bullet_yellow.png','a'),(215,'Registro de Deudas','ingreso/busqueda.php?pag=ing_deu','','n',34,'presentacion/icons/fam/bullet_yellow.png','a'),(216,'Generación de Contratos','sased/tools/gen_contratos/sel.php','','n',34,'presentacion/icons/fam/bullet_yellow.png','a'),(217,'Usuarios de Servicios no Obligatorios','sased/reportes/usu_ser_nobli/sel.php','','n',33,'presentacion/icons/fam/bullet_yellow.png','a'),(218,'Estado de Cuenta del Estudiante','ingreso/busqueda.php?pag=rcuenta','','n',33,'presentacion/icons/fam/bullet_yellow.png','a'),(219,'Planilla de Pagos Pendientes','sased/reportes/pago_servicios/sel.php','','n',33,'presentacion/icons/fam/bullet_yellow.png','a'),(220,'Planilla de Pagos Anticipados','sased/reportes/planillaPagosAnt/sel.php','','n',33,'presentacion/icons/fam/bullet_yellow.png','a'),(221,'Pagos por Mes','sased/reportes/pagos_por_mes/sel.php','','n',33,'presentacion/icons/fam/bullet_yellow.png','a'),(222,'Planilla de Cartera ','sased/reportes/cartera/sel.php','','n',33,'presentacion/icons/fam/bullet_yellow.png','a'),(223,'Estado de Ingresos por Servicios','sased/reportes/ingresos_servicios_fec/sel.php','','n',33,'presentacion/icons/fam/bullet_yellow.png','a'),(224,'Cartera por Edades','sased/reportes/carteraXEdades/sel.php','','n',33,'presentacion/icons/fam/bullet_yellow.png','a'),(225,'Paz y Salvo / Cuenta de Cobro','sased/reportes/c_cobro_pazysalvo/sel.php','','n',33,'presentacion/icons/fam/bullet_yellow.png','a'),(226,'Ingresos por Fecha','sased/reportes/ingresos_fecha/sel.php','','n',33,'presentacion/icons/fam/bullet_yellow.png','a'),(227,'Busqueda de Estudiantes','ingreso/estuq3.php','','n',34,'presentacion/icons/fam/bullet_yellow.png','a'),(228,'Excel','sased/reportes/xls/sel.php','','n',33,'presentacion/icons/fam/bullet_yellow.png','a'),(229,'Factura de Mensualidad','sased/facturacion/ingreso_teclado/ing_fact.php','','n',35,'presentacion/icons/fam/bullet_yellow.png','a'),(230,'Factura de Abono','sased/facturacion/ingreso_teclado/ing_fact.php','','n',35,'presentacion/icons/fam/bullet_yellow.png','a'),(231,'Factura de Abono','sased/facturacion/deshacer_abono/sel.php','','n',36,'presentacion/icons/fam/bullet_yellow.png','a'),(232,'Factura de Mensualidad','sased/facturacion/deshacer_abono/sel.php','','n',36,'presentacion/icons/fam/bullet_yellow.png','a'),(233,'Plan de Mejoramiento*','reportes/plan_mejora/sel.php?usu=admin','','n',22,'presentacion/icons/fam/bullet_yellow.png','a'),(234,'Ingreso de Deudas','ingreso/busqueda.php?pag=ingdeua','','n',37,'presentacion/icons/fam/bullet_yellow.png','a'),(235,'Ingreso de Deudas *','ingreso/busqueda.php?pag=ingdeua&usu=admin','','n',37,'presentacion/icons/fam/bullet_yellow.png','a'),(236,'Deudas de Años Anteriores','ingreso/busqueda.php?pag=fdeuant','','n',31,'presentacion/icons/fam/bullet_yellow.png','a'),(237,'Deudas de Años Anteriores','sased/reportes/deu_anio_ant/index.php','','n',33,'presentacion/icons/fam/bullet_yellow.png','a'),(238,'Deudas de Años Anteriores','sased/facturacion/deshacer_abono/sel.php','','n',36,'presentacion/icons/fam/bullet_yellow.png','a'),(239,'1. Ingreso de Estudiantes Nuevos','matricula/ingr_prei/sel.php','','n',11,'presentacion/icons/fam/bullet_yellow.png','a'),(240,'Matricula Estudiantes Nuevos','sased/facturacion/factura_premat/sel.php','','n',31,'presentacion/icons/fam/bullet_yellow.png','a'),(241,'Plantillas para Documentos','matricula/plan_doc_matricula/plantilla_doc.php','','n',38,'presentacion/icons/fam/bullet_yellow.png','a'),(242,'Costos Educativos','matricula/costos_educativos/costos_edu.php','','n',38,'presentacion/icons/fam/bullet_yellow.png','a'),(243,'Facturas de Preinscritos','sased/facturacion/deshacer_abono/sel.php','','n',36,'presentacion/icons/fam/bullet_yellow.png','a'),(244,'Cambio de Vr Matricula','private/ser_mat.php','','n',40,'presentacion/icons/fam/bullet_yellow.png','a'),(245,'Consolidado Final*','academico/acumulado/sel.php?usu=admin','','n',21,'presentacion/icons/fam/bullet_yellow.png','a'),(246,'Estudiantes con Dificultades de Cupo','matricula/estu_dif_cupo/sel.php?id_cuo=1*2*3','','n',12,'presentacion/icons/fam/bullet_yellow.png','a'),(247,'Estudiantes con Dificultades de Cupo *','matricula/estu_dif_cupo/sel.php?usu=admin','','n',12,'presentacion/icons/fam/bullet_yellow.png','a'),(248,'Estudiantes con dificultades de cupo año anterior','matricula/ant_est_dif_cup/est_dif_cup.php','','n',12,'presentacion/icons/fam/bullet_yellow.png','a'),(249,'Asignación de Cupos Año Siguiente','matricula/asignacion_cupos/asign_cupos.php','','n',12,'presentacion/icons/fam/bullet_yellow.png','a'),(250,'2. Activacion de Estudiantes Nuevos','matricula/act_est_nue/index.php','','n',11,'presentacion/icons/fam/bullet_yellow.png','a'),(251,'Asignacion de Cupos Año Actual','matricula/asig_cupos_anio_act/sel.php','','n',12,'presentacion/icons/fam/bullet_yellow.png','a'),(252,'3. Activacion de Estudiantes Antiguos','matricula/act_est_ant/index.php','','n',11,'presentacion/icons/fam/bullet_yellow.png','a'),(253,'Documentos para Estudiantes Antiguos','matricula/common/ingreso/sel.php?pag=docestant','','n',38,'presentacion/icons/fam/bullet_yellow.png','a'),(254,'Matricula para Estudiantes Antiguos','matricula/common/ingreso/sel.php?pag=factmatr','','n',31,'presentacion/icons/fam/bullet_yellow.png','a'),(255,'Matricula','sased/facturacion/deshacer_abono/sel.php','','n',36,'presentacion/icons/fam/bullet_yellow.png','a'),(256,'1. Orden de Grados','matricula/orden_grados/ordengrado.php','','n',14,'presentacion/icons/fam/bullet_yellow.png','a'),(257,'Estudiantes con Necesidades','reporte_necesidades/reporte_necesidad.php','','n',22,'presentacion/icons/fam/bullet_yellow.png','a'),(258,'Consolidado Final','academico/acumulado/sel.php','','n',21,'presentacion/icons/fam/bullet_yellow.png','a'),(433,'2 Planeación Académica','','','n',6,NULL,'a'),(264,'Directorio de Profesiones','reportes/direc_telef/dir_prof.php','','n',20,'presentacion/icons/fam/bullet_yellow.png','a'),(266,'Estadistica Final','reportes/valoraciones_anio/sel.php','','n',41,'presentacion/icons/fam/bullet_yellow.png','a'),(268,'Consolidado Anual','reportes/valoraciones_anio/sel.php','','n',41,'presentacion/icons/fam/bullet_yellow.png','a'),(269,'1 Gestión Encuestas','eval_doc/gestion_encuesta/index.php','','n',46,'presentacion/icons/fam/bullet_yellow.png','a'),(270,'2 Selección de Estudiantes','eval_doc/aplica_encuesta/index.php','','n',46,'presentacion/icons/fam/bullet_yellow.png','a'),(271,'4. Estudiantes','anteriores/gestion_alumnos.php','','n',42,'presentacion/icons/fam/bullet_yellow.png','a'),(272,'1. Años Anteriores','anteriores/gestion_anios.php','','n',42,'presentacion/icons/fam/bullet_yellow.png','a'),(273,'2. Asignaturas','anteriores/gestion_asignaturas.php','','n',42,'presentacion/icons/fam/bullet_yellow.png','a'),(274,'3. Cursos','anteriores/gestion_cursos.php','','n',42,'presentacion/icons/fam/bullet_yellow.png','a'),(275,'5. Plan curricular','anteriores/gestion_planilla.php','','n',42,'presentacion/icons/fam/bullet_yellow.png','a'),(276,'6. Notas','anteriores/gestion_notas.php','','n',42,'presentacion/icons/fam/bullet_yellow.png','a'),(277,'Buzon de mensajes','web/mensajes/principal/index2.php','','n',15,'presentacion/icons/fam/bullet_yellow.png','a'),(278,'Registro Actividades','web/calendario/registrar/index.php','','n',50,'presentacion/icons/fam/bullet_yellow.png','a'),(279,'Registro Actividades*','web/calendario/registrar/index.php?usu=admin','','n',50,'presentacion/icons/fam/bullet_yellow.png','a'),(280,'Registro Usuarios Modulo web*','web/usuarios/registro/registro.php?usu=admin','','n',45,'presentacion/icons/fam/bullet_yellow.png','a'),(281,'Gestión Procesos ','normalizacion/debido_pro/proceso/index.php','','n',43,'presentacion/icons/fam/bullet_yellow.png','a'),(282,'Registro Estudiantes a Procesos','normalizacion/debido_pro/registro/index.php','','n',43,'presentacion/icons/fam/bullet_yellow.png','a'),(283,'Seguimiento de procesos','normalizacion/debido_pro/reg_pasos/index.php','','n',43,'presentacion/icons/fam/bullet_yellow.png','a'),(284,'Gestión Procesos*','normalizacion/debido_pro/proceso/index.php?usu=admin','','n',43,'presentacion/icons/fam/bullet_yellow.png','a'),(285,'Listado Estudiantes Por Proceso','normalizacion/debido_pro/listado_proc_paso/index.php','','n',22,'presentacion/icons/fam/bullet_yellow.png','a'),(286,'Listado de Fallas','normalizacion/debido_pro/listado_fallas/index.php','','n',22,'presentacion/icons/fam/bullet_yellow.png','a'),(287,'Saludo inicial de Bienvenida','inicio/saludo/index.php','','n',13,'presentacion/icons/fam/bullet_yellow.png','a'),(288,'Solicitudes de cambio de contraseña','contrasenas/reasignacion_m/index.php','','n',432,'presentacion/icons/fam/bullet_yellow.png','a'),(289,'Cambio Contraseñas','contrasenas/filtro_cambio/index.php','','n',432,'presentacion/icons/fam/bullet_yellow.png','a'),(290,'Datos Pregunta Secreta','pregunta/registro/index.php','','n',15,'presentacion/icons/fam/bullet_yellow.png','a'),(291,'Excel Informacion de estudiantes','reportes/estuAExcel/index.php','','n',20,'presentacion/icons/fam/bullet_yellow.png','a'),(292,'Evaluacion Docente','reportes/eval_docente/index.php','','n',22,'presentacion/icons/fam/bullet_yellow.png','a'),(293,'Cierre de año','cierreAnio/index.php','','n',16,'presentacion/icons/fam/bullet_yellow.png','a'),(294,'Reportes SQL*','reportes/reporte_sql/index.php','','n',1,'presentacion/icons/fam/bullet_yellow.png','a'),(295,'Excel Reportes Particulares','reportes/reporte_sql_generar/index.php?id_men=20','','n',20,'presentacion/icons/fam/bullet_yellow.png','a'),(299,'Actualizar Datos de Estudiantes *','ingreso/busqueda.php?usu=admin','','n',11,'presentacion/icons/fam/bullet_yellow.png','a'),(302,'1 Gestión de Cargos','gobierno_est/cargos/index.php','','n',49,'presentacion/icons/fam/bullet_yellow.png','a'),(303,'2 Gestión de Candidatos','gobierno_est/candidatos/index.php','','n',49,'presentacion/icons/fam/bullet_yellow.png','a'),(304,'3 Resultados','gobierno_est/resultados/index.php','','n',49,'presentacion/icons/fam/bullet_yellow.png','a'),(305,'Reporte de Seguimiento*','reportes/listados/sel.php?usu=admin','','n',21,'presentacion/icons/fam/bullet_yellow.png','a'),(306,'Puestos por Estudiante','reportes/puestos/index.php','','n',21,'presentacion/icons/fam/bullet_yellow.png','a'),(307,'Cambio de Grado/ Promoción Anticipada','matricula/cambio_grado/index.php','','n',11,'presentacion/icons/fam/bullet_yellow.png','a'),(387,'Gestión Perfiles de Usuario','configuracion/perfilusuario/index.php','','n',432,'presentacion/icons/fam/bullet_yellow.png','a'),(309,'Datos Adicionales del Estudiante *','herramientas/docs_estudiante/gestion/index.php','','n',14,'presentacion/icons/fam/bullet_yellow.png','a'),(310,'Documentos de apoyo','herramientas/docs_apoyo/gestion/index.php','','n',50,'presentacion/icons/fam/bullet_yellow.png','a'),(311,'Cambio Cedula*','scripts/corregir_ced/index.php','','n',1,'presentacion/icons/fam/bullet_yellow.png','a'),(312,'Documentos de Apoyo*','herramientas/docs_apoyo/gestion/index.php?usu=admin','','n',50,'presentacion/icons/fam/bullet_yellow.png','a'),(319,'Boletin Consolidado','reportes/resumenboletin/index.php','','n',21,'presentacion/icons/fam/bullet_yellow.png','a'),(320,'Calcular Notas','control_seguimiento/','','n',16,'presentacion/icons/fam/bullet_yellow.png','a'),(321,'Cuadro de Honor','reportes/cuadro_honor/index.php','','n',21,'presentacion/icons/fam/bullet_yellow.png','a'),(322,'Parametros de Reportes','config/index.php','','n',14,'presentacion/icons/fam/bullet_yellow.png','a'),(324,'Puestos por asignatura','reportes/materias_puestos/index.php','','n',21,'presentacion/icons/fam/bullet_yellow.png','a'),(325,'Libro de Notas','reportes/listado_notas/sel.php','','n',21,'presentacion/icons/fam/bullet_yellow.png','a'),(326,'Generar Mensualidad Individual','ingreso/busqueda.php?pag=mensualidad_ind','','n',30,'presentacion/icons/fam/bullet_yellow.png','a'),(328,'Gestión De Imágenes*','administrativos/gestion_imagen.php?id_usu=admin','','n',14,'presentacion/icons/fam/bullet_yellow.png','a'),(329,'Generac ión de Contratos Individual','ingreso/busqueda.php?pag=generacion_contratos','','n',34,'presentacion/icons/fam/bullet_yellow.png','a'),(330,'Parametrización Académica*','academico/param_acad/index.php?usu=admin','','n',1,'presentacion/icons/fam/bullet_yellow.png','a'),(331,'Archivos por banco','configuracion/parametros_banco/index.php','','n',28,'presentacion/icons/fam/bullet_yellow.png','a'),(332,'Excel Reportes Particulares','reportes/reporte_sql_generar/index.php?id_men=21','','n',21,'presentacion/icons/fam/bullet_yellow.png','i'),(333,'Excel Reportes Particulares','reportes/reporte_sql_generar/index.php?id_men=33','','n',33,'presentacion/icons/fam/bullet_yellow.png','i'),(334,'Excel Reportes Particulares','reportes/reporte_sql_generar/index.php?id_men=22','','n',22,'presentacion/icons/fam/bullet_yellow.png','i'),(335,'Excel Reportes Particulares','reportes/reporte_sql_generar/index.php?id_men=41','','n',41,'presentacion/icons/fam/bullet_yellow.png','i'),(336,'Historia Escolar','ingreso/busqueda.php?pag=his_esc','','n',24,'presentacion/icons/fam/bullet_yellow.png','a'),(337,'1 Informacion Personal','historia_escolar/personal.php','','s',336,'icon_informacion_personal','a'),(338,'2 Informacion Academica','historia_escolar/academica.php','','s',336,'icon_informacion_academica','a'),(339,'4 Informacion Financiera','historia_escolar/financiera.php','','s',336,'icon_informacion_financiera','a'),(340,'5 Datos de la Madre','','','s',336,'madre','a'),(341,'6 Datos del Acudiente','','','s',337,'acudiente','a'),(342,'3 Datos de Salud','','','s',337,'salud','a'),(343,'4 Datos del Padre','','','s',337,'padre','a'),(344,'1 Datos Básicos','','','s',337,'basicos','a'),(345,'2 Informacion Adicional','','','s',337,'adicionales','a'),(346,'3 Informacion Convivencia','historia_escolar/convivencia.php','','s',336,'icon_informacion_convivencia','a'),(347,'5 Certificados y Otros Documentos','historia_escolar/certificados.php','','s',336,'icon_reportes','a'),(348,'7 Hemanos en la institucion','','','s',337,'hermanos','a'),(349,'1 Diseño Curricular','','','s',338,'d_curricular','a'),(350,'2 Informes','','','s',338,'informes','a'),(351,'1 Listado de Seguimiento','','','s',349,'seguimiento','a'),(352,'1 Observador Estudiantil','','','s',349,'observador','a'),(353,'1 Asistencia','','','s',349,'asistencia','a'),(354,'1 Actividades','','','s',349,'actividades','a'),(355,'1 Asistencia y puntualidad','xajax_getAsistencia(_params_)','','s',346,'asistencia','a'),(356,'2 Grupos escolares','xajax_getGrupos(_params_)','','s',346,'grupos','a'),(357,'3 Planes de Mejoramiento','xajax_getPlanes(_params_)','','s',346,'planes_mej','a'),(358,'4 Observador General','xajax_getObservador(_params_)','','s',346,'observador','a'),(359,'5 Diagnostico Estidiantil','xajax_getDiagnosticos(_params_)','','s',346,'diagnostico','a'),(360,'6 Debido Proceso','xajax_getProcesos(_params_)','','s',346,'debido','a'),(361,'7 Votaciones','xajax_datosVotacion(_params_)','','s',346,'votacion','a'),(362,'8 Encuestas','xajax_datosEncuestas(_params_)','','s',346,'encuestas','a'),(363,'1 Servicios contratados','xajax_getServicios(_params_)','','s',339,'servicios','a'),(364,'2 Descuentos','xajax_getDescuentos(_params_)','','s',339,'descuentos','a'),(365,'3 Documentos de Matricula','xajax_getDocumentosMat(_params_)','','s',339,'doc_mat','a'),(366,'4 Estado de cuenta','xajax_getEstCuenta(_params_)','','s',339,'est_cta','a'),(367,'5 Paz y Salvo','xajax_getPazYsalvo(_params_)','','s',339,'paz_salvo','a'),(370,'Gestión de Menús','configuracion/menus/index.php','','n',1,'presentacion/icons/fam/bullet_yellow.png','a'),(379,'1 Planeación General+','academico/planeacion/index.php?usu=coor','','n',5,'presentacion/icons/fam/bullet_yellow.png','a'),(1,'Configuraciones SAPRED',NULL,'','n',4,NULL,'a'),(412,'Registro de Faltas','normalizacion/regfaltas/index.php?usu=admin','','n',25,'presentacion/icons/fam/bullet_yellow.png','a'),(413,'Registro de Faltas*','normalizacion/regfaltas/index.php?usu=admin','','n',25,'presentacion/icons/fam/bullet_yellow.png','a'),(414,'Registro de faltas+','normalizacion/regfaltas/index.php?usu=coor','','n',25,'presentacion/icons/fam/bullet_yellow.png','a'),(415,'Registro de Justificación*','normalizacion/regjusti/index.php?usu=admin','','n',25,'presentacion/icons/fam/bullet_yellow.png','a'),(416,'Registro de Justificación+','normalizacion/regjusti/index.php','','n',25,'presentacion/icons/fam/bullet_yellow.png','a'),(417,'Autorización de usuarios curso','normalizacion/regcoordinadores/index.php','','n',14,'presentacion/icons/fam/bullet_yellow.png','a'),(418,'Configuración de carnet','carnets/conf/index.php','','n',14,'presentacion/icons/fam/bullet_yellow.png','a'),(419,'Imprimir horarios*','administrativos/reportehorario/index.php?usu=admin','','n',16,'presentacion/icons/fam/bullet_yellow.png','a'),(420,'Imprimir horarios','administrativos/reportehorario/index.php','','n',16,'presentacion/icons/fam/bullet_yellow.png','a'),(421,'Registro de horario docentes*','administrativos/horarioprof/index.php?usu=admin','','n',16,'presentacion/icons/fam/bullet_yellow.png','a'),(422,'Registro de horario docentes','administrativos/horarioprof/index.php','','n',16,'presentacion/icons/fam/bullet_yellow.png','a'),(423,'Usuarios responsables del registro de faltas*','normalizacion/regusufaltas/index.php?usu=admin','','n',25,'presentacion/icons/fam/bullet_yellow.png','a'),(424,'Usuarios responsables del registro de faltas','normalizacion/regusufaltas/index.php','','n',25,'presentacion/icons/fam/bullet_yellow.png','a'),(425,'Planilla de asistencia','normalizacion/planillaasistencia/index.php','','n',22,'presentacion/icons/fam/bullet_yellow.png','a'),(426,'Permiso de salida','control_salida/salida_fa.php?usu=coor','','n',25,'presentacion/icons/fam/bullet_yellow.png','a'),(9,'Módulo WEB',NULL,'','n',0,'presentacion/icons/fam/report_user.png','a'),(435,'Convivencia / Bienestar','','','n',9,'','a'),(436,'Estado Financiero del estudiante',NULL,'','n',9,NULL,'a'),(438,'Opciones Administrativas','','','n',9,'','a'),(439,'Actividades',NULL,'','n',9,NULL,'a'),(443,'Boletín Infonmativo','web/academico/boletin/index.php','','n',434,NULL,'a'),(444,'Instancias Verificadoras','web/academico/instancias/index.php','','n',434,NULL,'a'),(445,'Registro de asistencia','web/normalizacion/asistencia/index.php','','n',435,NULL,'a'),(446,'Reporte Observador Estudiantil','web/normalizacion/observador/index.php','','n',22,'presentacion/icons/fam/bullet_yellow.png','a'),(447,'Citaciones al Padre o Acudiente','web/normalizacion/citaciones/index.php','','n',435,NULL,'a'),(448,'Datos Médicos','web/normalizacion/datos_med/index.php','','n',435,NULL,'a'),(449,'Generacion de Facturas','web/financiero/servicios/index.php','','n',436,NULL,'a'),(450,'Estado de Cuenta','web/financiero/est_cuenta/index.php','','n',436,NULL,'a'),(451,'Matricula en Linea','web/matricula/matricula/index.php','','n',9,'','a'),(452,'Registro Usuarios*','web/usuarios/registro/registro.php?usu=admin','','n',438,NULL,'a'),(453,'Registro Estudiantes*','web/usuarios/usu_alum/index.php?usu=admin','','n',438,NULL,'a'),(454,'Registro Estudiantes','web/usuarios/usu_alum/index.php','','n',9,'','a'),(455,'Usar Estudiante*','web/usuarios/usu_alum/sel.php?usu=admin','','n',438,NULL,'a'),(456,'Calendario de Actividades','web/calendario/index.php','','n',439,NULL,'a'),(458,'Registro de actividades*','web/calendario/registrar/index.php?usu=admin','','n',439,NULL,'a'),(459,'Servicios Escolares','web/financiero/contratos/index.php','','n',436,NULL,'a'),(461,'Evaluacion Docente','eval_doc/evaluacion/index.php','','n',9,'','a'),(464,'Elecciones','gobierno_est/votacion/index.php','','n',9,'','a'),(465,'Boletin Informativo','web/academico/boletin/index.php','','n',434,NULL,'a'),(466,'Respaldo y actualizaciones','configuracion/backup/index.php','','n',13,'presentacion/icons/fam/bullet_yellow.png','a'),(467,'Convalidar Notas','academico/convalidar_notas/index.php','','n',11,'presentacion/icons/fam/bullet_yellow.png','i'),(468,'Seguimiento por estudiante','reportes/seg_estu/index.php','','n',21,'presentacion/icons/fam/bullet_yellow.png','a'),(469,'Inasistencias e Impuntualidades','reportes/inasistencias/index.php','','n',22,'presentacion/icons/fam/bullet_yellow.png','a'),(470,'Control de Salida*','control_salida/salida_control.php?usu=admin','','n',25,'presentacion/icons/fam/bullet_yellow.png','a'),(471,'Estadística de Salida','reportes/salida/index.php','','n',41,'presentacion/icons/fam/bullet_yellow.png','a'),(472,'Admisiones','','','n',14,'presentacion/icons/fam/bullet_yellow.png','a'),(473,'2.Datos requeridos','admisiones/conf_cam/index.php','','n',472,'presentacion/icons/fam/bullet_yellow.png','a'),(474,'4.Configuración de Cupos','admisiones/conf_cup/index.php','','n',472,'presentacion/icons/fam/bullet_yellow.png','a'),(475,'5.Asignación de Pines','admisiones/asignar/index.php','','n',472,'presentacion/icons/fam/bullet_yellow.png','a'),(476,'3.Asignar Funcionario a Sede','admisiones/fun_sed/index.php','','n',472,'presentacion/icons/fam/bullet_yellow.png','a'),(477,'1.Configuración de Presentación','admisiones/adm_conf/index.php','','n',472,'presentacion/icons/fam/bullet_yellow.png','a'),(478,'8. Asignación de Admitidos','admisiones/admitidos/index.php','','n',472,'presentacion/icons/fam/bullet_yellow.png','a'),(479,'7. Verificar registros','admisiones/verificar/index.php','','n',472,'presentacion/icons/fam/bullet_yellow.png','a'),(480,'6. Datos de Reporte','admisiones/admitidos/campos.php','','n',472,'presentacion/icons/fam/bullet_yellow.png','a'),(481,'9. Reporte general de aspirantes','admisiones/reportes/aspirantes/index.php','','n',472,'presentacion/icons/fam/bullet_yellow.png','a'),(483,'Información Estudiantes','reportes/info_estu/index.php','','n',20,'presentacion/icons/fam/bullet_yellow.png','a'),(484,'10. Legalización de Matrícula','admisiones/leg_matri/index.php','','n',472,'presentacion/icons/fam/bullet_yellow.png','a'),(488,'Dificultades Tesorería','matricula/estu_dif_cupo/sel.php?id_cuo=2','','n',12,'presentacion/icons/fam/bullet_yellow.png','a'),(487,'8. Asignación de Admitidos*','admisiones/admitidos/index.php?usu=admin','','n',472,'presentacion/icons/fam/bullet_yellow.png','a'),(489,'Dificultades Convivencia','matricula/estu_dif_cupo/sel.php?id_cuo=1','','n',12,'presentacion/icons/fam/bullet_yellow.png','a'),(490,'Dificultades Deportes','matricula/estu_dif_cupo/sel.php?id_cuo=3','','n',12,'presentacion/icons/fam/bullet_yellow.png','a'),(491,'Dificultades Biblioteca','matricula/estu_dif_cupo/sel.php?id_cuo=4','','n',12,'presentacion/icons/fam/bullet_yellow.png','a'),(492,'Materias Perdidas Notas - Faltas','reportes/perdidas_nf/index.php','','n',21,'presentacion/icons/fam/bullet_yellow.png','a'),(493,'Conteo Materias Perdidas (Notas/Faltas)','reportes/perdidas_nf_conteo/index.php','','n',21,'presentacion/icons/fam/bullet_yellow.png','a'),(494,'Paz y Salvo / Dif. Cupo','reportes/paz_salvo/index.php','','n',33,'presentacion/icons/fam/bullet_yellow.png','a'),(495,'Acta de recuperación*','reportes/acta_rec/index.php?usu=admin','','n',21,'presentacion/icons/fam/bullet_yellow.png','a'),(496,'Acta de recuperación','reportes/acta_rec/index.php','','n',21,'presentacion/icons/fam/bullet_yellow.png','a'),(497,'5. Organización Masiva de Secciones','normalizacion/organizacion_masiva.php','','n',11,'presentacion/icons/fam/bullet_yellow.png','a'),(498,'Activación Masiva de Estudiantes','matricula/act_est_mas/index.php','','n',11,'presentacion/icons/fam/bullet_yellow.png','a'),(499,'Estado de Estudiantes','reportes/estado_est/index.php','','n',20,'presentacion/icons/fam/bullet_yellow.png','a'),(500,'Verificar Estado de Matrícula','matricula/aprobar/index.php','','n',11,'presentacion/icons/fam/bullet_yellow.png','a'),(501,'Libro de Notas Individual','reportes/libro_individual/index.php','','n',21,'presentacion/icons/fam/bullet_yellow.png','a'),(502,'Planilla de Notificación','reportes/planilla_observador/index.php','','n',22,'presentacion/icons/fam/bullet_yellow.png','a'),(503,'Cargar Fotos de Estudiantes','ingreso/act_fotos.php','','n',11,'presentacion/icons/fam/bullet_yellow.png','a'),(504,'Boleta de Notificación','reportes/boletas_noti/index.php','','n',22,'presentacion/icons/fam/bullet_yellow.png','a'),(505,'Planilla de Notificación','reportes/planilla_observador/index.php','','n',22,'presentacion/icons/fam/bullet_yellow.png','a'),(506,'Cargar Fotos de Estudiantes','ingreso/act_fotos.php','','n',11,'presentacion/icons/fam/bullet_yellow.png','a'),(507,'Información Académica por Estudiante*','academico/ingreso_estudiante/index.php?usu=admin','','n',5,'presentacion/icons/fam/bullet_yellow.png','a'),(508,'Información Académica por Estudiante+','academico/ingreso_estudiante/index.php?usu=coor','','n',5,'presentacion/icons/fam/bullet_yellow.png','a'),(509,'Información Académica por Estudiante-','academico/ingreso_estudiante/index.php?usu=dirg','','n',5,'presentacion/icons/fam/bullet_yellow.png','a'),(510,'Cambiar Código Estudiantes','administrativos/cambiar_ids/index.php','','n',1,'presentacion/icons/fam/bullet_yellow.png','a'),(511,'Certificado Comfamiliar','ingreso/busqueda.php?pag=comf','','n',20,'presentacion/icons/fam/bullet_yellow.png','a'),(512,'Reporte de Planeación','reportes/planeacion/index.php?usu=admin','','n',433,'presentacion/icons/fam/bullet_yellow.png','a'),(513,'Tarjeta de Matrícula','matricula/tarjeta_matri/index.php','','n',38,'presentacion/icons/fam/bullet_yellow.png','a'),(514,'Registro de Jornadas','administrativos/jornadas/index.php','','n',16,'presentacion/icons/fam/bullet_yellow.png','a'),(515,'Tendencia Valoraciones','reportes/graficas/index.php','','n',41,'presentacion/icons/fam/bullet_yellow.png','a'),(516,'Reporte Observador Estudiantil*','web/normalizacion/observador/index.php?usu=admin','','n',22,'presentacion/icons/fam/bullet_yellow.png','a'),(517,'Reporte Historia Escolar','ingreso/busqueda.php?pag=rep_his_esc','','n',20,'presentacion/icons/fam/bullet_yellow.png','a'),(518,'Verificar Estado de Matrícula*','matricula/aprobar/index.php?usu=admin','','n',11,'presentacion/icons/fam/bullet_yellow.png','a'),(519,'Bloquear Estudiantes*','matricula/lista_negra/index.php?usu=admin','','n',11,'presentacion/icons/fam/bullet_yellow.png','a'),(520,'Bloquear Estudiantes','matricula/lista_negra/index.php','','n',11,'presentacion/icons/fam/bullet_yellow.png','a'),(521,'Autorizacion Periodos por Curso','administrativos/cierre_grados/index.php','','n',16,'presentacion/icons/fam/bullet_yellow.png','a'),(523,'Contenidos Digitales','','','n',5,'','a'),(524,'Responsables de Registro','contenidosd/resp/index.php','','n',523,'presentacion/icons/fam/bullet_yellow.png','a'),(525,'Gestión de Contenidos*','contenidosd/temas/index.php?usu=admin','','n',523,'presentacion/icons/fam/bullet_yellow.png','a'),(526,'Configurar Planeación','config/sap_plan/index.php','','n',1,'presentacion/icons/fam/bullet_yellow.png','a'),(527,'Tipos de Nivel Planeación','academico/planeacion/tipos_niveles.php','','n',1,'presentacion/icons/fam/bullet_yellow.png','a'),(528,'Gestión de Contenidos+','contenidosd/temas/index.php?usu=coord','','n',523,'presentacion/icons/fam/bullet_yellow.png','a'),(529,'Gestión de Contenidos','contenidosd/temas/index.php?usu=prof','','n',523,'presentacion/icons/fam/bullet_yellow.png','a'),(530,'Listado de Funcionarios','reportes/personas/index.php','','n',20,'presentacion/icons/fam/bullet_yellow.png','a'),(531,'Estadística de Aprobación','reportes/estadistica_apro/index.php','','n',21,'presentacion/icons/fam/bullet_yellow.png','a');

--
-- Table structure for table `mes`
--

CREATE TABLE `mes` (
  `id_mes` int(10) unsigned NOT NULL AUTO_INCREMENT,
  `id_ano` int(10) unsigned NOT NULL DEFAULT '1',
  `des_mes` varchar(255) COLLATE utf8_spanish_ci NOT NULL,
  `apli_men` enum('s','n') COLLATE utf8_spanish_ci NOT NULL DEFAULT 'n',
  `fec_ini` date NOT NULL,
  `fec_fin` date NOT NULL,
  `vac` enum('s','n') COLLATE utf8_spanish_ci NOT NULL DEFAULT 'n',
  PRIMARY KEY (`id_mes`),
  KEY `mes_FKIndex1` (`id_ano`)
) ENGINE=MyISAM AUTO_INCREMENT=15 DEFAULT CHARSET=utf8 COLLATE=utf8_spanish_ci;

--
-- Dumping data for table `mes`
--

INSERT INTO `mes` VALUES (1,2,'MATRICULA','n','1976-01-02','1976-01-02','n'),(2,2,'MES 1','n','2013-09-01','2013-09-30','n'),(3,2,'MES 2','n','2013-10-01','2013-10-31','n'),(4,2,'MES 3','n','2013-11-01','2013-11-30','n'),(5,2,'MES 4','n','2013-12-01','2013-12-31','n'),(6,2,'MES 5','n','2014-01-01','2014-01-31','n'),(7,2,'MES 6','n','2014-02-01','2014-02-28','n'),(8,2,'MES 7','n','2014-03-01','2014-03-31','n'),(9,2,'MES 8','n','2014-04-01','2014-04-30','n'),(10,2,'MES 9','n','2014-05-01','2014-05-31','n'),(11,2,'MES 10','n','2014-06-01','2014-06-30','n'),(12,2,'MES 11','n','2014-07-01','2014-07-31','s'),(13,2,'MES 12','n','2014-08-01','2014-08-31','s'),(14,2,'MES 13','n','2013-08-01','2013-08-31','s');

--
-- Table structure for table `modulos`
--

CREATE TABLE `modulos` (
  `cod_mod` tinyint(3) unsigned NOT NULL DEFAULT '0' COMMENT 'No modificar',
  `nit_ins` varchar(12) COLLATE utf8_spanish_ci DEFAULT NULL,
  `des_mod` varchar(50) COLLATE utf8_spanish_ci DEFAULT NULL COMMENT 'No modificar',
  `est_mod` enum('s','n','a') COLLATE utf8_spanish_ci DEFAULT 's' COMMENT '''s'' permite edición de código, ''n'' deja identificacion como codigo, ''a'' el código es autoincremental',
  `niveles` varchar(50) COLLATE utf8_spanish_ci DEFAULT NULL,
  PRIMARY KEY (`cod_mod`)
) ENGINE=MyISAM DEFAULT CHARSET=utf8 COLLATE=utf8_spanish_ci PACK_KEYS=0 ROW_FORMAT=DYNAMIC COMMENT='Parametrizar mÃ³dulos e independizarlos por institucion';

--
-- Dumping data for table `modulos`
--

INSERT INTO `modulos` VALUES (0,'0','CODIGO ALUMNO AUTOINCREMENTAL','a',NULL),(1,'0','ACADEMICO','s',NULL),(2,'0','NORMALIZACION','s',NULL),(3,'0','SASED MATRICULAS','n',NULL),(4,'0','SASED PENSIONES','n',NULL),(5,'0','CONFIGURACION','s',NULL),(6,'0','HERRAMIENTAS','s',NULL),(7,'0','MATRICULAS','s',NULL),(8,'0','REPORTES','s',NULL),(9,'0','WEB','s',NULL),(10,'0','BANCO DE CONCEPTOS  INSTITUCIONAL','s',NULL);

--
-- Table structure for table `motivo_retiro`
--

CREATE TABLE `motivo_retiro` (
  `id_motr` int(10) NOT NULL AUTO_INCREMENT,
  `des_motr` varchar(50) COLLATE utf8_spanish_ci DEFAULT NULL,
  PRIMARY KEY (`id_motr`)
) ENGINE=MyISAM AUTO_INCREMENT=5 DEFAULT CHARSET=utf8 COLLATE=utf8_spanish_ci;

--
-- Dumping data for table `motivo_retiro`
--

INSERT INTO `motivo_retiro` VALUES (1,'TRASLADO'),(2,'DESERCION'),(3,'EXPULSION'),(4,'OTRO');

--
-- Table structure for table `nivel`
--

CREATE TABLE `nivel` (
  `cod_niv` int(3) unsigned NOT NULL AUTO_INCREMENT,
  `des_niv` varchar(35) COLLATE utf8_spanish_ci NOT NULL,
  `cod_niv_DANE` varchar(4) COLLATE utf8_spanish_ci NOT NULL,
  `url_seg` varchar(1000) COLLATE utf8_spanish_ci DEFAULT NULL,
  `url_bol` varchar(1000) COLLATE utf8_spanish_ci DEFAULT NULL,
  PRIMARY KEY (`cod_niv`)
) ENGINE=MyISAM AUTO_INCREMENT=5 DEFAULT CHARSET=utf8 COLLATE=utf8_spanish_ci;

--
-- Dumping data for table `nivel`
--

INSERT INTO `nivel` VALUES (1,'PRESCOLAR','1','html_ccp.php','reportes/boletin/default_pre.php'),(2,'PRIMARIA','2','html_ccp.php','reportes/boletin/html_ccp.php'),(3,'BACHILLERATO','3','html_ccp.php','reportes/boletin/html_ccp.php'),(4,'COMPLEMENTARIA','4','html_ccp.php','reportes/boletin/html_ccp.php');

--
-- Table structure for table `nivel0`
--

CREATE TABLE `nivel0` (
  `id_niv0` int(15) NOT NULL AUTO_INCREMENT,
  `cod_mat` bigint(3) NOT NULL DEFAULT '0',
  `des_niv0` text COLLATE utf8_spanish_ci,
  `id_ano` int(10) unsigned NOT NULL DEFAULT '1',
  `id_peri` int(3) DEFAULT NULL,
  `cod_gra` bigint(3) NOT NULL,
  PRIMARY KEY (`id_niv0`)
) ENGINE=MyISAM DEFAULT CHARSET=utf8 COLLATE=utf8_spanish_ci;

--
-- Dumping data for table `nivel0`
--


--
-- Table structure for table `no_pag_fon`
--

CREATE TABLE `no_pag_fon` (
  `id_alu` bigint(20) NOT NULL,
  `id_ser` int(10) unsigned NOT NULL,
  `id_mes` int(10) unsigned NOT NULL,
  `id_ano` int(10) unsigned NOT NULL DEFAULT '1',
  `dto` enum('s','n') COLLATE utf8_spanish_ci DEFAULT NULL,
  `jus` text COLLATE utf8_spanish_ci,
  PRIMARY KEY (`id_alu`,`id_ser`,`id_mes`,`id_ano`),
  KEY `no_pag_fon_FKIndex1` (`id_ano`,`id_mes`,`id_ser`,`id_alu`)
) ENGINE=MyISAM DEFAULT CHARSET=utf8 COLLATE=utf8_spanish_ci;

--
-- Dumping data for table `no_pag_fon`
--


--
-- Table structure for table `obserestu`
--

CREATE TABLE `obserestu` (
  `id_obe` bigint(9) unsigned zerofill NOT NULL AUTO_INCREMENT,
  `cod_toe` int(3) unsigned NOT NULL DEFAULT '1',
  `des_cor_obe` varchar(250) COLLATE utf8_spanish_ci NOT NULL,
  `des_obe` text COLLATE utf8_spanish_ci,
  `id_alu` bigint(20) NOT NULL,
  `cod_cur` int(6) unsigned zerofill NOT NULL DEFAULT '000000',
  `cod_mat` bigint(3) unsigned zerofill NOT NULL DEFAULT '000',
  `id_peri` int(3) unsigned NOT NULL DEFAULT '1',
  `id_ano` int(10) unsigned NOT NULL DEFAULT '2',
  `tip_tab` enum('are','mat') COLLATE utf8_spanish_ci NOT NULL DEFAULT 'mat',
  `est_obe` enum('a','c','r') COLLATE utf8_spanish_ci NOT NULL DEFAULT 'a',
  `cla_obe` enum('p','n') COLLATE utf8_spanish_ci DEFAULT 'p',
  `noti_obe` enum('s','n') COLLATE utf8_spanish_ci DEFAULT 'n',
  PRIMARY KEY (`id_obe`),
  FULLTEXT KEY `des_cor_obe` (`des_cor_obe`),
  FULLTEXT KEY `des_obe` (`des_obe`)
) ENGINE=MyISAM AUTO_INCREMENT=77 DEFAULT CHARSET=utf8 COLLATE=utf8_spanish_ci;

--
-- Dumping data for table `obserestu`
--

INSERT INTO `obserestu` VALUES (000000001,12,'','',1003103066,001172,006,1,2,'mat','a','n','n'),(000000002,13,'','',1003103066,001172,006,1,2,'mat','a','n','n'),(000000014,12,'','',1088972692,002113,013,4,2,'mat','a','n','n'),(000000010,8,'','',1089222038,002123,006,4,2,'mat','a','n','n'),(000000012,13,'','',1089222038,002123,006,4,2,'mat','a','n','n'),(000000019,8,'','',1088972199,002123,006,4,2,'mat','a','n','n'),(000000017,14,'','',1089479165,002123,006,4,2,'mat','a','n','n'),(000000022,12,'','',1088971206,002123,006,4,2,'mat','a','n','n'),(000000021,11,'','',1088971711,002123,006,4,2,'mat','a','n','n'),(000000023,6,'','',1088971856,002123,006,4,2,'mat','a','n','n'),(000000024,7,'','',1088971587,002123,006,4,2,'mat','a','n','n'),(000000025,9,'','',1088971633,002123,006,4,2,'mat','a','n','n'),(000000026,5,'','',1004710878,001164,010,4,2,'mat','a','n','n'),(000000029,12,'','',97062512168,011113,009,3,2,'mat','a','n','n'),(000000030,13,'','',96090320138,011113,009,3,2,'mat','a','n','n'),(000000069,10,'','',99011814170,001193,013,3,2,'mat','a','n','n'),(000000035,13,'','',1007310998,001172,009,3,2,'mat','a','n','n'),(000000036,13,'','',1003103066,001172,009,3,2,'mat','a','n','n'),(000000037,13,'','',1004710739,001172,009,3,2,'mat','a','n','n'),(000000038,12,'','',9906211208,001172,009,3,2,'mat','a','n','n'),(000000047,1,'t2','es un estudiante  molestoso.',98041369469,011112,023,3,2,'mat','a','p','n'),(000000071,4,'','mejoro de manera sustancial su comportamiento en clase',97062512168,011113,021,3,2,'mat','a','p','n'),(000000049,1,'','',1004710786,001162,019,3,2,'mat','a','p','n'),(000000070,1,'fuerte','molesta',1003103066,001172,009,3,2,'mat','a','p','n'),(000000050,12,'','',99120502774,001193,013,3,2,'mat','a','n','n'),(000000051,13,'','Pelea en clase',98041369469,011112,023,3,2,'mat','a','n','n'),(000000058,1,'GROSERO','ESTE ESTUDIANTE ES MUY GROSERO',1004711021,001164,015,3,2,'mat','a','p','n'),(000000054,8,'','copia de examen\n',99120502774,001193,013,3,2,'mat','a','n','n'),(000000059,7,'','',464,001161,017,3,2,'mat','a','n','n'),(000000060,1,'','robo a  compañeros',1088974719,011112,023,3,2,'mat','a','p','n'),(000000061,10,'','',98032667376,011104,019,3,2,'mat','a','n','n'),(000000062,3,'Observacion positiva ','robo a  compañeros',1088974719,011112,023,3,2,'mat','a','p','n'),(000000064,12,'','',1002835066,001162,019,3,2,'mat','a','n','n'),(000000067,4,'observacion positiva','ES responsable',99120502774,001193,013,3,2,'mat','a','p','n'),(000000073,12,'','',1004710663,001172,009,3,2,'mat','a','n','n'),(000000074,7,'','',1088974719,011112,023,3,2,'mat','a','n','n'),(000000075,13,'','',1004710663,001172,009,3,2,'mat','a','n','n');

--
-- Table structure for table `opciones_frecuentes`
--

CREATE TABLE `opciones_frecuentes` (
  `id_usu` bigint(20) unsigned NOT NULL DEFAULT '0',
  `id_pri` bigint(20) unsigned NOT NULL DEFAULT '0',
  PRIMARY KEY (`id_usu`,`id_pri`)
) ENGINE=MyISAM DEFAULT CHARSET=utf8 COLLATE=utf8_spanish_ci;

--
-- Dumping data for table `opciones_frecuentes`
--


--
-- Table structure for table `pais`
--

CREATE TABLE `pais` (
  `nom_pai` varchar(40) COLLATE utf8_spanish_ci NOT NULL,
  `cod_pai` bigint(3) NOT NULL AUTO_INCREMENT,
  `cod_pai_DANE` varchar(4) COLLATE utf8_spanish_ci NOT NULL,
  PRIMARY KEY (`nom_pai`),
  KEY `cod_pai` (`cod_pai`)
) ENGINE=MyISAM AUTO_INCREMENT=25 DEFAULT CHARSET=utf8 COLLATE=utf8_spanish_ci;

--
-- Dumping data for table `pais`
--

INSERT INTO `pais` VALUES ('COLOMBIA',17,'17'),('USA',2,''),('ECUADOR',3,''),('EUROPA',4,''),('PARAGUAY',5,''),('ESTADOS UNIDOS DE AMERICA',6,''),('PANAMA',7,''),('MEXICO',9,''),('INGLATERRA',10,''),('CUBA',11,''),('CHILE',12,''),('ARABIAS AUDITA',13,''),('ARABIA SAUDITA',14,''),('REP DOM',16,''),('ESPAÑA',1,''),('BRASIL',18,''),('URUGUAY',19,''),('CANADA',20,''),('COSTA RICA',21,''),('ARGENTINA',22,''),('VENEZUELA',23,''),('CHINA',24,'');

--
-- Table structure for table `paradescuentos`
--

CREATE TABLE `paradescuentos` (
  `id_pde` bigint(10) unsigned NOT NULL AUTO_INCREMENT,
  `des_pde` text COLLATE utf8_spanish_ci NOT NULL,
  `par_pde` text COLLATE utf8_spanish_ci NOT NULL,
  `id_des` int(10) unsigned NOT NULL,
  `id_ser` int(10) unsigned NOT NULL,
  `est_pde` enum('acti','inac') COLLATE utf8_spanish_ci NOT NULL DEFAULT 'acti',
  PRIMARY KEY (`id_pde`)
) ENGINE=MyISAM DEFAULT CHARSET=utf8 COLLATE=utf8_spanish_ci PACK_KEYS=0 ROW_FORMAT=DYNAMIC COMMENT='Manejo de parámetros para aplicacion de un descuento';

--
-- Dumping data for table `paradescuentos`
--


--
-- Table structure for table `param_notas`
--

CREATE TABLE `param_notas` (
  `max_nota` decimal(5,2) NOT NULL DEFAULT '0.00',
  `min_nota` decimal(5,2) NOT NULL DEFAULT '0.00',
  `incremento` float(3,2) NOT NULL DEFAULT '0.00',
  PRIMARY KEY (`max_nota`)
) ENGINE=MyISAM DEFAULT CHARSET=utf8 COLLATE=utf8_spanish_ci;

--
-- Dumping data for table `param_notas`
--


--
-- Table structure for table `pasinv`
--

CREATE TABLE `pasinv` (
  `txt` varchar(15) COLLATE utf8_spanish_ci NOT NULL,
  PRIMARY KEY (`txt`)
) ENGINE=MyISAM DEFAULT CHARSET=utf8 COLLATE=utf8_spanish_ci;

--
-- Dumping data for table `pasinv`
--


--
-- Table structure for table `pasos_matricula`
--

CREATE TABLE `pasos_matricula` (
  `id_pas` int(10) NOT NULL AUTO_INCREMENT,
  `des_pas` varchar(100) COLLATE utf8_spanish_ci NOT NULL,
  `ord_pas` int(10) NOT NULL,
  `url_pas` varchar(250) COLLATE utf8_spanish_ci NOT NULL,
  `est_pas` enum('a','i') COLLATE utf8_spanish_ci NOT NULL DEFAULT 'a',
  PRIMARY KEY (`id_pas`)
) ENGINE=MyISAM DEFAULT CHARSET=utf8 COLLATE=utf8_spanish_ci;

--
-- Dumping data for table `pasos_matricula`
--


--
-- Table structure for table `per_pre`
--

CREATE TABLE `per_pre` (
  `id_per_pre` bigint(20) unsigned NOT NULL AUTO_INCREMENT,
  `des_tid` varchar(50) COLLATE utf8_spanish_ci NOT NULL,
  `nom_per` varchar(255) COLLATE utf8_spanish_ci NOT NULL,
  `ape_per` varchar(255) COLLATE utf8_spanish_ci NOT NULL,
  `dir_per` varchar(255) COLLATE utf8_spanish_ci DEFAULT NULL,
  `tel_per` varchar(255) COLLATE utf8_spanish_ci DEFAULT NULL,
  `documento` varchar(32) COLLATE utf8_spanish_ci NOT NULL,
  `id_pro` int(6) unsigned DEFAULT NULL,
  PRIMARY KEY (`id_per_pre`),
  KEY `per_pre_FKIndex1` (`des_tid`)
) ENGINE=MyISAM DEFAULT CHARSET=utf8 COLLATE=utf8_spanish_ci;

--
-- Dumping data for table `per_pre`
--


--
-- Table structure for table `perfilprof`
--

CREATE TABLE `perfilprof` (
  `id_per` varchar(20) COLLATE utf8_spanish_ci NOT NULL,
  `cod_mat` bigint(3) unsigned NOT NULL DEFAULT '0',
  PRIMARY KEY (`id_per`,`cod_mat`),
  KEY `id_per` (`id_per`,`cod_mat`)
) ENGINE=MyISAM DEFAULT CHARSET=utf8 COLLATE=utf8_spanish_ci;

--
-- Dumping data for table `perfilprof`
--


--
-- Table structure for table `periodo`
--

CREATE TABLE `periodo` (
  `id_peri` int(3) NOT NULL AUTO_INCREMENT,
  `des_per` varchar(35) COLLATE utf8_spanish_ci NOT NULL,
  `fec_ini` date NOT NULL DEFAULT '0000-00-00',
  `fec_cor_pro` date NOT NULL DEFAULT '0000-00-00',
  `fec_cor_tot` date NOT NULL DEFAULT '0000-00-00',
  `actual` enum('s','n') COLLATE utf8_spanish_ci NOT NULL DEFAULT 'n',
  `id_ano` int(10) unsigned NOT NULL DEFAULT '2',
  `per_cer` enum('n','s') COLLATE utf8_spanish_ci DEFAULT 'n',
  `per_not_fin` enum('s','n') COLLATE utf8_spanish_ci NOT NULL DEFAULT 'n',
  `per_fin` enum('s','n') COLLATE utf8_spanish_ci NOT NULL DEFAULT 'n',
  `rec_per` float DEFAULT NULL COMMENT 'sino hace nada se deja null,si se reemplaza(se deja la mas alta ) = -1, si se promedia=0, si se pondera: el porcentaje(20,30 ..)',
  `hab_rec` enum('s','n') COLLATE utf8_spanish_ci DEFAULT 'n' COMMENT 'si esta habilitado el ingreso de notas de recuperacion en el periodo',
  `def_rec` enum('p','m','u') COLLATE utf8_spanish_ci DEFAULT 'p' COMMENT 'como se calcula la nota definitiva de recuperacion en el periodo , p se promedia, m se saca la mas alta, u se saca la ultima',
  `num_rec` tinyint(2) unsigned DEFAULT '0' COMMENT 'Numero de recuperaciones por periodo si no hay se debe dejar en 0',
  `rec_act` int(10) unsigned DEFAULT NULL COMMENT 'recuperacion activa',
  `pond` decimal(10,1) DEFAULT NULL,
  PRIMARY KEY (`id_peri`)
) ENGINE=MyISAM AUTO_INCREMENT=8 DEFAULT CHARSET=utf8 COLLATE=utf8_spanish_ci;

--
-- Dumping data for table `periodo`
--

INSERT INTO `periodo` VALUES (1,'PRIMER PERIODO','2014-02-03','2014-04-11','2014-04-16','n',1,'s','n','n',NULL,'n','p',1,0,0.0),(2,'SEGUNDO PERIODO','2014-04-17','2014-06-27','2014-07-02','n',1,'s','n','n',NULL,'n','p',1,0,0.0),(3,'TERCER PERIODO','2014-07-03','2014-09-26','2014-10-03','s',1,'n','n','n',NULL,'n','p',1,0,0.0),(4,'CUARTO PERIODO','2014-10-04','2014-12-12','2014-12-15','n',1,'n','n','n',NULL,'n','p',1,0,NULL),(5,'INFORME FINAL','2014-12-16','2014-12-16','2014-12-16','n',1,'n','s','n',NULL,'n','p',0,0,NULL),(6,'CIERRE DE AÑO','2014-12-17','2014-12-17','2014-12-17','n',1,'n','n','s',NULL,'n','p',0,0,NULL);

--
-- Table structure for table `periodo_curso`
--

CREATE TABLE `periodo_curso` (
  `id_peri` int(3) NOT NULL,
  `cod_cur` bigint(10) NOT NULL,
  `actual` enum('s','n') COLLATE utf8_spanish_ci NOT NULL DEFAULT 'n',
  `per_cer` enum('n','s') COLLATE utf8_spanish_ci DEFAULT 'n',
  `rec_act` int(10) unsigned DEFAULT NULL,
  PRIMARY KEY (`id_peri`,`cod_cur`)
) ENGINE=MyISAM DEFAULT CHARSET=utf8 COLLATE=utf8_spanish_ci;

--
-- Dumping data for table `periodo_curso`
--


--
-- Table structure for table `persona`
--

CREATE TABLE `persona` (
  `id_per` bigint(20) NOT NULL AUTO_INCREMENT,
  `cod_tid` tinyint(1) NOT NULL DEFAULT '1',
  `nom_per` varchar(50) COLLATE utf8_spanish_ci NOT NULL,
  `ape_per` varchar(50) COLLATE utf8_spanish_ci NOT NULL,
  `nac_per` date DEFAULT '0000-00-00',
  `cna_per` bigint(5) DEFAULT '1',
  `sex_per` enum('m','f') COLLATE utf8_spanish_ci NOT NULL DEFAULT 'm',
  `dir_per` varchar(100) COLLATE utf8_spanish_ci DEFAULT NULL,
  `tel_per` varchar(12) COLLATE utf8_spanish_ci DEFAULT NULL,
  `tel2_per` varchar(12) COLLATE utf8_spanish_ci DEFAULT NULL,
  `mai_per` varchar(50) COLLATE utf8_spanish_ci DEFAULT NULL,
  `cre_per` bigint(5) NOT NULL DEFAULT '1',
  `est_per` enum('s','c','d','u','r','o') COLLATE utf8_spanish_ci NOT NULL DEFAULT 's',
  `bar_per` varchar(50) COLLATE utf8_spanish_ci DEFAULT NULL,
  `exped_per` varchar(50) COLLATE utf8_spanish_ci DEFAULT NULL,
  `ced_per` varchar(50) COLLATE utf8_spanish_ci DEFAULT NULL,
  PRIMARY KEY (`id_per`)
) ENGINE=MyISAM AUTO_INCREMENT=1614 DEFAULT CHARSET=utf8 COLLATE=utf8_spanish_ci;

--
-- Dumping data for table `persona`
--

INSERT INTO `persona` VALUES (87,1,'JAIRO EMILIO','ORDOÑEZ BRAVO  ','0000-00-00',1,'m','CALLE 7 No.8-24','7266108',NULL,'jemilio108@gmail.com',1,'s',NULL,NULL,'87245412'),(2,1,'BERNARDO EMIRO','BOLAÑOS GARCES  ','0000-00-00',1,'m','','3146202078',NULL,'bemboga@hotmail.com',1,'s',NULL,NULL,'87245446'),(3,1,'NURY','MUÑOZ CERON','2014-10-23',5002,'f','CALLE 11 NO. 6-25','3127969826','','numuce70@hotmail.com',5002,'s','','','27276502'),(4,1,'ELIANA','GOMEZ ORDOÑEZ','0000-00-00',1,'f','CALLE 8 No. 8-75','3117627889',NULL,'eliana2976@hotmail.com',1,'s',NULL,NULL,'27277502'),(5,1,'GERARDO ALBINI','IMBACHI ORDOÑEZ  ','0000-00-00',1,'m','CALLE 10 No. 10-15','3113094264',NULL,'geraimbachi@hotmail.com',1,'s',NULL,NULL,'5339822'),(6,1,'SOLEDAD DEL SOCORRO','REALPE MUÑOZ  ','0000-00-00',1,'f','CALLE 6 No. 6-83','3127572688',NULL,'socoremu29@yahoo.es',1,'s',NULL,NULL,'31265134'),(7,1,'DOLORES DEL SOCORRO','ORDOÑEZ MUTIS  ','0000-00-00',1,'f','CARRERA 10 No. 9-49','3122576868',NULL,'lolaormu908@hotmail.com',1,'s',NULL,NULL,'27274908'),(8,1,'WALTER','MUÑOZ DIAZ  ','0000-00-00',1,'m','CARRERA 1ª No 4-20 ','3104338908',NULL,'wmd30@hotmail.com',1,'s',NULL,NULL,'10296762'),(9,1,'CESAR HUMBERTO','REBOLLEDO BOLAÑOS ','0000-00-00',1,'m','CARRERA 13 No. 8-48','3218017471',NULL,'cesarhrebolledo@gmail.com',1,'s',NULL,NULL,'87245213'),(10,1,'ALVARO JESUS','MUÑOZ ORTIZ  ','0000-00-00',1,'m','CARRERA 10 No. 9-73','3113540841',NULL,'aljemuor@hotmail.com',1,'s',NULL,NULL,'87245038'),(11,1,'OSCAR ORLANDO','AHUMADA GOMEZ ','0000-00-00',1,'m','CALLE 5 No.5-42','3113542582',NULL,'o2ahug@gmail.com',1,'s',NULL,NULL,'5275354'),(12,1,'TRINIDAD JOSEFINA','ORDOÑEZ MUTIS  ','0000-00-00',1,'f','CARRERA 11 No. 9-42','3117711925',NULL,'nsmlacruz@gmail.com',1,'s',NULL,NULL,'51739473'),(13,1,'OSCAR HERNAN','ORTIZ BOLAÑOS ','0000-00-00',1,'m','CALLE 6 No.8-61','3207102379',NULL,'oscarhernanortiz@gmail.com',1,'s',NULL,NULL,'12983292'),(14,1,'LUZ ANGELICA','MUÑOZ ARCOS ','0000-00-00',1,'f','CARRERA 6 No. 4-41','3117712610',NULL,'luzamunoz@outlook.com',1,'s',NULL,NULL,'27275143'),(15,1,'MILENA LENEY','PALACIOS ALVEAR','0000-00-00',1,'f','CARRERA 8 No. 5-35','3116275140',NULL,'milepa@yahoo.es',1,'s',NULL,NULL,'27277337'),(16,1,'JOSE OLIDEN','MUÑOZ BRAVO ','0000-00-00',1,'m','CALLE 10 No. 10-79','3147915814',NULL,'jolidemu65@gmail.com',1,'s',NULL,NULL,'87245774'),(17,1,'VIVIAN ELIZABETH','BUESAQUILLO ','0000-00-00',1,'f','CARRERA 22 A No. 2-41 ','3168350475',NULL,'vivianelizab@gmail.com',1,'s',NULL,NULL,'36754745'),(18,1,'HUBEIMAR ARMANDO','ORDOÑEZ MUÑOZ','0000-00-00',1,'m','CALLE 5 No. 7-20','3146261330',NULL,'hubeordo@hotmail.com',1,'s',NULL,NULL,'10294642'),(19,1,'DORA ESTELLA','BRAVO REALPE  ','0000-00-00',1,'f','CALLE 8 No.9-11','3117711067',NULL,'doritabravor@hotmail.com',1,'s',NULL,NULL,'27275638'),(20,1,'ALVARO JESUS','ALVEAR PALACIOS ','0000-00-00',1,'m','CALLE 3 No.8-48','3216199375',NULL,'al2pal@gmail.com',1,'s',NULL,NULL,'5275370'),(21,1,'ANA JULIA','REALPE ROSERO','0000-00-00',1,'f','calle 8 la pola','3127828061',NULL,'anajuliarealpe@gmail.com',1,'s',NULL,NULL,'27275715'),(22,1,'NATALI','BOTINA REALPE','0000-00-00',1,'f','CARRERA 6 No. 3-70','3113784163',NULL,'natalibotina@gmail.com',1,'s',NULL,NULL,'1088970409'),(23,1,'LUCY OMARY','URBANO GOMEZ ','0000-00-00',1,'f','','3113924202',NULL,'lucyurbanog@hotmail.com',1,'s',NULL,NULL,'30745840'),(24,1,'RAYMON RIGOBERTO','NARVAEZ CHECA  ','0000-00-00',1,'m','CALLE 2 No.9-39','3207706010',NULL,'raymonarvaez@hotmail.com',1,'s',NULL,NULL,'5312302'),(25,1,'EDUARD CARLOS','GARCIA  ','0000-00-00',1,'m','CALLE 8 CARRERA 8','3104657497',NULL,'garciaeduardcarlos@gmail.com',1,'s',NULL,NULL,'5379747'),(26,1,'GABBY DEL CARMEN','ORTEGA BURBANO ','0000-00-00',1,'f','CALLE 8 No.11-13','3113212266',NULL,'gabby.ortega@hotmail.com',1,'s',NULL,NULL,'27275400'),(27,1,'GLORIA DEL CARMEN','MORA HERRERA ','0000-00-00',1,'f','calle 8 No 8-75 ','3146870651',NULL,'glocamohe@hotmail.com',1,'s',NULL,NULL,'27087646'),(28,1,'JORGE BERNARDO','VIVEROS DELGADO  ','0000-00-00',1,'m','CALLE 8 No.12-76','3206838009',NULL,'bervi61@yahoo.es',1,'s',NULL,NULL,'12976968'),(29,1,'SEGUNDO EZEQUIEL','GUERRERO MARTINEZ ','0000-00-00',1,'m','CARRERA 6 No. 3-76','3113564414',NULL,'seguemar@gmail.com',1,'s',NULL,NULL,'5275708'),(30,1,'JAIRO RAIMUNDO','NARVAEZ IBARRA  ','0000-00-00',1,'m','CALLE 7 No.8-36','3104200421',NULL,'jainar1214@gmail.com',1,'s',NULL,NULL,'87246632'),(31,1,'MARINO ALBEIRO','GUERRERO ORTEGA  ','0000-00-00',1,'m','CALLE 5 No.8-56','3137654527',NULL,'nsmlacruz@gmail.com',1,'s',NULL,NULL,'87246913'),(32,1,'MARIO FERNANDO','AMADOR BENAVIDES','0000-00-00',1,'m','CALLE 11 No. 39A-52','3012514873',NULL,'tribalverde@gmail.com',1,'s',NULL,NULL,'98392578'),(33,1,'JAIRO FERNANDO','CERON MUÑOZ','0000-00-00',1,'m','CALLE 10 No. 9-44','3128632895',NULL,'ferchocm-423@hotmail.es',1,'s',NULL,NULL,'87248085'),(34,1,'HUGO ISMAEL','REALPE NARVAEZ   ','0000-00-00',1,'m','CARRERA 7 No. 10-76','311360053',NULL,'nsmlacruz@gmail.com',1,'s',NULL,NULL,'5275983'),(35,1,'ALVARO HERNANDO','GARCES DELGADO  ','0000-00-00',1,'m','CALLE 8 No.8-47','3122844391',NULL,'alorgade@hotmail.com',1,'s',NULL,NULL,'87245499'),(36,1,'OSCAR RAUL','ORTEGA PEREZ ','0000-00-00',1,'m','CARRERA 8° No. 4-15','3128977980',NULL,'ortegaoscarr@hotmail.com',1,'s',NULL,NULL,'87245167'),(37,1,'ORLANDO','REALPE PALACIOS','0000-00-00',1,'m','calle8No8-96','3206531126',NULL,'orlandorealpe@hotmail.com',1,'s',NULL,NULL,'87247100'),(38,1,'MARIA DEL PILAR ','MUÑOZ ORTEGA','0000-00-00',1,'f','','3157344937',NULL,'eduinclusivalacruz@gmail.com',1,'s',NULL,NULL,'27275876'),(39,1,'PABLO EMILIO ','MUÑOZ BOLAÑOS  ','0000-00-00',1,'m','CARRERA 12 No 9-85','3136338516',NULL,'nsmlacruz@gmail.com',1,'s',NULL,NULL,'87245335'),(40,1,'MARTHA CECILIA','GAVIRIA REBOLLEDO ','0000-00-00',1,'f','','3147262566',NULL,'marthagaviriar@hotmail.com',1,'s',NULL,NULL,'27275957'),(41,1,'ADRIANA DEL PILAR','RAMIREZ PEREZ ','0000-00-00',1,'f','CALLE 6 No 8-85','3206815924',NULL,'nsmlacruz@gmail.com',1,'s',NULL,NULL,'27275939'),(42,1,'EDELMIRA','MUÑOZ ORDOÑEZ  ','0000-00-00',1,'f','CALLE 10 No 10-12','3122109410',NULL,'edel5765@gmail.com',1,'s',NULL,NULL,'40022521'),(43,1,'MONICA','BRAVO MUÑOZ ','0000-00-00',1,'f','CALLE 8 No 9-15','3122521546',NULL,'monicabram@hotmail.com',1,'s',NULL,NULL,'30729137'),(44,1,'ANA DEL PILAR','MUÑOZ PALACIOS ','0000-00-00',1,'f','CALLE7 No 8-29','3136152631',NULL,'anamupal@hotmail.com',1,'s',NULL,NULL,'27275837'),(45,1,'VILMA CLARENA','ORDOÑEZ REALPE ','0000-00-00',1,'f','CALLE 8 No 8-31','3122582984',NULL,'vilmaclar@hotmail.com',1,'s',NULL,NULL,'27275933'),(46,1,'GLORIA MARLENY','BOLAÑOS BELTRAN ','0000-00-00',1,'f','CARRERA 6 No 5-83','3217904379',NULL,'nsmlacruz@gmail.com',1,'s',NULL,NULL,'27274898'),(47,1,'DIANA MARIA','ALVEAR GOMEZ ','0000-00-00',1,'f','CARRERA 8 No7-33','3146265275',NULL,'dmalvearg@gmail.com',1,'s',NULL,NULL,'27277776'),(48,1,'ROSARIO ALICIA','GOMEZ ZAMBRANO ','0000-00-00',1,'f','CARRERA 8 No 7-33','3217035392',NULL,'dmalvearg@gmail.com',1,'s',NULL,NULL,'27294386'),(49,1,'MARTHA EUGENIA','REBOLLEDO BOLAÑOS ','0000-00-00',1,'f','CALLE 8 No 12-76','3136567132',NULL,'bervi61@yahoo.es',1,'s',NULL,NULL,'27275540'),(50,1,'BLANCA INES','ORTEGA DELGADO ','0000-00-00',1,'f','CARRERA 11 No 7-43','3146382369',NULL,'blancaines@hotmail.com',1,'s',NULL,NULL,'27275327'),(51,1,'JESUS ANTONIO','MUÑOZ REALPE ','0000-00-00',1,'m','marthagaviriar','3146462732',NULL,'marthagaviriar@hotmail.com',1,'s',NULL,NULL,'87245064'),(52,1,'LEYDER HERNAND','DIAZ LEYTON ','0000-00-00',1,'m','LA ESTANCIA','3146301919',NULL,'nsmlacruz@gmail.com',1,'s',NULL,NULL,'79653207'),(53,1,'GRACIELA NOHEMY','ZAMBRANO ERCHEVERRY ','0000-00-00',1,'m','CARRERA 8 No 5-24','3104638376',NULL,'Grazae225@hotmail.com',1,'s',NULL,NULL,'27274498'),(54,1,'PEDRO ANTONIO','MUÑOZ REALPE ','0000-00-00',1,'m','CALLE 8 No 12-57','3127535676',NULL,'profepepe30@gmail.com',1,'s',NULL,NULL,'12956596'),(55,1,'MARIA LUISA','REALPE ALVEAR ','0000-00-00',1,'f','CARRERA 8 No 7-25','3103912707',NULL,'nsmlacruz@gmail.com',1,'s',NULL,NULL,'27274399'),(56,1,'LUCIA','DELGADO IBARRA ','0000-00-00',1,'f','CARRERA 11 No 7-62','31132921575',NULL,'lucha2851@hotmail.com',1,'s',NULL,NULL,'30701840'),(57,1,'MARIA MERCEDES','MUÑOZ REALPE','0000-00-00',1,'f','','3117003575',NULL,'',1,'s',NULL,NULL,'27274999'),(58,1,'ALVARO ANTONIO','MOLINA MOLINA','0000-00-00',1,'m','','',NULL,'',1,'s',NULL,NULL,'87245148'),(59,1,'IBO HERLEY','BOLAÑOS ORDOOÑEZ','0000-00-00',1,'m','','',NULL,'',1,'s',NULL,NULL,'5275765'),(60,1,'LUZ LILIANA','MUÑOZ REALPE','0000-00-00',1,'f','','',NULL,'',1,'s',NULL,NULL,'27296191'),(61,1,'AMANDA PIEDAD','MUÑOZ PALACIOS','0000-00-00',1,'f','Calle 5a. No. 8-42','7266723',NULL,'',1,'s',NULL,NULL,'27274779'),(62,1,'GLORIA LILIANA','MUÑOZ ACOSTA','0000-00-00',1,'f','','3113086829',NULL,'',1,'s',NULL,NULL,'27275759'),(63,1,'ALBERTO LEON','ARCOS ALVEAR','0000-00-00',1,'m','Calle 7a. No. 6-13 ','3128630375',NULL,'',1,'s',NULL,NULL,'5275693'),(64,1,'MARIA MERCEDES','RANGEL BRAVO','0000-00-00',1,'f','Carrera 6a. No. 2-36','3113793328',NULL,'',1,'s',NULL,NULL,'27276345'),(65,1,'ROSALBA ','PALACIOS DE MORENO','0000-00-00',1,'f','Carrera 9 No. 2-55','7266093',NULL,'',1,'s',NULL,NULL,'27274906'),(66,1,'YENNY DALILA','LOPEZ','0000-00-00',1,'f','','',NULL,'',1,'s',NULL,NULL,'25519582'),(67,1,'HERNAN ','ERAZO BEDOYA','0000-00-00',1,'m','Carrera 9. Calle 8.','3146294420',NULL,'',1,'s',NULL,NULL,'94376188'),(68,1,'LUIS EDUARDO','ORDOÑEZ REALPE','0000-00-00',1,'m','Barrio centro','7267005',NULL,'',1,'s',NULL,NULL,'5275828'),(69,1,'LILIANA PATRICIA','DORADO SILVA','0000-00-00',1,'f','Carrera 5 No. 2-28','3113088385',NULL,'',1,'s',NULL,NULL,'27277920'),(70,1,'NILSA FERNANDA','MOLINA ALVEAR','0000-00-00',1,'f','','3217626912',NULL,'',1,'s',NULL,NULL,'27276281'),(71,1,'HERNANDO','BRAVO LEDEZMA','0000-00-00',1,'m','','3127465212',NULL,'',1,'s',NULL,NULL,'87246929'),(72,1,'FRANCO ARSECIO','FRANCO ARCESIO LEITON MENESES','0000-00-00',1,'m','','3117107571',NULL,'',1,'s',NULL,NULL,'87245055'),(73,1,'TRINIDAD ','ARCOS DE SUARES ','0000-00-00',1,'f','','3113423412',NULL,'',1,'s',NULL,NULL,'27274979'),(74,1,'BILMA FERNEYDA','BETANCOURTH  DE MUÑOZ','2014-10-23',5002,'f','calle7-7-17','3148760785',NULL,'ferneydabetancourth@hotmail.com',5002,'s','','','27275393'),(75,1,'MARIA EUGENIA','CARLOSAMA BOLAÑOS ','0000-00-00',1,'f','laestancia','3113902490',NULL,'mariaeugeniacb12@hotmail.com',1,'s',NULL,NULL,'27276706'),(76,1,'EDGAR HENRY','DAVILA GOMEZ ','0000-00-00',1,'m','','3103896287',NULL,'',1,'s',NULL,NULL,'5275868'),(77,1,'CESAR HARVEY','GAVIRIA BOLAÑOS ','0000-00-00',1,'m','','3206523638',NULL,'',1,'s',NULL,NULL,'87245324'),(78,1,'DELMY PATRICIA','LEDEZMA ORTEGA','0000-00-00',1,'f','CRA 10 No.  8-35 ','3148790015',NULL,'depaleor@hotmail.com',1,'s',NULL,NULL,'27277352'),(79,1,'NELLY LUCIA','NELLY LUCIA  MUÑOZ BRAVO ','0000-00-00',1,'f','','3146466725',NULL,'',1,'s',NULL,NULL,'27275666'),(80,1,'JAIRO ANCIZAR','MUÑOZ HIDALGO','0000-00-00',1,'m','','3113325181',NULL,'',1,'s',NULL,NULL,'87248780'),(81,1,'HERNANDO','MUÑOZ MUÑOZ ','0000-00-00',1,'m','','3206254706',NULL,'',1,'s',NULL,NULL,'87246365'),(82,1,'MARIA CECILIA','NARVAEZ PAZ ','0000-00-00',1,'m','','3187451202',NULL,'',1,'s',NULL,NULL,'27275034'),(83,1,'LUCIA','REALPE ALVEAR  ','0000-00-00',1,'f','CARRERA 6 No. 3-70','3105984590','7266190','lucia100662@',1,'s',NULL,NULL,'27275468'),(84,1,'ALVARO','REALPE GUERRERO','0000-00-00',1,'m','Calle 4 No. 4 - 19 La Cruz N.','3105345721',NULL,'anexabp@gmail.com',1,'s',NULL,NULL,'87246659'),(85,1,'DANIEL','REALPE NARVAEZ','0000-00-00',1,'m','','3113793772',NULL,'',1,'s',NULL,NULL,'5275862'),(86,1,'OSCAR FERNANDO','ZAMBRANO HOYOS ','0000-00-00',1,'m','','3207254991',NULL,'',1,'s',NULL,NULL,'87248240'),(1,1,'SITI','SITI','0000-00-00',1,'m',NULL,NULL,NULL,NULL,1,'s',NULL,NULL,'1'),(0,1,'NO REGISTRA','NO REGISTRA','0000-00-00',1,'m',NULL,NULL,NULL,NULL,1,'s',NULL,NULL,'0'),(89,1,'MILTON ARIEL','DIAZ LEYTON','0000-00-00',1,'m','',NULL,NULL,NULL,1,'s',NULL,NULL,'87246792'),(90,1,'EVER MAURICIO','CHACON','0000-00-00',1,'m','',NULL,NULL,NULL,1,'s',NULL,NULL,'1085244490'),(91,1,'MIGUEL ANGEL','ALBAN','0000-00-00',1,'m','',NULL,NULL,NULL,1,'s',NULL,NULL,'87247227'),(92,1,'JORGE EMIRO','BURBANO ','0000-00-00',1,'m','',NULL,NULL,NULL,1,'s',NULL,NULL,'87010043'),(93,1,'PABLO EMIRO','DELGADO','0000-00-00',1,'m','',NULL,NULL,NULL,1,'s',NULL,NULL,'87246647'),(94,1,'HECTOR AURELIO','SALCEDO','0000-00-00',1,'m','',NULL,NULL,NULL,1,'s',NULL,NULL,'5210212'),(95,1,'WILSON JAVIER','MOLINA ','0000-00-00',1,'m','',NULL,NULL,NULL,1,'s',NULL,NULL,'79715617'),(96,1,'JHON EDWIN','MOLINA ','0000-00-00',1,'m','',NULL,NULL,NULL,1,'s',NULL,NULL,'87248681'),(97,1,'OSCAR RAUL','ORTEGA PEREZ','0000-00-00',1,'m','',NULL,NULL,NULL,1,'s',NULL,NULL,'87245167'),(98,1,'EDWIN ROLANDO','MUÑOZ','0000-00-00',1,'m','',NULL,NULL,NULL,1,'s',NULL,NULL,'87248251'),(99,1,'GUIDO','LEDEZMA IBARRA','0000-00-00',1,'m','',NULL,NULL,NULL,1,'s',NULL,NULL,'87246897'),(100,1,'ALVARO JAVIER','GAVIRIA','0000-00-00',1,'m','',NULL,NULL,NULL,1,'s',NULL,NULL,'87248420'),(101,1,'ISIDRO','MOLINA BRAVO','0000-00-00',1,'m','',NULL,NULL,NULL,1,'s',NULL,NULL,'87246648'),(102,1,'RAFAEL','RANGEL','0000-00-00',1,'m','',NULL,NULL,NULL,1,'s',NULL,NULL,'12984799'),(103,1,'ENRIQUE','FIGUEROA','0000-00-00',1,'m','',NULL,NULL,NULL,1,'s',NULL,NULL,'87245837'),(104,1,'FREDY ALBEIRO','RODRIGUEZ','0000-00-00',1,'m','',NULL,NULL,NULL,1,'s',NULL,NULL,'5216875'),(105,1,'HELMAN','CASRO','0000-00-00',1,'m','',NULL,NULL,NULL,1,'s',NULL,NULL,'13093197'),(106,1,'HERNAN','SANCHEZ','0000-00-00',1,'m','',NULL,NULL,NULL,1,'s',NULL,NULL,'16595124'),(107,1,'IVAN','MUÑOZ','0000-00-00',1,'m','',NULL,NULL,NULL,1,'s',NULL,NULL,'98383121'),(108,1,'NICANOR','ORTEGA','0000-00-00',1,'m','',NULL,NULL,NULL,1,'s',NULL,NULL,'87248271'),(109,1,'OSCAR','OSPINA','0000-00-00',1,'m','',NULL,NULL,NULL,1,'s',NULL,NULL,'16546899'),(110,1,'SILVIO','SANCHEZ','0000-00-00',1,'m','',NULL,NULL,NULL,1,'s',NULL,NULL,'87248622'),(111,1,'HERMES','REALPE','0000-00-00',1,'m','',NULL,NULL,NULL,1,'s',NULL,NULL,'87247389'),(112,1,'ROBER','CAIZA','0000-00-00',1,'m','',NULL,NULL,NULL,1,'s',NULL,NULL,'87248110'),(113,1,'HECTOR','VELASCO','0000-00-00',1,'m','',NULL,NULL,NULL,1,'s',NULL,NULL,'87248477'),(114,1,'EDGAR','IBAARA','0000-00-00',1,'m','',NULL,NULL,NULL,1,'s',NULL,NULL,'87247541'),(115,1,'GENTIL','RAMIREZ','0000-00-00',1,'m','',NULL,NULL,NULL,1,'s',NULL,NULL,'25596490'),(116,1,'ARMANDO','CHAVES','0000-00-00',1,'m','',NULL,NULL,NULL,1,'s',NULL,NULL,'87245699'),(117,1,'NEREO','GÓMEZ','0000-00-00',1,'m','',NULL,NULL,NULL,1,'s',NULL,NULL,'87246270'),(118,1,'GENTIL','MUÑOZ','0000-00-00',1,'m','',NULL,NULL,NULL,1,'s',NULL,NULL,'87246124'),(119,1,'PEDRO','GUERRERO','0000-00-00',1,'m','',NULL,NULL,NULL,1,'s',NULL,NULL,'94509908'),(120,1,'','','0000-00-00',1,'m','',NULL,NULL,NULL,1,'s',NULL,NULL,'87248500'),(121,1,'FABIO','MUÑOZ','0000-00-00',1,'m','',NULL,NULL,NULL,1,'s',NULL,NULL,''),(122,1,'EDIVAR','DIAZ','0000-00-00',1,'m','',NULL,NULL,NULL,1,'s',NULL,NULL,'87247375'),(123,1,'FULVIO ALBERTO','GÓMEZ','0000-00-00',1,'m','',NULL,NULL,NULL,1,'s',NULL,NULL,'87246094'),(124,1,'RODRIGO','SOSCUE','0000-00-00',1,'m','',NULL,NULL,NULL,1,'s',NULL,NULL,'87248157'),(125,1,'ALBEIRO','IMBACHI','0000-00-00',1,'m','',NULL,NULL,NULL,1,'s',NULL,NULL,'87365009'),(126,1,'','','0000-00-00',1,'m','',NULL,NULL,NULL,1,'s',NULL,NULL,'18186200'),(127,1,'ADRIAN DAVID','LEDEZMA','0000-00-00',1,'m','',NULL,NULL,NULL,1,'s',NULL,NULL,'14839353'),(128,1,'HAVER','PALACIOS','0000-00-00',1,'m','',NULL,NULL,NULL,1,'s',NULL,NULL,'12748257'),(129,1,'FRANCISCO','URBANO','0000-00-00',1,'m','',NULL,NULL,NULL,1,'s',NULL,NULL,'98358758'),(130,1,'GERARDO','ORDOÑEZ','0000-00-00',1,'m','',NULL,NULL,NULL,1,'s',NULL,NULL,'87245926'),(131,1,'HUGO','GUERRERO','0000-00-00',1,'m','',NULL,NULL,NULL,1,'s',NULL,NULL,''),(132,1,'OSCAR','SOSCUE','0000-00-00',1,'m','',NULL,NULL,NULL,1,'s',NULL,NULL,'87248658'),(133,1,'JULIAN','MORALES','0000-00-00',1,'m','',NULL,NULL,NULL,1,'s',NULL,NULL,'87827248'),(134,1,'EDUARDO','HOYOS','0000-00-00',1,'m','',NULL,NULL,NULL,1,'s',NULL,NULL,'87248733'),(135,1,'DONEY FERNANDO','GUERRERO','0000-00-00',1,'m','',NULL,NULL,NULL,1,'s',NULL,NULL,'16930382'),(136,1,'JOSE','BURBANO','0000-00-00',1,'m','',NULL,NULL,NULL,1,'s',NULL,NULL,'87246471'),(137,1,'MANUEL ANTONIO','LEYTON','0000-00-00',1,'m','',NULL,NULL,NULL,1,'s',NULL,NULL,'16598902'),(138,1,'OMAR JESUS','ALVEAR','0000-00-00',1,'m','',NULL,NULL,NULL,1,'s',NULL,NULL,'87246045'),(139,1,'EVER','GAVIRIA','0000-00-00',1,'m','',NULL,NULL,NULL,1,'s',NULL,NULL,'87246143'),(140,1,'ALEJO','BRAVO','0000-00-00',1,'m','',NULL,NULL,NULL,1,'s',NULL,NULL,''),(141,1,'CLAUDIO FRANCO','POPAYAN','0000-00-00',1,'m','',NULL,NULL,NULL,1,'s',NULL,NULL,'87245887'),(142,1,'ARGEMIRO','SIMALES','0000-00-00',1,'m','',NULL,NULL,NULL,1,'s',NULL,NULL,''),(143,1,'ANGEL MARIA','GUERRERO','0000-00-00',1,'m','',NULL,NULL,NULL,1,'s',NULL,NULL,''),(144,1,'RICARDO','LOPEZ','0000-00-00',1,'m','',NULL,NULL,NULL,1,'s',NULL,NULL,''),(145,1,'LUIS GERARDO','GUERRERO','0000-00-00',1,'m','',NULL,NULL,NULL,1,'s',NULL,NULL,'87247438'),(146,1,'SEGUNDO MIGUEL','VELASCO','0000-00-00',1,'m','',NULL,NULL,NULL,1,'s',NULL,NULL,''),(147,1,'JUAN BAUTISTA','TORRES','0000-00-00',1,'m','',NULL,NULL,NULL,1,'s',NULL,NULL,'87247428'),(148,1,'CESAR ABEY','GAVIRIA','0000-00-00',1,'m','',NULL,NULL,NULL,1,'s',NULL,NULL,'87245324'),(149,1,'JOSE DEMETRIO','OBANDO','0000-00-00',1,'m','',NULL,NULL,NULL,1,'s',NULL,NULL,'87248145'),(150,1,'ALBERT SAMIR','SOLARTE','0000-00-00',1,'m','',NULL,NULL,NULL,1,'s',NULL,NULL,'87249207'),(151,1,'WILLIAM','BRAVO','0000-00-00',1,'m','',NULL,NULL,NULL,1,'s',NULL,NULL,'97249171'),(152,1,'EVER ANTONIO','GALINDEZ','0000-00-00',1,'m','',NULL,NULL,NULL,1,'s',NULL,NULL,'87246363'),(153,1,'HUMBERTO','CALVACHE','0000-00-00',1,'m','',NULL,NULL,NULL,1,'s',NULL,NULL,'87249357'),(154,1,'CARLOS RENE','HOYOS','0000-00-00',1,'m','',NULL,NULL,NULL,1,'s',NULL,NULL,'87248923'),(155,1,'JESUS','MOLINA','0000-00-00',1,'m','',NULL,NULL,NULL,1,'s',NULL,NULL,'87246784'),(156,1,'GUIDO ORLANDO','VELASCO','0000-00-00',1,'m','',NULL,NULL,NULL,1,'s',NULL,NULL,''),(157,1,'OLIVER','ALVARADO','0000-00-00',1,'m','',NULL,NULL,NULL,1,'s',NULL,NULL,'76219252'),(158,1,'ARBEY','TULCAN DIAZ','0000-00-00',1,'m','',NULL,NULL,NULL,1,'s',NULL,NULL,'87246980'),(159,1,'JORGE RUBIEL','MUÑOZ ','0000-00-00',1,'m','',NULL,NULL,NULL,1,'s',NULL,NULL,'87247271'),(160,1,'EDGAR','BRAVO','0000-00-00',1,'m','',NULL,NULL,NULL,1,'s',NULL,NULL,'87246011'),(161,1,'LIBARDO','MUÑOZ ','0000-00-00',1,'m','',NULL,NULL,NULL,1,'s',NULL,NULL,'87247379'),(162,1,'LEONEL','DIAZ','0000-00-00',1,'m','',NULL,NULL,NULL,1,'s',NULL,NULL,'5277066'),(163,1,'MARCO AURELIO','MACIAS','0000-00-00',1,'m','',NULL,NULL,NULL,1,'s',NULL,NULL,'4632100'),(164,1,'ANGEL','ERAZO','0000-00-00',1,'m','',NULL,NULL,NULL,1,'s',NULL,NULL,'87246340'),(165,1,'OMAR RUTILIO','MUÑOZ','0000-00-00',1,'m','',NULL,NULL,NULL,1,'s',NULL,NULL,'87245815'),(166,1,'MARCO TULIO','BOLAÑOS','0000-00-00',1,'m','',NULL,NULL,NULL,1,'s',NULL,NULL,'87249040'),(167,1,'EDGAR ',' MARIN GALEANO','0000-00-00',1,'m','',NULL,NULL,NULL,1,'s',NULL,NULL,'16884548'),(168,1,'JESUS ALIRIO','MARTINEZ','0000-00-00',1,'m','',NULL,NULL,NULL,1,'s',NULL,NULL,'87247391'),(169,1,'MANUEL','BRAVO','0000-00-00',1,'m','',NULL,NULL,NULL,1,'s',NULL,NULL,'87246323'),(170,1,'JOSE ANTONIO','BRAVO','0000-00-00',1,'m','',NULL,NULL,NULL,1,'s',NULL,NULL,'87246069'),(171,1,'GILDARDO','ROSERO','0000-00-00',1,'m','',NULL,NULL,NULL,1,'s',NULL,NULL,''),(172,1,'SIMON BOLIVAR','MOLINA','0000-00-00',1,'m','',NULL,NULL,NULL,1,'s',NULL,NULL,'87247587'),(173,1,'ESGARDO EUGENIO','CERON','0000-00-00',1,'m','',NULL,NULL,NULL,1,'s',NULL,NULL,'87246773'),(174,1,'','','0000-00-00',1,'m','',NULL,NULL,NULL,1,'s',NULL,NULL,'27277853'),(175,1,'EVER','MUÑOZ','0000-00-00',1,'m','',NULL,NULL,NULL,1,'s',NULL,NULL,'87246630'),(176,1,'TEODULFO','BELTRAN','0000-00-00',1,'m','',NULL,NULL,NULL,1,'s',NULL,NULL,'5275729'),(177,1,'EVER','PORTILLA','0000-00-00',1,'m','',NULL,NULL,NULL,1,'s',NULL,NULL,'87247095'),(178,1,'FRANCO','BRAVO','0000-00-00',1,'m','',NULL,NULL,NULL,1,'s',NULL,NULL,'87246822'),(179,1,'HECTOR EVELIO','MUÑOZ','0000-00-00',1,'m','',NULL,NULL,NULL,1,'s',NULL,NULL,'94508249'),(180,1,'RENSO FABIAN','ROBAYO','0000-00-00',1,'m','',NULL,NULL,NULL,1,'s',NULL,NULL,''),(181,1,'FRANCO ISISDRO','IBARRA','0000-00-00',1,'m','',NULL,NULL,NULL,1,'s',NULL,NULL,'87247177'),(182,1,'HUBEIMAR','ALVARADO','0000-00-00',1,'m','',NULL,NULL,NULL,1,'s',NULL,NULL,'87247808'),(183,1,'JUAN  GREGORIO','ERAZO','0000-00-00',1,'m','',NULL,NULL,NULL,1,'s',NULL,NULL,''),(184,1,'WILDER HERNEAN','ALVARADO','0000-00-00',1,'m','',NULL,NULL,NULL,1,'s',NULL,NULL,'13040571'),(185,1,'LIZANDRO','MUÑOZ','0000-00-00',1,'m','',NULL,NULL,NULL,1,'s',NULL,NULL,'87247356'),(186,1,'ROLANDO AUGUSTO','CERON','0000-00-00',1,'m','',NULL,NULL,NULL,1,'s',NULL,NULL,'87248706'),(187,1,'OWEIMAR ALEXANDER','MUÑOZ','0000-00-00',1,'m','',NULL,NULL,NULL,1,'s',NULL,NULL,''),(188,1,'JIMMI ALFONSO','MUÑOZ','0000-00-00',1,'m','',NULL,NULL,NULL,1,'s',NULL,NULL,'94060575'),(189,1,'LAURENCIO','CRIOLLO ','0000-00-00',1,'m','',NULL,NULL,NULL,1,'s',NULL,NULL,'87248947'),(190,1,'JOSE ANIBAL','REALPE','0000-00-00',1,'m','',NULL,NULL,NULL,1,'s',NULL,NULL,'87246267'),(191,1,'BERNANRDO','REALPE','0000-00-00',1,'m','',NULL,NULL,NULL,1,'s',NULL,NULL,'87246731'),(192,1,'JULIAN ANDRES','ALBAN','0000-00-00',1,'m','',NULL,NULL,NULL,1,'s',NULL,NULL,'87249322'),(193,1,'JAIRO HERNAN','ORDOÑEZ','0000-00-00',1,'m','',NULL,NULL,NULL,1,'s',NULL,NULL,'5277119'),(194,1,'LUIS ALONSO','GONZALEZ','0000-00-00',1,'m','',NULL,NULL,NULL,1,'s',NULL,NULL,'87247064'),(195,1,'BERNARDO','GUERRERO MUÑOZ','0000-00-00',1,'m','',NULL,NULL,NULL,1,'s',NULL,NULL,'87248938'),(196,1,'CARLOS','BOLAÑOS','0000-00-00',1,'m','',NULL,NULL,NULL,1,'s',NULL,NULL,'5777149'),(197,1,'EMIRO','ERAZO','0000-00-00',1,'m','',NULL,NULL,NULL,1,'s',NULL,NULL,'87248081'),(198,1,'ANSELMO','HOYOS','0000-00-00',1,'m','',NULL,NULL,NULL,1,'s',NULL,NULL,'87247504'),(199,1,'TEOWALDO','URBANO','0000-00-00',1,'m','',NULL,NULL,NULL,1,'s',NULL,NULL,'87248575'),(200,1,'ALIRIO','NAVIA','0000-00-00',1,'m','',NULL,NULL,NULL,1,'s',NULL,NULL,'87248171'),(201,1,'OSCAR','MUÑOZ LEITON','0000-00-00',1,'m','',NULL,NULL,NULL,1,'s',NULL,NULL,'87247939'),(202,1,'ONIS OBEIMAR','ENRIQUEZ CERON','0000-00-00',1,'m','',NULL,NULL,NULL,1,'s',NULL,NULL,'15816996'),(203,1,'RODRIGO','DEJOY','0000-00-00',1,'m','',NULL,NULL,NULL,1,'s',NULL,NULL,'87248197'),(204,1,'FREDY','LOPEZ','0000-00-00',1,'m','',NULL,NULL,NULL,1,'s',NULL,NULL,'10661513'),(205,1,'ALIRIO','GUERRERO','0000-00-00',1,'m','',NULL,NULL,NULL,1,'s',NULL,NULL,'87247644'),(206,1,'ENRIQUE','SIMALES','0000-00-00',1,'m','',NULL,NULL,NULL,1,'s',NULL,NULL,'94419266'),(207,1,'ALIRIO','MUÑOZ LEITON','0000-00-00',1,'m','',NULL,NULL,NULL,1,'s',NULL,NULL,'87246911'),(208,1,'ARNULFO','CARLOSAMA','0000-00-00',1,'m','',NULL,NULL,NULL,1,'s',NULL,NULL,''),(209,1,'EDER','ORDOÑEZ','0000-00-00',1,'m','',NULL,NULL,NULL,1,'s',NULL,NULL,'87246123'),(210,1,'MAURO','MUÑOZ','0000-00-00',1,'m','',NULL,NULL,NULL,1,'s',NULL,NULL,'6249077'),(211,1,'LUIS ANTONIO','BOLAÑOS','0000-00-00',1,'m','',NULL,NULL,NULL,1,'s',NULL,NULL,'87246841'),(212,1,'ORLANDO','MOLINA','0000-00-00',1,'m','',NULL,NULL,NULL,1,'s',NULL,NULL,'87248832'),(213,1,'ANIBAL','BELTRAN ','0000-00-00',1,'m','',NULL,NULL,NULL,1,'s',NULL,NULL,'87247357'),(214,1,'MAXIMO','BRAVO','0000-00-00',1,'m','',NULL,NULL,NULL,1,'s',NULL,NULL,'87246444'),(215,1,'YIMMI','LOPEZ','0000-00-00',1,'m','',NULL,NULL,NULL,1,'s',NULL,NULL,'87248280'),(216,1,'ALVARO','BRAVO','0000-00-00',1,'m','',NULL,NULL,NULL,1,'s',NULL,NULL,'87248054'),(217,1,'JESUS','BRAVO','0000-00-00',1,'m','',NULL,NULL,NULL,1,'s',NULL,NULL,'87245012'),(218,1,'ELMER','MUÑOZ','0000-00-00',1,'m','',NULL,NULL,NULL,1,'s',NULL,NULL,'87248872'),(219,1,'PABLO EMILIO','BRAVO','0000-00-00',1,'m','',NULL,NULL,NULL,1,'s',NULL,NULL,'87247860'),(220,1,'SEGUNDO','SOSCUE','0000-00-00',1,'m','',NULL,NULL,NULL,1,'s',NULL,NULL,'87248519'),(221,1,'GILDARDO','LOPEZ','0000-00-00',1,'m','',NULL,NULL,NULL,1,'s',NULL,NULL,'87248825'),(222,1,'LIBARDO ARTURO','ENRIQUEZ','0000-00-00',1,'m','',NULL,NULL,NULL,1,'s',NULL,NULL,'87246725'),(223,1,'OSWALDO','DIAZ','0000-00-00',1,'m','',NULL,NULL,NULL,1,'s',NULL,NULL,'87245410'),(224,1,'WILLIAM','CALVACHE','0000-00-00',1,'m','',NULL,NULL,NULL,1,'s',NULL,NULL,''),(225,1,'ISNARDO','MUÑOZ','0000-00-00',1,'m','',NULL,NULL,NULL,1,'s',NULL,NULL,''),(226,1,'YOBANY','ORTIZ','0000-00-00',1,'m','',NULL,NULL,NULL,1,'s',NULL,NULL,'87248298'),(227,1,'JHONY ALEXANDER','ORTIZ','0000-00-00',1,'m','',NULL,NULL,NULL,1,'s',NULL,NULL,'98323776'),(228,1,'NELSON','IBARRA','0000-00-00',1,'m','',NULL,NULL,NULL,1,'s',NULL,NULL,'87248289'),(229,1,'JUAN','GOMEZ','0000-00-00',1,'m','',NULL,NULL,NULL,1,'s',NULL,NULL,''),(230,1,'OMAR','CRUZ ORDOÑEZ','0000-00-00',1,'m','',NULL,NULL,NULL,1,'s',NULL,NULL,'87248072'),(231,1,'ALVARO','BRAVO','0000-00-00',1,'m','',NULL,NULL,NULL,1,'s',NULL,NULL,''),(232,1,'WILMAN','BOLAÑOS','0000-00-00',1,'m','',NULL,NULL,NULL,1,'s',NULL,NULL,'87247828'),(233,1,'LEONIBAL','ÑAÑEZ','0000-00-00',1,'m','',NULL,NULL,NULL,1,'s',NULL,NULL,'98323679'),(234,1,'JOSE','GOMEZ','0000-00-00',1,'m','',NULL,NULL,NULL,1,'s',NULL,NULL,'87248781'),(235,1,'EVER GENTIL','DELGADO','0000-00-00',1,'m','',NULL,NULL,NULL,1,'s',NULL,NULL,'87246066'),(236,1,'GERARDO','BURBANO','0000-00-00',1,'m','',NULL,NULL,NULL,1,'s',NULL,NULL,'87245662'),(237,1,'RAUL ANTONIO','GOMEZ','0000-00-00',1,'m','',NULL,NULL,NULL,1,'s',NULL,NULL,'5351007'),(238,1,'JUVER HERNEY','MUÑOZ MUÑOZ','0000-00-00',1,'m','',NULL,NULL,NULL,1,'s',NULL,NULL,'87247348'),(239,1,'JAVIER','HOYOS','0000-00-00',1,'m','',NULL,NULL,NULL,1,'s',NULL,NULL,''),(240,1,'LEONARDO','ALBAN','0000-00-00',1,'m','',NULL,NULL,NULL,1,'s',NULL,NULL,'87246755'),(241,1,'LORENZO','CHAVEZ','0000-00-00',1,'m','',NULL,NULL,NULL,1,'s',NULL,NULL,'87247544'),(242,1,'HERMES','CARLOSAMA','0000-00-00',1,'m','',NULL,NULL,NULL,1,'s',NULL,NULL,'87247212'),(243,1,'HOOVER','CERON','0000-00-00',1,'m','',NULL,NULL,NULL,1,'s',NULL,NULL,'87246944'),(244,1,'RUBER','SAMBONI','0000-00-00',1,'m','',NULL,NULL,NULL,1,'s',NULL,NULL,'4632732'),(245,1,'PEDRO','MOLINA','0000-00-00',1,'m','',NULL,NULL,NULL,1,'s',NULL,NULL,'87245175'),(246,1,'MARINO','BOLAÑOS','0000-00-00',1,'m','',NULL,NULL,NULL,1,'s',NULL,NULL,'48604039'),(247,1,'FREDY MARIN','BOLAÑOS','0000-00-00',1,'m','',NULL,NULL,NULL,1,'s',NULL,NULL,'87248468'),(248,1,'FRANCO','ERAZO','0000-00-00',1,'m','',NULL,NULL,NULL,1,'s',NULL,NULL,'87245992'),(249,1,'EVER','MOLINA MUÑOZ','0000-00-00',1,'m','',NULL,NULL,NULL,1,'s',NULL,NULL,'87247161'),(250,1,'FAVIO','POPAYAN','0000-00-00',1,'m','',NULL,NULL,NULL,1,'s',NULL,NULL,'87246165'),(251,1,'RUTILIO','GALLARDO','0000-00-00',1,'m','',NULL,NULL,NULL,1,'s',NULL,NULL,'5281971'),(252,1,'JAIRO','CERON','0000-00-00',1,'m','',NULL,NULL,NULL,1,'s',NULL,NULL,'87248085'),(253,1,'JOSE ANTONIO','BOLAÑOS','0000-00-00',1,'m','',NULL,NULL,NULL,1,'s',NULL,NULL,'87247121'),(254,1,'JORGE LINO','CHAVEZ','0000-00-00',1,'m','',NULL,NULL,NULL,1,'s',NULL,NULL,'87247809'),(255,1,'GEOVANY','CHAVES','0000-00-00',1,'m','',NULL,NULL,NULL,1,'s',NULL,NULL,'87247922'),(256,1,'RUBEN','CIFUENTES','0000-00-00',1,'m','',NULL,NULL,NULL,1,'s',NULL,NULL,'14635596'),(257,1,'JAIRO','HOYOS','0000-00-00',1,'m','',NULL,NULL,NULL,1,'s',NULL,NULL,'87249039'),(258,1,'ALBEIRO','BOLAÑOS','0000-00-00',1,'m','',NULL,NULL,NULL,1,'s',NULL,NULL,'87248520'),(259,1,'JAMES','QUINTERO','0000-00-00',1,'m','',NULL,NULL,NULL,1,'s',NULL,NULL,'13072889'),(260,1,'ALDEMAR','CASTRO','0000-00-00',1,'m','',NULL,NULL,NULL,1,'s',NULL,NULL,'27281015'),(261,1,'OSCAR','MOLINA HOYOS','0000-00-00',1,'m','',NULL,NULL,NULL,1,'s',NULL,NULL,'87247452'),(262,1,'EIVAR','GUERRERO','0000-00-00',1,'m','',NULL,NULL,NULL,1,'s',NULL,NULL,'87248368'),(263,1,'ROLANDO','CARLOSAMA','0000-00-00',1,'m','',NULL,NULL,NULL,1,'s',NULL,NULL,'87248295'),(264,1,'GUIDO','MOLINA','0000-00-00',1,'m','',NULL,NULL,NULL,1,'s',NULL,NULL,'87248537'),(265,1,'MARINO','MUÑOZ','0000-00-00',1,'m','',NULL,NULL,NULL,1,'s',NULL,NULL,'87249018'),(266,1,'PAULO','MARTINEZ','0000-00-00',1,'m','',NULL,NULL,NULL,1,'s',NULL,NULL,'87246926'),(267,1,'JAIME','MUÑOZ','0000-00-00',1,'m','',NULL,NULL,NULL,1,'s',NULL,NULL,'87248130'),(268,1,'JOSE RAFAEL','DELGADO','0000-00-00',1,'m','',NULL,NULL,NULL,1,'s',NULL,NULL,'98387396'),(269,1,'GULLERMO JAVIER','SANTACRUZ','0000-00-00',1,'m','',NULL,NULL,NULL,1,'s',NULL,NULL,'12993996'),(270,1,'CARLOS','TOBAR','0000-00-00',1,'m','',NULL,NULL,NULL,1,'s',NULL,NULL,'76329522'),(271,1,'MIGUEL','ALBAN','0000-00-00',1,'m','',NULL,NULL,NULL,1,'s',NULL,NULL,''),(272,1,'FABIAN ALEN ','MUÑOZ','0000-00-00',1,'m','',NULL,NULL,NULL,1,'s',NULL,NULL,'87249077'),(273,1,'HAROLD','PALACIOS','0000-00-00',1,'m','',NULL,NULL,NULL,1,'s',NULL,NULL,'87248682'),(274,1,'JULIO RAUL','ZAMBRANO','0000-00-00',1,'m','',NULL,NULL,NULL,1,'s',NULL,NULL,'87245332'),(275,1,'OSCAR FERNANDO','ALVEAR','0000-00-00',1,'m','',NULL,NULL,NULL,1,'s',NULL,NULL,'87247429'),(276,1,'EIDER','AULLON','0000-00-00',1,'m','',NULL,NULL,NULL,1,'s',NULL,NULL,'87247848'),(277,1,'MANUEL','SIMALES','0000-00-00',1,'m','',NULL,NULL,NULL,1,'s',NULL,NULL,'87248202'),(278,1,'ALEXANDER','HOYOS','0000-00-00',1,'m','',NULL,NULL,NULL,1,'s',NULL,NULL,'87249137'),(279,1,'TITO','BURBANO','0000-00-00',1,'m','',NULL,NULL,NULL,1,'s',NULL,NULL,'87302710'),(280,1,'RICARDO','LÓPEZ','0000-00-00',1,'m','',NULL,NULL,NULL,1,'s',NULL,NULL,'87247656'),(281,1,'JOSE OSWALDO','GUERRERO','0000-00-00',1,'m','',NULL,NULL,NULL,1,'s',NULL,NULL,'5275125'),(282,1,'MILVER','BOTINA','0000-00-00',1,'m','',NULL,NULL,NULL,1,'s',NULL,NULL,'87248867'),(283,1,'RAMIRO','ERAZO','0000-00-00',1,'m','',NULL,NULL,NULL,1,'s',NULL,NULL,'87246225'),(284,1,'JOSE','OSPINA','0000-00-00',1,'m','',NULL,NULL,NULL,1,'s',NULL,NULL,'16540378'),(285,1,'FAVIO','CHATES','0000-00-00',1,'m','',NULL,NULL,NULL,1,'s',NULL,NULL,''),(286,1,'ALVARO','MUÑOZ','0000-00-00',1,'m','',NULL,NULL,NULL,1,'s',NULL,NULL,'87246589'),(287,1,'PEDRO','NOPAN','0000-00-00',1,'m','',NULL,NULL,NULL,1,'s',NULL,NULL,''),(288,1,'AGUSTIN','ERAZO','0000-00-00',1,'m','',NULL,NULL,NULL,1,'s',NULL,NULL,'87245963'),(289,1,'FIDELINO','DIAZ','0000-00-00',1,'m','',NULL,NULL,NULL,1,'s',NULL,NULL,'87245704'),(290,1,'ALBEIRO','BOLAÑOS','0000-00-00',1,'m','',NULL,NULL,NULL,1,'s',NULL,NULL,'87247021'),(291,1,'ANTONIO','RANGEL','0000-00-00',1,'m','',NULL,NULL,NULL,1,'s',NULL,NULL,''),(292,1,'ALVARO','BOLAÑOS','0000-00-00',1,'m','',NULL,NULL,NULL,1,'s',NULL,NULL,'87246206'),(293,1,'JESUS','MOLINA','0000-00-00',1,'m','',NULL,NULL,NULL,1,'s',NULL,NULL,'87246829'),(294,1,'FREDY','URBANO','0000-00-00',1,'m','',NULL,NULL,NULL,1,'s',NULL,NULL,'87246856'),(295,1,'WILTON','SIMALES','0000-00-00',1,'m','',NULL,NULL,NULL,1,'s',NULL,NULL,'87247702'),(296,1,'SIMON','MOLINA','0000-00-00',1,'m','',NULL,NULL,NULL,1,'s',NULL,NULL,''),(297,1,'OSCAR','CERON','0000-00-00',1,'m','',NULL,NULL,NULL,1,'s',NULL,NULL,'87247471'),(298,1,'ENAR','CERON','0000-00-00',1,'m','',NULL,NULL,NULL,1,'s',NULL,NULL,'87248735'),(299,1,'','','0000-00-00',1,'m','',NULL,NULL,NULL,1,'s',NULL,NULL,'16822318'),(300,1,'JAIME','BOLAÑOS','0000-00-00',1,'m','',NULL,NULL,NULL,1,'s',NULL,NULL,'94430379'),(301,1,'MARIO','MUÑOZ','0000-00-00',1,'m','',NULL,NULL,NULL,1,'s',NULL,NULL,'87247103'),(302,1,'GUIDO','BOLAÑOS','0000-00-00',1,'m','',NULL,NULL,NULL,1,'s',NULL,NULL,'16772105'),(303,1,'JESUS','GOMEZ','0000-00-00',1,'m','',NULL,NULL,NULL,1,'s',NULL,NULL,'1808127'),(304,1,'JOSE EMIR','RODRIGUEZ','0000-00-00',1,'m','',NULL,NULL,NULL,1,'s',NULL,NULL,'87248506'),(305,1,'SEGUNDO FIDEL','DORADO','0000-00-00',1,'m','',NULL,NULL,NULL,1,'s',NULL,NULL,'87247897'),(306,1,'ALIRIO','MUÑOZ','0000-00-00',1,'m','',NULL,NULL,NULL,1,'s',NULL,NULL,'87247566'),(307,1,'HERNEY','MUÑOZ','0000-00-00',1,'m','',NULL,NULL,NULL,1,'s',NULL,NULL,'87246963'),(308,1,'HENRY HERNAN','IMBACHI','0000-00-00',1,'m','',NULL,NULL,NULL,1,'s',NULL,NULL,'87247294'),(309,1,'FRANCO','LEITON','0000-00-00',1,'m','',NULL,NULL,NULL,1,'s',NULL,NULL,'14409259'),(310,1,'JAIR','BRAVO','0000-00-00',1,'m','',NULL,NULL,NULL,1,'s',NULL,NULL,''),(311,1,'ERIBERTO','ERAZO','0000-00-00',1,'m','',NULL,NULL,NULL,1,'s',NULL,NULL,''),(312,1,'HERNAN','RUIZ','0000-00-00',1,'m','',NULL,NULL,NULL,1,'s',NULL,NULL,'10521814'),(313,1,'RNAR','CERON','0000-00-00',1,'m','',NULL,NULL,NULL,1,'s',NULL,NULL,'87248735'),(314,1,'YOVANI','PEREZ','0000-00-00',1,'m','',NULL,NULL,NULL,1,'s',NULL,NULL,'10315655'),(315,1,'SANDRO','REALPE','0000-00-00',1,'m','',NULL,NULL,NULL,1,'s',NULL,NULL,'87247707'),(316,1,'JOSE','IMBACHI','0000-00-00',1,'m','',NULL,NULL,NULL,1,'s',NULL,NULL,''),(317,1,'EIVAR','IMBACHI','0000-00-00',1,'m','',NULL,NULL,NULL,1,'s',NULL,NULL,'87247296'),(318,1,'LUIS ALBERTO','PALACIOS','0000-00-00',1,'m','',NULL,NULL,NULL,1,'s',NULL,NULL,'87245729'),(319,1,'PEDRO','ORTIZ','0000-00-00',1,'m','',NULL,NULL,NULL,1,'s',NULL,NULL,'87247043'),(320,1,'JESUS','MUÑOZ','0000-00-00',1,'m','',NULL,NULL,NULL,1,'s',NULL,NULL,'87248092'),(321,1,'EDWIN','MUÑOZ','0000-00-00',1,'m','',NULL,NULL,NULL,1,'s',NULL,NULL,'87248251'),(322,1,'DIEGO','ALVARADO','0000-00-00',1,'m','',NULL,NULL,NULL,1,'s',NULL,NULL,'4632450'),(323,1,'OSWALDO','MUÑOZ','0000-00-00',1,'m','',NULL,NULL,NULL,1,'s',NULL,NULL,'87246510'),(324,1,'','','0000-00-00',1,'m','',NULL,NULL,NULL,1,'s',NULL,NULL,'87246949'),(325,1,'ALBEIRO','BOLAÑOS','0000-00-00',1,'m','',NULL,NULL,NULL,1,'s',NULL,NULL,'87248125'),(326,1,'JULIO','RUEDA','0000-00-00',1,'m','',NULL,NULL,NULL,1,'s',NULL,NULL,'12987410'),(327,1,'ARLEY','VELASCO','0000-00-00',1,'m','',NULL,NULL,NULL,1,'s',NULL,NULL,'87247770'),(328,1,'BOLIVAR','MUÑOZ','0000-00-00',1,'m','',NULL,NULL,NULL,1,'s',NULL,NULL,'87249016'),(329,1,'MIGUEL','BURBANO','0000-00-00',1,'m','',NULL,NULL,NULL,1,'s',NULL,NULL,'5275028'),(330,1,'JHON','LEYTON','0000-00-00',1,'m','',NULL,NULL,NULL,1,'s',NULL,NULL,'52903444'),(331,1,'EDISSON','GRIJALBA','0000-00-00',1,'m','',NULL,NULL,NULL,1,'s',NULL,NULL,'12241306'),(332,1,'MARIO','MUÑOZ','0000-00-00',1,'m','',NULL,NULL,NULL,1,'s',NULL,NULL,'87245962'),(333,1,'LEONARDO','ORTEGA','0000-00-00',1,'m','',NULL,NULL,NULL,1,'s',NULL,NULL,'87248004'),(334,1,'MARIN','ORDOÑEZ','0000-00-00',1,'m','',NULL,NULL,NULL,1,'s',NULL,NULL,''),(335,1,'SEGUNDO','VELASCO','0000-00-00',1,'m','',NULL,NULL,NULL,1,'s',NULL,NULL,'94297164'),(336,1,'HERMAN','GUERRERO','0000-00-00',1,'m','',NULL,NULL,NULL,1,'s',NULL,NULL,'87246662'),(337,1,'MELVI','DIAZ','0000-00-00',1,'m','',NULL,NULL,NULL,1,'s',NULL,NULL,''),(338,1,'MARINO','CERON','0000-00-00',1,'m','',NULL,NULL,NULL,1,'s',NULL,NULL,'87247031'),(339,1,'MIGUEL','ALBAN','0000-00-00',1,'m','',NULL,NULL,NULL,1,'s',NULL,NULL,'87248071'),(340,1,'JESUS','MUÑOZ','0000-00-00',1,'m','',NULL,NULL,NULL,1,'s',NULL,NULL,'5275471'),(341,1,'JAVIER','BOLAÑOS','0000-00-00',1,'m','',NULL,NULL,NULL,1,'s',NULL,NULL,'87247404'),(342,1,'LUIS','BOLAÑOS','0000-00-00',1,'m','',NULL,NULL,NULL,1,'s',NULL,NULL,'87246841'),(343,1,'JHON EDISON','ALVEAR','0000-00-00',1,'m','',NULL,NULL,NULL,1,'s',NULL,NULL,'87248033'),(344,1,'SEGUNDO','DAVILA','0000-00-00',1,'m','',NULL,NULL,NULL,1,'s',NULL,NULL,'87248018'),(345,1,'EVER','SAMBONY','0000-00-00',1,'m','',NULL,NULL,NULL,1,'s',NULL,NULL,'87247677'),(346,1,'JESUS','DELGADO','0000-00-00',1,'m','',NULL,NULL,NULL,1,'s',NULL,NULL,'87247377'),(347,1,'EFRAIN','ZUÑIGA','0000-00-00',1,'m','',NULL,NULL,NULL,1,'s',NULL,NULL,'76336362'),(348,1,'MARCO','DAZA','0000-00-00',1,'m','',NULL,NULL,NULL,1,'s',NULL,NULL,'16457770'),(349,1,'MILTON','MUÑOZ','0000-00-00',1,'m','',NULL,NULL,NULL,1,'s',NULL,NULL,'87248847'),(350,1,'JULIO','GOMEZ','0000-00-00',1,'m','',NULL,NULL,NULL,1,'s',NULL,NULL,'98386951'),(351,1,'CLIMACO','GUALGUAN','0000-00-00',1,'m','',NULL,NULL,NULL,1,'s',NULL,NULL,'87247122'),(352,1,'JOSE','BRAVO','0000-00-00',1,'m','',NULL,NULL,NULL,1,'s',NULL,NULL,''),(353,1,'EMIRO','MUÑOZ','0000-00-00',1,'m','',NULL,NULL,NULL,1,'s',NULL,NULL,'87840027'),(354,1,'JESUS','MUÑOZ','0000-00-00',1,'m','',NULL,NULL,NULL,1,'s',NULL,NULL,'87245178'),(355,1,'JIMMY','REALPE','0000-00-00',1,'m','',NULL,NULL,NULL,1,'s',NULL,NULL,'87247685'),(356,1,'','','0000-00-00',1,'m','',NULL,NULL,NULL,1,'s',NULL,NULL,'5274193'),(357,1,'CIPRIANO','ALBAN','0000-00-00',1,'m','',NULL,NULL,NULL,1,'s',NULL,NULL,'87247688'),(358,1,'EDGAR','MUÑOZ','0000-00-00',1,'m','',NULL,NULL,NULL,1,'s',NULL,NULL,'87247350'),(359,1,'ALVARO','MUÑOZ','0000-00-00',1,'m','',NULL,NULL,NULL,1,'s',NULL,NULL,'87247941'),(360,1,'RAFAEL','GALLARDO','0000-00-00',1,'m','',NULL,NULL,NULL,1,'s',NULL,NULL,'87247617'),(361,1,'OSCAR','MUÑOZ','0000-00-00',1,'m','',NULL,NULL,NULL,1,'s',NULL,NULL,'87246271'),(362,1,'JESUS','BOLAÑOS','0000-00-00',1,'m','',NULL,NULL,NULL,1,'s',NULL,NULL,'87245920'),(363,1,'VICTOR','ENRIQUEZ','0000-00-00',1,'m','',NULL,NULL,NULL,1,'s',NULL,NULL,'98379676'),(364,1,'ULPIANO','MOLINA','0000-00-00',1,'m','',NULL,NULL,NULL,1,'s',NULL,NULL,'87247182'),(365,1,'FRANCO','IBARRA','0000-00-00',1,'m','',NULL,NULL,NULL,1,'s',NULL,NULL,'87247177'),(366,1,'RODOLFO','MARTINEZ','0000-00-00',1,'m','',NULL,NULL,NULL,1,'s',NULL,NULL,''),(367,1,'JOSE','REALPE','0000-00-00',1,'m','',NULL,NULL,NULL,1,'s',NULL,NULL,'87246524'),(368,1,'EMIRO','SAMBONI','0000-00-00',1,'m','',NULL,NULL,NULL,1,'s',NULL,NULL,'76221960'),(369,1,'ARMANDO','MORALES','0000-00-00',1,'m','',NULL,NULL,NULL,1,'s',NULL,NULL,''),(370,1,'LUIS','CARLOSAMA','0000-00-00',1,'m','',NULL,NULL,NULL,1,'s',NULL,NULL,'5276523'),(371,1,'ELVES','BOLAÑOS','0000-00-00',1,'m','',NULL,NULL,NULL,1,'s',NULL,NULL,''),(372,1,'SEGUNDO','MUÑOZ','0000-00-00',1,'m','',NULL,NULL,NULL,1,'s',NULL,NULL,'87247186'),(373,1,'MAURO','ORTIZ','0000-00-00',1,'m','',NULL,NULL,NULL,1,'s',NULL,NULL,'87247823'),(374,1,'HERNANDO','MUÑOZ','0000-00-00',1,'m','',NULL,NULL,NULL,1,'s',NULL,NULL,''),(375,1,'JOSE','MARTINEZ','0000-00-00',1,'m','',NULL,NULL,NULL,1,'s',NULL,NULL,''),(376,1,'HUVEIBAR','ALVARADO','0000-00-00',1,'m','',NULL,NULL,NULL,1,'s',NULL,NULL,'87247808'),(377,1,'JUAN','MOLINA','0000-00-00',1,'m','',NULL,NULL,NULL,1,'s',NULL,NULL,'87246472'),(378,1,'JESUS','ALBAN','0000-00-00',1,'m','',NULL,NULL,NULL,1,'s',NULL,NULL,''),(379,1,'HERNAN','HOYOS','0000-00-00',1,'m','',NULL,NULL,NULL,1,'s',NULL,NULL,'87248683'),(380,1,'ALVARO','GALLARDO','0000-00-00',1,'m','',NULL,NULL,NULL,1,'s',NULL,NULL,''),(381,1,'JHON','PARRA','0000-00-00',1,'m','',NULL,NULL,NULL,1,'s',NULL,NULL,'87247039'),(382,1,'GENTIL','GUERRERO','0000-00-00',1,'m','',NULL,NULL,NULL,1,'s',NULL,NULL,'87247399'),(383,1,'ELIECER','ERAZO','0000-00-00',1,'m','',NULL,NULL,NULL,1,'s',NULL,NULL,'15250583'),(384,1,'SEGUNDO','GUERRERO','0000-00-00',1,'m','',NULL,NULL,NULL,1,'s',NULL,NULL,'87247934'),(385,1,'ARMANDO','ENRIQUEZ','0000-00-00',1,'m','',NULL,NULL,NULL,1,'s',NULL,NULL,'98338775'),(386,1,'LUIS','MUÑOZ','0000-00-00',1,'m','',NULL,NULL,NULL,1,'s',NULL,NULL,'87248208'),(387,1,'JORGE','RUIZ','0000-00-00',1,'m','',NULL,NULL,NULL,1,'s',NULL,NULL,'13054740'),(388,1,'EDGAR','RODRIGUEZ','0000-00-00',1,'m','',NULL,NULL,NULL,1,'s',NULL,NULL,'87248489'),(389,1,'ARNULFO','CARLOSAMA','0000-00-00',1,'m','',NULL,NULL,NULL,1,'s',NULL,NULL,'87247615'),(390,1,'MIGUEL','BURBANO','0000-00-00',1,'m','',NULL,NULL,NULL,1,'s',NULL,NULL,''),(391,1,'SEGUNDO','GUERRERO','0000-00-00',1,'m','',NULL,NULL,NULL,1,'s',NULL,NULL,'87248263'),(392,1,'LUIS','GUERRERO','0000-00-00',1,'m','',NULL,NULL,NULL,1,'s',NULL,NULL,'87247335'),(393,1,'SEGUNDO','SOSCUE','0000-00-00',1,'m','',NULL,NULL,NULL,1,'s',NULL,NULL,'87247835'),(394,1,'EDILSON','IMBACHI','0000-00-00',1,'m','',NULL,NULL,NULL,1,'s',NULL,NULL,'76336100'),(395,1,'LUIS','DIAZ','0000-00-00',1,'m','',NULL,NULL,NULL,1,'s',NULL,NULL,''),(396,1,'ALONSO','AGUILAR','0000-00-00',1,'m','',NULL,NULL,NULL,1,'s',NULL,NULL,'87247936'),(397,1,'JOSE','SANCHEZ','0000-00-00',1,'m','',NULL,NULL,NULL,1,'s',NULL,NULL,'87247610'),(398,1,'NACOR','ZUÑIGA','0000-00-00',1,'m','',NULL,NULL,NULL,1,'s',NULL,NULL,'76218932'),(399,1,'JAIRO','GÓMEZ','0000-00-00',1,'m','',NULL,NULL,NULL,1,'s',NULL,NULL,'87249051'),(400,1,'GILBERTO','ZUÑIGA','0000-00-00',1,'m','',NULL,NULL,NULL,1,'s',NULL,NULL,'87247006'),(401,1,'DARIO','IBARRA','0000-00-00',1,'m','',NULL,NULL,NULL,1,'s',NULL,NULL,''),(402,1,'SEBASTIAN','IMBACHI','0000-00-00',1,'m','',NULL,NULL,NULL,1,'s',NULL,NULL,'4632567'),(403,1,'JAVIER','HOYOS','0000-00-00',1,'m','',NULL,NULL,NULL,1,'s',NULL,NULL,'87147799'),(404,1,'LUIS','CHATES','0000-00-00',1,'m','',NULL,NULL,NULL,1,'s',NULL,NULL,''),(405,1,'SEGUNDO','ALBAN','0000-00-00',1,'m','',NULL,NULL,NULL,1,'s',NULL,NULL,'87248538'),(406,1,'JOSE','ORDOLÑEZ','0000-00-00',1,'m','',NULL,NULL,NULL,1,'s',NULL,NULL,'94503078'),(407,1,'DANILO','IMBACHI','0000-00-00',1,'m','',NULL,NULL,NULL,1,'s',NULL,NULL,'4632605'),(408,1,'WILSON','MUÑOZ','0000-00-00',1,'m','',NULL,NULL,NULL,1,'s',NULL,NULL,''),(409,1,'MARCO','ALVEAR','0000-00-00',1,'m','',NULL,NULL,NULL,1,'s',NULL,NULL,''),(410,1,'REGULO','MOLINA','0000-00-00',1,'m','',NULL,NULL,NULL,1,'s',NULL,NULL,''),(411,1,'HUGO','ORTEGA','0000-00-00',1,'m','',NULL,NULL,NULL,1,'s',NULL,NULL,''),(412,1,'YESID','BOLAÑOS','0000-00-00',1,'m','',NULL,NULL,NULL,1,'s',NULL,NULL,'87245065'),(413,1,'MARCO','BRAVO','0000-00-00',1,'m','',NULL,NULL,NULL,1,'s',NULL,NULL,'87247764'),(414,1,'JAVIER','MOLINA','0000-00-00',1,'m','',NULL,NULL,NULL,1,'s',NULL,NULL,'87247277'),(415,1,'MANUEL','MENDEZ','0000-00-00',1,'m','',NULL,NULL,NULL,1,'s',NULL,NULL,'87010010'),(416,1,'VICTOR','GUERRERO','0000-00-00',1,'m','',NULL,NULL,NULL,1,'s',NULL,NULL,''),(417,1,'ANTIDIO','SAMBONI','0000-00-00',1,'m','',NULL,NULL,NULL,1,'s',NULL,NULL,'87248337'),(418,1,'','','0000-00-00',1,'m','',NULL,NULL,NULL,1,'s',NULL,NULL,'5277054'),(419,1,'HUGO','MUÑOZ','0000-00-00',1,'m','',NULL,NULL,NULL,1,'s',NULL,NULL,''),(420,1,'CESAR','NOGUERA','0000-00-00',1,'m','',NULL,NULL,NULL,1,'s',NULL,NULL,'87248057'),(421,1,'MARINO','GUERRERO','0000-00-00',1,'m','',NULL,NULL,NULL,1,'s',NULL,NULL,''),(422,1,'LUIS','ORDOÑEZ','0000-00-00',1,'m','',NULL,NULL,NULL,1,'s',NULL,NULL,'87247410'),(423,1,'JULIO CESAR','MUÑOZ','0000-00-00',1,'m','',NULL,NULL,NULL,1,'s',NULL,NULL,''),(424,1,'RUBIO MARINO','ORTEGA','0000-00-00',1,'m','',NULL,NULL,NULL,1,'s',NULL,NULL,'16676530'),(425,1,'SEGUNDO','ORDOÑEZ','0000-00-00',1,'m','',NULL,NULL,NULL,1,'s',NULL,NULL,''),(426,1,'ELVIO','BRAVO','0000-00-00',1,'m','',NULL,NULL,NULL,1,'s',NULL,NULL,''),(427,1,'JAIRO','MARTINEZ','0000-00-00',1,'m','',NULL,NULL,NULL,1,'s',NULL,NULL,'87247333'),(428,1,'','','0000-00-00',1,'m','',NULL,NULL,NULL,1,'s',NULL,NULL,'87247084'),(429,1,'LUIS GERARDO','SAMBONI','0000-00-00',1,'m','',NULL,NULL,NULL,1,'s',NULL,NULL,'87247649'),(430,1,'FRANCO','ORTEGA','0000-00-00',1,'m','',NULL,NULL,NULL,1,'s',NULL,NULL,''),(431,1,'GUILLERMO','GUERRA','0000-00-00',1,'m','',NULL,NULL,NULL,1,'s',NULL,NULL,'98333551'),(432,1,'SEGUNDO','MOLINA','0000-00-00',1,'m','',NULL,NULL,NULL,1,'s',NULL,NULL,''),(433,1,'JOSE','GUERRERO','0000-00-00',1,'m','',NULL,NULL,NULL,1,'s',NULL,NULL,'87245584'),(434,1,'','','0000-00-00',1,'m','',NULL,NULL,NULL,1,'s',NULL,NULL,'16673385'),(435,1,'JAMES','MUÑOZ','0000-00-00',1,'m','',NULL,NULL,NULL,1,'s',NULL,NULL,'87248113'),(436,1,'FRANCO','YELA','0000-00-00',1,'m','',NULL,NULL,NULL,1,'s',NULL,NULL,'98145173'),(437,1,'AMADO','GUERRERO','0000-00-00',1,'m','',NULL,NULL,NULL,1,'s',NULL,NULL,'87248230'),(438,1,'LUIS','MENESES','0000-00-00',1,'m','',NULL,NULL,NULL,1,'s',NULL,NULL,'87246290'),(439,1,'JESUS','CERON','0000-00-00',1,'m','',NULL,NULL,NULL,1,'s',NULL,NULL,'87245720'),(440,1,'LEON','MARTINEZ','0000-00-00',1,'m','',NULL,NULL,NULL,1,'s',NULL,NULL,'87245354'),(441,1,'OSCAR','GOMEZ','0000-00-00',1,'m','',NULL,NULL,NULL,1,'s',NULL,NULL,'87248363'),(442,1,'SEGUNDO','ORDOÑEZ','0000-00-00',1,'m','',NULL,NULL,NULL,1,'s',NULL,NULL,'87248381'),(443,1,'MIYER','PEREZ','0000-00-00',1,'m','',NULL,NULL,NULL,1,'s',NULL,NULL,'76285205'),(444,1,'ONIS','ENRIQUEZ','0000-00-00',1,'m','',NULL,NULL,NULL,1,'s',NULL,NULL,'15816996'),(445,1,'NEVAR','SOLARTE','0000-00-00',1,'m','',NULL,NULL,NULL,1,'s',NULL,NULL,'87248326'),(446,1,'SEGUNDO','BARRIONUEVO','0000-00-00',1,'m','',NULL,NULL,NULL,1,'s',NULL,NULL,'6248545'),(447,1,'BOLIVAR','BRAVO','0000-00-00',1,'m','',NULL,NULL,NULL,1,'s',NULL,NULL,'87247282'),(448,1,'CAMILO','CERON','0000-00-00',1,'m','',NULL,NULL,NULL,1,'s',NULL,NULL,'87245663'),(449,1,'JOSE','NOPAN','0000-00-00',1,'m','',NULL,NULL,NULL,1,'s',NULL,NULL,'87246468'),(450,1,'LUIS ','CHAVES','0000-00-00',1,'m','',NULL,NULL,NULL,1,'s',NULL,NULL,''),(451,1,'JHON','GALINDEZ','0000-00-00',1,'m','',NULL,NULL,NULL,1,'s',NULL,NULL,''),(452,1,'SALOMON','DELGADO','0000-00-00',1,'m','',NULL,NULL,NULL,1,'s',NULL,NULL,'87248552'),(453,1,'RICARDO','IBARRA','0000-00-00',1,'m','',NULL,NULL,NULL,1,'s',NULL,NULL,''),(454,1,'GEOVEL','CARLOSAMA','0000-00-00',1,'m','',NULL,NULL,NULL,1,'s',NULL,NULL,'87247050'),(455,1,'RODRIGO','URBANO','0000-00-00',1,'m','',NULL,NULL,NULL,1,'s',NULL,NULL,'98358758'),(456,1,'OSCAR','ORDOÑEZ','0000-00-00',1,'m','',NULL,NULL,NULL,1,'s',NULL,NULL,'87248296'),(457,1,'HENRY','BARRIOS','0000-00-00',1,'m','',NULL,NULL,NULL,1,'s',NULL,NULL,'87245747'),(458,1,'HEYDER','BOLAÑOS','0000-00-00',1,'m','',NULL,NULL,NULL,1,'s',NULL,NULL,'87247025'),(459,1,'BREDIO','GALINDEZ','0000-00-00',1,'m','',NULL,NULL,NULL,1,'s',NULL,NULL,''),(460,1,'ROGER','MUÑOZ','0000-00-00',1,'m','',NULL,NULL,NULL,1,'s',NULL,NULL,'87247852'),(461,1,'RUBIO','GAVIRIA','0000-00-00',1,'m','',NULL,NULL,NULL,1,'s',NULL,NULL,'87246096'),(462,1,'ARBEY','ÑAÑEZ','0000-00-00',1,'m','',NULL,NULL,NULL,1,'s',NULL,NULL,'15813268'),(463,1,'LIZANDRO','GÓMEZ','0000-00-00',1,'m','',NULL,NULL,NULL,1,'s',NULL,NULL,''),(464,1,'NABOR','DEJOY','0000-00-00',1,'m','',NULL,NULL,NULL,1,'s',NULL,NULL,'87247402'),(465,1,'GILDARDO','ÑAÑEZ','0000-00-00',1,'m','',NULL,NULL,NULL,1,'s',NULL,NULL,'98323037'),(466,1,'LEON','GUERRERO','0000-00-00',1,'m','',NULL,NULL,NULL,1,'s',NULL,NULL,'5275684'),(467,1,'OTONIEL','BOLAÑOS','0000-00-00',1,'m','',NULL,NULL,NULL,1,'s',NULL,NULL,'98358646'),(468,1,'OMAR','BOLAÑOS','0000-00-00',1,'m','',NULL,NULL,NULL,1,'s',NULL,NULL,'87245981'),(469,1,'ALGEMIRO','RODRIGUEZ','0000-00-00',1,'m','',NULL,NULL,NULL,1,'s',NULL,NULL,'87245980'),(470,1,'JOSE','TOSNE','0000-00-00',1,'m','',NULL,NULL,NULL,1,'s',NULL,NULL,'87245230'),(471,1,'SILVIO','DIAZ','0000-00-00',1,'m','',NULL,NULL,NULL,1,'s',NULL,NULL,'87245705'),(472,1,'WILLIAN','ORDOÑEZ','0000-00-00',1,'m','',NULL,NULL,NULL,1,'s',NULL,NULL,''),(473,1,'JOSIAS','BOLAÑOS','0000-00-00',1,'m','',NULL,NULL,NULL,1,'s',NULL,NULL,''),(474,1,'ALIRIO','ORTEGA','0000-00-00',1,'m','',NULL,NULL,NULL,1,'s',NULL,NULL,'87246710'),(475,1,'ANGEL','MUÑOZ','0000-00-00',1,'m','',NULL,NULL,NULL,1,'s',NULL,NULL,'87247969'),(476,1,'OSCAR','URBANO','0000-00-00',1,'m','',NULL,NULL,NULL,1,'s',NULL,NULL,''),(477,1,'ASDRUBAL','IMBACHI','0000-00-00',1,'m','',NULL,NULL,NULL,1,'s',NULL,NULL,'87245165'),(478,1,'EDER','GÓMEZ','0000-00-00',1,'m','',NULL,NULL,NULL,1,'s',NULL,NULL,''),(479,1,'IMAR','CERON','0000-00-00',1,'m','',NULL,NULL,NULL,1,'s',NULL,NULL,'87245846'),(480,1,'CIFUENTES','CESAR','0000-00-00',1,'m','',NULL,NULL,NULL,1,'s',NULL,NULL,''),(481,1,'JAIRO','SIMALES','0000-00-00',1,'m','',NULL,NULL,NULL,1,'s',NULL,NULL,'87248226'),(482,1,'YEXIL','BOLAÑOS','0000-00-00',1,'m','',NULL,NULL,NULL,1,'s',NULL,NULL,'87245065'),(483,1,'JESUS ','BURBANO','0000-00-00',1,'m','',NULL,NULL,NULL,1,'s',NULL,NULL,'87010072'),(484,1,'SEGUNDO','MIÑOZ','0000-00-00',1,'m','',NULL,NULL,NULL,1,'s',NULL,NULL,'87247186'),(485,1,'WILSON','TULCAN','0000-00-00',1,'m','',NULL,NULL,NULL,1,'s',NULL,NULL,'87247856'),(486,1,'ALFONSO','PALACIOS','0000-00-00',1,'m','',NULL,NULL,NULL,1,'s',NULL,NULL,'87245164'),(487,1,'SEGUNDO','BOLAÑOS','0000-00-00',1,'m','',NULL,NULL,NULL,1,'s',NULL,NULL,'87245819'),(488,1,'JOSE','OBANDO','0000-00-00',1,'m','',NULL,NULL,NULL,1,'s',NULL,NULL,'87248145'),(489,1,'MANUEL','MUÑOZ','0000-00-00',1,'m','',NULL,NULL,NULL,1,'s',NULL,NULL,'87246503'),(490,1,'JAVER','ORDOÑEZ','0000-00-00',1,'m','',NULL,NULL,NULL,1,'s',NULL,NULL,''),(491,1,'ALIRIO','CARLOSAMA','0000-00-00',1,'m','',NULL,NULL,NULL,1,'s',NULL,NULL,'87247811'),(492,1,'HENRY','CERON','0000-00-00',1,'m','',NULL,NULL,NULL,1,'s',NULL,NULL,'87246613'),(493,1,'OSCAR','MORILLO','0000-00-00',1,'m','',NULL,NULL,NULL,1,'s',NULL,NULL,''),(494,1,'WILMER','NAVIA','0000-00-00',1,'m','',NULL,NULL,NULL,1,'s',NULL,NULL,'87249006'),(495,1,'FRANCISCO','ARBOLEDA','0000-00-00',1,'m','',NULL,NULL,NULL,1,'s',NULL,NULL,''),(496,1,'ARTEMIO','PALACIOS','0000-00-00',1,'m','',NULL,NULL,NULL,1,'s',NULL,NULL,'87246074'),(497,1,'WILLIAN','ALVEAR','0000-00-00',1,'m','',NULL,NULL,NULL,1,'s',NULL,NULL,'87248119'),(498,1,'NILSON','MUÑOZ','0000-00-00',1,'m','',NULL,NULL,NULL,1,'s',NULL,NULL,'87247715'),(499,1,'LUIS','VILLADA','0000-00-00',1,'m','',NULL,NULL,NULL,1,'s',NULL,NULL,'87027871'),(500,1,'PRÓPERO','REALPE','0000-00-00',1,'m','',NULL,NULL,NULL,1,'s',NULL,NULL,''),(501,1,'MARCO','BRAVO','0000-00-00',1,'m','',NULL,NULL,NULL,1,'s',NULL,NULL,'87245134'),(502,1,'WILLIAN','BARAJAS','0000-00-00',1,'m','',NULL,NULL,NULL,1,'s',NULL,NULL,'3195348'),(503,1,'LUIS','ALVEAR','0000-00-00',1,'m','',NULL,NULL,NULL,1,'s',NULL,NULL,'87245465'),(504,1,'DIEGO','SOLARTE','0000-00-00',1,'m','',NULL,NULL,NULL,1,'s',NULL,NULL,'87247878'),(505,1,'EDUARDO','PALACIOS','0000-00-00',1,'m','',NULL,NULL,NULL,1,'s',NULL,NULL,'87245476'),(506,1,'JOSE','MOLINA','0000-00-00',1,'m','',NULL,NULL,NULL,1,'s',NULL,NULL,''),(507,1,'LIBARDO','FIGUEROA','0000-00-00',1,'m','',NULL,NULL,NULL,1,'s',NULL,NULL,'87245946'),(508,1,'GUILLERMO','ORTEGA','0000-00-00',1,'m','',NULL,NULL,NULL,1,'s',NULL,NULL,''),(509,1,'JOSE','ORTEGA','0000-00-00',1,'m','',NULL,NULL,NULL,1,'s',NULL,NULL,'98322276'),(510,1,'SEGISMUNDO','CERON','0000-00-00',1,'m','',NULL,NULL,NULL,1,'s',NULL,NULL,'87247180'),(511,1,'FELIX','BRAVO','0000-00-00',1,'m','',NULL,NULL,NULL,1,'s',NULL,NULL,'13070304'),(512,1,'FABIO','TORRES','0000-00-00',1,'m','',NULL,NULL,NULL,1,'s',NULL,NULL,''),(513,1,'','','0000-00-00',1,'m','',NULL,NULL,NULL,1,'s',NULL,NULL,'25274896'),(514,1,'ISRAEL','CHAVEZ','0000-00-00',1,'m','',NULL,NULL,NULL,1,'s',NULL,NULL,''),(515,1,'ALVARO','PORTILLA','0000-00-00',1,'m','',NULL,NULL,NULL,1,'s',NULL,NULL,''),(516,1,'NELSON','BELTRAN','0000-00-00',1,'m','',NULL,NULL,NULL,1,'s',NULL,NULL,'87247478'),(517,1,'HUBER','LEITON','0000-00-00',1,'m','',NULL,NULL,NULL,1,'s',NULL,NULL,'87247004'),(518,1,'MANUEL','ORDOÑEZ','0000-00-00',1,'m','',NULL,NULL,NULL,1,'s',NULL,NULL,''),(519,1,'REINEL','BOLAÑOS','0000-00-00',1,'m','',NULL,NULL,NULL,1,'s',NULL,NULL,''),(520,1,'ALIRIO','LÓPEZ','0000-00-00',1,'m','',NULL,NULL,NULL,1,'s',NULL,NULL,'5340241'),(521,1,'ENUAR','BELTRAN','0000-00-00',1,'m','',NULL,NULL,NULL,1,'s',NULL,NULL,'87245528'),(522,1,'IVAN','HOYOS','0000-00-00',1,'m','',NULL,NULL,NULL,1,'s',NULL,NULL,''),(523,1,'ALBERTO','IMBACHI','0000-00-00',1,'m','',NULL,NULL,NULL,1,'s',NULL,NULL,''),(524,1,'GUILLERMO','VELASCO','0000-00-00',1,'m','',NULL,NULL,NULL,1,'s',NULL,NULL,''),(525,1,'MARIN','ORDOÑEZ','0000-00-00',1,'m','',NULL,NULL,NULL,1,'s',NULL,NULL,'10592172'),(526,1,'PEDRO','ERAZO','0000-00-00',1,'m','',NULL,NULL,NULL,1,'s',NULL,NULL,''),(527,1,'LUIS','REALPE','0000-00-00',1,'m','',NULL,NULL,NULL,1,'s',NULL,NULL,''),(528,1,'PABLO','GUAICAL','0000-00-00',1,'m','',NULL,NULL,NULL,1,'s',NULL,NULL,'87247052'),(529,1,'HECTOR','ORTEGA','0000-00-00',1,'m','',NULL,NULL,NULL,1,'s',NULL,NULL,'87247447'),(530,1,'JOSE','MUÑOZ','0000-00-00',1,'m','',NULL,NULL,NULL,1,'s',NULL,NULL,'87245536'),(531,1,'ORLANDO','HOYOS','0000-00-00',1,'m','',NULL,NULL,NULL,1,'s',NULL,NULL,'87246463'),(532,1,'AUGUSTO','ORDOÑEZ','0000-00-00',1,'m','',NULL,NULL,NULL,1,'s',NULL,NULL,'5274913'),(533,1,'JESUS','NAVIA','0000-00-00',1,'m','',NULL,NULL,NULL,1,'s',NULL,NULL,'87247772'),(534,1,'WILLINGNTON','CISNEROS','0000-00-00',1,'m','',NULL,NULL,NULL,1,'s',NULL,NULL,'87247938'),(535,1,'JAIRO','REALPE','0000-00-00',1,'m','',NULL,NULL,NULL,1,'s',NULL,NULL,''),(536,1,'JESUS','ARCOS','0000-00-00',1,'m','',NULL,NULL,NULL,1,'s',NULL,NULL,'87246547'),(537,1,'URIBE','MUÑOZ','0000-00-00',1,'m','',NULL,NULL,NULL,1,'s',NULL,NULL,'87247083'),(538,1,'GUILLERMO','SAMBONI','0000-00-00',1,'m','',NULL,NULL,NULL,1,'s',NULL,NULL,''),(539,1,'LEONARDO','MUÑOZ','0000-00-00',1,'m','',NULL,NULL,NULL,1,'s',NULL,NULL,'87247197'),(540,1,'ALISANDE','SAMBONI','0000-00-00',1,'m','',NULL,NULL,NULL,1,'s',NULL,NULL,'87247305'),(541,1,'ISACC','CERON','0000-00-00',1,'m','',NULL,NULL,NULL,1,'s',NULL,NULL,'87247268'),(542,1,'LUIS','MUÑOZ','0000-00-00',1,'m','',NULL,NULL,NULL,1,'s',NULL,NULL,'5275325'),(543,1,'CANCIO','CORTES','0000-00-00',1,'m','',NULL,NULL,NULL,1,'s',NULL,NULL,'94453751'),(544,1,'PEDRO','MOLINA','0000-00-00',1,'m','',NULL,NULL,NULL,1,'s',NULL,NULL,''),(545,1,'RODRIGO','MUÑOZ','0000-00-00',1,'m','',NULL,NULL,NULL,1,'s',NULL,NULL,''),(546,1,'EVER','SAMBONY','0000-00-00',1,'m','',NULL,NULL,NULL,1,'s',NULL,NULL,''),(547,1,'OLIDEN','MUÑOZ','0000-00-00',1,'m','',NULL,NULL,NULL,1,'s',NULL,NULL,'87245774'),(548,1,'OSCAR','CRUCES','0000-00-00',1,'m','',NULL,NULL,NULL,1,'s',NULL,NULL,'87247662'),(549,1,'LEONARDO','MUÑOZ','0000-00-00',1,'m','',NULL,NULL,NULL,1,'s',NULL,NULL,'98322274'),(550,1,'EDER','ORDOÑEZ','0000-00-00',1,'m','',NULL,NULL,NULL,1,'s',NULL,NULL,''),(551,1,'LUIS','CERON','0000-00-00',1,'m','',NULL,NULL,NULL,1,'s',NULL,NULL,''),(552,1,'PEDRO','TORRES','0000-00-00',1,'m','',NULL,NULL,NULL,1,'s',NULL,NULL,''),(553,1,'LIBARDO','ENRIQUEZ','0000-00-00',1,'m','',NULL,NULL,NULL,1,'s',NULL,NULL,'87246725'),(554,1,'EDGAR','BOLAÑOS','0000-00-00',1,'m','',NULL,NULL,NULL,1,'s',NULL,NULL,'87247705'),(555,1,'GILDARDO','LOPEZ','0000-00-00',1,'m','',NULL,NULL,NULL,1,'s',NULL,NULL,'98391017'),(556,1,'ROGER','MUÑOZ','0000-00-00',1,'m','',NULL,NULL,NULL,1,'s',NULL,NULL,'87246881'),(557,1,'EDGAR','CALVACHE','0000-00-00',1,'m','',NULL,NULL,NULL,1,'s',NULL,NULL,''),(558,1,'EVER','IMBACHI','0000-00-00',1,'m','',NULL,NULL,NULL,1,'s',NULL,NULL,''),(559,1,'GUIDO','REALPE','0000-00-00',1,'m','',NULL,NULL,NULL,1,'s',NULL,NULL,'87246570'),(560,1,'CIRO','FIGUEROA','0000-00-00',1,'m','',NULL,NULL,NULL,1,'s',NULL,NULL,''),(561,1,'MANUAL','ALVEAR','0000-00-00',1,'m','',NULL,NULL,NULL,1,'s',NULL,NULL,''),(562,1,'HUGO','RANGEL','0000-00-00',1,'m','',NULL,NULL,NULL,1,'s',NULL,NULL,''),(563,1,'ARIEL','MUTIS','0000-00-00',1,'m','',NULL,NULL,NULL,1,'s',NULL,NULL,'87246892'),(564,1,'LEANDRO','DIAZ','0000-00-00',1,'m','',NULL,NULL,NULL,1,'s',NULL,NULL,''),(565,1,'EDGARDO','CABRERA','0000-00-00',1,'m','',NULL,NULL,NULL,1,'s',NULL,NULL,'87245222'),(566,1,'NILBIO','CERON','0000-00-00',1,'m','',NULL,NULL,NULL,1,'s',NULL,NULL,'87247262'),(567,1,'JESUS','MUÑOZ','0000-00-00',1,'m','',NULL,NULL,NULL,1,'s',NULL,NULL,''),(568,1,'GERARDO','GUTIERRES','0000-00-00',1,'m','',NULL,NULL,NULL,1,'s',NULL,NULL,'15612375'),(569,1,'MIGUEL','ORDOÑEZ','0000-00-00',1,'m','',NULL,NULL,NULL,1,'s',NULL,NULL,'87246755'),(570,1,'EMILIO','PARDO','0000-00-00',1,'m','',NULL,NULL,NULL,1,'s',NULL,NULL,'79895562'),(571,1,'EDIL','SAMBONI','0000-00-00',1,'m','',NULL,NULL,NULL,1,'s',NULL,NULL,'12169463'),(572,1,'','','0000-00-00',1,'m','',NULL,NULL,NULL,1,'s',NULL,NULL,'87246538'),(573,1,'BOLIVAR','ORDOÑEZ','0000-00-00',1,'m','',NULL,NULL,NULL,1,'s',NULL,NULL,''),(574,1,'VICTOR','ALBAN','0000-00-00',1,'m','',NULL,NULL,NULL,1,'s',NULL,NULL,'87246937'),(575,1,'JESUS','CHAVES','0000-00-00',1,'m','',NULL,NULL,NULL,1,'s',NULL,NULL,''),(576,1,'ADGEMIRO','GUTIERRES','0000-00-00',1,'m','',NULL,NULL,NULL,1,'s',NULL,NULL,''),(577,1,'EDGAR','ORTIZ','0000-00-00',1,'m','',NULL,NULL,NULL,1,'s',NULL,NULL,'87246602'),(578,1,'MANUEL','BRAVO','0000-00-00',1,'m','',NULL,NULL,NULL,1,'s',NULL,NULL,''),(579,1,'JHON','SAMBONI','0000-00-00',1,'m','',NULL,NULL,NULL,1,'s',NULL,NULL,'4633419'),(580,1,'ENAR','CRIOLLO','0000-00-00',1,'m','',NULL,NULL,NULL,1,'s',NULL,NULL,'87247118'),(581,1,'GENTIL','SAMBONI','0000-00-00',1,'m','',NULL,NULL,NULL,1,'s',NULL,NULL,'76221954'),(582,1,'HERNEY','PEREZ','0000-00-00',1,'m','',NULL,NULL,NULL,1,'s',NULL,NULL,'16054432'),(583,1,'CESAR','CIFUENTES','0000-00-00',1,'m','',NULL,NULL,NULL,1,'s',NULL,NULL,''),(584,1,'SILVIO','GUERRERO','0000-00-00',1,'m','',NULL,NULL,NULL,1,'s',NULL,NULL,''),(585,1,'SEGUNDO','BOLAÑOS','0000-00-00',1,'m','',NULL,NULL,NULL,1,'s',NULL,NULL,''),(586,1,'HERNEY','IMBACHI','0000-00-00',1,'m','',NULL,NULL,NULL,1,'s',NULL,NULL,''),(587,1,'EFRAIN','BOLAÑOS','0000-00-00',1,'m','',NULL,NULL,NULL,1,'s',NULL,NULL,'87247448'),(588,1,'ADONAY','MUÑOZ','0000-00-00',1,'m','',NULL,NULL,NULL,1,'s',NULL,NULL,'87247511'),(589,1,'ELSON','ORDOÑEZ','0000-00-00',1,'m','',NULL,NULL,NULL,1,'s',NULL,NULL,'87247181'),(590,1,'GUILLERMO','ORTIZ','0000-00-00',1,'m','',NULL,NULL,NULL,1,'s',NULL,NULL,'87247276'),(591,1,'SEGUNDO','RUIZ','0000-00-00',1,'m','',NULL,NULL,NULL,1,'s',NULL,NULL,'97245960'),(592,1,'SEGUNDO','PAZ','0000-00-00',1,'m','',NULL,NULL,NULL,1,'s',NULL,NULL,'87246070'),(593,1,'JESUS','ÑAÑEZ','0000-00-00',1,'m','',NULL,NULL,NULL,1,'s',NULL,NULL,''),(594,1,'MADIAN','ORDOÑEZ','0000-00-00',1,'m','',NULL,NULL,NULL,1,'s',NULL,NULL,''),(595,1,'JOSE','YELA','0000-00-00',1,'m','',NULL,NULL,NULL,1,'s',NULL,NULL,''),(596,1,'JAIRO','GUERRERO','0000-00-00',1,'m','',NULL,NULL,NULL,1,'s',NULL,NULL,''),(597,1,'OMAR','MUÑOZ','0000-00-00',1,'m','',NULL,NULL,NULL,1,'s',NULL,NULL,'87247489'),(598,1,'MARCO','ORTEGA','0000-00-00',1,'m','',NULL,NULL,NULL,1,'s',NULL,NULL,''),(599,1,'JAIRO','GRIJALBA','0000-00-00',1,'m','',NULL,NULL,NULL,1,'s',NULL,NULL,'87247331'),(600,1,'OLGUER','BRAVO','0000-00-00',1,'m','',NULL,NULL,NULL,1,'s',NULL,NULL,''),(601,1,'SEGUNDO','ALBAN','0000-00-00',1,'m','',NULL,NULL,NULL,1,'s',NULL,NULL,'15800049'),(602,1,'LUIS','BOLAÑOS','0000-00-00',1,'m','',NULL,NULL,NULL,1,'s',NULL,NULL,''),(603,1,'RAFAEL','GALLARDO ','0000-00-00',1,'m','',NULL,NULL,NULL,1,'s',NULL,NULL,''),(604,1,'GENTIL','SAMBONI','0000-00-00',1,'m','',NULL,NULL,NULL,1,'s',NULL,NULL,''),(605,1,'NEVAR','SOLARTE','0000-00-00',1,'m','',NULL,NULL,NULL,1,'s',NULL,NULL,''),(606,1,'CARLOS','TACURI','0000-00-00',1,'m','',NULL,NULL,NULL,1,'s',NULL,NULL,''),(607,1,'JAMILTON','BENAVIDES','0000-00-00',1,'m','',NULL,NULL,NULL,1,'s',NULL,NULL,''),(608,1,'JOSE','ORTIZ','0000-00-00',1,'m','',NULL,NULL,NULL,1,'s',NULL,NULL,''),(609,1,'ALDUBAR','GRIJALBA','0000-00-00',1,'m','',NULL,NULL,NULL,1,'s',NULL,NULL,''),(610,1,'RODRIGO','GUERRERO','0000-00-00',1,'m','',NULL,NULL,NULL,1,'s',NULL,NULL,''),(611,1,'ERBEY','MUÑOZ','0000-00-00',1,'m','',NULL,NULL,NULL,1,'s',NULL,NULL,''),(612,1,'OMAR','GOMEZ','0000-00-00',1,'m','',NULL,NULL,NULL,1,'s',NULL,NULL,'87247320'),(613,1,'ERMEL','CABRERA','0000-00-00',1,'m','',NULL,NULL,NULL,1,'s',NULL,NULL,'5209863'),(614,1,'FIDENCIO','ÑAÑEZ','0000-00-00',1,'m','',NULL,NULL,NULL,1,'s',NULL,NULL,'4709461'),(615,1,'HAROLD','IBARRA','0000-00-00',1,'m','',NULL,NULL,NULL,1,'s',NULL,NULL,''),(616,1,'EDGAR','SOLARTE','0000-00-00',1,'m','',NULL,NULL,NULL,1,'s',NULL,NULL,'5275678'),(617,1,'ERMES','BOLAÑOS','0000-00-00',1,'m','',NULL,NULL,NULL,1,'s',NULL,NULL,'87246903'),(618,1,'RAMIRO','ÑAÑEZ','0000-00-00',1,'m','',NULL,NULL,NULL,1,'s',NULL,NULL,'87245897'),(619,1,'ALBEIRO','BRAVO','0000-00-00',1,'m','',NULL,NULL,NULL,1,'s',NULL,NULL,'87246172'),(620,1,'NOVARINO','SAMBONI','0000-00-00',1,'m','',NULL,NULL,NULL,1,'s',NULL,NULL,'76221945'),(621,1,'FREDY','DAZA','0000-00-00',1,'m','',NULL,NULL,NULL,1,'s',NULL,NULL,'76334700'),(622,1,'EVER','MOLINA','0000-00-00',1,'m','',NULL,NULL,NULL,1,'s',NULL,NULL,'87247161'),(623,1,'ROGER','CORDOBA','0000-00-00',1,'m','',NULL,NULL,NULL,1,'s',NULL,NULL,'87247734'),(624,1,'JOSE','ROSERO','0000-00-00',1,'m','',NULL,NULL,NULL,1,'s',NULL,NULL,''),(625,1,'MILMAR','DELGADO','0000-00-00',1,'m','',NULL,NULL,NULL,1,'s',NULL,NULL,'87248357'),(626,1,'ELVIO','PARDO','0000-00-00',1,'m','',NULL,NULL,NULL,1,'s',NULL,NULL,'94429203'),(627,1,'MARCO','ORTEGA','0000-00-00',1,'m','',NULL,NULL,NULL,1,'s',NULL,NULL,'8745869'),(628,1,'ELIGIO','PEREZ','0000-00-00',1,'m','',NULL,NULL,NULL,1,'s',NULL,NULL,'76334457'),(629,1,'HERMES','MUÑOZ','0000-00-00',1,'m','',NULL,NULL,NULL,1,'s',NULL,NULL,'87246545'),(630,1,'CARLOS','RODRIGUEZ','0000-00-00',1,'m','',NULL,NULL,NULL,1,'s',NULL,NULL,'87028068'),(631,1,'SEGUNDO','BRAVO','0000-00-00',1,'m','',NULL,NULL,NULL,1,'s',NULL,NULL,'87246290'),(632,1,'FRANCO','BENAVIDES','0000-00-00',1,'m','',NULL,NULL,NULL,1,'s',NULL,NULL,'76221403'),(633,1,'ANCIZAR','BRAVO','0000-00-00',1,'m','',NULL,NULL,NULL,1,'s',NULL,NULL,'10144447'),(634,1,'WILMER','PEREZ','0000-00-00',1,'m','',NULL,NULL,NULL,1,'s',NULL,NULL,''),(635,1,'LUIS','SAMBONI','0000-00-00',1,'m','',NULL,NULL,NULL,1,'s',NULL,NULL,''),(636,1,'LUIS','ZUÑIGA','0000-00-00',1,'m','',NULL,NULL,NULL,1,'s',NULL,NULL,'10660577'),(637,1,'LUIS','ZUÑIGA','0000-00-00',1,'m','',NULL,NULL,NULL,1,'s',NULL,NULL,''),(638,1,'PAULO','TORRES','0000-00-00',1,'m','',NULL,NULL,NULL,1,'s',NULL,NULL,'87248410'),(639,1,'SEGUNDO','CARLOSAMA','0000-00-00',1,'m','',NULL,NULL,NULL,1,'s',NULL,NULL,'87246286'),(640,1,'FERNANDO','ORDOÑEZ','0000-00-00',1,'m','',NULL,NULL,NULL,1,'s',NULL,NULL,'87247540'),(641,1,'FERNANDO','BOLAÑOS','0000-00-00',1,'m','',NULL,NULL,NULL,1,'s',NULL,NULL,''),(642,1,'SEGUNDO','CHINCHA','0000-00-00',1,'m','',NULL,NULL,NULL,1,'s',NULL,NULL,'12997597'),(643,1,'JOSE','MUÑOZ','0000-00-00',1,'m','',NULL,NULL,NULL,1,'s',NULL,NULL,'87245679'),(644,1,'ELVER','ORTEGA','0000-00-00',1,'m','',NULL,NULL,NULL,1,'s',NULL,NULL,'87301072'),(645,1,'JOSE','LEITON','0000-00-00',1,'m','',NULL,NULL,NULL,1,'s',NULL,NULL,'79572209'),(646,1,'JAIME','MUÑOZ','0000-00-00',1,'m','',NULL,NULL,NULL,1,'s',NULL,NULL,'4709419'),(647,1,'JESUS','DIAZ','0000-00-00',1,'m','',NULL,NULL,NULL,1,'s',NULL,NULL,''),(648,1,'TULIO','ALVARADO','0000-00-00',1,'m','',NULL,NULL,NULL,1,'s',NULL,NULL,'87247806'),(649,1,'CARLOS','GOMEZ','0000-00-00',1,'m','',NULL,NULL,NULL,1,'s',NULL,NULL,'87247067'),(650,1,'HECTOR','MARTINEZ','0000-00-00',1,'m','',NULL,NULL,NULL,1,'s',NULL,NULL,''),(651,1,'FRANCISCO','RANGEL','0000-00-00',1,'m','',NULL,NULL,NULL,1,'s',NULL,NULL,'87245798'),(652,1,'SEGUNDO','MUTIS','0000-00-00',1,'m','',NULL,NULL,NULL,1,'s',NULL,NULL,''),(653,1,'JAIRO','MUÑOZ','0000-00-00',1,'m','',NULL,NULL,NULL,1,'s',NULL,NULL,'87245506'),(654,1,'ALVARO','GARCES','0000-00-00',1,'m','',NULL,NULL,NULL,1,'s',NULL,NULL,'87245499'),(655,1,'LUIS','GARCIA','0000-00-00',1,'m','',NULL,NULL,NULL,1,'s',NULL,NULL,'10592463'),(656,1,'GEOVANNY','SANTOS','0000-00-00',1,'m','',NULL,NULL,NULL,1,'s',NULL,NULL,''),(657,1,'MIGUEL','MUÑOZ','0000-00-00',1,'m','',NULL,NULL,NULL,1,'s',NULL,NULL,'87246796'),(658,1,'PABLO','MUÑOZ','0000-00-00',1,'m','',NULL,NULL,NULL,1,'s',NULL,NULL,'87245335'),(659,1,'ADGEMIRO','ARCOS','0000-00-00',1,'m','',NULL,NULL,NULL,1,'s',NULL,NULL,'87246284'),(660,1,'GERARDO','BRAVO','0000-00-00',1,'m','',NULL,NULL,NULL,1,'s',NULL,NULL,'87246591'),(661,1,'OSCAR','ORTIZ','0000-00-00',1,'m','',NULL,NULL,NULL,1,'s',NULL,NULL,''),(662,1,'GUILLERMO','HOYOS','0000-00-00',1,'m','',NULL,NULL,NULL,1,'s',NULL,NULL,'5275439'),(663,1,'LUIS','REY','0000-00-00',1,'m','',NULL,NULL,NULL,1,'s',NULL,NULL,'87245917'),(664,1,'ARMANDO','ZUÑIGA','0000-00-00',1,'m','',NULL,NULL,NULL,1,'s',NULL,NULL,'76218955'),(665,1,'AMBROCIO','MACIAS','0000-00-00',1,'m','',NULL,NULL,NULL,1,'s',NULL,NULL,'4632307'),(666,1,'PLINIO','MUÑOZ','0000-00-00',1,'m','',NULL,NULL,NULL,1,'s',NULL,NULL,''),(667,1,'CONSTANZA','RUIZ','0000-00-00',1,'m','',NULL,NULL,NULL,1,'s',NULL,NULL,'87245524'),(668,1,'JESUS','MARTINEZ','0000-00-00',1,'m','',NULL,NULL,NULL,1,'s',NULL,NULL,'12960609'),(669,1,'DIMAS','SAMBONI','0000-00-00',1,'m','',NULL,NULL,NULL,1,'s',NULL,NULL,'76218907'),(670,1,'OMAR','MUÑOZ','0000-00-00',1,'m','',NULL,NULL,NULL,1,'s',NULL,NULL,''),(671,1,'ERALDO','IMBACHI','0000-00-00',1,'m','',NULL,NULL,NULL,1,'s',NULL,NULL,'76215088'),(672,1,'IDER','ALVARADO','0000-00-00',1,'m','',NULL,NULL,NULL,1,'s',NULL,NULL,''),(673,1,'ALIRIO','BRAVO','0000-00-00',1,'m','',NULL,NULL,NULL,1,'s',NULL,NULL,''),(674,1,'ORLANDO','FIGUEROA','0000-00-00',1,'m','',NULL,NULL,NULL,1,'s',NULL,NULL,''),(675,1,'FRANCO','ENRIQUEZ','0000-00-00',1,'m','',NULL,NULL,NULL,1,'s',NULL,NULL,'87246558'),(676,1,'JAIRO','QUINAYAS','0000-00-00',1,'m','',NULL,NULL,NULL,1,'s',NULL,NULL,'76215662'),(677,1,'ROBERTO','MUÑOZ','0000-00-00',1,'m','',NULL,NULL,NULL,1,'s',NULL,NULL,'4739568'),(678,1,'GUILLERMO','SIMALES','0000-00-00',1,'m','',NULL,NULL,NULL,1,'s',NULL,NULL,'48560107'),(679,1,'SILINO','SAMBONI','0000-00-00',1,'m','',NULL,NULL,NULL,1,'s',NULL,NULL,'4633457'),(680,1,'ADELMO','GONZALES','0000-00-00',1,'m','',NULL,NULL,NULL,1,'s',NULL,NULL,'87246825'),(681,1,'SILINO','MUÑOZ','0000-00-00',1,'m','',NULL,NULL,NULL,1,'s',NULL,NULL,'5275971'),(682,1,'MANUEL','GUERRERO','0000-00-00',1,'m','',NULL,NULL,NULL,1,'s',NULL,NULL,'87247007'),(683,1,'SAMIR','FRANCO','0000-00-00',1,'m','',NULL,NULL,NULL,1,'s',NULL,NULL,'76331316'),(684,1,'JOSE','SACANAMBOY','0000-00-00',1,'m','',NULL,NULL,NULL,1,'s',NULL,NULL,'10315508'),(685,1,'MIGUEL','ANGULO','0000-00-00',1,'m','',NULL,NULL,NULL,1,'s',NULL,NULL,''),(686,1,'HENRY','ERAZO','0000-00-00',1,'m','',NULL,NULL,NULL,1,'s',NULL,NULL,'16793433'),(687,1,'ANTIMIO','MUÑOZ','0000-00-00',1,'m','',NULL,NULL,NULL,1,'s',NULL,NULL,'97435053'),(688,1,'EMERGILDO','MUÑOZ','0000-00-00',1,'m','',NULL,NULL,NULL,1,'s',NULL,NULL,''),(689,1,'EDUARDO','PEREZ','0000-00-00',1,'m','',NULL,NULL,NULL,1,'s',NULL,NULL,'4632688'),(690,1,'','','0000-00-00',1,'m','',NULL,NULL,NULL,1,'s',NULL,NULL,'12168188'),(691,1,'FREDY','CARLOSAMA','0000-00-00',1,'m','',NULL,NULL,NULL,1,'s',NULL,NULL,'87247366'),(692,1,'CARLOS','MUÑOZ','0000-00-00',1,'m','',NULL,NULL,NULL,1,'s',NULL,NULL,'76215987'),(693,1,'MILEIDA','SAMBONI','0000-00-00',1,'m','',NULL,NULL,NULL,1,'s',NULL,NULL,'4632773'),(694,1,'LIEVANO','CERON','0000-00-00',1,'m','',NULL,NULL,NULL,1,'s',NULL,NULL,'87246433'),(695,1,'LUVIANO','GOMEZ','0000-00-00',1,'m','',NULL,NULL,NULL,1,'s',NULL,NULL,'87247170'),(696,1,'EDGAR','ROSERO','0000-00-00',1,'m','',NULL,NULL,NULL,1,'s',NULL,NULL,''),(697,1,'PEDRO','ORTEGA','0000-00-00',1,'m','',NULL,NULL,NULL,1,'s',NULL,NULL,'6208542'),(698,1,'JAIRO','HIDALGO','0000-00-00',1,'m','',NULL,NULL,NULL,1,'s',NULL,NULL,'87247761'),(699,1,'JOSE ALIRIO','ÑAÑEZ','0000-00-00',1,'m','',NULL,NULL,NULL,1,'s',NULL,NULL,''),(700,1,'SANDRO','PEREZ','0000-00-00',1,'m','',NULL,NULL,NULL,1,'s',NULL,NULL,''),(701,1,'FREDY','URBANO','0000-00-00',1,'m','',NULL,NULL,NULL,1,'s',NULL,NULL,''),(702,1,'ANGEL','IMBACHI','0000-00-00',1,'m','',NULL,NULL,NULL,1,'s',NULL,NULL,'87247190'),(703,1,'PEDRO','MOLINA','0000-00-00',1,'m','',NULL,NULL,NULL,1,'s',NULL,NULL,'87247210'),(704,1,'OMAR','ORTIZ','0000-00-00',1,'m','',NULL,NULL,NULL,1,'s',NULL,NULL,''),(705,1,'JAVIER','MARTINEZ','0000-00-00',1,'m','',NULL,NULL,NULL,1,'s',NULL,NULL,''),(706,1,'JAIRO','ESCOBAR','0000-00-00',1,'m','',NULL,NULL,NULL,1,'s',NULL,NULL,'4753071'),(707,1,'ALIRIO','MUÑOZ','0000-00-00',1,'m','',NULL,NULL,NULL,1,'s',NULL,NULL,''),(708,1,'SATURNINO','BRAVO','0000-00-00',1,'m','',NULL,NULL,NULL,1,'s',NULL,NULL,''),(709,1,'ROGER','MUÑOZ','0000-00-00',1,'m','',NULL,NULL,NULL,1,'s',NULL,NULL,''),(710,1,'HOSCAR','ARCOS','0000-00-00',1,'m','',NULL,NULL,NULL,1,'s',NULL,NULL,'87247755'),(711,1,'LUIS','CARLOSAMA','0000-00-00',1,'m','',NULL,NULL,NULL,1,'s',NULL,NULL,''),(712,1,'LUCIO','DELGADO','0000-00-00',1,'m','',NULL,NULL,NULL,1,'s',NULL,NULL,'14939870'),(713,1,'LUIS','BRAVO','0000-00-00',1,'m','',NULL,NULL,NULL,1,'s',NULL,NULL,'5275380'),(714,1,'EVARISTO','MOLINA','0000-00-00',1,'m','',NULL,NULL,NULL,1,'s',NULL,NULL,''),(715,1,'OSCAR','QUINTERO','0000-00-00',1,'m','',NULL,NULL,NULL,1,'s',NULL,NULL,'76332430'),(716,1,'ARNULFO','VELASCO','0000-00-00',1,'m','',NULL,NULL,NULL,1,'s',NULL,NULL,''),(717,1,'GERARDO','ALVEAR','0000-00-00',1,'m','',NULL,NULL,NULL,1,'s',NULL,NULL,'87246380'),(718,1,'JAVIER','BOLAÑOS','0000-00-00',1,'m','',NULL,NULL,NULL,1,'s',NULL,NULL,'87247555'),(719,1,'GERARDO','LASSO','0000-00-00',1,'m','',NULL,NULL,NULL,1,'s',NULL,NULL,'87246838'),(720,1,'GEOVANY','MUÑOZ','0000-00-00',1,'m','',NULL,NULL,NULL,1,'s',NULL,NULL,'87247328'),(721,1,'YAMID','ERAZO','0000-00-00',1,'m','',NULL,NULL,NULL,1,'s',NULL,NULL,'87248405'),(722,1,'ARCADIO','BRAVO','0000-00-00',1,'m','',NULL,NULL,NULL,1,'s',NULL,NULL,'87247737'),(723,1,'CARLOS','AGUILAR','0000-00-00',1,'m','',NULL,NULL,NULL,1,'s',NULL,NULL,''),(724,1,'JAVER','CERON','0000-00-00',1,'m','',NULL,NULL,NULL,1,'s',NULL,NULL,''),(725,1,'LUCIANO','MESIAS','0000-00-00',1,'m','',NULL,NULL,NULL,1,'s',NULL,NULL,'5217055'),(726,1,'HECTOR','BRAVO','0000-00-00',1,'m','',NULL,NULL,NULL,1,'s',NULL,NULL,''),(727,1,'AUDELO','ÑAÑEZ','0000-00-00',1,'m','',NULL,NULL,NULL,1,'s',NULL,NULL,''),(728,1,'JOSE','GUERRERO','0000-00-00',1,'m','',NULL,NULL,NULL,1,'s',NULL,NULL,''),(729,1,'DUBERNEY','HIDALG','0000-00-00',1,'m','',NULL,NULL,NULL,1,'s',NULL,NULL,'87246114'),(730,1,'EIBER','VELASCO','0000-00-00',1,'m','',NULL,NULL,NULL,1,'s',NULL,NULL,'87245909'),(731,1,'RICHAR','ORDOÑEZ','0000-00-00',1,'m','',NULL,NULL,NULL,1,'s',NULL,NULL,'10543643'),(732,1,'','','0000-00-00',1,'m','',NULL,NULL,NULL,1,'s',NULL,NULL,'5275949'),(733,1,'ALVARO','MARTINEZ','0000-00-00',1,'m','',NULL,NULL,NULL,1,'s',NULL,NULL,'5275949'),(734,1,'CARLOS','MUÑOZ','0000-00-00',1,'m','',NULL,NULL,NULL,1,'s',NULL,NULL,'87245448'),(735,1,'','','0000-00-00',1,'m','',NULL,NULL,NULL,1,'s',NULL,NULL,'98323345'),(736,1,'VICTOR','ENRIQUEZ','0000-00-00',1,'m','',NULL,NULL,NULL,1,'s',NULL,NULL,'98358753'),(737,1,'ARMANDO','MORALES','0000-00-00',1,'m','',NULL,NULL,NULL,1,'s',NULL,NULL,'98358753'),(738,1,'','','0000-00-00',1,'m','',NULL,NULL,NULL,1,'s',NULL,NULL,'87247186'),(739,1,'JOSE','REALPE','0000-00-00',1,'m','',NULL,NULL,NULL,1,'s',NULL,NULL,'87284886'),(740,1,'PEDRO','HOYOS','0000-00-00',1,'m','',NULL,NULL,NULL,1,'s',NULL,NULL,'87246703'),(741,1,'SILVIA','DIAZ','0000-00-00',1,'m','',NULL,NULL,NULL,1,'s',NULL,NULL,''),(742,1,'PEDRO','BUESAQUILLO','0000-00-00',1,'m','',NULL,NULL,NULL,1,'s',NULL,NULL,'87010032'),(743,1,'NILVIO','MUÑOZ','0000-00-00',1,'m','',NULL,NULL,NULL,1,'s',NULL,NULL,'87247496'),(744,1,'JOSE','MARTINEZ','0000-00-00',1,'m','',NULL,NULL,NULL,1,'s',NULL,NULL,'87247670'),(745,1,'OSCAR','IBARRA','0000-00-00',1,'m','',NULL,NULL,NULL,1,'s',NULL,NULL,''),(746,1,'SALVADOR','MARTINEZ','0000-00-00',1,'m','',NULL,NULL,NULL,1,'s',NULL,NULL,'5275704'),(747,1,'PEDRO','BUESAQUILLO','0000-00-00',1,'m','',NULL,NULL,NULL,1,'s',NULL,NULL,'48608401'),(748,1,'JAIRO','MUÑOZ','0000-00-00',1,'m','',NULL,NULL,NULL,1,'s',NULL,NULL,'87245653'),(749,1,'LUIS','QUIROZ','0000-00-00',1,'m','',NULL,NULL,NULL,1,'s',NULL,NULL,''),(750,1,'JOSE','RANGEL','0000-00-00',1,'m','',NULL,NULL,NULL,1,'s',NULL,NULL,''),(751,1,'FELIX','SAMBONI','0000-00-00',1,'m','',NULL,NULL,NULL,1,'s',NULL,NULL,'87247241'),(752,1,'GEOVANNY','CHAVEZ','0000-00-00',1,'m','',NULL,NULL,NULL,1,'s',NULL,NULL,''),(753,1,'SEGUNDO','ORDOMEZ','0000-00-00',1,'m','',NULL,NULL,NULL,1,'s',NULL,NULL,'87245271'),(754,1,'HECTOR','ROSERO','0000-00-00',1,'m','',NULL,NULL,NULL,1,'s',NULL,NULL,'87249484'),(755,1,'AURELIO','GUERRERO','0000-00-00',1,'m','',NULL,NULL,NULL,1,'s',NULL,NULL,'87246324'),(756,1,'FRANCO','IBARRA','0000-00-00',1,'m','',NULL,NULL,NULL,1,'s',NULL,NULL,''),(757,1,'JOSE','MOARI','0000-00-00',1,'m','',NULL,NULL,NULL,1,'s',NULL,NULL,''),(758,1,'TEODULFO','BELTRAN','0000-00-00',1,'m','',NULL,NULL,NULL,1,'s',NULL,NULL,''),(759,1,'ANTONIO','MUÑOZ','0000-00-00',1,'m','',NULL,NULL,NULL,1,'s',NULL,NULL,''),(760,1,'RUTILIO','GALLARDO','0000-00-00',1,'m','',NULL,NULL,NULL,1,'s',NULL,NULL,''),(761,1,'SALVADOR','BOLAÑOS','0000-00-00',1,'m','',NULL,NULL,NULL,1,'s',NULL,NULL,''),(762,1,'CAYO','DELGADO','0000-00-00',1,'m','',NULL,NULL,NULL,1,'s',NULL,NULL,''),(763,1,'JOSE','BOLAÑOS','0000-00-00',1,'m','',NULL,NULL,NULL,1,'s',NULL,NULL,''),(764,1,'RAMIRO','LEITON','0000-00-00',1,'m','',NULL,NULL,NULL,1,'s',NULL,NULL,''),(765,1,'EUDORO','DAZA','0000-00-00',1,'m','',NULL,NULL,NULL,1,'s',NULL,NULL,''),(766,1,'JHON','SAMBONI','0000-00-00',1,'m','',NULL,NULL,NULL,1,'s',NULL,NULL,''),(767,1,'JUAN','ALBORNOZ','0000-00-00',1,'m','',NULL,NULL,NULL,1,'s',NULL,NULL,''),(768,1,'SEGUNDO','HOYOS','0000-00-00',1,'m','',NULL,NULL,NULL,1,'s',NULL,NULL,''),(769,1,'ANTONIO','BARRIOS','0000-00-00',1,'m','',NULL,NULL,NULL,1,'s',NULL,NULL,''),(770,1,'GUILLERMO','GUERRA','0000-00-00',1,'m','',NULL,NULL,NULL,1,'s',NULL,NULL,''),(771,1,'AMERICO','MUÑOZ','0000-00-00',1,'m','',NULL,NULL,NULL,1,'s',NULL,NULL,''),(772,1,'ALBEIRO','BOLAÑOS','0000-00-00',1,'m','',NULL,NULL,NULL,1,'s',NULL,NULL,''),(773,1,'MARCOS','MACIAS','0000-00-00',1,'m','',NULL,NULL,NULL,1,'s',NULL,NULL,''),(774,1,'AURELIO','LOPEZ','0000-00-00',1,'m','',NULL,NULL,NULL,1,'s',NULL,NULL,''),(775,1,'JORGE','BURBANO','0000-00-00',1,'m','',NULL,NULL,NULL,1,'s',NULL,NULL,''),(776,1,'JOSE','MUÑOZ','0000-00-00',1,'m','',NULL,NULL,NULL,1,'s',NULL,NULL,''),(777,1,'HEMERGILDO','ORDOÑEZ','0000-00-00',1,'m','',NULL,NULL,NULL,1,'s',NULL,NULL,''),(778,1,'SEGUNDO','MENESES','0000-00-00',1,'m','',NULL,NULL,NULL,1,'s',NULL,NULL,''),(779,1,'JOSIAS','BOLAÑOS','0000-00-00',1,'m','',NULL,NULL,NULL,1,'s',NULL,NULL,'4709461'),(780,1,'JORGE','GOMEZ','0000-00-00',1,'m','',NULL,NULL,NULL,1,'s',NULL,NULL,''),(781,1,'BREDIO','GALINDEZ','0000-00-00',1,'m','',NULL,NULL,NULL,1,'s',NULL,NULL,'87248634'),(782,1,'EDGAR','LEDEZMA','0000-00-00',1,'m','',NULL,NULL,NULL,1,'s',NULL,NULL,'87247431'),(783,1,'LUIS','DIAZ','0000-00-00',1,'m','',NULL,NULL,NULL,1,'s',NULL,NULL,'5275109'),(784,1,'MARINO','DIAZ','0000-00-00',1,'m','',NULL,NULL,NULL,1,'s',NULL,NULL,'87246924'),(785,1,'EVARISTO','MOLINA','0000-00-00',1,'m','',NULL,NULL,NULL,1,'s',NULL,NULL,'87246936'),(786,1,'MIGUEL','BURBANO','0000-00-00',1,'m','',NULL,NULL,NULL,1,'s',NULL,NULL,'87010074'),(787,1,'EVELIO','MUÑOZ','0000-00-00',1,'m','',NULL,NULL,NULL,1,'s',NULL,NULL,'87246771'),(788,1,'EDELMIRA','ÑAÑEZ','0000-00-00',1,'m','',NULL,NULL,NULL,1,'s',NULL,NULL,''),(789,1,'JOSE','BOLAÑOS','0000-00-00',1,'m','',NULL,NULL,NULL,1,'s',NULL,NULL,'5340387'),(790,1,'','','0000-00-00',1,'m','',NULL,NULL,NULL,1,'s',NULL,NULL,'5340232'),(791,1,'HERMES','MUÑOZ','0000-00-00',1,'m','',NULL,NULL,NULL,1,'s',NULL,NULL,'87246571'),(792,1,'IDER','ALVARADO','0000-00-00',1,'m','',NULL,NULL,NULL,1,'s',NULL,NULL,'12238643'),(793,1,'JUAN','ALBORNOZ','0000-00-00',1,'m','',NULL,NULL,NULL,1,'s',NULL,NULL,'79799798'),(794,1,'JESUS','DIAZ','0000-00-00',1,'m','',NULL,NULL,NULL,1,'s',NULL,NULL,'5275712'),(795,1,'HECTOR','ORTEGA','0000-00-00',1,'m','',NULL,NULL,NULL,1,'s',NULL,NULL,''),(796,1,'MEDARDO','BELTRAN ','0000-00-00',1,'m','',NULL,NULL,NULL,1,'s',NULL,NULL,''),(797,1,'EMIRO','SAMBONI','0000-00-00',1,'m','',NULL,NULL,NULL,1,'s',NULL,NULL,''),(798,1,'GILBERTO','BENAVIDES','0000-00-00',1,'m','',NULL,NULL,NULL,1,'s',NULL,NULL,''),(799,1,'JORGE','BOLAÑOS','0000-00-00',1,'m','',NULL,NULL,NULL,1,'s',NULL,NULL,'87245822'),(800,1,'ANIBAL','SOLARTE','0000-00-00',1,'m','',NULL,NULL,NULL,1,'s',NULL,NULL,'87247106'),(801,1,'MARCO','ERAZO','0000-00-00',1,'m','',NULL,NULL,NULL,1,'s',NULL,NULL,''),(802,1,'LIBARDO','DAVILA','0000-00-00',1,'m','',NULL,NULL,NULL,1,'s',NULL,NULL,'87246988'),(803,1,'GILBERTO','ORTEGA','0000-00-00',1,'m','',NULL,NULL,NULL,1,'s',NULL,NULL,'19301466'),(804,1,'FABIAN','VAENZUELA','0000-00-00',1,'m','',NULL,NULL,NULL,1,'s',NULL,NULL,'4391980'),(805,1,'ANTIDIO','OBANDO','0000-00-00',1,'m','',NULL,NULL,NULL,1,'s',NULL,NULL,'87245638'),(806,1,'TOBIA','MEZA','0000-00-00',1,'m','',NULL,NULL,NULL,1,'s',NULL,NULL,''),(807,1,'AGUSTIN','URBANO','0000-00-00',1,'m','',NULL,NULL,NULL,1,'s',NULL,NULL,''),(808,1,'EIDER','DAZA','0000-00-00',1,'m','',NULL,NULL,NULL,1,'s',NULL,NULL,'76284905'),(809,1,'SEGUNDO','CARLOSAMA','0000-00-00',1,'m','',NULL,NULL,NULL,1,'s',NULL,NULL,'87245082'),(810,1,'GABRIEL','ORTIZ','0000-00-00',1,'m','',NULL,NULL,NULL,1,'s',NULL,NULL,''),(811,1,'JAVIER','BENITES','0000-00-00',1,'m','',NULL,NULL,NULL,1,'s',NULL,NULL,'7628570'),(812,1,'VICTOR','ORDOÑEZ','0000-00-00',1,'m','',NULL,NULL,NULL,1,'s',NULL,NULL,'87245880'),(813,1,'LIONSO','BURBANO','0000-00-00',1,'m','',NULL,NULL,NULL,1,'s',NULL,NULL,'4737289'),(814,1,'EVELIO','MUÑOZ','0000-00-00',1,'m','',NULL,NULL,NULL,1,'s',NULL,NULL,'87246791'),(815,1,'LUIS','REALPE','0000-00-00',1,'m','',NULL,NULL,NULL,1,'s',NULL,NULL,'87245671'),(816,1,'NIDIA','FIGUEROA','0000-00-00',1,'m','',NULL,NULL,NULL,1,'s',NULL,NULL,'27276486'),(817,1,'ALICIA VICTORIA','SAMBONI BUESAQUILLO','0000-00-00',1,'m','',NULL,NULL,NULL,1,'s',NULL,NULL,'27281753'),(818,1,'NANCY AMPARO','ALVARADO','0000-00-00',1,'m','',NULL,NULL,NULL,1,'s',NULL,NULL,'1088971688'),(819,1,'MIRTHA','BRAVO CÓRDOBA','0000-00-00',1,'m','',NULL,NULL,NULL,1,'s',NULL,NULL,'27277348'),(820,1,'LUZ MARY','VELASCO','0000-00-00',1,'m','',NULL,NULL,NULL,1,'s',NULL,NULL,'27277896'),(821,1,'YOLANDA','BRAVO CARLOSAMA','0000-00-00',1,'m','',NULL,NULL,NULL,1,'s',NULL,NULL,'27277880'),(822,1,'OLGA MERY','BOLAÑOS','0000-00-00',1,'m','',NULL,NULL,NULL,1,'s',NULL,NULL,'27279579'),(823,1,'ROSA STELLA','MARTINEZ','0000-00-00',1,'m','',NULL,NULL,NULL,1,'s',NULL,NULL,'40332809'),(824,1,'VIVIANA','DELGADO','0000-00-00',1,'m','',NULL,NULL,NULL,1,'s',NULL,NULL,'36980185'),(825,1,'CARMEN','LASSO REALPE','0000-00-00',1,'m','',NULL,NULL,NULL,1,'s',NULL,NULL,'52820099'),(826,1,'LUCILA','MUÑOZ','0000-00-00',1,'m','',NULL,NULL,NULL,1,'s',NULL,NULL,'27281576'),(827,1,'MA. DEL SOCORRO','LEDEZMA ARCOS ','0000-00-00',1,'m','',NULL,NULL,NULL,1,'s',NULL,NULL,'27275972'),(828,1,'MAGALY DEL PILAR','BRAVO','0000-00-00',1,'m','',NULL,NULL,NULL,1,'s',NULL,NULL,'36752748'),(829,1,'CARMEN DEL SOCORRO','VELASCO','0000-00-00',1,'m','',NULL,NULL,NULL,1,'s',NULL,NULL,'27277441'),(830,1,'SOCORRO','SOLARTE','0000-00-00',1,'m','',NULL,NULL,NULL,1,'s',NULL,NULL,'27276395'),(831,1,'ROSA DEL SOCORRO','DSANCHEZ','0000-00-00',1,'m','',NULL,NULL,NULL,1,'s',NULL,NULL,'27281347'),(832,1,'YOLANDA CATALINA','ALVEAR','0000-00-00',1,'m','',NULL,NULL,NULL,1,'s',NULL,NULL,'27277694'),(833,1,'YULLI BIVIANA','INSUASTI','0000-00-00',1,'m','',NULL,NULL,NULL,1,'s',NULL,NULL,'27282449'),(834,1,'DIANA ROCIO','CRUCES','0000-00-00',1,'m','',NULL,NULL,NULL,1,'s',NULL,NULL,'1004710957'),(835,1,'YENI AMPARO','BOLAÑOS','0000-00-00',1,'m','',NULL,NULL,NULL,1,'s',NULL,NULL,'53013432'),(836,1,'DEISY MIREYA','MESA','0000-00-00',1,'m','',NULL,NULL,NULL,1,'s',NULL,NULL,'36980225'),(837,1,'PAOLA','BRAVO','0000-00-00',1,'m','',NULL,NULL,NULL,1,'s',NULL,NULL,'27282072'),(838,1,'IVONN JOHANA','NARVAEZ','0000-00-00',1,'m','',NULL,NULL,NULL,1,'s',NULL,NULL,'27281597'),(839,1,'DERLY MONICA','MUÑOZ','0000-00-00',1,'m','',NULL,NULL,NULL,1,'s',NULL,NULL,'36980198'),(840,1,'SANDRA','ORTIZ','0000-00-00',1,'m','',NULL,NULL,NULL,1,'s',NULL,NULL,'27276575'),(841,1,'LUCY AMPARO','MUÑOZ','0000-00-00',1,'m','',NULL,NULL,NULL,1,'s',NULL,NULL,'37060187'),(842,1,'AYDE','BRAVO','0000-00-00',1,'m','',NULL,NULL,NULL,1,'s',NULL,NULL,'27281494'),(843,1,'DORIS','BRAVO','0000-00-00',1,'m','',NULL,NULL,NULL,1,'s',NULL,NULL,'27281446'),(844,1,'DELMY','ORTIZ','0000-00-00',1,'m','',NULL,NULL,NULL,1,'s',NULL,NULL,'27282130'),(845,1,'AURA','BOLAÑOS','0000-00-00',1,'m','',NULL,NULL,NULL,1,'s',NULL,NULL,'27281151'),(846,1,'MARGOTH','JURADO','0000-00-00',1,'m','',NULL,NULL,NULL,1,'s',NULL,NULL,'25596490'),(847,1,'EMILCE','DIAZ DIAZ','0000-00-00',1,'m','',NULL,NULL,NULL,1,'s',NULL,NULL,'36980126'),(848,1,'LILIANA','BOLAÑOS','0000-00-00',1,'m','',NULL,NULL,NULL,1,'s',NULL,NULL,'27281759'),(849,1,'MARIA JESUS','MUÑOZ','0000-00-00',1,'m','',NULL,NULL,NULL,1,'s',NULL,NULL,'27277903'),(850,1,'ANDREA','CASTILLO ','0000-00-00',1,'m','',NULL,NULL,NULL,1,'s',NULL,NULL,''),(851,1,'','','0000-00-00',1,'m','',NULL,NULL,NULL,1,'s',NULL,NULL,'27281697'),(852,1,'MERCY','GAVIRIA','0000-00-00',1,'m','',NULL,NULL,NULL,1,'s',NULL,NULL,'27282234'),(853,1,'YOLANDA','MOLINA','0000-00-00',1,'m','',NULL,NULL,NULL,1,'s',NULL,NULL,'27277834'),(854,1,'LAURA','DIAZ','0000-00-00',1,'m','',NULL,NULL,NULL,1,'s',NULL,NULL,'27275689'),(855,1,'MARIA HORTENCIA','ORTIZ','0000-00-00',1,'m','',NULL,NULL,NULL,1,'s',NULL,NULL,'27282283'),(856,1,'CONSUELO','BOTINA','0000-00-00',1,'m','',NULL,NULL,NULL,1,'s',NULL,NULL,'27277369'),(857,1,'','','0000-00-00',1,'m','',NULL,NULL,NULL,1,'s',NULL,NULL,'27124290'),(858,1,'SANDRA MILENA','BRAVO','0000-00-00',1,'m','',NULL,NULL,NULL,1,'s',NULL,NULL,'27282326'),(859,1,'CRISTINA','IMBACHI','0000-00-00',1,'m','',NULL,NULL,NULL,1,'s',NULL,NULL,'27282232'),(860,1,'CLAUDIA','SIMALES','0000-00-00',1,'m','',NULL,NULL,NULL,1,'s',NULL,NULL,'36980262'),(861,1,'HILDA','BOLAÑOS','0000-00-00',1,'m','',NULL,NULL,NULL,1,'s',NULL,NULL,'27276027'),(862,1,'LIGIA','BOLAÑOS','0000-00-00',1,'m','',NULL,NULL,NULL,1,'s',NULL,NULL,'27277594'),(863,1,'MARTHA','IMBACHI','0000-00-00',1,'m','',NULL,NULL,NULL,1,'s',NULL,NULL,'27281975'),(864,1,'YENNY ','DIAZ','0000-00-00',1,'m','',NULL,NULL,NULL,1,'s',NULL,NULL,'27281547'),(865,1,'NATHALIA','DIAZ','0000-00-00',1,'m','',NULL,NULL,NULL,1,'s',NULL,NULL,'1088970660'),(866,1,'VIVIANA','MARTINEZ','0000-00-00',1,'m','',NULL,NULL,NULL,1,'s',NULL,NULL,''),(867,1,'LILIANA','MUÑOZ','0000-00-00',1,'m','',NULL,NULL,NULL,1,'s',NULL,NULL,''),(868,1,'MARIA ELENA','PAZ BOLAÑOS','0000-00-00',1,'m','',NULL,NULL,NULL,1,'s',NULL,NULL,'27274532'),(869,1,'LENEY DEL SOCORRO','CERON','0000-00-00',1,'m','',NULL,NULL,NULL,1,'s',NULL,NULL,'27275948'),(870,1,'MARIA MARGOT','BOLAÑOS','0000-00-00',1,'m','',NULL,NULL,NULL,1,'s',NULL,NULL,'27281251'),(871,1,'NUBIA','ORTIZ','0000-00-00',1,'m','',NULL,NULL,NULL,1,'s',NULL,NULL,'27281044'),(872,1,'CARMEN CIELO','MOLINA','0000-00-00',1,'m','',NULL,NULL,NULL,1,'s',NULL,NULL,''),(873,1,'MARIELA','ORTEGA','0000-00-00',1,'m','',NULL,NULL,NULL,1,'s',NULL,NULL,'27277993'),(874,1,'YENNI SOCORRO','BRAVO ','0000-00-00',1,'m','',NULL,NULL,NULL,1,'s',NULL,NULL,'272781206'),(875,1,'CRISTINA','BOLAÑOS','0000-00-00',1,'m','',NULL,NULL,NULL,1,'s',NULL,NULL,'27281843'),(876,1,'CARMEN NELLY','MUÑOZ','0000-00-00',1,'m','',NULL,NULL,NULL,1,'s',NULL,NULL,'272781284'),(877,1,'MARIA SOLEDAD','MOLINA','0000-00-00',1,'m','',NULL,NULL,NULL,1,'s',NULL,NULL,'27276832'),(878,1,'CARMENZA','CARLOSAMA','0000-00-00',1,'m','',NULL,NULL,NULL,1,'s',NULL,NULL,'1088971122'),(879,1,'DUBY PATRICIA','CARLOSAMA','0000-00-00',1,'m','',NULL,NULL,NULL,1,'s',NULL,NULL,'27281313'),(880,1,'PIEDAD','MARTINEZ','0000-00-00',1,'m','',NULL,NULL,NULL,1,'s',NULL,NULL,'27281830'),(881,1,'ANA LUCERO','MOLINA ','0000-00-00',1,'m','',NULL,NULL,NULL,1,'s',NULL,NULL,'27282132'),(882,1,'LUZ DARY','RUIZ','0000-00-00',1,'m','',NULL,NULL,NULL,1,'s',NULL,NULL,''),(883,1,'DINORA','SACANAMBOY','0000-00-00',1,'m','',NULL,NULL,NULL,1,'s',NULL,NULL,'27452267'),(884,1,'MARIA ESPERANZA','ORTEGA','0000-00-00',1,'m','',NULL,NULL,NULL,1,'s',NULL,NULL,'1088970887'),(885,1,'CLAUDIA MARLENY','BRAVO','0000-00-00',1,'m','',NULL,NULL,NULL,1,'s',NULL,NULL,'27281973'),(886,1,'SANDRA','MENESES','0000-00-00',1,'m','',NULL,NULL,NULL,1,'s',NULL,NULL,'36980289'),(887,1,'DIANA MILENA','ARANGO RAMOS','0000-00-00',1,'m','',NULL,NULL,NULL,1,'s',NULL,NULL,'31435838'),(888,1,'LUZ CLAUDIA','ORTIZ','0000-00-00',1,'m','',NULL,NULL,NULL,1,'s',NULL,NULL,'1088970461'),(889,1,'OLIVIA','IMBACHI','0000-00-00',1,'m','',NULL,NULL,NULL,1,'s',NULL,NULL,'34639360'),(890,1,'ALABA LUCIA','LOPEZ BOLAÑOS','0000-00-00',1,'m','',NULL,NULL,NULL,1,'s',NULL,NULL,'27276591'),(891,1,'NELLY','CHAVEZ','0000-00-00',1,'m','',NULL,NULL,NULL,1,'s',NULL,NULL,'27282168'),(892,1,'MARIA EUGENIA','CARLOSAMA','0000-00-00',1,'m','',NULL,NULL,NULL,1,'s',NULL,NULL,'27276706'),(893,1,'MARIA CONCHA','MUÑOZ','0000-00-00',1,'m','',NULL,NULL,NULL,1,'s',NULL,NULL,'31952696'),(894,1,'BLANCA RUBIELA','IMBACHI','0000-00-00',1,'m','',NULL,NULL,NULL,1,'s',NULL,NULL,'27281414'),(895,1,'BLANCA NUBIA','DIAZ ','0000-00-00',1,'m','',NULL,NULL,NULL,1,'s',NULL,NULL,'27277266'),(896,1,'NANCY PATRICIA','BOLAÑOS','0000-00-00',1,'m','',NULL,NULL,NULL,1,'s',NULL,NULL,'27281946'),(897,1,'ANA TILDE','MUÑOZ','0000-00-00',1,'m','',NULL,NULL,NULL,1,'s',NULL,NULL,'48608446'),(898,1,'NELLY AMPARO','MARTINEZ','0000-00-00',1,'m','',NULL,NULL,NULL,1,'s',NULL,NULL,'27281083'),(899,1,'MILADY','BOLAÑOS ','0000-00-00',1,'m','',NULL,NULL,NULL,1,'s',NULL,NULL,'27281637'),(900,1,'NOHORA EUGENIA','CRIOLLO','0000-00-00',1,'m','',NULL,NULL,NULL,1,'s',NULL,NULL,'27281457'),(901,1,'MARIA DEL SOCORRO','BRAVO','0000-00-00',1,'m','',NULL,NULL,NULL,1,'s',NULL,NULL,'27281763'),(902,1,'MARTHA CECILIA','ARROYO','0000-00-00',1,'m','',NULL,NULL,NULL,1,'s',NULL,NULL,'59815148'),(903,1,'MARINA','MUÑOZ DIAZ','0000-00-00',1,'m','',NULL,NULL,NULL,1,'s',NULL,NULL,'27281282'),(904,1,'GLORIA','MENESES','0000-00-00',1,'m','',NULL,NULL,NULL,1,'s',NULL,NULL,'272781255'),(905,1,'LUZ MARY','PORTILLA','0000-00-00',1,'m','',NULL,NULL,NULL,1,'s',NULL,NULL,'27281041'),(906,1,'DERSY','GUERRERO','0000-00-00',1,'m','',NULL,NULL,NULL,1,'s',NULL,NULL,'1088970930'),(907,1,'CARMEN','MUÑOZ','0000-00-00',1,'m','',NULL,NULL,NULL,1,'s',NULL,NULL,'27277614'),(908,1,'LENEY','VELASCO GAVIRIA','0000-00-00',1,'m','',NULL,NULL,NULL,1,'s',NULL,NULL,'1088970950'),(909,1,'MARLENY','MARTINEZ MARTINEZ','0000-00-00',1,'m','',NULL,NULL,NULL,1,'s',NULL,NULL,'27277853'),(910,1,'JIMENA','BOLAÑOS','0000-00-00',1,'m','',NULL,NULL,NULL,1,'s',NULL,NULL,'27276730'),(911,1,'BLANCA RITHA','BRAVO','0000-00-00',1,'m','',NULL,NULL,NULL,1,'s',NULL,NULL,'27281640'),(912,1,'ERMILA','ERAZO','0000-00-00',1,'m','',NULL,NULL,NULL,1,'s',NULL,NULL,'27277598'),(913,1,'AURA MARIA','BRAVO','0000-00-00',1,'m','',NULL,NULL,NULL,1,'s',NULL,NULL,'27277869'),(914,1,'MARIELA','IMBACHI','0000-00-00',1,'m','',NULL,NULL,NULL,1,'s',NULL,NULL,'27276888'),(915,1,'YEIMY','CERON ','0000-00-00',1,'m','',NULL,NULL,NULL,1,'s',NULL,NULL,'1088970941'),(916,1,'AMPARO','MUÑOZ','0000-00-00',1,'m','',NULL,NULL,NULL,1,'s',NULL,NULL,'27277418'),(917,1,'NANCY','ALVARADO','0000-00-00',1,'m','',NULL,NULL,NULL,1,'s',NULL,NULL,'27281453'),(918,1,'GABY AMALIA','PANTAJOA','0000-00-00',1,'m','',NULL,NULL,NULL,1,'s',NULL,NULL,'27480266'),(919,1,'JOVANNA','BRAVO','0000-00-00',1,'m','',NULL,NULL,NULL,1,'s',NULL,NULL,'27453953'),(920,1,'EDITH','VASQUEZ','0000-00-00',1,'m','',NULL,NULL,NULL,1,'s',NULL,NULL,'1061687254'),(921,1,'EDILMA','NARVAEZ','0000-00-00',1,'m','',NULL,NULL,NULL,1,'s',NULL,NULL,'1088970303'),(922,1,'CLAUDIA','BOLAÑOS','0000-00-00',1,'m','',NULL,NULL,NULL,1,'s',NULL,NULL,'36980166'),(923,1,'BLANCA ARGENY','ALBAN','0000-00-00',1,'m','',NULL,NULL,NULL,1,'s',NULL,NULL,'27280995'),(924,1,'BLANCA CECILIA','BRAVO ','0000-00-00',1,'m','',NULL,NULL,NULL,1,'s',NULL,NULL,'27282304'),(925,1,'MARIA CARMELA','REALPE','0000-00-00',1,'m','',NULL,NULL,NULL,1,'s',NULL,NULL,'27277941'),(926,1,'ADRIANA','GAMBOA','0000-00-00',1,'m','',NULL,NULL,NULL,1,'s',NULL,NULL,'27443080'),(927,1,'BETTY','URBANO ','0000-00-00',1,'m','',NULL,NULL,NULL,1,'s',NULL,NULL,'1088970549'),(928,1,'MAGOLA','CHAVEZ','0000-00-00',1,'m','',NULL,NULL,NULL,1,'s',NULL,NULL,'27282961'),(929,1,'TERESA','MARTÍNEZ','0000-00-00',1,'m','',NULL,NULL,NULL,1,'s',NULL,NULL,'27276491'),(930,1,'MARTHA LILIANA','BOLAÑOS','0000-00-00',1,'m','',NULL,NULL,NULL,1,'s',NULL,NULL,'36980117'),(931,1,'CARMEN','ERAZO BOLAÑOS','0000-00-00',1,'m','',NULL,NULL,NULL,1,'s',NULL,NULL,'36980060'),(932,1,'YOLI YANIT','MUÑOZ ','0000-00-00',1,'m','',NULL,NULL,NULL,1,'s',NULL,NULL,'1088970258'),(933,1,'LILIANA','BELTRAN BRAVO','0000-00-00',1,'m','',NULL,NULL,NULL,1,'s',NULL,NULL,'27282051'),(934,1,'BLANCA CECILIA','BRAVO CERON','0000-00-00',1,'m','',NULL,NULL,NULL,1,'s',NULL,NULL,'27282304'),(935,1,'MONICA','CERON ','0000-00-00',1,'m','',NULL,NULL,NULL,1,'s',NULL,NULL,'25707785'),(936,1,'LEIDY','MUÑOZ','0000-00-00',1,'m','',NULL,NULL,NULL,1,'s',NULL,NULL,'27282447'),(937,1,'LILIANA PATRICIA','DORADO','0000-00-00',1,'m','',NULL,NULL,NULL,1,'s',NULL,NULL,'27277920'),(938,1,'CLAUDIA','CISNEROS','0000-00-00',1,'m','',NULL,NULL,NULL,1,'s',NULL,NULL,''),(939,1,'HELMA','ACOSTA','0000-00-00',1,'m','',NULL,NULL,NULL,1,'s',NULL,NULL,'36980232'),(940,1,'EUNICE','BOLAÑOS','0000-00-00',1,'m','',NULL,NULL,NULL,1,'s',NULL,NULL,'27281385'),(941,1,'CECILIA','ALVARADO','0000-00-00',1,'m','',NULL,NULL,NULL,1,'s',NULL,NULL,'27097649'),(942,1,'LUZ PIEDAD','HOYOS','0000-00-00',1,'m','',NULL,NULL,NULL,1,'s',NULL,NULL,'66909468'),(943,1,'OMAIRA','MUÑOZ SOSCUE','0000-00-00',1,'m','',NULL,NULL,NULL,1,'s',NULL,NULL,'272811717'),(944,1,'SARAY','DELGADO','0000-00-00',1,'m','',NULL,NULL,NULL,1,'s',NULL,NULL,'27280941'),(945,1,'LIDA','IBARRA','0000-00-00',1,'m','',NULL,NULL,NULL,1,'s',NULL,NULL,'27276783'),(946,1,'MARIA ROSA','MESA','0000-00-00',1,'m','',NULL,NULL,NULL,1,'s',NULL,NULL,'66887629'),(947,1,'BETTY YOLANDA','REALPE','0000-00-00',1,'m','',NULL,NULL,NULL,1,'s',NULL,NULL,'27281116'),(948,1,'KAROL','RUIZ','0000-00-00',1,'m','',NULL,NULL,NULL,1,'s',NULL,NULL,''),(949,1,'MARTHA','MATINEZ','0000-00-00',1,'m','',NULL,NULL,NULL,1,'s',NULL,NULL,'27282002'),(950,1,'MARIA','MUÑOZ URBANO','0000-00-00',1,'m','',NULL,NULL,NULL,1,'s',NULL,NULL,'27282162'),(951,1,'YUDI','URBANO','0000-00-00',1,'m','',NULL,NULL,NULL,1,'s',NULL,NULL,'36980251'),(952,1,'SANDRA PATRICIA','MOLINA','0000-00-00',1,'m','',NULL,NULL,NULL,1,'s',NULL,NULL,'27282428'),(953,1,'MARIA ','RODRIGUEZ','0000-00-00',1,'m','',NULL,NULL,NULL,1,'s',NULL,NULL,'27276355'),(954,1,'MERINA','BRAVO','0000-00-00',1,'m','',NULL,NULL,NULL,1,'s',NULL,NULL,'27282235'),(955,1,'NIDIA','GUERRERO','0000-00-00',1,'m','',NULL,NULL,NULL,1,'s',NULL,NULL,'27282410'),(956,1,'MIRTHA','BRAVO','0000-00-00',1,'m','',NULL,NULL,NULL,1,'s',NULL,NULL,'27277348'),(957,1,'LEONOR','LÓPEZ','0000-00-00',1,'m','',NULL,NULL,NULL,1,'s',NULL,NULL,'27281156'),(958,1,'CIELO','MOLINA','0000-00-00',1,'m','',NULL,NULL,NULL,1,'s',NULL,NULL,'27281987'),(959,1,'GABBY','BRAVO','0000-00-00',1,'m','',NULL,NULL,NULL,1,'s',NULL,NULL,'27276901'),(960,1,'MARIA DEL SOCORRO','ÑAÑEZ','0000-00-00',1,'m','',NULL,NULL,NULL,1,'s',NULL,NULL,'27276527'),(961,1,'MARIA ELVIRA','CHASOY','0000-00-00',1,'m','',NULL,NULL,NULL,1,'s',NULL,NULL,'66923748'),(962,1,'CLAUDIA','MUÑOZ','0000-00-00',1,'m','',NULL,NULL,NULL,1,'s',NULL,NULL,'27281927'),(963,1,'GLADYS','MUÑOZ LEITON','0000-00-00',1,'m','',NULL,NULL,NULL,1,'s',NULL,NULL,'27276037'),(964,1,'MARIA REINA','MUÑOZ','0000-00-00',1,'m','',NULL,NULL,NULL,1,'s',NULL,NULL,'36980129'),(965,1,'CLAUDIA','ORDOÑEZ','0000-00-00',1,'m','',NULL,NULL,NULL,1,'s',NULL,NULL,'27282159'),(966,1,'OMAIRA','PORTILLA','0000-00-00',1,'m','',NULL,NULL,NULL,1,'s',NULL,NULL,'27277745'),(967,1,'LILI ORTENCIA','BRAVO','0000-00-00',1,'m','',NULL,NULL,NULL,1,'s',NULL,NULL,'1088970465'),(968,1,'GRACIELA','MUÑOZ LASSO','0000-00-00',1,'m','',NULL,NULL,NULL,1,'s',NULL,NULL,'1088971823'),(969,1,'SANDRA VIVIANA','CERON','0000-00-00',1,'m','',NULL,NULL,NULL,1,'s',NULL,NULL,'27282143'),(970,1,'BETTY ','PANCHO','0000-00-00',1,'m','',NULL,NULL,NULL,1,'s',NULL,NULL,'25274314'),(971,1,'DELBY','MUÑOZ','0000-00-00',1,'m','',NULL,NULL,NULL,1,'s',NULL,NULL,'27281179'),(972,1,'NIDIA','REALPE','0000-00-00',1,'m','',NULL,NULL,NULL,1,'s',NULL,NULL,'27282108'),(973,1,'AMPARO','MOLINA','0000-00-00',1,'m','',NULL,NULL,NULL,1,'s',NULL,NULL,'27277071'),(974,1,'NORA','MOLINA','0000-00-00',1,'m','',NULL,NULL,NULL,1,'s',NULL,NULL,'27277110'),(975,1,'MARIA FIDELINA','MUÑOZ','0000-00-00',1,'m','',NULL,NULL,NULL,1,'s',NULL,NULL,'27275268'),(976,1,'ELIANA','GOMEZ ORDÓÑEZ ','0000-00-00',1,'m','',NULL,NULL,NULL,1,'s',NULL,NULL,'27277502'),(977,1,'ZULLY LORENA','GUERREREO','0000-00-00',1,'m','',NULL,NULL,NULL,1,'s',NULL,NULL,'36980326'),(978,1,'CECILIA','MUÑOZ','0000-00-00',1,'m','',NULL,NULL,NULL,1,'s',NULL,NULL,'27281750'),(979,1,'OMAIRA','MENESES','0000-00-00',1,'m','',NULL,NULL,NULL,1,'s',NULL,NULL,'27282076'),(980,1,'MARLENY','MOLINA','0000-00-00',1,'m','',NULL,NULL,NULL,1,'s',NULL,NULL,'27277136'),(981,1,'DORIS','POPAYAN','0000-00-00',1,'m','',NULL,NULL,NULL,1,'s',NULL,NULL,'27277908'),(982,1,'ODILA LUCIA','MUÑOZ','0000-00-00',1,'m','',NULL,NULL,NULL,1,'s',NULL,NULL,'27277325'),(983,1,'SEGUNDA','ORDOÑEZ','0000-00-00',1,'m','',NULL,NULL,NULL,1,'s',NULL,NULL,'48604039'),(984,1,'YURI VIVIANA','MUÑOZ','0000-00-00',1,'m','',NULL,NULL,NULL,1,'s',NULL,NULL,'36980288'),(985,1,'DORIS','ORDOÑEZ HOYOS','0000-00-00',1,'m','',NULL,NULL,NULL,1,'s',NULL,NULL,'27281929'),(986,1,'MARIA','MOLINA','0000-00-00',1,'m','',NULL,NULL,NULL,1,'s',NULL,NULL,'27281785'),(987,1,'DORIS','PERAFAN','0000-00-00',1,'m','',NULL,NULL,NULL,1,'s',NULL,NULL,'27277908'),(988,1,'DORIS','MUÑOZ','0000-00-00',1,'m','',NULL,NULL,NULL,1,'s',NULL,NULL,'27281299'),(989,1,'ADELINA','MUÑOZ','0000-00-00',1,'m','',NULL,NULL,NULL,1,'s',NULL,NULL,'36855003'),(990,1,'LEIDY','ALVEAR','0000-00-00',1,'m','',NULL,NULL,NULL,1,'s',NULL,NULL,'36980219'),(991,1,'MARIA','MUÑOZ ORTIZ','0000-00-00',1,'m','',NULL,NULL,NULL,1,'s',NULL,NULL,'27277106'),(992,1,'NUBIA','JURADO','0000-00-00',1,'m','',NULL,NULL,NULL,1,'s',NULL,NULL,'25593897'),(993,1,'GLADIS AMPARO','ALBAN','0000-00-00',1,'m','',NULL,NULL,NULL,1,'s',NULL,NULL,'27276320'),(994,1,'SANDRA','GAVIRIA','0000-00-00',1,'m','',NULL,NULL,NULL,1,'s',NULL,NULL,'27281268'),(995,1,'MAGNOLIA','MUÑOZ','0000-00-00',1,'m','',NULL,NULL,NULL,1,'s',NULL,NULL,'27282015'),(996,1,'MARY MILENA','MUÑOZ','0000-00-00',1,'m','',NULL,NULL,NULL,1,'s',NULL,NULL,'27282368'),(997,1,'LUZ MARINA','CALAMBAS','0000-00-00',1,'m','',NULL,NULL,NULL,1,'s',NULL,NULL,''),(998,1,'BETHY','MUÑOZ','0000-00-00',1,'m','',NULL,NULL,NULL,1,'s',NULL,NULL,'27281951'),(999,1,'NOHORA','REALPE','0000-00-00',1,'m','',NULL,NULL,NULL,1,'s',NULL,NULL,'76271127'),(1000,1,'MAGALY','REALPE','0000-00-00',1,'m','',NULL,NULL,NULL,1,'s',NULL,NULL,'27277282'),(1001,1,'MARIA','MUÑOZ','0000-00-00',1,'m','',NULL,NULL,NULL,1,'s',NULL,NULL,'27277303'),(1002,1,'YOLIMA','BRAVO','0000-00-00',1,'m','',NULL,NULL,NULL,1,'s',NULL,NULL,''),(1003,1,'CAROLINA','BOLAÑOS','0000-00-00',1,'m','',NULL,NULL,NULL,1,'s',NULL,NULL,'35980150'),(1004,1,'YULY','REALPE','0000-00-00',1,'m','',NULL,NULL,NULL,1,'s',NULL,NULL,'1088970980'),(1005,1,'LUZ DANY','HOYOS','0000-00-00',1,'m','',NULL,NULL,NULL,1,'s',NULL,NULL,'27277005'),(1006,1,'ANA RUBIELA','MOLINA','0000-00-00',1,'m','',NULL,NULL,NULL,1,'s',NULL,NULL,'27277802'),(1007,1,'SANDRA','TORRES','0000-00-00',1,'m','',NULL,NULL,NULL,1,'s',NULL,NULL,'27277764'),(1008,1,'ANDREA MARITZA','ALVEAR','0000-00-00',1,'m','',NULL,NULL,NULL,1,'s',NULL,NULL,'27281628'),(1009,1,'JEANETHE','BOLAÑOS','0000-00-00',1,'m','',NULL,NULL,NULL,1,'s',NULL,NULL,'27281153'),(1010,1,'MARULANDA','ACOSTA','0000-00-00',1,'m','',NULL,NULL,NULL,1,'s',NULL,NULL,'34659920'),(1011,1,'MARIA CECILIA','ORTIZ','0000-00-00',1,'m','',NULL,NULL,NULL,1,'s',NULL,NULL,'27277573'),(1012,1,'DUBY PATRCIA','CARLOSAMA','0000-00-00',1,'m','',NULL,NULL,NULL,1,'s',NULL,NULL,'27281313'),(1013,1,'MILLERLANDY','TORO','0000-00-00',1,'m','',NULL,NULL,NULL,1,'s',NULL,NULL,'30743952'),(1014,1,'ELIANA','CERON','0000-00-00',1,'m','',NULL,NULL,NULL,1,'s',NULL,NULL,'59311348'),(1015,1,'MARGOT DEL CARMEN','CERON','0000-00-00',1,'m','',NULL,NULL,NULL,1,'s',NULL,NULL,'27281396'),(1016,1,'OMAIRA','MOLINA','0000-00-00',1,'m','',NULL,NULL,NULL,1,'s',NULL,NULL,'27277486'),(1017,1,'LENEY','DIAZ','0000-00-00',1,'m','',NULL,NULL,NULL,1,'s',NULL,NULL,''),(1018,1,'MARIA EUGENIA','MOLINA','0000-00-00',1,'m','',NULL,NULL,NULL,1,'s',NULL,NULL,'27282081'),(1019,1,'JUANA DARY','MOLINA','0000-00-00',1,'m','',NULL,NULL,NULL,1,'s',NULL,NULL,'27282200'),(1020,1,'SOCORRO','ORTEGA','0000-00-00',1,'m','',NULL,NULL,NULL,1,'s',NULL,NULL,'27277227'),(1021,1,'NORALBA','DIAZ','0000-00-00',1,'m','',NULL,NULL,NULL,1,'s',NULL,NULL,'1088970169'),(1022,1,'FANY','DELGADO','0000-00-00',1,'m','',NULL,NULL,NULL,1,'s',NULL,NULL,'27277245'),(1023,1,'PATRICIA','P+EREZ','0000-00-00',1,'m','',NULL,NULL,NULL,1,'s',NULL,NULL,'66767469'),(1024,1,'ARGENIS','MUÑOZ','0000-00-00',1,'m','',NULL,NULL,NULL,1,'s',NULL,NULL,'27279869'),(1025,1,'MARY','IMBACHI','0000-00-00',1,'m','',NULL,NULL,NULL,1,'s',NULL,NULL,'27281961'),(1026,1,'MARIA  CONSUELO','GAVIRIA','0000-00-00',1,'m','',NULL,NULL,NULL,1,'s',NULL,NULL,'27275926'),(1027,1,'INES','BOLAÑOS','0000-00-00',1,'m','',NULL,NULL,NULL,1,'s',NULL,NULL,'27277785'),(1028,1,'LUZ MARIA','RAMOS','0000-00-00',1,'m','',NULL,NULL,NULL,1,'s',NULL,NULL,'27096940'),(1029,1,'MILVIA','TULCAN','0000-00-00',1,'m','',NULL,NULL,NULL,1,'s',NULL,NULL,'27281312'),(1030,1,'ANA LUCIA','PERAFAN','0000-00-00',1,'m','',NULL,NULL,NULL,1,'s',NULL,NULL,'27281390'),(1031,1,'SOCORRO','IMBACHI','0000-00-00',1,'m','',NULL,NULL,NULL,1,'s',NULL,NULL,'67015567'),(1032,1,'MARTHA','ORTEGA','0000-00-00',1,'m','',NULL,NULL,NULL,1,'s',NULL,NULL,'27281015'),(1033,1,'SONIA','ALBAN','0000-00-00',1,'m','',NULL,NULL,NULL,1,'s',NULL,NULL,'27277478'),(1034,1,'ANA MIRIAM','BOLAÑOS','0000-00-00',1,'m','',NULL,NULL,NULL,1,'s',NULL,NULL,'27281265'),(1035,1,'PRAXIDES','BOLAÑOS','0000-00-00',1,'m','',NULL,NULL,NULL,1,'s',NULL,NULL,'27277579'),(1036,1,'MARIA CELMIRA','ORDOÑEZ','0000-00-00',1,'m','',NULL,NULL,NULL,1,'s',NULL,NULL,'27277309'),(1037,1,'MARA EDITH','DIAZ','0000-00-00',1,'m','',NULL,NULL,NULL,1,'s',NULL,NULL,'27282082'),(1038,1,'NORALBA','ORDOÑEZ','0000-00-00',1,'m','',NULL,NULL,NULL,1,'s',NULL,NULL,'27277546'),(1039,1,'ELVA','PANTOJA','0000-00-00',1,'m','',NULL,NULL,NULL,1,'s',NULL,NULL,'27281271'),(1040,1,'FRANCIA','NARANJO','0000-00-00',1,'m','',NULL,NULL,NULL,1,'s',NULL,NULL,'67017372'),(1041,1,'GLORIA ESPERANZA','HOYOS','0000-00-00',1,'m','',NULL,NULL,NULL,1,'s',NULL,NULL,'27277945'),(1042,1,'FABIOLA','MARTINEZ','0000-00-00',1,'m','',NULL,NULL,NULL,1,'s',NULL,NULL,'59588917'),(1043,1,'LUZ MARINA','CHATES','0000-00-00',1,'m','',NULL,NULL,NULL,1,'s',NULL,NULL,'27281036'),(1044,1,'MARIA FANY','ORDOÑEZ','0000-00-00',1,'m','',NULL,NULL,NULL,1,'s',NULL,NULL,'27282225'),(1045,1,'GLADIS','SOSCUE','0000-00-00',1,'m','',NULL,NULL,NULL,1,'s',NULL,NULL,'1088970876'),(1046,1,'MARTHA','IMBACHI','0000-00-00',1,'m','',NULL,NULL,NULL,1,'s',NULL,NULL,'27276215'),(1047,1,'YOLANDA','MUÑOZ','0000-00-00',1,'m','',NULL,NULL,NULL,1,'s',NULL,NULL,'27282265'),(1048,1,'FLOR','BRAVO','0000-00-00',1,'m','',NULL,NULL,NULL,1,'s',NULL,NULL,'59240036'),(1049,1,'ALBA','MUÑOZ','0000-00-00',1,'m','',NULL,NULL,NULL,1,'s',NULL,NULL,'27281748'),(1050,1,'AURA','MUÑOZ','0000-00-00',1,'m','',NULL,NULL,NULL,1,'s',NULL,NULL,'38553360'),(1051,1,'AMPARO','BOLAÑOS','0000-00-00',1,'m','',NULL,NULL,NULL,1,'s',NULL,NULL,''),(1052,1,'MARELVI','BUESAQUILLO','0000-00-00',1,'m','',NULL,NULL,NULL,1,'s',NULL,NULL,'34341205'),(1053,1,'MONICA','VALENCIA','0000-00-00',1,'m','',NULL,NULL,NULL,1,'s',NULL,NULL,'27277488'),(1054,1,'MARINA','GÓMEZ','0000-00-00',1,'m','',NULL,NULL,NULL,1,'s',NULL,NULL,'27279269'),(1055,1,'NORA','MUÑOZ','0000-00-00',1,'m','',NULL,NULL,NULL,1,'s',NULL,NULL,'27281314'),(1056,1,'SANDRA','MUÑOZ','0000-00-00',1,'m','',NULL,NULL,NULL,1,'s',NULL,NULL,''),(1057,1,'AMPARO','GAVIRIA','0000-00-00',1,'m','',NULL,NULL,NULL,1,'s',NULL,NULL,'27277699'),(1058,1,'AMALFI','ORTEGA','0000-00-00',1,'m','',NULL,NULL,NULL,1,'s',NULL,NULL,'27282175'),(1059,1,'TRINIDAD','BUESAQUILLO','0000-00-00',1,'m','',NULL,NULL,NULL,1,'s',NULL,NULL,'27281055'),(1060,1,'DORIS','HERNANDEZ','0000-00-00',1,'m','',NULL,NULL,NULL,1,'s',NULL,NULL,'27276765'),(1061,1,'','','0000-00-00',1,'m','',NULL,NULL,NULL,1,'s',NULL,NULL,'59396712'),(1062,1,'','','0000-00-00',1,'m','',NULL,NULL,NULL,1,'s',NULL,NULL,'27281074'),(1063,1,'RUBY','MUÑOZ','0000-00-00',1,'m','',NULL,NULL,NULL,1,'s',NULL,NULL,'27281627'),(1064,1,'CAROLINA','MUÑOZ','0000-00-00',1,'m','',NULL,NULL,NULL,1,'s',NULL,NULL,'27281328'),(1065,1,'VIVIANA','BRAVO','0000-00-00',1,'m','',NULL,NULL,NULL,1,'s',NULL,NULL,'27282490'),(1066,1,'LILIANA','PORTILLA','0000-00-00',1,'m','',NULL,NULL,NULL,1,'s',NULL,NULL,'27281578'),(1067,1,'LUZ MARY','ALBAN','0000-00-00',1,'m','',NULL,NULL,NULL,1,'s',NULL,NULL,'27281848'),(1068,1,'JOHANA','BOLAÑOS','0000-00-00',1,'m','',NULL,NULL,NULL,1,'s',NULL,NULL,'52903444'),(1069,1,'LORENA','ORDOÑEZ','0000-00-00',1,'m','',NULL,NULL,NULL,1,'s',NULL,NULL,'36980090'),(1070,1,'MARIA','GUERRERO','0000-00-00',1,'m','',NULL,NULL,NULL,1,'s',NULL,NULL,'27276605'),(1071,1,'MARIA','HERNANDEZ','0000-00-00',1,'m','',NULL,NULL,NULL,1,'s',NULL,NULL,'27282261'),(1072,1,'NORA','MUÑOZ','0000-00-00',1,'m','',NULL,NULL,NULL,1,'s',NULL,NULL,'27281732'),(1073,1,'ARGENIS','RODRIGUEZ','0000-00-00',1,'m','',NULL,NULL,NULL,1,'s',NULL,NULL,'27277631'),(1074,1,'ARGENIS','ORDOÑEZ','0000-00-00',1,'m','',NULL,NULL,NULL,1,'s',NULL,NULL,'27275999'),(1075,1,'ROSA','CERON','0000-00-00',1,'m','',NULL,NULL,NULL,1,'s',NULL,NULL,'27282255'),(1076,1,'MARIA','MOLINA','0000-00-00',1,'m','',NULL,NULL,NULL,1,'s',NULL,NULL,'27276895'),(1077,1,'MARULANDA','ACOSTA','0000-00-00',1,'m','',NULL,NULL,NULL,1,'s',NULL,NULL,'34.659.920'),(1078,1,'MARTHA','MOLINA','0000-00-00',1,'m','',NULL,NULL,NULL,1,'s',NULL,NULL,'27276571'),(1079,1,'MARIA','BRAVO','0000-00-00',1,'m','',NULL,NULL,NULL,1,'s',NULL,NULL,'27281859'),(1080,1,'BETTY','REALPE','0000-00-00',1,'m','',NULL,NULL,NULL,1,'s',NULL,NULL,'27281116'),(1081,1,'MARTHA','GAVIRIA','0000-00-00',1,'m','',NULL,NULL,NULL,1,'s',NULL,NULL,'27281741'),(1082,1,'DIANA','FLOREZ','0000-00-00',1,'m','',NULL,NULL,NULL,1,'s',NULL,NULL,'27281808'),(1083,1,'GLORIA','LEDEZMA','0000-00-00',1,'m','',NULL,NULL,NULL,1,'s',NULL,NULL,'27276800'),(1084,1,'MARLENY','RUIZ','0000-00-00',1,'m','',NULL,NULL,NULL,1,'s',NULL,NULL,'27277274'),(1085,1,'AMALFI','DELGADO','0000-00-00',1,'m','',NULL,NULL,NULL,1,'s',NULL,NULL,'27281258'),(1086,1,'NAYIBE','ORTEGA','0000-00-00',1,'m','',NULL,NULL,NULL,1,'s',NULL,NULL,'27281303'),(1087,1,'DIVA','NARVAEZ','0000-00-00',1,'m','',NULL,NULL,NULL,1,'s',NULL,NULL,'36980093'),(1088,1,'ANDREA','ORDOÑEZ','0000-00-00',1,'m','',NULL,NULL,NULL,1,'s',NULL,NULL,'27277318'),(1089,1,'JHANETH','BOLAÑOS','0000-00-00',1,'m','',NULL,NULL,NULL,1,'s',NULL,NULL,'27277637'),(1090,1,'DEYSI','MEZA','0000-00-00',1,'m','',NULL,NULL,NULL,1,'s',NULL,NULL,'36980225'),(1091,1,'MARIA','SAMBONI','0000-00-00',1,'m','',NULL,NULL,NULL,1,'s',NULL,NULL,'25320709'),(1092,1,'CLAUDIA','MUÑOZ','0000-00-00',1,'m','',NULL,NULL,NULL,1,'s',NULL,NULL,'27276159'),(1093,1,'YURI','CISNEROS','0000-00-00',1,'m','',NULL,NULL,NULL,1,'s',NULL,NULL,'36980274'),(1094,1,'','','0000-00-00',1,'m','',NULL,NULL,NULL,1,'s',NULL,NULL,'27274262'),(1095,1,'GLORIA','CERON','0000-00-00',1,'m','',NULL,NULL,NULL,1,'s',NULL,NULL,'27277070'),(1096,1,'ROSSANA','REBOLLEDO','0000-00-00',1,'m','',NULL,NULL,NULL,1,'s',NULL,NULL,'27277539'),(1097,1,'LIDA','ALBAN','0000-00-00',1,'m','',NULL,NULL,NULL,1,'s',NULL,NULL,'27277695'),(1098,1,'FABIOLA','MOLINA','0000-00-00',1,'m','',NULL,NULL,NULL,1,'s',NULL,NULL,'27281286'),(1099,1,'FERNANDA','REBOLLEDO','0000-00-00',1,'m','',NULL,NULL,NULL,1,'s',NULL,NULL,'27276708'),(1100,1,'ROCIO','BRAVO','0000-00-00',1,'m','',NULL,NULL,NULL,1,'s',NULL,NULL,'27277396'),(1101,1,'CARMENZA','PAZ','0000-00-00',1,'m','',NULL,NULL,NULL,1,'s',NULL,NULL,'27281959'),(1102,1,'EMIR','BOLAÑOS','0000-00-00',1,'m','',NULL,NULL,NULL,1,'s',NULL,NULL,'27276707'),(1103,1,'JANETH','MEZA','0000-00-00',1,'m','',NULL,NULL,NULL,1,'s',NULL,NULL,'36980336'),(1104,1,'EVANGELINA','PETEVI','0000-00-00',1,'m','',NULL,NULL,NULL,1,'s',NULL,NULL,'25560184'),(1105,1,'ALBA','SAMBINI','0000-00-00',1,'m','',NULL,NULL,NULL,1,'s',NULL,NULL,'48560044'),(1106,1,'MARIA','MUÑOZ','0000-00-00',1,'m','',NULL,NULL,NULL,1,'s',NULL,NULL,'27282267'),(1107,1,'YENY','MOLINA','0000-00-00',1,'m','',NULL,NULL,NULL,1,'s',NULL,NULL,'27282066'),(1108,1,'MARIA','DELGADO','0000-00-00',1,'m','',NULL,NULL,NULL,1,'s',NULL,NULL,'1088970926'),(1109,1,'DELEY','MUÑOZ','0000-00-00',1,'m','',NULL,NULL,NULL,1,'s',NULL,NULL,'1088970877'),(1110,1,'EVITALIA','BRAVO','0000-00-00',1,'m','',NULL,NULL,NULL,1,'s',NULL,NULL,'27281783'),(1111,1,'DARY','ÑAÑEZ','0000-00-00',1,'m','',NULL,NULL,NULL,1,'s',NULL,NULL,'27276473'),(1112,1,'AYDA','ORTIZ','0000-00-00',1,'m','',NULL,NULL,NULL,1,'s',NULL,NULL,'27281727'),(1113,1,'MARIA','MARTINEZ','0000-00-00',1,'m','',NULL,NULL,NULL,1,'s',NULL,NULL,'27276162'),(1114,1,'LUZ','SIMALES','0000-00-00',1,'m','',NULL,NULL,NULL,1,'s',NULL,NULL,'27281607'),(1115,1,'SULEIMA','MARTINEZ','0000-00-00',1,'m','',NULL,NULL,NULL,1,'s',NULL,NULL,'10115379'),(1116,1,'LUZ','ORTIZ','0000-00-00',1,'m','',NULL,NULL,NULL,1,'s',NULL,NULL,'27149852'),(1117,1,'DORA','BRAVO','0000-00-00',1,'m','',NULL,NULL,NULL,1,'s',NULL,NULL,''),(1118,1,'AURA','BOLAÑOS','0000-00-00',1,'m','',NULL,NULL,NULL,1,'s',NULL,NULL,'34659396'),(1119,1,'MARIA','BOLAÑOS','0000-00-00',1,'m','',NULL,NULL,NULL,1,'s',NULL,NULL,'27276557'),(1120,1,'AMPARO','HOYOS','0000-00-00',1,'m','',NULL,NULL,NULL,1,'s',NULL,NULL,'27277560'),(1121,1,'RUBY','MOLINA','0000-00-00',1,'m','',NULL,NULL,NULL,1,'s',NULL,NULL,'27277955'),(1122,1,'MARIA','CHATES','0000-00-00',1,'m','',NULL,NULL,NULL,1,'s',NULL,NULL,'27282310'),(1123,1,'MARIA','BOLAÑOS','0000-00-00',1,'m','',NULL,NULL,NULL,1,'s',NULL,NULL,'27277594'),(1124,1,'MARIA','MUÑOZ','0000-00-00',1,'m','',NULL,NULL,NULL,1,'s',NULL,NULL,'27281719'),(1125,1,'EMIR','MUÑOZ','0000-00-00',1,'m','',NULL,NULL,NULL,1,'s',NULL,NULL,'27281957'),(1126,1,'MIRTHA','RUIZ','0000-00-00',1,'m','',NULL,NULL,NULL,1,'s',NULL,NULL,'36980141'),(1127,1,'CLAUDIA','LOPEZ','0000-00-00',1,'m','',NULL,NULL,NULL,1,'s',NULL,NULL,''),(1128,1,'NELLY','REALPE','0000-00-00',1,'m','',NULL,NULL,NULL,1,'s',NULL,NULL,'27281516'),(1129,1,'DARY','ORTIZ','0000-00-00',1,'m','',NULL,NULL,NULL,1,'s',NULL,NULL,''),(1130,1,'NURY','IMBACHI','0000-00-00',1,'m','',NULL,NULL,NULL,1,'s',NULL,NULL,'34639513'),(1131,1,'IRMA','MUÑOZ','0000-00-00',1,'m','',NULL,NULL,NULL,1,'s',NULL,NULL,'27277211'),(1132,1,'DERLY','CERON','0000-00-00',1,'m','',NULL,NULL,NULL,1,'s',NULL,NULL,'38560467'),(1133,1,'SANDRA','MESIAS','0000-00-00',1,'m','',NULL,NULL,NULL,1,'s',NULL,NULL,'27281954'),(1134,1,'EUMELIA','ZUÑIGA','0000-00-00',1,'m','',NULL,NULL,NULL,1,'s',NULL,NULL,'31530947'),(1135,1,'CIELO','GUERRERO','0000-00-00',1,'m','',NULL,NULL,NULL,1,'s',NULL,NULL,'27281543'),(1136,1,'YOLANDA','ZUÑIGA','0000-00-00',1,'m','',NULL,NULL,NULL,1,'s',NULL,NULL,'34639383'),(1137,1,'ROCIO','DIAZ','0000-00-00',1,'m','',NULL,NULL,NULL,1,'s',NULL,NULL,'27281123'),(1138,1,'FIDELINA','CORDOBA','0000-00-00',1,'m','',NULL,NULL,NULL,1,'s',NULL,NULL,'48560111'),(1139,1,'MARIA','BRAVO','0000-00-00',1,'m','',NULL,NULL,NULL,1,'s',NULL,NULL,'27281539'),(1140,1,'ZULLY','GUERRERO','0000-00-00',1,'m','',NULL,NULL,NULL,1,'s',NULL,NULL,'36980326'),(1141,1,'YUDY','BRAVO','0000-00-00',1,'m','',NULL,NULL,NULL,1,'s',NULL,NULL,'27282460'),(1142,1,'SANDRA','ORDOÑEZ','0000-00-00',1,'m','',NULL,NULL,NULL,1,'s',NULL,NULL,''),(1143,1,'LIBIA','BRAVO','0000-00-00',1,'m','',NULL,NULL,NULL,1,'s',NULL,NULL,'27276790'),(1144,1,'ADELINA','SAMBONI','0000-00-00',1,'m','',NULL,NULL,NULL,1,'s',NULL,NULL,'34639821'),(1145,1,'ELVIA','SAMBONI','0000-00-00',1,'m','',NULL,NULL,NULL,1,'s',NULL,NULL,'34538364'),(1146,1,'LUCY','ERAZO','0000-00-00',1,'m','',NULL,NULL,NULL,1,'s',NULL,NULL,'27282212'),(1147,1,'OLGA','ORDOÑEZ','0000-00-00',1,'m','',NULL,NULL,NULL,1,'s',NULL,NULL,'27281899'),(1148,1,'MARINA','ORDOÑEZ','0000-00-00',1,'m','',NULL,NULL,NULL,1,'s',NULL,NULL,'27277646'),(1149,1,'SONIA','TORRES','0000-00-00',1,'m','',NULL,NULL,NULL,1,'s',NULL,NULL,'27277957'),(1150,1,'LIDA FABIOLA','REALPE','0000-00-00',1,'m','',NULL,NULL,NULL,1,'s',NULL,NULL,'27281233'),(1151,1,'MARY','ALVEAR','0000-00-00',1,'m','',NULL,NULL,NULL,1,'s',NULL,NULL,'36980114'),(1152,1,'DORA','ERAZO','0000-00-00',1,'m','',NULL,NULL,NULL,1,'s',NULL,NULL,''),(1153,1,'RUBITALIA','ORTEGA','0000-00-00',1,'m','',NULL,NULL,NULL,1,'s',NULL,NULL,'27275904'),(1154,1,'BLANCA','DAVILA','0000-00-00',1,'m','',NULL,NULL,NULL,1,'s',NULL,NULL,'27280983'),(1155,1,'LILIANA','BRAVO','0000-00-00',1,'m','',NULL,NULL,NULL,1,'s',NULL,NULL,'27282121'),(1156,1,'MARGARITA','ÑAÑEZ ÑAÑEZ','0000-00-00',1,'m','',NULL,NULL,NULL,1,'s',NULL,NULL,'27281353'),(1157,1,'MARTHA','LOSADA','0000-00-00',1,'m','',NULL,NULL,NULL,1,'s',NULL,NULL,'25434404'),(1158,1,'SOCORRO','BOLAÑOS','0000-00-00',1,'m','',NULL,NULL,NULL,1,'s',NULL,NULL,'27277992'),(1159,1,'PRAXEDES','BOLAÑOS','0000-00-00',1,'m','',NULL,NULL,NULL,1,'s',NULL,NULL,'27277579'),(1160,1,'LIGIA','CHAVES','0000-00-00',1,'m','',NULL,NULL,NULL,1,'s',NULL,NULL,'30714394'),(1161,1,'MARIA ROCIO','ORDOÑEZ','0000-00-00',1,'m','',NULL,NULL,NULL,1,'s',NULL,NULL,''),(1162,1,'SANDRA','HOYOS ','0000-00-00',1,'m','',NULL,NULL,NULL,1,'s',NULL,NULL,'27281215'),(1163,1,'ILSA','ONEIDA','0000-00-00',1,'m','',NULL,NULL,NULL,1,'s',NULL,NULL,'27277980'),(1164,1,'RUBIELA','MOLINA','0000-00-00',1,'m','',NULL,NULL,NULL,1,'s',NULL,NULL,'27281526'),(1165,1,'ANGELA','BOLAÑOS','0000-00-00',1,'m','',NULL,NULL,NULL,1,'s',NULL,NULL,'27282150'),(1166,1,'BLANCA','MUÑOZ','0000-00-00',1,'m','',NULL,NULL,NULL,1,'s',NULL,NULL,'27277256'),(1167,1,'LUZ','GIRALDO','0000-00-00',1,'m','',NULL,NULL,NULL,1,'s',NULL,NULL,'32797320'),(1168,1,'AURA CECILIA','ALBAN','0000-00-00',1,'m','',NULL,NULL,NULL,1,'s',NULL,NULL,'27275525'),(1169,1,'ADELA','URBANO ','0000-00-00',1,'m','',NULL,NULL,NULL,1,'s',NULL,NULL,'27281079'),(1170,1,'AMPARO','HGALINDEZ','0000-00-00',1,'m','',NULL,NULL,NULL,1,'s',NULL,NULL,'34639695'),(1171,1,'MARIA','ARCOS','0000-00-00',1,'m','',NULL,NULL,NULL,1,'s',NULL,NULL,'27281232'),(1172,1,'OLGA MARINA','BRAVO','0000-00-00',1,'m','',NULL,NULL,NULL,1,'s',NULL,NULL,'31832362'),(1173,1,'MARIA','RETREPO','0000-00-00',1,'m','',NULL,NULL,NULL,1,'s',NULL,NULL,'29105113'),(1174,1,'MARIA','CERON','0000-00-00',1,'m','',NULL,NULL,NULL,1,'s',NULL,NULL,''),(1175,1,'ELIDIA','ESPINOSA','0000-00-00',1,'m','',NULL,NULL,NULL,1,'s',NULL,NULL,'34329633'),(1176,1,'GABBY ESTHER','TOBAR','0000-00-00',1,'m','',NULL,NULL,NULL,1,'s',NULL,NULL,'27276739'),(1177,1,'ARGENIS','MUÑOZ','0000-00-00',1,'m','',NULL,NULL,NULL,1,'s',NULL,NULL,'27281046'),(1178,1,'MAURA','TORRES','0000-00-00',1,'m','',NULL,NULL,NULL,1,'s',NULL,NULL,'27275812'),(1179,1,'MARIA','BOLAÑOS','0000-00-00',1,'m','',NULL,NULL,NULL,1,'s',NULL,NULL,''),(1180,1,'MAGALY','BRAVO','0000-00-00',1,'m','',NULL,NULL,NULL,1,'s',NULL,NULL,'27277409'),(1181,1,'MARIA','CRUCES','0000-00-00',1,'m','',NULL,NULL,NULL,1,'s',NULL,NULL,''),(1182,1,'ELSA','ALBAN','0000-00-00',1,'m','',NULL,NULL,NULL,1,'s',NULL,NULL,'36980053'),(1183,1,'NELLY','DELGADO','0000-00-00',1,'m','',NULL,NULL,NULL,1,'s',NULL,NULL,'27281506'),(1184,1,'ROCIO','MESA','0000-00-00',1,'m','',NULL,NULL,NULL,1,'s',NULL,NULL,'25594244'),(1185,1,'MARLY','MUÑOZ','0000-00-00',1,'m','',NULL,NULL,NULL,1,'s',NULL,NULL,'34327980'),(1186,1,'EDY','ROSERO','0000-00-00',1,'m','',NULL,NULL,NULL,1,'s',NULL,NULL,'27276865'),(1187,1,'MARLENY','BRAVO','0000-00-00',1,'m','',NULL,NULL,NULL,1,'s',NULL,NULL,'27281973'),(1188,1,'MAGNOLIA','RODRIGIEZ','0000-00-00',1,'m','',NULL,NULL,NULL,1,'s',NULL,NULL,'59862182'),(1189,1,'MARICEL','RIOS','0000-00-00',1,'m','',NULL,NULL,NULL,1,'s',NULL,NULL,'66809134'),(1190,1,'MARIA','GUERERO','0000-00-00',1,'m','',NULL,NULL,NULL,1,'s',NULL,NULL,'27276948'),(1191,1,'SANDRA','VELASCO','0000-00-00',1,'m','',NULL,NULL,NULL,1,'s',NULL,NULL,'27282483'),(1192,1,'ANA','MUÑOZ','0000-00-00',1,'m','',NULL,NULL,NULL,1,'s',NULL,NULL,''),(1193,1,'AMANDA','BRAVO','0000-00-00',1,'m','',NULL,NULL,NULL,1,'s',NULL,NULL,'27281029'),(1194,1,'INES','BOLAÑOS','0000-00-00',1,'m','',NULL,NULL,NULL,1,'s',NULL,NULL,''),(1195,1,'ANGELA','GÓMEZ','0000-00-00',1,'m','',NULL,NULL,NULL,1,'s',NULL,NULL,'272778222'),(1196,1,'OLGA','BOLAÑOS','0000-00-00',1,'m','',NULL,NULL,NULL,1,'s',NULL,NULL,'27276599'),(1197,1,'MAGALY','FERNANDEZ','0000-00-00',1,'m','',NULL,NULL,NULL,1,'s',NULL,NULL,'27279236'),(1198,1,'YENY','ORDOÑEZ','0000-00-00',1,'m','',NULL,NULL,NULL,1,'s',NULL,NULL,'27281456'),(1199,1,'AMPARO','SANTACRUZ','0000-00-00',1,'m','',NULL,NULL,NULL,1,'s',NULL,NULL,''),(1200,1,'MARIA','MUÑOZ','0000-00-00',1,'m','',NULL,NULL,NULL,1,'s',NULL,NULL,'67001740'),(1201,1,'DAMARIS','VELASCO','0000-00-00',1,'m','',NULL,NULL,NULL,1,'s',NULL,NULL,'27281894'),(1202,1,'PATRICIA','PEREZ','0000-00-00',1,'m','',NULL,NULL,NULL,1,'s',NULL,NULL,'66767469'),(1203,1,'ALICIA','NAVIA','0000-00-00',1,'m','',NULL,NULL,NULL,1,'s',NULL,NULL,'27281594'),(1204,1,'ESPERANZA','RANGEL','0000-00-00',1,'m','',NULL,NULL,NULL,1,'s',NULL,NULL,'27276229'),(1205,1,'ISMENIA','ALBAN','0000-00-00',1,'m','',NULL,NULL,NULL,1,'s',NULL,NULL,'27277487'),(1206,1,'BLANCA','DIAZ','0000-00-00',1,'m','',NULL,NULL,NULL,1,'s',NULL,NULL,'27279992'),(1207,1,'ROCIO','MUÑOZ','0000-00-00',1,'m','',NULL,NULL,NULL,1,'s',NULL,NULL,'27277596'),(1208,1,'MARIA','MUÑOZ','0000-00-00',1,'m','',NULL,NULL,NULL,1,'s',NULL,NULL,'27281420'),(1209,1,'FAUSTINA','BRAVO','0000-00-00',1,'m','',NULL,NULL,NULL,1,'s',NULL,NULL,'27277295'),(1210,1,'SONIA','GALALRDO','0000-00-00',1,'m','',NULL,NULL,NULL,1,'s',NULL,NULL,'27279554'),(1211,1,'DAMARIS','GUERRERO','0000-00-00',1,'m','',NULL,NULL,NULL,1,'s',NULL,NULL,'27277479'),(1212,1,'MARIA','SOSCUE','0000-00-00',1,'m','',NULL,NULL,NULL,1,'s',NULL,NULL,'27281653'),(1213,1,'MARIA','DIAZ','0000-00-00',1,'m','',NULL,NULL,NULL,1,'s',NULL,NULL,'25285074'),(1214,1,'EMMA','MUÑOZ','0000-00-00',1,'m','',NULL,NULL,NULL,1,'s',NULL,NULL,'27281019'),(1215,1,'NELSY','RUIZ ','0000-00-00',1,'m','',NULL,NULL,NULL,1,'s',NULL,NULL,'36980282'),(1216,1,'DORIS','ORDOÑEZ','0000-00-00',1,'m','',NULL,NULL,NULL,1,'s',NULL,NULL,''),(1217,1,'MARIA','MARTINEZ','0000-00-00',1,'m','',NULL,NULL,NULL,1,'s',NULL,NULL,'27277213'),(1218,1,'ALBA ','SAMBONI','0000-00-00',1,'m','',NULL,NULL,NULL,1,'s',NULL,NULL,'48560044'),(1219,1,'ONEIDA','BURBANO','0000-00-00',1,'m','',NULL,NULL,NULL,1,'s',NULL,NULL,'27281144'),(1220,1,'RAQUEL','BRAVO','0000-00-00',1,'m','',NULL,NULL,NULL,1,'s',NULL,NULL,'27282024'),(1221,1,'AURA','ORTEGA','0000-00-00',1,'m','',NULL,NULL,NULL,1,'s',NULL,NULL,'27275802'),(1222,1,'ANA CECILIA','DELGADO','0000-00-00',1,'m','',NULL,NULL,NULL,1,'s',NULL,NULL,'27276319'),(1223,1,'NELLY','DIAZ','0000-00-00',1,'m','',NULL,NULL,NULL,1,'s',NULL,NULL,'27276099'),(1224,1,'YOLANDA','REALPE','0000-00-00',1,'m','',NULL,NULL,NULL,1,'s',NULL,NULL,'27275631'),(1225,1,'SANDRA','GUERRERO','0000-00-00',1,'m','',NULL,NULL,NULL,1,'s',NULL,NULL,'27281509'),(1226,1,'DORA','BRAVO','0000-00-00',1,'m','',NULL,NULL,NULL,1,'s',NULL,NULL,'67016495'),(1227,1,'MARIA','ORDOÑEZ','0000-00-00',1,'m','',NULL,NULL,NULL,1,'s',NULL,NULL,'27277720'),(1228,1,'MELBA','MARTINEZ','0000-00-00',1,'m','',NULL,NULL,NULL,1,'s',NULL,NULL,'27277901'),(1229,1,'ZENAIDA','FERNANDEZ','0000-00-00',1,'m','',NULL,NULL,NULL,1,'s',NULL,NULL,'37060116'),(1230,1,'DEICY','MUÑOZ','0000-00-00',1,'m','',NULL,NULL,NULL,1,'s',NULL,NULL,'1088970877'),(1231,1,'HEYDA','BRAVO','0000-00-00',1,'m','',NULL,NULL,NULL,1,'s',NULL,NULL,'27281945'),(1232,1,'CECILIA','SANCHEZ','0000-00-00',1,'m','',NULL,NULL,NULL,1,'s',NULL,NULL,'27276968'),(1233,1,'REINA','IMBACHI','0000-00-00',1,'m','',NULL,NULL,NULL,1,'s',NULL,NULL,'27284377'),(1234,1,'GLORIA','GUERRERO','0000-00-00',1,'m','',NULL,NULL,NULL,1,'s',NULL,NULL,'27277554'),(1235,1,'LILIANA','MUÑOZ','0000-00-00',1,'m','',NULL,NULL,NULL,1,'s',NULL,NULL,'27453939'),(1236,1,'EIRA','ZAMBRANO','0000-00-00',1,'m','',NULL,NULL,NULL,1,'s',NULL,NULL,'27282191'),(1237,1,'SANDRA','RODRIGUEZ','0000-00-00',1,'m','',NULL,NULL,NULL,1,'s',NULL,NULL,'27281533'),(1238,1,'AMANDA','TRUJILLO','0000-00-00',1,'m','',NULL,NULL,NULL,1,'s',NULL,NULL,''),(1239,1,'MONICA','IMBACHI','0000-00-00',1,'m','',NULL,NULL,NULL,1,'s',NULL,NULL,'27281585'),(1240,1,'BLANA','IMBACHI','0000-00-00',1,'m','',NULL,NULL,NULL,1,'s',NULL,NULL,'27277118'),(1241,1,'LUZ','NARANJO','0000-00-00',1,'m','',NULL,NULL,NULL,1,'s',NULL,NULL,'66960125'),(1242,1,'FANNY','MUÑOZ','0000-00-00',1,'m','',NULL,NULL,NULL,1,'s',NULL,NULL,'27276095'),(1243,1,'LUZ','REALPE','0000-00-00',1,'m','',NULL,NULL,NULL,1,'s',NULL,NULL,'27277166'),(1244,1,'GLADY','SIMALES','0000-00-00',1,'m','',NULL,NULL,NULL,1,'s',NULL,NULL,'27277712'),(1245,1,'DELMY','ORDOÑEZ','0000-00-00',1,'m','',NULL,NULL,NULL,1,'s',NULL,NULL,'27277184'),(1246,1,'LIBIA','MARTINEZ','0000-00-00',1,'m','',NULL,NULL,NULL,1,'s',NULL,NULL,'27277956'),(1247,1,'NELCY','BRAVO','0000-00-00',1,'m','',NULL,NULL,NULL,1,'s',NULL,NULL,'27281368'),(1248,1,'NANCY','VELASCO','0000-00-00',1,'m','',NULL,NULL,NULL,1,'s',NULL,NULL,'27281605'),(1249,1,'LUCERO','PALADINES','0000-00-00',1,'m','',NULL,NULL,NULL,1,'s',NULL,NULL,'27149644'),(1250,1,'MARIA','RIVAS','0000-00-00',1,'m','',NULL,NULL,NULL,1,'s',NULL,NULL,'27277775'),(1251,1,'MARIA','MOLINA','0000-00-00',1,'m','',NULL,NULL,NULL,1,'s',NULL,NULL,'27277279'),(1252,1,'GABY','TRUJILLO','0000-00-00',1,'m','',NULL,NULL,NULL,1,'s',NULL,NULL,'27275476'),(1253,1,'REINA','IMACHI','0000-00-00',1,'m','',NULL,NULL,NULL,1,'s',NULL,NULL,'27276377'),(1254,1,'CLAUDIA','BENAVIDES','0000-00-00',1,'m','',NULL,NULL,NULL,1,'s',NULL,NULL,'27277264'),(1255,1,'DELCY','MUÑOZ','0000-00-00',1,'m','',NULL,NULL,NULL,1,'s',NULL,NULL,'1088970877'),(1256,1,'MARIA','LEITON','0000-00-00',1,'m','',NULL,NULL,NULL,1,'s',NULL,NULL,'27276221'),(1257,1,'SANDRA','REALPE','0000-00-00',1,'m','',NULL,NULL,NULL,1,'s',NULL,NULL,''),(1258,1,'MARIA','ORDOÑEZ','0000-00-00',1,'m','',NULL,NULL,NULL,1,'s',NULL,NULL,''),(1259,1,'MARIA ROSA','REALPE ','0000-00-00',1,'m','',NULL,NULL,NULL,1,'s',NULL,NULL,'27276292'),(1260,1,'MILENA','ARCOS','0000-00-00',1,'m','',NULL,NULL,NULL,1,'s',NULL,NULL,'36980128'),(1261,1,'LUCÍA','GÓMEZ','0000-00-00',1,'m','',NULL,NULL,NULL,1,'s',NULL,NULL,'27275353'),(1262,1,'BETTY','GÓMEZ','0000-00-00',1,'m','',NULL,NULL,NULL,1,'s',NULL,NULL,'27275353'),(1263,1,'MARIA','GUERRERO','0000-00-00',1,'m','',NULL,NULL,NULL,1,'s',NULL,NULL,'27281099'),(1264,1,'MOLINA','PALACIOS','0000-00-00',1,'m','',NULL,NULL,NULL,1,'s',NULL,NULL,''),(1265,1,'CLAUDIA','MOLINA','0000-00-00',1,'m','',NULL,NULL,NULL,1,'s',NULL,NULL,'27281337'),(1266,1,'GLORIA','JIMENEZ','0000-00-00',1,'m','',NULL,NULL,NULL,1,'s',NULL,NULL,'25274896'),(1267,1,'ROSA','MARTINEZ','0000-00-00',1,'m','',NULL,NULL,NULL,1,'s',NULL,NULL,'27276320'),(1268,1,'LUCERO','BOLAÑOS ','0000-00-00',1,'m','',NULL,NULL,NULL,1,'s',NULL,NULL,'27277553'),(1269,1,'MIRTA','CHAVEZ','0000-00-00',1,'m','',NULL,NULL,NULL,1,'s',NULL,NULL,'27281069'),(1270,1,'CLAUDIA','CRUZ','0000-00-00',1,'m','',NULL,NULL,NULL,1,'s',NULL,NULL,'27277981'),(1271,1,'NUBIA','BRAVO','0000-00-00',1,'m','',NULL,NULL,NULL,1,'s',NULL,NULL,'27281298'),(1272,1,'DORIS','MUÑOZ','0000-00-00',1,'m','',NULL,NULL,NULL,1,'s',NULL,NULL,'27276882'),(1273,1,'CARMEN','ÑAÑEZ','0000-00-00',1,'m','',NULL,NULL,NULL,1,'s',NULL,NULL,'27452115'),(1274,1,'EMMA','BRAVO','0000-00-00',1,'m','',NULL,NULL,NULL,1,'s',NULL,NULL,''),(1275,1,'SANDRA','ALBAN','0000-00-00',1,'m','',NULL,NULL,NULL,1,'s',NULL,NULL,'36980342'),(1276,1,'LUZ ANGELICA','ERAZO','0000-00-00',1,'m','',NULL,NULL,NULL,1,'s',NULL,NULL,'27277319'),(1277,1,'LIBIA','DIAZ','0000-00-00',1,'m','',NULL,NULL,NULL,1,'s',NULL,NULL,'27277117'),(1278,1,'NORA','MUÑOZ','0000-00-00',1,'m','',NULL,NULL,NULL,1,'s',NULL,NULL,''),(1279,1,'OMAIRA','SACANAMBUY','0000-00-00',1,'m','',NULL,NULL,NULL,1,'s',NULL,NULL,''),(1280,1,'ROSANA','BRAVO','0000-00-00',1,'m','',NULL,NULL,NULL,1,'s',NULL,NULL,'27276165'),(1281,1,'MARIA','RODRIGUEZ','0000-00-00',1,'m','',NULL,NULL,NULL,1,'s',NULL,NULL,'27276254'),(1282,1,'DORIS','CERON','0000-00-00',1,'m','',NULL,NULL,NULL,1,'s',NULL,NULL,''),(1283,1,'ROSA','MUÑOZ','0000-00-00',1,'m','',NULL,NULL,NULL,1,'s',NULL,NULL,'27276430'),(1284,1,'GRACIELA','REALPE ','0000-00-00',1,'m','',NULL,NULL,NULL,1,'s',NULL,NULL,'27275859'),(1285,1,'NUBIA','ORDOÑEZ','0000-00-00',1,'m','',NULL,NULL,NULL,1,'s',NULL,NULL,'27281552'),(1286,1,'ROSAURA','BRAVO','0000-00-00',1,'m','',NULL,NULL,NULL,1,'s',NULL,NULL,'27275974'),(1287,1,'MARLENY','HOYOS','0000-00-00',1,'m','',NULL,NULL,NULL,1,'s',NULL,NULL,'27277958'),(1288,1,'CLAUDIA','MELENDEZ','0000-00-00',1,'m','',NULL,NULL,NULL,1,'s',NULL,NULL,'27281672'),(1289,1,'LUCY','MUÑOZ','0000-00-00',1,'m','',NULL,NULL,NULL,1,'s',NULL,NULL,'27282381'),(1290,1,'MARY','BOLAÑOS ','0000-00-00',1,'m','',NULL,NULL,NULL,1,'s',NULL,NULL,'27277099'),(1291,1,'ANA','CARLOSAMA','0000-00-00',1,'m','',NULL,NULL,NULL,1,'s',NULL,NULL,'27281774'),(1292,1,'LUZ ANGELICA','ZUÑIGA','0000-00-00',1,'m','',NULL,NULL,NULL,1,'s',NULL,NULL,'25320984'),(1293,1,'ROBIRA','BOLAÑOS','0000-00-00',1,'m','',NULL,NULL,NULL,1,'s',NULL,NULL,'27281729'),(1294,1,'ANA CELIA','ZUÑIGA','0000-00-00',1,'m','',NULL,NULL,NULL,1,'s',NULL,NULL,'27277892'),(1295,1,'IMELDA','DIAZ','0000-00-00',1,'m','',NULL,NULL,NULL,1,'s',NULL,NULL,'27277014'),(1296,1,'GLADYS','DIAZ','0000-00-00',1,'m','',NULL,NULL,NULL,1,'s',NULL,NULL,'27277782'),(1297,1,'LUZ','BRAVO','0000-00-00',1,'m','',NULL,NULL,NULL,1,'s',NULL,NULL,'27281018'),(1298,1,'ORLANDA','REBOLLEDO','0000-00-00',1,'m','',NULL,NULL,NULL,1,'s',NULL,NULL,'27276506'),(1299,1,'CAROLINA','DELGADO','0000-00-00',1,'m','',NULL,NULL,NULL,1,'s',NULL,NULL,'27276860'),(1300,1,'MERY','GÓMEZ','0000-00-00',1,'m','',NULL,NULL,NULL,1,'s',NULL,NULL,'27275792'),(1301,1,'MARIA','CARLOSAMA','0000-00-00',1,'m','',NULL,NULL,NULL,1,'s',NULL,NULL,'27277729'),(1302,1,'ESTHER','GUERRERO','0000-00-00',1,'m','',NULL,NULL,NULL,1,'s',NULL,NULL,'27281654'),(1303,1,'MARIA','MARTINEZ','0000-00-00',1,'m','',NULL,NULL,NULL,1,'s',NULL,NULL,'27276148'),(1304,1,'MARIA','MUÑOZ','0000-00-00',1,'m','',NULL,NULL,NULL,1,'s',NULL,NULL,'27282185'),(1305,1,'GABY','BRAVO','0000-00-00',1,'m','',NULL,NULL,NULL,1,'s',NULL,NULL,'27276901'),(1306,1,'AURA','RODRIGUEZ','0000-00-00',1,'m','',NULL,NULL,NULL,1,'s',NULL,NULL,''),(1307,1,'ANA LUCIA','MUÑOZ','0000-00-00',1,'m','',NULL,NULL,NULL,1,'s',NULL,NULL,'27281853'),(1308,1,'CELINA','LEDEZMA','0000-00-00',1,'m','',NULL,NULL,NULL,1,'s',NULL,NULL,'27281511'),(1309,1,'AURA','MOLINA','0000-00-00',1,'m','',NULL,NULL,NULL,1,'s',NULL,NULL,'27276149'),(1310,1,'ANA','REBOLLEDO','0000-00-00',1,'m','',NULL,NULL,NULL,1,'s',NULL,NULL,'27276652'),(1311,1,'ROSA','MOLINA','0000-00-00',1,'m','',NULL,NULL,NULL,1,'s',NULL,NULL,''),(1312,1,'ROSA','VILLOTA','0000-00-00',1,'m','',NULL,NULL,NULL,1,'s',NULL,NULL,'27089776'),(1313,1,'ANA','MOLINA','0000-00-00',1,'m','',NULL,NULL,NULL,1,'s',NULL,NULL,'27281274'),(1314,1,'LUCIA','BRAVO','0000-00-00',1,'m','',NULL,NULL,NULL,1,'s',NULL,NULL,'27276349'),(1315,1,'DORA','DELGADO','0000-00-00',1,'m','',NULL,NULL,NULL,1,'s',NULL,NULL,'27276752'),(1316,1,'ROSA','ÑAÑEZ','0000-00-00',1,'m','',NULL,NULL,NULL,1,'s',NULL,NULL,''),(1317,1,'MERY','SOLARTE','0000-00-00',1,'m','',NULL,NULL,NULL,1,'s',NULL,NULL,'27275775'),(1318,1,'TRINIDAD','ORDOÑEZ','0000-00-00',1,'m','',NULL,NULL,NULL,1,'s',NULL,NULL,''),(1319,1,'JANETH','LOPEZ','0000-00-00',1,'m','',NULL,NULL,NULL,1,'s',NULL,NULL,'27281296'),(1320,1,'CLAUDIA','MUÑOZ','0000-00-00',1,'m','',NULL,NULL,NULL,1,'s',NULL,NULL,'27276151'),(1321,1,'DIANA','ARANGO','0000-00-00',1,'m','',NULL,NULL,NULL,1,'s',NULL,NULL,'31438238'),(1322,1,'GLADIS','MOLINA','0000-00-00',1,'m','',NULL,NULL,NULL,1,'s',NULL,NULL,'27277636'),(1323,1,'ROBIRA','VILLAMUEZ','0000-00-00',1,'m','',NULL,NULL,NULL,1,'s',NULL,NULL,'27277360'),(1324,1,'NORA','DELGADO','0000-00-00',1,'m','',NULL,NULL,NULL,1,'s',NULL,NULL,'27097511'),(1325,1,'MARIA','MONTERO','0000-00-00',1,'m','',NULL,NULL,NULL,1,'s',NULL,NULL,'25285065'),(1326,1,'LIGIA','CHILITO','0000-00-00',1,'m','',NULL,NULL,NULL,1,'s',NULL,NULL,'36112440'),(1327,1,'LUZ MARINA','ERAZO','0000-00-00',1,'m','',NULL,NULL,NULL,1,'s',NULL,NULL,'27282329'),(1328,1,'MARIA','MOLINA','0000-00-00',1,'m','',NULL,NULL,NULL,1,'s',NULL,NULL,'27281281'),(1329,1,'ELVIRA','OBANDO','0000-00-00',1,'m','',NULL,NULL,NULL,1,'s',NULL,NULL,'66705482'),(1330,1,'MARGOTH','ALBAN','0000-00-00',1,'m','',NULL,NULL,NULL,1,'s',NULL,NULL,'27280989'),(1331,1,'ROSALBINA','CERON','0000-00-00',1,'m','',NULL,NULL,NULL,1,'s',NULL,NULL,'27282956'),(1332,1,'','','0000-00-00',1,'m','',NULL,NULL,NULL,1,'s',NULL,NULL,'27277645'),(1333,1,'NUBIA','RUIZ','0000-00-00',1,'m','',NULL,NULL,NULL,1,'s',NULL,NULL,'27277090'),(1334,1,'NATIVIDAD','VELASCO','0000-00-00',1,'m','',NULL,NULL,NULL,1,'s',NULL,NULL,''),(1335,1,'GLORIA','MENESES','0000-00-00',1,'m','',NULL,NULL,NULL,1,'s',NULL,NULL,'27281255'),(1336,1,'EREDIA','CATUCHE','0000-00-00',1,'m','',NULL,NULL,NULL,1,'s',NULL,NULL,''),(1337,1,'LUZ MIREYA','MONTERO','0000-00-00',1,'m','',NULL,NULL,NULL,1,'s',NULL,NULL,'34326574'),(1338,1,'EDILMA','MENDEZ','0000-00-00',1,'m','',NULL,NULL,NULL,1,'s',NULL,NULL,'27281670'),(1339,1,'ONEIDA','IMBACHI','0000-00-00',1,'m','',NULL,NULL,NULL,1,'s',NULL,NULL,'66990274'),(1340,1,'DANILA','TORRES','0000-00-00',1,'m','',NULL,NULL,NULL,1,'s',NULL,NULL,'27277697'),(1341,1,'ECILDA','BUESAQUILLO','0000-00-00',1,'m','',NULL,NULL,NULL,1,'s',NULL,NULL,'25320629'),(1342,1,'EMILCE','RUIZ','0000-00-00',1,'m','LA ESTANCIA',NULL,NULL,NULL,1,'s',NULL,NULL,'27282497'),(1343,1,'LINY','BOLAÑOS','0000-00-00',1,'m','LA CRUZ',NULL,NULL,NULL,1,'s',NULL,NULL,'27282538'),(1344,1,'RUBY','IMBACHI','0000-00-00',1,'m','CABUYALES',NULL,NULL,NULL,1,'s',NULL,NULL,'27281621'),(1345,1,'JANETH','MUÑOZ','0000-00-00',1,'m','CABUYALES',NULL,NULL,NULL,1,'s',NULL,NULL,''),(1346,1,'SANDRA','MUÑOZ','0000-00-00',1,'m','CABUYALES',NULL,NULL,NULL,1,'s',NULL,NULL,''),(1347,1,'BERTHA','MOLINA','0000-00-00',1,'m','LLANOGRANDE',NULL,NULL,NULL,1,'s',NULL,NULL,'27276525'),(1348,1,'ELVIA','DELGADO','0000-00-00',1,'m','SAN RAFAEL',NULL,NULL,NULL,1,'s',NULL,NULL,'27281171'),(1349,1,'LUCY','CAICEDO','0000-00-00',1,'m','',NULL,NULL,NULL,1,'s',NULL,NULL,'27282254'),(1350,1,'SONIA','TORRES','0000-00-00',1,'m','',NULL,NULL,NULL,1,'s',NULL,NULL,''),(1351,1,'ARGENIS','ORDOÑEZ','0000-00-00',1,'m','',NULL,NULL,NULL,1,'s',NULL,NULL,''),(1352,1,'NELLY','ÑAÑEZ','0000-00-00',1,'m','',NULL,NULL,NULL,1,'s',NULL,NULL,'27277669'),(1353,1,'PIEDAD','ZUÑIGA','0000-00-00',1,'m','',NULL,NULL,NULL,1,'s',NULL,NULL,'48604050'),(1354,1,'MARIA','DEJOY','0000-00-00',1,'m','',NULL,NULL,NULL,1,'s',NULL,NULL,'27276906'),(1355,1,'DOLORES','ORDOÑEZ','0000-00-00',1,'m','',NULL,NULL,NULL,1,'s',NULL,NULL,''),(1356,1,'LUZ ANGELICA','BRABO','0000-00-00',1,'m','',NULL,NULL,NULL,1,'s',NULL,NULL,'27281112'),(1357,1,'YOLANDA','NAVIA','0000-00-00',1,'m','',NULL,NULL,NULL,1,'s',NULL,NULL,''),(1358,1,'MARIA','ORTEGA','0000-00-00',1,'m','',NULL,NULL,NULL,1,'s',NULL,NULL,''),(1359,1,'BLANCA','BRAVO','0000-00-00',1,'m','',NULL,NULL,NULL,1,'s',NULL,NULL,''),(1360,1,'CIELO','BOLAÑOS','0000-00-00',1,'m','',NULL,NULL,NULL,1,'s',NULL,NULL,'27281227'),(1361,1,'ZOILA','CERON','0000-00-00',1,'m','',NULL,NULL,NULL,1,'s',NULL,NULL,''),(1362,1,'OLGA','QUINTERO','0000-00-00',1,'m','',NULL,NULL,NULL,1,'s',NULL,NULL,'67015044'),(1363,1,'DORA','ROSERO','0000-00-00',1,'m','',NULL,NULL,NULL,1,'s',NULL,NULL,''),(1364,1,'MARLY','MUÑOZ','0000-00-00',1,'m','',NULL,NULL,NULL,1,'s',NULL,NULL,''),(1365,1,'JANETH','MUÑOZ','0000-00-00',1,'m','',NULL,NULL,NULL,1,'s',NULL,NULL,'27277009'),(1366,1,'YENY','BRAVO','0000-00-00',1,'m','',NULL,NULL,NULL,1,'s',NULL,NULL,'27281206'),(1367,1,'BETY','REALPE','0000-00-00',1,'m','',NULL,NULL,NULL,1,'s',NULL,NULL,'27281116'),(1368,1,'SONIA','ORTEGA','0000-00-00',1,'m','',NULL,NULL,NULL,1,'s',NULL,NULL,'65719483'),(1369,1,'ERLITA','ORDOÑEZ','0000-00-00',1,'m','',NULL,NULL,NULL,1,'s',NULL,NULL,'27277654'),(1370,1,'LUZ ANGELICA','MUÑOZ','0000-00-00',1,'m','',NULL,NULL,NULL,1,'s',NULL,NULL,'27281538'),(1371,1,'GLORIA','ARCOS','0000-00-00',1,'m','',NULL,NULL,NULL,1,'s',NULL,NULL,'27281030'),(1372,1,'JULIA','ZAMBRANO','0000-00-00',1,'m','',NULL,NULL,NULL,1,'s',NULL,NULL,'27096552'),(1373,1,'LORENA','MUÑOZ','0000-00-00',1,'m','',NULL,NULL,NULL,1,'s',NULL,NULL,''),(1374,1,'ALBA','LOPEZ','0000-00-00',1,'m','',NULL,NULL,NULL,1,'s',NULL,NULL,'27276591'),(1375,1,'ROSA','GUERRERO','0000-00-00',1,'m','',NULL,NULL,NULL,1,'s',NULL,NULL,''),(1376,1,'DARLY','REALPE','0000-00-00',1,'m','',NULL,NULL,NULL,1,'s',NULL,NULL,''),(1377,1,'URSULINA','MUÑOZ','0000-00-00',1,'m','',NULL,NULL,NULL,1,'s',NULL,NULL,''),(1378,1,'BLANCA','GONZALES','0000-00-00',1,'m','',NULL,NULL,NULL,1,'s',NULL,NULL,''),(1379,1,'AMANDA','BELTRAN','0000-00-00',1,'m','',NULL,NULL,NULL,1,'s',NULL,NULL,'27281652'),(1380,1,'ANYELA','MUÑOZ','0000-00-00',1,'m','',NULL,NULL,NULL,1,'s',NULL,NULL,'27277713'),(1381,1,'BETSABE','CAICEDO','0000-00-00',1,'m','',NULL,NULL,NULL,1,'s',NULL,NULL,'25312918'),(1382,1,'CARMEN','MOLINA','0000-00-00',1,'m','',NULL,NULL,NULL,1,'s',NULL,NULL,'27281785'),(1383,1,'MERCEDES','MOLINA','0000-00-00',1,'m','',NULL,NULL,NULL,1,'s',NULL,NULL,'27280910'),(1384,1,'FABIOLA','MARTINEZ','0000-00-00',1,'m','',NULL,NULL,NULL,1,'s',NULL,NULL,''),(1385,1,'GLORIA','BASTIDAS','0000-00-00',1,'m','',NULL,NULL,NULL,1,'s',NULL,NULL,'59794063'),(1386,1,'NILGEN','HERNANDEZ','0000-00-00',1,'m','',NULL,NULL,NULL,1,'s',NULL,NULL,''),(1387,1,'ADIELA','IMBACHI','0000-00-00',1,'m','',NULL,NULL,NULL,1,'s',NULL,NULL,'48560037'),(1388,1,'MARITZA','GOMEZ','0000-00-00',1,'m','',NULL,NULL,NULL,1,'s',NULL,NULL,''),(1389,1,'MARIA','MENESES','0000-00-00',1,'m','',NULL,NULL,NULL,1,'s',NULL,NULL,'27275503'),(1390,1,'ALBA','SAMBONI','0000-00-00',1,'m','',NULL,NULL,NULL,1,'s',NULL,NULL,''),(1391,1,'SONIA','CORDOBA','0000-00-00',1,'m','',NULL,NULL,NULL,1,'s',NULL,NULL,''),(1392,1,'ROCIO','CERON','0000-00-00',1,'m','',NULL,NULL,NULL,1,'s',NULL,NULL,'27277381'),(1393,1,'BLANCA','OJEDA','0000-00-00',1,'m','',NULL,NULL,NULL,1,'s',NULL,NULL,'27481289'),(1394,1,'MATILDE','GOMEZ','0000-00-00',1,'m','',NULL,NULL,NULL,1,'s',NULL,NULL,'27276465'),(1395,1,'CORDULA','IMBACHI','0000-00-00',1,'m','',NULL,NULL,NULL,1,'s',NULL,NULL,'36282070'),(1396,1,'ZULLY','BOLAÑOS','0000-00-00',1,'m','',NULL,NULL,NULL,1,'s',NULL,NULL,'27277638'),(1397,1,'LUZ MILA','GALLARDO','0000-00-00',1,'m','',NULL,NULL,NULL,1,'s',NULL,NULL,'27277947'),(1398,1,'MINERVA','ZUÑIGA','0000-00-00',1,'m','',NULL,NULL,NULL,1,'s',NULL,NULL,'48608437'),(1399,1,'VERÓNICA','MENESES','0000-00-00',1,'m','',NULL,NULL,NULL,1,'s',NULL,NULL,'25593251'),(1400,1,'LUZ NELLY','BOLAÑOS','0000-00-00',1,'m','',NULL,NULL,NULL,1,'s',NULL,NULL,'27281677'),(1401,1,'GABBY','MUÑOZ','0000-00-00',1,'m','',NULL,NULL,NULL,1,'s',NULL,NULL,'27276738'),(1402,1,'MONICA','MUÑOZ','0000-00-00',1,'m','',NULL,NULL,NULL,1,'s',NULL,NULL,'27277995'),(1403,1,'ADRIANA','DELGADO','0000-00-00',1,'m','',NULL,NULL,NULL,1,'s',NULL,NULL,'27277876'),(1404,1,'SOLEDAD','MUÑOZ','0000-00-00',1,'m','',NULL,NULL,NULL,1,'s',NULL,NULL,'27277305'),(1405,1,'LUZ','BRAVO','0000-00-00',1,'m','',NULL,NULL,NULL,1,'s',NULL,NULL,'27275439'),(1406,1,'FERNANDA','REBOLLEDO','0000-00-00',1,'m','',NULL,NULL,NULL,1,'s',NULL,NULL,''),(1407,1,'GLORIA','GAVIRIA','0000-00-00',1,'m','',NULL,NULL,NULL,1,'s',NULL,NULL,'59588915'),(1408,1,'MARIA','BOLAÑOS','0000-00-00',1,'m','',NULL,NULL,NULL,1,'s',NULL,NULL,'27277421'),(1409,1,'MAGOLA','REALPE','0000-00-00',1,'m','',NULL,NULL,NULL,1,'s',NULL,NULL,'27277485'),(1410,1,'ANA','HOYOS','0000-00-00',1,'m','',NULL,NULL,NULL,1,'s',NULL,NULL,'27277388'),(1411,1,'MARGARITA','BRAVO','0000-00-00',1,'m','',NULL,NULL,NULL,1,'s',NULL,NULL,'27277311'),(1412,1,'LILIANA','GALINDEZ','0000-00-00',1,'m','',NULL,NULL,NULL,1,'s',NULL,NULL,'34639315'),(1413,1,'FLOR','BRAVO','0000-00-00',1,'m','',NULL,NULL,NULL,1,'s',NULL,NULL,'27275785'),(1414,1,'ANA','ORDOÑEZ','0000-00-00',1,'m','',NULL,NULL,NULL,1,'s',NULL,NULL,'27277275'),(1415,1,'BLANCA','REALPE','0000-00-00',1,'m','',NULL,NULL,NULL,1,'s',NULL,NULL,'27272372'),(1416,1,'ANA','TORRES','0000-00-00',1,'m','',NULL,NULL,NULL,1,'s',NULL,NULL,'27276403'),(1417,1,'AMPARO','ORTEGA','0000-00-00',1,'m','',NULL,NULL,NULL,1,'s',NULL,NULL,'27275867'),(1418,1,'LUZ','MUÑOZ','0000-00-00',1,'m','',NULL,NULL,NULL,1,'s',NULL,NULL,''),(1419,1,'NILSA','GUERRERO','0000-00-00',1,'m','',NULL,NULL,NULL,1,'s',NULL,NULL,'27281796'),(1420,1,'AMALFI','DIAZ','0000-00-00',1,'m','',NULL,NULL,NULL,1,'s',NULL,NULL,'27277687'),(1421,1,'LILIANA','ACOSTA','0000-00-00',1,'m','',NULL,NULL,NULL,1,'s',NULL,NULL,'27277035'),(1422,1,'DILIA','MUTIS','0000-00-00',1,'m','',NULL,NULL,NULL,1,'s',NULL,NULL,'27276757'),(1423,1,'NELCY','REALPE','0000-00-00',1,'m','',NULL,NULL,NULL,1,'s',NULL,NULL,'27281207'),(1424,1,'LUZ','MOLINA','0000-00-00',1,'m','',NULL,NULL,NULL,1,'s',NULL,NULL,''),(1425,1,'SOCORRO','SIMALES','0000-00-00',1,'m','',NULL,NULL,NULL,1,'s',NULL,NULL,'27276609'),(1426,1,'YOLANDA','ORTIZ','0000-00-00',1,'m','',NULL,NULL,NULL,1,'s',NULL,NULL,'27281567'),(1427,1,'DORIS','MUÑOZ','0000-00-00',1,'m','',NULL,NULL,NULL,1,'s',NULL,NULL,'27276416'),(1428,1,'MATILDE','SOTELO','0000-00-00',1,'m','',NULL,NULL,NULL,1,'s',NULL,NULL,'59832456'),(1429,1,'MARIA','LEITON','0000-00-00',1,'m','',NULL,NULL,NULL,1,'s',NULL,NULL,'27275578'),(1430,1,'CARMEN','VELA','0000-00-00',1,'m','',NULL,NULL,NULL,1,'s',NULL,NULL,'27451175'),(1431,1,'DINA','BUESAQUILLO','0000-00-00',1,'m','',NULL,NULL,NULL,1,'s',NULL,NULL,'48608467'),(1432,1,'CARMEN','SAMBONI','0000-00-00',1,'m','',NULL,NULL,NULL,1,'s',NULL,NULL,'48669309'),(1433,1,'INES','ORDOÑEZ','0000-00-00',1,'m','',NULL,NULL,NULL,1,'s',NULL,NULL,'27277221'),(1434,1,'DUBY','CARLOSAMA','0000-00-00',1,'m','',NULL,NULL,NULL,1,'s',NULL,NULL,'27281313'),(1435,1,'YENNY','BRAVO','0000-00-00',1,'m','',NULL,NULL,NULL,1,'s',NULL,NULL,''),(1436,1,'AYDA','MUÑOZ','0000-00-00',1,'m','',NULL,NULL,NULL,1,'s',NULL,NULL,'27276868'),(1437,1,'BLANCA','IMBACHI','0000-00-00',1,'m','',NULL,NULL,NULL,1,'s',NULL,NULL,'27281414'),(1438,1,'BLANCA','DAZA','0000-00-00',1,'m','',NULL,NULL,NULL,1,'s',NULL,NULL,'48608465'),(1439,1,'MARIA','ORDOÑEZ','0000-00-00',1,'m','',NULL,NULL,NULL,1,'s',NULL,NULL,'27277372'),(1440,1,'YOSLANY','ACOSTA','0000-00-00',1,'m','',NULL,NULL,NULL,1,'s',NULL,NULL,''),(1441,1,'ERLEDY','ANACONA','0000-00-00',1,'m','',NULL,NULL,NULL,1,'s',NULL,NULL,'34639352'),(1442,1,'MARCELA','MUÑOZ','0000-00-00',1,'m','',NULL,NULL,NULL,1,'s',NULL,NULL,'27276469'),(1443,1,'ROSA','SANCHEZ','0000-00-00',1,'m','',NULL,NULL,NULL,1,'s',NULL,NULL,'27281347'),(1444,1,'RUBIELA','BRAVO','0000-00-00',1,'m','',NULL,NULL,NULL,1,'s',NULL,NULL,'27277679'),(1445,1,'ADELINA','RODRIGUEZ','0000-00-00',1,'m','',NULL,NULL,NULL,1,'s',NULL,NULL,'25592519'),(1446,1,'YOLANDA','DAZA','0000-00-00',1,'m','',NULL,NULL,NULL,1,'s',NULL,NULL,'34573659'),(1447,1,'FRANCY','PERAFAN','0000-00-00',1,'m','',NULL,NULL,NULL,1,'s',NULL,NULL,'27281380'),(1448,1,'LIDA','SAMBONI','0000-00-00',1,'m','',NULL,NULL,NULL,1,'s',NULL,NULL,'34639655'),(1449,1,'ANGELITA','BURBANO','0000-00-00',1,'m','',NULL,NULL,NULL,1,'s',NULL,NULL,'59834730'),(1450,1,'DORA','BRAVO','0000-00-00',1,'m','',NULL,NULL,NULL,1,'s',NULL,NULL,'27277732'),(1451,1,'JANETH','MARTINEZ','0000-00-00',1,'m','',NULL,NULL,NULL,1,'s',NULL,NULL,''),(1452,1,'','','0000-00-00',1,'m','',NULL,NULL,NULL,1,'s',NULL,NULL,'48604541'),(1453,1,'SIRLEY','OHMEN','0000-00-00',1,'m','',NULL,NULL,NULL,1,'s',NULL,NULL,'34573941'),(1454,1,'NINA','GOMEZ','0000-00-00',1,'m','',NULL,NULL,NULL,1,'s',NULL,NULL,'34574325'),(1455,1,'SANDRA','SAPUYES','0000-00-00',1,'m','',NULL,NULL,NULL,1,'s',NULL,NULL,'25312908'),(1456,1,'LUCIA','MUÑOZ','0000-00-00',1,'m','',NULL,NULL,NULL,1,'s',NULL,NULL,'27276931'),(1457,1,'NIDIA','BOLAÑOS','0000-00-00',1,'m','',NULL,NULL,NULL,1,'s',NULL,NULL,'27281278'),(1458,1,'NEIVER','MUÑOZ','0000-00-00',1,'m','',NULL,NULL,NULL,1,'s',NULL,NULL,''),(1459,1,'MARTHA','ARCOS','0000-00-00',1,'m','',NULL,NULL,NULL,1,'s',NULL,NULL,'27277293'),(1460,1,'MERY','BOLAÑOS','0000-00-00',1,'m','',NULL,NULL,NULL,1,'s',NULL,NULL,'27277208'),(1461,1,'EMERITA','MUÑOZ','0000-00-00',1,'m','',NULL,NULL,NULL,1,'s',NULL,NULL,'34573452'),(1462,1,'ALDIA','SAMBONI','0000-00-00',1,'m','',NULL,NULL,NULL,1,'s',NULL,NULL,'48560041'),(1463,1,'VIANEY','ZUÑIGA','0000-00-00',1,'m','',NULL,NULL,NULL,1,'s',NULL,NULL,'48608442'),(1464,1,'NANCY','MUÑOZ','0000-00-00',1,'m','',NULL,NULL,NULL,1,'s',NULL,NULL,'27277911'),(1465,1,'YENY','RUIZ','0000-00-00',1,'m','',NULL,NULL,NULL,1,'s',NULL,NULL,'25593736'),(1466,1,'LUZ','ALVARADO','0000-00-00',1,'m','',NULL,NULL,NULL,1,'s',NULL,NULL,'34639524'),(1467,1,'ANA','ORDOÑEZ','0000-00-00',1,'m','',NULL,NULL,NULL,1,'s',NULL,NULL,'27275347'),(1468,1,'NORA','CARLOSAMA','0000-00-00',1,'m','',NULL,NULL,NULL,1,'s',NULL,NULL,'27281306'),(1469,1,'SANDRA','TAPIA','0000-00-00',1,'m','',NULL,NULL,NULL,1,'s',NULL,NULL,'27281212'),(1470,1,'MARIELA','ORTEGA','0000-00-00',1,'m','',NULL,NULL,NULL,1,'s',NULL,NULL,'27276922'),(1471,1,'NILSA','GOMEZ','0000-00-00',1,'m','',NULL,NULL,NULL,1,'s',NULL,NULL,'27281371'),(1472,1,'MA. INES','DAVILA','0000-00-00',1,'m','',NULL,NULL,NULL,1,'s',NULL,NULL,'27276261'),(1473,1,'NIDIA','MUÑOZ','0000-00-00',1,'m','',NULL,NULL,NULL,1,'s',NULL,NULL,'27276341'),(1474,1,'DEYA','ALBAN','0000-00-00',1,'m','',NULL,NULL,NULL,1,'s',NULL,NULL,'27282511'),(1475,1,'ROCIO','HIDALGO','0000-00-00',1,'m','',NULL,NULL,NULL,1,'s',NULL,NULL,''),(1476,1,'MA. ELVIRA','CHASOY','0000-00-00',1,'m','',NULL,NULL,NULL,1,'s',NULL,NULL,'66923748'),(1477,1,'LIOMAR','LOPEZ','0000-00-00',1,'m','',NULL,NULL,NULL,1,'s',NULL,NULL,'27281156'),(1478,1,'ANA ISABEL','GAVIRIA','0000-00-00',1,'m','',NULL,NULL,NULL,1,'s',NULL,NULL,'27276411'),(1479,1,'','ORDOÑEZ','0000-00-00',1,'m','',NULL,NULL,NULL,1,'s',NULL,NULL,'36114011'),(1480,1,'ANITA','ALVEAR','0000-00-00',1,'m','',NULL,NULL,NULL,1,'s',NULL,NULL,'27275639'),(1481,1,'MARYULI','MUÑOZ','0000-00-00',1,'m','',NULL,NULL,NULL,1,'s',NULL,NULL,'4734826'),(1482,1,'ASTRID','BRAVO','0000-00-00',1,'m','',NULL,NULL,NULL,1,'s',NULL,NULL,'27281874'),(1483,1,'LIDA','LEITTON','0000-00-00',1,'m','',NULL,NULL,NULL,1,'s',NULL,NULL,'27277935'),(1484,1,'MARIA','RESTREPO','0000-00-00',1,'m','',NULL,NULL,NULL,1,'s',NULL,NULL,'29105113'),(1485,1,'AMPARAO','GALINDEZ','0000-00-00',1,'m','',NULL,NULL,NULL,1,'s',NULL,NULL,'34639695'),(1486,1,'ROCIO','HIDALFO','0000-00-00',1,'m','',NULL,NULL,NULL,1,'s',NULL,NULL,''),(1487,1,'MA. DORYS','GUERRERO','0000-00-00',1,'m','',NULL,NULL,NULL,1,'s',NULL,NULL,'27276606'),(1488,1,'ODILA','GUERRERO','0000-00-00',1,'m','',NULL,NULL,NULL,1,'s',NULL,NULL,''),(1489,1,'SANDRA','CERON','0000-00-00',1,'m','',NULL,NULL,NULL,1,'s',NULL,NULL,''),(1490,1,'MARIA','LEDEZMA','0000-00-00',1,'m','',NULL,NULL,NULL,1,'s',NULL,NULL,''),(1491,1,'OMAIRA','MOLINA','0000-00-00',1,'m','',NULL,NULL,NULL,1,'s',NULL,NULL,'27276912'),(1492,1,'EMIR','BOLAÑOS','0000-00-00',1,'m','',NULL,NULL,NULL,1,'s',NULL,NULL,'27277810'),(1493,1,'MATILDE','IMBACHI','0000-00-00',1,'m','',NULL,NULL,NULL,1,'s',NULL,NULL,'27277240'),(1494,1,'MA. EDILMA','GUERRERO','0000-00-00',1,'m','',NULL,NULL,NULL,1,'s',NULL,NULL,'27276605'),(1495,1,'LUZ MARY','GALINDEZ','0000-00-00',1,'m','',NULL,NULL,NULL,1,'s',NULL,NULL,'27277902'),(1496,1,'DELIA','IMBACHI','0000-00-00',1,'m','',NULL,NULL,NULL,1,'s',NULL,NULL,'27276346'),(1497,1,'ANA','BOLAÑOS','0000-00-00',1,'m','',NULL,NULL,NULL,1,'s',NULL,NULL,''),(1498,1,'HILDA','DELGADO','0000-00-00',1,'m','',NULL,NULL,NULL,1,'s',NULL,NULL,'27281297'),(1499,1,'NIBIA','NAVIA','0000-00-00',1,'m','',NULL,NULL,NULL,1,'s',NULL,NULL,'27281816'),(1500,1,'MAYRA','GUERRERO','0000-00-00',1,'m','',NULL,NULL,NULL,1,'s',NULL,NULL,''),(1501,1,'CLAUDIA','ERAZO','0000-00-00',1,'m','',NULL,NULL,NULL,1,'s',NULL,NULL,'27274887'),(1502,1,'PATRICIA','LEITON','0000-00-00',1,'m','',NULL,NULL,NULL,1,'s',NULL,NULL,''),(1503,1,'MA. INES','CASTILLO','0000-00-00',1,'m','',NULL,NULL,NULL,1,'s',NULL,NULL,'27097891'),(1504,1,'ANA','REALPE','0000-00-00',1,'m','',NULL,NULL,NULL,1,'s',NULL,NULL,'27276164'),(1505,1,'EMILCEN','ORTIZ','0000-00-00',1,'m','',NULL,NULL,NULL,1,'s',NULL,NULL,'27276957'),(1506,1,'ORLABY','DELGADO','0000-00-00',1,'m','',NULL,NULL,NULL,1,'s',NULL,NULL,'27277086'),(1507,1,'EMMA','ORDOÑEZ','0000-00-00',1,'m','',NULL,NULL,NULL,1,'s',NULL,NULL,'27276758'),(1508,1,'PILAR','OTAYA','0000-00-00',1,'m','',NULL,NULL,NULL,1,'s',NULL,NULL,'27277048'),(1509,1,'MARIA','CHAVEZ','0000-00-00',1,'m','',NULL,NULL,NULL,1,'s',NULL,NULL,'27276308'),(1510,1,'AIDE','GOMEZ','0000-00-00',1,'m','',NULL,NULL,NULL,1,'s',NULL,NULL,'27276756'),(1511,1,'MARLENY','RUIZ','0000-00-00',1,'m','',NULL,NULL,NULL,1,'s',NULL,NULL,''),(1512,1,'LUZ','ÑAÑEZ','0000-00-00',1,'m','',NULL,NULL,NULL,1,'s',NULL,NULL,''),(1513,1,'CECILIA','ALVEAR','0000-00-00',1,'m','',NULL,NULL,NULL,1,'s',NULL,NULL,''),(1514,1,'YOLANDA','GRIJALBA','0000-00-00',1,'m','',NULL,NULL,NULL,1,'s',NULL,NULL,''),(1515,1,'NANCY','SOSCUE','0000-00-00',1,'m','',NULL,NULL,NULL,1,'s',NULL,NULL,'27281449'),(1516,1,'AMANCIA','ERAZO','0000-00-00',1,'m','',NULL,NULL,NULL,1,'s',NULL,NULL,''),(1517,1,'CLEOTILDE','ÑAÑEZ','0000-00-00',1,'m','',NULL,NULL,NULL,1,'s',NULL,NULL,'27277871'),(1518,1,'LOPEZ','MUÑOZ','0000-00-00',1,'m','',NULL,NULL,NULL,1,'s',NULL,NULL,'27281019'),(1519,1,'FANNY','ZUÑIGA','0000-00-00',1,'m','',NULL,NULL,NULL,1,'s',NULL,NULL,'48608401'),(1520,1,'ONEIDA','BOLAÑOS','0000-00-00',1,'m','',NULL,NULL,NULL,1,'s',NULL,NULL,'27281459'),(1521,1,'AYDA','ORTIZ','0000-00-00',1,'m','',NULL,NULL,NULL,1,'s',NULL,NULL,''),(1522,1,'DORYS','MUÑOZ','0000-00-00',1,'m','',NULL,NULL,NULL,1,'s',NULL,NULL,'27281694'),(1523,1,'GLORIA','VELASCO','0000-00-00',1,'m','',NULL,NULL,NULL,1,'s',NULL,NULL,''),(1524,1,'FANY','ZUÑIGA','0000-00-00',1,'m','',NULL,NULL,NULL,1,'s',NULL,NULL,''),(1525,1,'ELVIA','MUÑOZ','0000-00-00',1,'m','',NULL,NULL,NULL,1,'s',NULL,NULL,''),(1526,1,'JEANETH','LEITON','0000-00-00',1,'m','',NULL,NULL,NULL,1,'s',NULL,NULL,'27277768'),(1527,1,'MARICELA','PALACIOS','0000-00-00',1,'m','',NULL,NULL,NULL,1,'s',NULL,NULL,'27281366'),(1528,1,'ROCIO','PERAFAN','0000-00-00',1,'m','',NULL,NULL,NULL,1,'s',NULL,NULL,''),(1529,1,'SONIA','ORTIZ','0000-00-00',1,'m','',NULL,NULL,NULL,1,'s',NULL,NULL,'27452289'),(1530,1,'MARIA','MUÑOZ','0000-00-00',1,'m','',NULL,NULL,NULL,1,'s',NULL,NULL,'27274999'),(1531,1,'YOLANDA','CERON','0000-00-00',1,'m','',NULL,NULL,NULL,1,'s',NULL,NULL,'27281111'),(1532,1,'MARGARITA','SOSCUE','0000-00-00',1,'m','',NULL,NULL,NULL,1,'s',NULL,NULL,'27276974'),(1533,1,'GLORIA','MARTINEZ','0000-00-00',1,'m','',NULL,NULL,NULL,1,'s',NULL,NULL,''),(1534,1,'BLANCA','BRAVO','0000-00-00',1,'m','',NULL,NULL,NULL,1,'s',NULL,NULL,'27281640'),(1535,1,'BLANCA','MUÑOZ','0000-00-00',1,'m','',NULL,NULL,NULL,1,'s',NULL,NULL,'27277491'),(1536,1,'NIDIA','LOPEZ','0000-00-00',1,'m','',NULL,NULL,NULL,1,'s',NULL,NULL,'27281305'),(1537,1,'RUBIELA','MORALES','0000-00-00',1,'m','',NULL,NULL,NULL,1,'s',NULL,NULL,'38435991'),(1538,1,'MIREYA','BOLAÑOS','0000-00-00',1,'m','',NULL,NULL,NULL,1,'s',NULL,NULL,'27276120'),(1539,1,'YOLANDA','REALPE','0000-00-00',1,'m','',NULL,NULL,NULL,1,'s',NULL,NULL,'27277682'),(1540,1,'AUDELINA','RENGIFO','0000-00-00',1,'m','',NULL,NULL,NULL,1,'s',NULL,NULL,''),(1541,1,'REBECA','ZUÑIGA','0000-00-00',1,'m','',NULL,NULL,NULL,1,'s',NULL,NULL,'25320708'),(1542,1,'EREDIA','CATUCHE ','0000-00-00',1,'m','',NULL,NULL,NULL,1,'s',NULL,NULL,'67014475'),(1543,1,'ELSA','BOLAÑOS','0000-00-00',1,'m','',NULL,NULL,NULL,1,'s',NULL,NULL,''),(1544,1,'JOSEFINA','ÑAÑEZ','0000-00-00',1,'m','',NULL,NULL,NULL,1,'s',NULL,NULL,''),(1545,1,'TEODOLINA','MEZA','0000-00-00',1,'m','',NULL,NULL,NULL,1,'s',NULL,NULL,''),(1546,1,'OLGA ','BRAVO','0000-00-00',1,'m','',NULL,NULL,NULL,1,'s',NULL,NULL,'31832362'),(1547,1,'MARIA','PIAMBA','0000-00-00',1,'m','',NULL,NULL,NULL,1,'s',NULL,NULL,'34637908'),(1548,1,'LINY','BOLAÑOS','0000-00-00',1,'m','',NULL,NULL,NULL,1,'s',NULL,NULL,'27276336'),(1549,1,'BLANCA','VELASCO','0000-00-00',1,'m','',NULL,NULL,NULL,1,'s',NULL,NULL,'27276990'),(1550,1,'MATILDE','MUÑOZ','0000-00-00',1,'m','',NULL,NULL,NULL,1,'s',NULL,NULL,'48608446'),(1551,1,'GILMA','MUÑOZ','0000-00-00',1,'m','',NULL,NULL,NULL,1,'s',NULL,NULL,'27275667'),(1552,1,'MARY','VELASCO','0000-00-00',1,'m','',NULL,NULL,NULL,1,'s',NULL,NULL,''),(1553,1,'MARIA','ALBAN','0000-00-00',1,'m','',NULL,NULL,NULL,1,'s',NULL,NULL,''),(1554,1,'MA. INES','BRAVO','0000-00-00',1,'m','',NULL,NULL,NULL,1,'s',NULL,NULL,'27276172'),(1555,1,'AUDELINA','RENGIFO','0000-00-00',1,'m','',NULL,NULL,NULL,1,'s',NULL,NULL,'48604005'),(1556,1,'OMAIRA','BOLAÑOS','0000-00-00',1,'m','',NULL,NULL,NULL,1,'s',NULL,NULL,'27451750'),(1557,1,'MARIA','BELTRAN','0000-00-00',1,'m','',NULL,NULL,NULL,1,'s',NULL,NULL,''),(1558,1,'ELVIA','CARLOSAMA','0000-00-00',1,'m','',NULL,NULL,NULL,1,'s',NULL,NULL,''),(1559,1,'CLAUDIA','REALPE','0000-00-00',1,'m','',NULL,NULL,NULL,1,'s',NULL,NULL,'27277929'),(1560,1,'FABIOLA','SOLARTE','0000-00-00',1,'m','',NULL,NULL,NULL,1,'s',NULL,NULL,''),(1561,1,'TRANSITO','RUIZ','0000-00-00',1,'m','',NULL,NULL,NULL,1,'s',NULL,NULL,''),(1562,1,'MARTHA','MÑOZ','0000-00-00',1,'m','',NULL,NULL,NULL,1,'s',NULL,NULL,'27277674'),(1563,1,'ANITA','ALVEAR','0000-00-00',1,'m','',NULL,NULL,NULL,1,'s',NULL,NULL,'25275639'),(1564,1,'MARIA','ALBAN','0000-00-00',1,'m','',NULL,NULL,NULL,1,'s',NULL,NULL,'27282903'),(1565,1,'SALOME','MUÑOZ','0000-00-00',1,'m','',NULL,NULL,NULL,1,'s',NULL,NULL,'27277228'),(1566,1,'ALDEMR','SAMBONI','0000-00-00',1,'m','',NULL,NULL,NULL,1,'s',NULL,NULL,'27277296'),(1567,1,'AURORA','ORDOÑRZ','0000-00-00',1,'m','',NULL,NULL,NULL,1,'s',NULL,NULL,''),(1568,1,'MARLENY','VELASCO','0000-00-00',1,'m','',NULL,NULL,NULL,1,'s',NULL,NULL,'27277462'),(1569,1,'CECILIA','BURBANO','0000-00-00',1,'m','',NULL,NULL,NULL,1,'s',NULL,NULL,'27277931'),(1570,1,'ERLEDY','ANACONA','0000-00-00',1,'m','',NULL,NULL,NULL,1,'s',NULL,NULL,'12238643'),(1571,1,'ELSA','BOLAÑOS','0000-00-00',1,'m','',NULL,NULL,NULL,1,'s',NULL,NULL,'52377342'),(1572,1,'ELVIA','BOLAÑOS','0000-00-00',1,'m','',NULL,NULL,NULL,1,'s',NULL,NULL,''),(1573,1,'ESTHER','BOLAÑOS','0000-00-00',1,'m','',NULL,NULL,NULL,1,'s',NULL,NULL,''),(1574,1,'JACKELINE','BRAVO','0000-00-00',1,'m','',NULL,NULL,NULL,1,'s',NULL,NULL,'27282415'),(1575,1,'ORLAVI','BOLAÑOS','0000-00-00',1,'m','',NULL,NULL,NULL,1,'s',NULL,NULL,''),(1576,1,'BLANCA','BRAVO','0000-00-00',1,'m','',NULL,NULL,NULL,1,'s',NULL,NULL,'27277300'),(1577,1,'RITA','BENAVIDES','0000-00-00',1,'m','',NULL,NULL,NULL,1,'s',NULL,NULL,'27277265'),(1578,1,'CECILIA','SERNA','0000-00-00',1,'m','',NULL,NULL,NULL,1,'s',NULL,NULL,''),(1579,1,'','CERONana','0000-00-00',1,'m','',NULL,NULL,NULL,1,'s',NULL,NULL,'66910969'),(1580,1,'BLANCA','ERAZO','0000-00-00',1,'m','',NULL,NULL,NULL,1,'s',NULL,NULL,'36980063'),(1581,1,'ROSALBA','ORTEGA','0000-00-00',1,'m','',NULL,NULL,NULL,1,'s',NULL,NULL,'27275836'),(1582,1,'MARTHA','RANGEL','0000-00-00',1,'m','',NULL,NULL,NULL,1,'s',NULL,NULL,'27277799'),(1583,1,'NUBIA','MARTINEZ','0000-00-00',1,'m','',NULL,NULL,NULL,1,'s',NULL,NULL,'27277294'),(1584,1,'FANY','BRAVO','0000-00-00',1,'m','',NULL,NULL,NULL,1,'s',NULL,NULL,''),(1585,1,'MARIANA','URBANO','0000-00-00',1,'m','',NULL,NULL,NULL,1,'s',NULL,NULL,'59240054'),(1586,1,'RITA','BRAVO','0000-00-00',1,'m','',NULL,NULL,NULL,1,'s',NULL,NULL,'27281640'),(1587,1,'SONAIRA','ÑAÑEZ','0000-00-00',1,'m','',NULL,NULL,NULL,1,'s',NULL,NULL,''),(1588,1,'MARIA','MARTINEZ','0000-00-00',1,'m','',NULL,NULL,NULL,1,'s',NULL,NULL,''),(1589,1,'HILDA','ÑAÑEZ','0000-00-00',1,'m','',NULL,NULL,NULL,1,'s',NULL,NULL,''),(1590,1,'DERLY','GOMEZ','0000-00-00',1,'m','',NULL,NULL,NULL,1,'s',NULL,NULL,'48604858'),(1591,1,'ISMAELINA','ANACONA','0000-00-00',1,'m','',NULL,NULL,NULL,1,'s',NULL,NULL,'48560075'),(1592,1,'MARIA','HOYOS','0000-00-00',1,'m','',NULL,NULL,NULL,1,'s',NULL,NULL,''),(1593,1,'BRIDES','GARCES','0000-00-00',1,'m','',NULL,NULL,NULL,1,'s',NULL,NULL,''),(1594,1,'SALOME','MUÑOZ','0000-00-00',1,'m','',NULL,NULL,NULL,1,'s',NULL,NULL,''),(1595,1,'MIRYAM','MOLINA','0000-00-00',1,'m','',NULL,NULL,NULL,1,'s',NULL,NULL,''),(1596,1,'','','0000-00-00',1,'m',NULL,NULL,NULL,NULL,1,'s',NULL,NULL,''),(1597,1,'BENITA','DIAZ','0000-00-00',1,'m',NULL,NULL,NULL,NULL,1,'s',NULL,NULL,''),(1598,1,'MARTHA','IMBACHI','0000-00-00',1,'m',NULL,NULL,NULL,NULL,1,'s',NULL,NULL,'27276323'),(1599,1,'AMPARO','SIMALES LEYTON','0000-00-00',1,'m',NULL,NULL,NULL,NULL,1,'s',NULL,NULL,'27276312'),(1600,1,'','','0000-00-00',1,'m',NULL,NULL,NULL,NULL,1,'s',NULL,NULL,'87247670'),(1601,1,'','','0000-00-00',1,'m',NULL,NULL,NULL,NULL,1,'s',NULL,NULL,'5274790'),(1602,1,'','','0000-00-00',1,'m',NULL,NULL,NULL,NULL,1,'s',NULL,NULL,'1084222768'),(1603,1,'','','0000-00-00',1,'m',NULL,NULL,NULL,NULL,1,'s',NULL,NULL,'5275474'),(1604,1,'','','0000-00-00',1,'m',NULL,NULL,NULL,NULL,1,'s',NULL,NULL,'87248201'),(1605,1,'','','0000-00-00',1,'m',NULL,NULL,NULL,NULL,1,'s',NULL,NULL,'25285065'),(1606,1,'','','0000-00-00',1,'m',NULL,NULL,NULL,NULL,1,'s',NULL,NULL,'4734472'),(1607,1,'','','0000-00-00',1,'m',NULL,NULL,NULL,NULL,1,'s',NULL,NULL,'27277763'),(1608,1,'','','0000-00-00',1,'m',NULL,NULL,NULL,NULL,1,'s',NULL,NULL,'35496834'),(1609,1,'','','0000-00-00',1,'m',NULL,NULL,NULL,NULL,1,'s',NULL,NULL,'87247293'),(1610,1,'','','0000-00-00',1,'m',NULL,NULL,NULL,NULL,1,'s',NULL,NULL,'87247241'),(1611,1,'','','0000-00-00',1,'m',NULL,NULL,NULL,NULL,1,'s',NULL,NULL,'1088971011');

--
