-- Table structure for table `persona_adicionales`
--

CREATE TABLE `persona_adicionales` (
  `id_per` varchar(50) COLLATE utf8_spanish_ci DEFAULT NULL
) ENGINE=MyISAM DEFAULT CHARSET=utf8 COLLATE=utf8_spanish_ci;

--
-- Dumping data for table `persona_adicionales`
--


--
-- Table structure for table `persona_dat_adic`
--

CREATE TABLE `persona_dat_adic` (
  `id_pda` int(10) NOT NULL AUTO_INCREMENT,
  `nom_pda` varchar(50) COLLATE utf8_spanish_ci DEFAULT NULL,
  `nom_cort` varchar(50) COLLATE utf8_spanish_ci DEFAULT NULL,
  `obs_pda` varchar(50) COLLATE utf8_spanish_ci DEFAULT NULL,
  `est_adoc` varchar(50) COLLATE utf8_spanish_ci DEFAULT NULL,
  `id_tcam` int(10) DEFAULT NULL,
  `orden` int(10) DEFAULT NULL,
  `opciones` text COLLATE utf8_spanish_ci,
  `alias` varchar(50) COLLATE utf8_spanish_ci NOT NULL COMMENT 'Alias o nombre de la columna en la tabla',
  `par` text COLLATE utf8_spanish_ci,
  `tabla` varchar(50) COLLATE utf8_spanish_ci NOT NULL COMMENT 'Tabla de donde están los campos',
  PRIMARY KEY (`id_pda`)
) ENGINE=MyISAM AUTO_INCREMENT=17 DEFAULT CHARSET=utf8 COLLATE=utf8_spanish_ci COMMENT='datos adicionales de persona';

--
-- Dumping data for table `persona_dat_adic`
--

INSERT INTO `persona_dat_adic` VALUES (1,'Cód.','Cód.','Código','a',1,1,NULL,'id_per',NULL,'persona'),(2,'Tipo ID.','TID','Tipo Identificación','a',11,2,NULL,'cod_tid','SELECT cod_tid AS id,des_tid AS label FROM tipodocum','persona'),(3,'Nombres','Nom.','Nombres','a',1,4,NULL,'nom_per',NULL,'persona'),(4,'Apellidos','Ape.','Apellidos','a',1,3,NULL,'ape_per',NULL,'persona'),(5,'Fec. Nacimiento','FNA','Fecha de Nacimiento','a',1,5,NULL,'nac_per',NULL,'persona'),(6,'Ciudad Nac.','Ciu. N.','Ciudad de Nacimiento','a',10,6,NULL,'cna_per',NULL,'persona'),(7,'Sexo','Sex','Sexo','a',1,7,NULL,'sex_per',NULL,'persona'),(8,'Dirección','Dir.','Dirección','a',1,8,NULL,'dir_per',NULL,'persona'),(9,'Teléfono','Tel.','Teléfono','a',1,9,NULL,'tel_per',NULL,'persona'),(10,'Teléfono 2','Tel2.','Teléfono','a',1,10,NULL,'tel2_per',NULL,'persona'),(11,'Email','Email','Email','a',1,11,NULL,'mai_per',NULL,'persona'),(12,'Ciudad Res.','Ciu. R.','Ciudad de Residencia','a',10,12,NULL,'cre_per',NULL,'persona'),(13,'Estado','Est.','Estado','a',1,13,NULL,'est_per',NULL,'persona'),(14,'Barrio','Barr.','Barrio','a',1,14,NULL,'bar_per',NULL,'persona'),(15,'Fec. Expedición','F.Exp','Fecha de Expedición','a',1,15,NULL,'exped_per',NULL,'persona'),(16,'Documento','Doc.','Documento de Identidad','a',1,2,NULL,'ced_per',NULL,'persona');

--
-- Table structure for table `plan_mejora`
--

CREATE TABLE `plan_mejora` (
  `cod_pla` bigint(6) NOT NULL AUTO_INCREMENT,
  `id_alu` bigint(20) NOT NULL,
  `jus_pla` blob NOT NULL,
  `fec_ini_pla` date NOT NULL,
  `fec_fin_pla` date DEFAULT NULL,
  `res_pla` blob,
  `id_usu` bigint(20) DEFAULT NULL,
  `fec_mod_usu` timestamp NOT NULL DEFAULT CURRENT_TIMESTAMP ON UPDATE CURRENT_TIMESTAMP,
  PRIMARY KEY (`cod_pla`)
) ENGINE=MyISAM DEFAULT CHARSET=utf8 COLLATE=utf8_spanish_ci;

--
-- Dumping data for table `plan_mejora`
--


--
-- Table structure for table `plantilla_uso`
--

CREATE TABLE `plantilla_uso` (
  `id_uso` int(10) NOT NULL,
  `des_uso` varchar(250) COLLATE utf8_spanish_ci NOT NULL,
  PRIMARY KEY (`id_uso`)
) ENGINE=MyISAM DEFAULT CHARSET=utf8 COLLATE=utf8_spanish_ci;

--
-- Dumping data for table `plantilla_uso`
--

INSERT INTO `plantilla_uso` VALUES (1,'Certificado'),(2,'Correo Reporte de Asistencia');

--
-- Table structure for table `plantillas`
--

CREATE TABLE `plantillas` (
  `id_pla` bigint(20) unsigned NOT NULL AUTO_INCREMENT,
  `tit_pla` varchar(255) COLLATE utf8_spanish_ci DEFAULT NULL,
  `enc_pla` text COLLATE utf8_spanish_ci,
  `txt_pla` text COLLATE utf8_spanish_ci,
  `num_pla` int(10) unsigned DEFAULT '1',
  `pie_pla` longtext COLLATE utf8_spanish_ci,
  `borrar` enum('s','n') COLLATE utf8_spanish_ci DEFAULT 's',
  `id_trp` int(10) DEFAULT NULL,
  `parametros_ad` text COLLATE utf8_spanish_ci,
  `php` text COLLATE utf8_spanish_ci,
  `ano_ant` varchar(2) COLLATE utf8_spanish_ci DEFAULT 'n',
  `id_uso` int(10) DEFAULT '1',
  PRIMARY KEY (`id_pla`)
) ENGINE=MyISAM AUTO_INCREMENT=28 DEFAULT CHARSET=utf8 COLLATE=utf8_spanish_ci;

--
-- Dumping data for table `plantillas`
--

INSERT INTO `plantillas` VALUES (25,'CONSTANCIA','<table style=\"width: 100%;\" border=\"0\">\n<tbody>\n<tr>\n<td align=\"center\" valign=\"top\">\n<p>&nbsp;</p>\n<p><img style=\"display: block; margin-left: auto; margin-right: auto;\" src=\"/9000008761/images/logos/logo_cp.jpg\" alt=\"\" height=\"80\" /></p>\n<p>&nbsp;</p>\n</td>\n<td>\n<p style=\"text-align: center;\"><span style=\"font-size: small;\"><strong>ALCALDIA MUNICIPAL DE PASTO -&nbsp; SECRETARIA DE EDUCACION</strong></span></p>\n<p align=\"center\"><span style=\"font-size: medium;\"><strong>INSTITUCION EDUCATIVA MUNICIPAL CIUDADELA DE \"LA PAZ\"</strong></span><br /><strong>Decreto No. 0259 del 9 de Julio de 2007</strong><br /><strong>Codigo DANE No. 152001006589 - NIT No. 900000876-1<br /></strong></p>\n</td>\n</tr>\n</tbody>\n</table>','<p align=\"center\"><span style=\"font-size: medium;\"><strong>&nbsp; <br /></strong></span></p>\n<p align=\"center\"><span style=\"font-size: medium;\"><strong>EL RECTOR &nbsp;DE LA INSTITUCION EDUCATIVA MUNICIPAL<br />CIUDADELA DE LA PAZ</strong></span></p>\n<p align=\"center\"><span style=\"font-size: medium;\">&nbsp;</span></p>\n<p align=\"center\"><span style=\"font-size: medium;\"><strong>&nbsp;</strong></span></p>\n<p align=\"center\"><span style=\"font-size: medium;\"><strong>HACE CONSTAR </strong></span></p>\n<p align=\"center\"><strong>&nbsp;</strong></p>\n<p style=\"text-align: justify;\"><span style=\"font-size: small; font-family: arial,helvetica,sans-serif;\">Que:&nbsp;@estudiante , con identificaci&oacute;n&nbsp;@tipo_id_completo_est Numero&nbsp; @id_estudiante se matriculo en esta Instituci&oacute;n Educativa, Sede @sede,&nbsp; al Grado @grado de @nivel, a&ntilde;o escolar @ano_lectivo.</span></p>\n<p><span style=\"font-size: small; font-family: arial,helvetica,sans-serif;\">Asiste con normalidad hasta la presente fecha.</span></p>\n<p><span style=\"font-size: small; font-family: arial,helvetica,sans-serif;\">La presente constancia se expide en San Juan de Pasto el @fecha_doc .</span></p>\n<p><span style=\"font-size: small; font-family: arial,helvetica,sans-serif;\">&nbsp;</span></p>\n<p><span style=\"font-size: small; font-family: arial,helvetica,sans-serif;\">&nbsp;</span><br /><strong>&nbsp;</strong></p>',15,'<p align=\"center\"><span style=\"font-size: x-small;\">&nbsp;</span></p>\n<p align=\"center\"><span style=\"font-size: x-small; font-family: arial,helvetica,sans-serif;\">Barrio Sol de Oriente &ndash; Comuna Diez - San Juan de Pasto, Nari&ntilde;o, Colombia</span></p>\n<p align=\"center\"><span style=\"font-family: arial,helvetica,sans-serif;\"><strong>&ldquo;Territorio de PAZ&rdquo;</strong></span></p>','',0,'','','s',1),(26,'CERTIFICADO','<table style=\"width: 100%;\" border=\"0\">\n<tbody>\n<tr>\n<td align=\"center\" valign=\"top\">\n<p>&nbsp;</p>\n<p><img style=\"display: block; margin-left: auto; margin-right: auto;\" src=\"/9000008761/images/logos/logo_cp.jpg\" alt=\"\" height=\"80\" /></p>\n<p>&nbsp;</p>\n</td>\n<td>\n<p style=\"text-align: center;\"><span style=\"font-size: small;\"><strong>ALCALDIA MUNICIPAL DE PASTO -&nbsp; SECRETARIA DE EDUCACION</strong></span></p>\n<p align=\"center\"><span style=\"font-size: medium;\"><strong>INSTITUCION EDUCATIVA MUNICIPAL CIUDADELA DE \"LA PAZ\"</strong></span><br /><strong>Decreto No. 0259 del 9 de Julio de 2007</strong><br /><strong>Codigo DANE No. 152001006589 - NIT No. 900000876-1<br /></strong></p>\n</td>\n</tr>\n</tbody>\n</table>','<p align=\"center\"><span style=\"font-size: medium;\"><strong>&nbsp; <br /></strong></span></p>\n<p align=\"center\"><span style=\"font-size: medium;\"><strong>EL RECTOR &nbsp;DE LA INSTITUCION EDUCATIVA MUNICIPAL<br />CIUDADELA DE LA PAZ</strong></span></p>\n<p align=\"center\"><span style=\"font-size: medium;\">&nbsp;</span></p>\n<p align=\"center\"><span style=\"font-size: medium;\"><strong>&nbsp;</strong></span></p>\n<p align=\"center\"><span style=\"font-size: medium;\"><strong>HACE CONSTAR </strong></span></p>\n<p align=\"center\"><strong>&nbsp;</strong></p>\n<p style=\"text-align: justify;\"><span style=\"font-size: small; font-family: arial,helvetica,sans-serif;\">Que:&nbsp;@estudiante , con identificaci&oacute;n&nbsp;@tipo_id_completo_est Numero&nbsp; @id_estudiante se matriculo en esta Instituci&oacute;n Educativa, Sede @sede,&nbsp; al Grado @grado de @nivel, a&ntilde;o escolar @ano_lectivo.</span></p>\n<p><span style=\"font-size: small; font-family: arial,helvetica,sans-serif;\">Asiste con normalidad hasta la presente fecha.</span></p>\n<p><span style=\"font-size: small; font-family: arial,helvetica,sans-serif;\">La presente constancia se expide en San Juan de Pasto el @fecha_doc .</span></p>\n<p><span style=\"font-size: small; font-family: arial,helvetica,sans-serif;\">&nbsp;</span></p>\n<p><span style=\"font-size: small; font-family: arial,helvetica,sans-serif;\">&nbsp;</span><br /><strong>&nbsp;</strong></p>',13,'<p align=\"center\"><span style=\"font-size: x-small;\">&nbsp;</span></p>\n<p align=\"center\"><span style=\"font-size: x-small; font-family: arial,helvetica,sans-serif;\">Barrio Sol de Oriente &ndash; Comuna Diez - San Juan de Pasto, Nari&ntilde;o, Colombia</span></p>\n<p align=\"center\"><span style=\"font-family: arial,helvetica,sans-serif;\"><strong>&ldquo;Territorio de PAZ&rdquo;</strong></span></p>','',0,'','','s',1),(27,'CONSTANCIA(copia 12:32)','<table style=\"width: 100%;\" border=\"0\">\n<tbody>\n<tr>\n<td align=\"center\" valign=\"top\">\n<p>&nbsp;</p>\n<p><img style=\"display: block; margin-left: auto; margin-right: auto;\" src=\"/9000008761/images/logos/logo_cp.jpg\" alt=\"\" height=\"80\" /></p>\n<p>&nbsp;</p>\n</td>\n<td>\n<p style=\"text-align: center;\"><span style=\"font-size: small;\"><strong>ALCALDIA MUNICIPAL DE PASTO -&nbsp; SECRETARIA DE EDUCACION</strong></span></p>\n<p align=\"center\"><span style=\"font-size: medium;\"><strong>INSTITUCION EDUCATIVA MUNICIPAL CIUDADELA DE \"LA PAZ\"</strong></span><br /><strong>Decreto No. 0259 del 9 de Julio de 2007</strong><br /><strong>Codigo DANE No. 152001006589 - NIT No. 900000876-1<br /></strong></p>\n</td>\n</tr>\n</tbody>\n</table>','<p align=\"center\"><span style=\"font-size: medium;\"><strong>&nbsp; <br /></strong></span></p>\n<p align=\"center\"><span style=\"font-size: medium;\"><strong>EL RECTOR &nbsp;DE LA INSTITUCION EDUCATIVA MUNICIPAL<br />CIUDADELA DE LA PAZ</strong></span></p>\n<p align=\"center\"><span style=\"font-size: medium;\">&nbsp;</span></p>\n<p align=\"center\"><span style=\"font-size: medium;\"><strong>&nbsp;</strong></span></p>\n<p align=\"center\"><span style=\"font-size: medium;\"><strong>HACE CONSTAR </strong></span></p>\n<p align=\"center\"><strong>&nbsp;</strong></p>\n<p style=\"text-align: justify;\"><span style=\"font-size: small; font-family: arial,helvetica,sans-serif;\">Que:&nbsp;@estudiante , con identificaci&oacute;n&nbsp;@tipo_id_completo_est Numero&nbsp; @id_estudiante se matriculo en esta Instituci&oacute;n Educativa, Sede @sede,&nbsp; al Grado @grado de @nivel, a&ntilde;o escolar @ano_lectivo.</span></p>\n<p><span style=\"font-size: small; font-family: arial,helvetica,sans-serif;\">Asiste con normalidad hasta la presente fecha.</span></p>\n<p><span style=\"font-size: small; font-family: arial,helvetica,sans-serif;\">La presente constancia se expide en San Juan de Pasto el @fecha_doc .</span></p>\n<p><span style=\"font-size: small; font-family: arial,helvetica,sans-serif;\">&nbsp;</span></p>\n<p><span style=\"font-size: small; font-family: arial,helvetica,sans-serif;\">&nbsp;</span><br /><strong>&nbsp;</strong></p>',12,'<p align=\"center\"><span style=\"font-size: x-small;\">&nbsp;</span></p>\n<p align=\"center\"><span style=\"font-size: x-small; font-family: arial,helvetica,sans-serif;\">Barrio Sol de Oriente &ndash; Comuna Diez - San Juan de Pasto, Nari&ntilde;o, Colombia</span></p>\n<p align=\"center\"><span style=\"font-family: arial,helvetica,sans-serif;\"><strong>&ldquo;Territorio de PAZ&rdquo;</strong></span></p>','',0,'','','s',1);

--
-- Table structure for table `pq_caso`
--

CREATE TABLE `pq_caso` (
  `id_pqc` bigint(20) NOT NULL AUTO_INCREMENT,
  `id_usu` bigint(20) NOT NULL COMMENT 'usuario quien registra',
  `fec_pqc` timestamp NOT NULL DEFAULT CURRENT_TIMESTAMP COMMENT 'fecha de registro',
  `asu_pqc` text COLLATE utf8_spanish_ci COMMENT 'asunto',
  `id_pqtc` bigint(20) DEFAULT NULL COMMENT 'tipo caso',
  `id_pqdep` bigint(20) DEFAULT NULL COMMENT 'dependencia',
  `id_pqest` bigint(20) DEFAULT NULL COMMENT 'ultimo estado',
  `fest_pqc` timestamp NULL DEFAULT NULL COMMENT 'fecha ultimo estado',
  `tipu_pqc` enum('e','i') COLLATE utf8_spanish_ci NOT NULL DEFAULT 'e' COMMENT 'tipo usuario',
  `pad_pqc` bigint(20) DEFAULT NULL COMMENT 'id del caso padre',
  `id_per` bigint(20) DEFAULT NULL COMMENT 'Id funcionario último estado',
  `prio_pqc` enum('n','s') COLLATE utf8_spanish_ci NOT NULL DEFAULT 'n' COMMENT 'Si el caso esta marcado como priooritario por un superior',
  PRIMARY KEY (`id_pqc`)
) ENGINE=MyISAM DEFAULT CHARSET=utf8 COLLATE=utf8_spanish_ci;

--
-- Dumping data for table `pq_caso`
--


--
-- Table structure for table `pq_caso_adjunto`
--

CREATE TABLE `pq_caso_adjunto` (
  `id_pqcad` bigint(20) NOT NULL AUTO_INCREMENT,
  `id_pqc` bigint(20) DEFAULT NULL,
  `nom_pqcad` varchar(250) COLLATE utf8_spanish_ci DEFAULT NULL COMMENT 'nombre original',
  `ruta_pqcad` varchar(250) COLLATE utf8_spanish_ci DEFAULT NULL COMMENT 'ruta',
  PRIMARY KEY (`id_pqcad`)
) ENGINE=MyISAM DEFAULT CHARSET=utf8 COLLATE=utf8_spanish_ci;

--
-- Dumping data for table `pq_caso_adjunto`
--


--
-- Table structure for table `pq_caso_estado`
--

CREATE TABLE `pq_caso_estado` (
  `id_pqce` bigint(20) NOT NULL AUTO_INCREMENT,
  `id_pqc` bigint(20) NOT NULL DEFAULT '0',
  `id_pqest` bigint(20) NOT NULL,
  `fec_pqce` timestamp NOT NULL DEFAULT CURRENT_TIMESTAMP,
  `id_usu` bigint(20) DEFAULT NULL,
  `id_per` bigint(20) DEFAULT NULL,
  PRIMARY KEY (`id_pqce`)
) ENGINE=MyISAM DEFAULT CHARSET=utf8 COLLATE=utf8_spanish_ci;

--
-- Dumping data for table `pq_caso_estado`
--


--
-- Table structure for table `pq_caso_responsable`
--

CREATE TABLE `pq_caso_responsable` (
  `id_pqcr` bigint(20) NOT NULL AUTO_INCREMENT,
  `id_pqc` bigint(20) DEFAULT NULL COMMENT 'caso',
  `id_per` bigint(20) DEFAULT NULL COMMENT 'funcionario',
  `fasi_pqcr` timestamp NOT NULL DEFAULT CURRENT_TIMESTAMP COMMENT 'fecha_asignacion',
  `tasi_pqcr` enum('a','e','t') COLLATE utf8_spanish_ci NOT NULL DEFAULT 'a' COMMENT 'tipo asignacion ,  * asignado por padre, o **escalado o ** transferido',
  `id_per_ori` bigint(20) DEFAULT NULL COMMENT '**funcionario q escala o transfiere',
  `id_usu_ori` bigint(20) DEFAULT NULL COMMENT '*padre q asigna ',
  PRIMARY KEY (`id_pqcr`)
) ENGINE=MyISAM DEFAULT CHARSET=utf8 COLLATE=utf8_spanish_ci;

--
-- Dumping data for table `pq_caso_responsable`
--


--
-- Table structure for table `pq_clase`
--

CREATE TABLE `pq_clase` (
  `id_pqcl` bigint(20) NOT NULL AUTO_INCREMENT,
  `nom_pqcl` varchar(250) COLLATE utf8_spanish_ci DEFAULT NULL COMMENT 'nombre de la clase',
  `est_pqcl` enum('a','i') COLLATE utf8_spanish_ci DEFAULT NULL,
  PRIMARY KEY (`id_pqcl`)
) ENGINE=MyISAM DEFAULT CHARSET=utf8 COLLATE=utf8_spanish_ci;

--
-- Dumping data for table `pq_clase`
--


--
-- Table structure for table `pq_clase_caso`
--

CREATE TABLE `pq_clase_caso` (
  `id_pqcl` bigint(20) DEFAULT NULL COMMENT 'id de la clase a la que pertenece',
  `id_pqc` bigint(20) DEFAULT NULL COMMENT 'id del caso'
) ENGINE=MyISAM DEFAULT CHARSET=utf8 COLLATE=utf8_spanish_ci;

--
-- Dumping data for table `pq_clase_caso`
--


--
-- Table structure for table `pq_config`
--

CREATE TABLE `pq_config` (
  `id_pqcf` bigint(20) NOT NULL AUTO_INCREMENT,
  `nom_pqcf` varchar(50) COLLATE utf8_spanish_ci NOT NULL DEFAULT '0',
  `val_pqcf` text COLLATE utf8_spanish_ci NOT NULL,
  `tip_pqcf` varchar(10) COLLATE utf8_spanish_ci DEFAULT NULL,
  PRIMARY KEY (`id_pqcf`)
) ENGINE=MyISAM DEFAULT CHARSET=utf8 COLLATE=utf8_spanish_ci;

--
-- Dumping data for table `pq_config`
--


--
-- Table structure for table `pq_consulta_funcionarios`
--

CREATE TABLE `pq_consulta_funcionarios` (
  `id_pqcf` bigint(20) NOT NULL AUTO_INCREMENT,
  `nom_pqcf` varchar(250) COLLATE utf8_spanish_ci NOT NULL,
  `sql_pqcf` text COLLATE utf8_spanish_ci NOT NULL,
  `php_pqcf` text COLLATE utf8_spanish_ci,
  PRIMARY KEY (`id_pqcf`)
) ENGINE=MyISAM DEFAULT CHARSET=utf8 COLLATE=utf8_spanish_ci;

--
-- Dumping data for table `pq_consulta_funcionarios`
--


--
-- Table structure for table `pq_dependencia`
--

CREATE TABLE `pq_dependencia` (
  `id_pqdep` bigint(20) NOT NULL AUTO_INCREMENT,
  `nom_pqdep` varchar(250) COLLATE utf8_spanish_ci DEFAULT NULL,
  `est_pqdep` enum('a','i') COLLATE utf8_spanish_ci NOT NULL DEFAULT 'a',
  PRIMARY KEY (`id_pqdep`)
) ENGINE=MyISAM DEFAULT CHARSET=utf8 COLLATE=utf8_spanish_ci;

--
-- Dumping data for table `pq_dependencia`
--


--
-- Table structure for table `pq_estado`
--

CREATE TABLE `pq_estado` (
  `id_pqest` bigint(20) NOT NULL AUTO_INCREMENT,
  `des_pqest` varchar(50) COLLATE utf8_spanish_ci DEFAULT NULL,
  `fin_pqest` enum('s','n') COLLATE utf8_spanish_ci NOT NULL DEFAULT 'n',
  PRIMARY KEY (`id_pqest`)
) ENGINE=MyISAM DEFAULT CHARSET=utf8 COLLATE=utf8_spanish_ci;

--
-- Dumping data for table `pq_estado`
--


--
-- Table structure for table `pq_estado_respuesta`
--

CREATE TABLE `pq_estado_respuesta` (
  `id_pqer` bigint(20) NOT NULL AUTO_INCREMENT,
  `des_pqer` varchar(250) COLLATE utf8_spanish_ci DEFAULT NULL,
  `apli_pqer` enum('a','s') COLLATE utf8_spanish_ci DEFAULT NULL COMMENT 'aplica a avance o a solucion',
  `mos_pqer` enum('s','n') COLLATE utf8_spanish_ci DEFAULT NULL COMMENT 'mostrar texto completo',
  `sol_pqer` enum('s','n') COLLATE utf8_spanish_ci DEFAULT NULL COMMENT 'aceptada como solucion',
  PRIMARY KEY (`id_pqer`)
) ENGINE=MyISAM DEFAULT CHARSET=utf8 COLLATE=utf8_spanish_ci;

--
-- Dumping data for table `pq_estado_respuesta`
--


--
-- Table structure for table `pq_nivel`
--

CREATE TABLE `pq_nivel` (
  `id_pqni` bigint(20) NOT NULL AUTO_INCREMENT,
  `id_pqdep` bigint(20) NOT NULL,
  `niv_pqni` int(11) DEFAULT NULL,
  `tres_pqni` int(11) DEFAULT NULL,
  `tsol_pqni` int(11) DEFAULT NULL,
  `cie_pqni` enum('s','n') COLLATE utf8_spanish_ci NOT NULL DEFAULT 'n',
  PRIMARY KEY (`id_pqni`)
) ENGINE=MyISAM DEFAULT CHARSET=utf8 COLLATE=utf8_spanish_ci;

--
-- Dumping data for table `pq_nivel`
--


--
-- Table structure for table `pq_nivel_consulta`
--

CREATE TABLE `pq_nivel_consulta` (
  `id_pqni` bigint(20) NOT NULL DEFAULT '0',
  `id_pqcf` bigint(20) NOT NULL DEFAULT '0',
  PRIMARY KEY (`id_pqni`,`id_pqcf`)
) ENGINE=MyISAM DEFAULT CHARSET=utf8 COLLATE=utf8_spanish_ci;

--
-- Dumping data for table `pq_nivel_consulta`
--


--
-- Table structure for table `pq_nivel_funcionario`
--

CREATE TABLE `pq_nivel_funcionario` (
  `id_pqni` bigint(20) NOT NULL DEFAULT '0',
  `id_per` bigint(20) NOT NULL DEFAULT '0',
  PRIMARY KEY (`id_pqni`,`id_per`)
) ENGINE=MyISAM DEFAULT CHARSET=utf8 COLLATE=utf8_spanish_ci;

--
-- Dumping data for table `pq_nivel_funcionario`
--


--
-- Table structure for table `pq_respuesta`
--

CREATE TABLE `pq_respuesta` (
  `id_pqres` bigint(20) NOT NULL AUTO_INCREMENT COMMENT 'id respuesta',
  `id_pqc` bigint(20) DEFAULT NULL COMMENT 'caso',
  `fec_pqres` timestamp NOT NULL DEFAULT CURRENT_TIMESTAMP ON UPDATE CURRENT_TIMESTAMP COMMENT 'fecha',
  `id_per` bigint(20) DEFAULT NULL COMMENT 'funcionario',
  `txt_pqres` text COLLATE utf8_spanish_ci COMMENT 'texto de la respuesta/solucion',
  `id_pqtres` enum('a','s','c') COLLATE utf8_spanish_ci DEFAULT NULL COMMENT 'tipo avance/ posible solucion / cierre',
  `id_pqer` bigint(20) DEFAULT NULL COMMENT 'ultimo estado',
  `fec_pqer` timestamp NOT NULL DEFAULT '0000-00-00 00:00:00' COMMENT 'fecha ultimo estado',
  PRIMARY KEY (`id_pqres`)
) ENGINE=MyISAM DEFAULT CHARSET=utf8 COLLATE=utf8_spanish_ci;

--
-- Dumping data for table `pq_respuesta`
--


--
-- Table structure for table `pq_respuesta_adjunto`
--

CREATE TABLE `pq_respuesta_adjunto` (
  `id_pqrad` bigint(20) NOT NULL AUTO_INCREMENT,
  `id_pqres` bigint(20) DEFAULT NULL,
  `nom_pqrad` varchar(250) COLLATE utf8_spanish_ci DEFAULT NULL COMMENT 'nombre original',
  `ruta_pqrad` varchar(250) COLLATE utf8_spanish_ci DEFAULT NULL COMMENT 'ruta',
  PRIMARY KEY (`id_pqrad`)
) ENGINE=MyISAM DEFAULT CHARSET=utf8 COLLATE=utf8_spanish_ci;

--
-- Dumping data for table `pq_respuesta_adjunto`
--


--
-- Table structure for table `pq_respuesta_banco`
--

CREATE TABLE `pq_respuesta_banco` (
  `id_pqrb` bigint(20) NOT NULL AUTO_INCREMENT COMMENT 'id respuesta',
  `id_pqcl` bigint(20) DEFAULT NULL COMMENT 'clase',
  `txt_pqrb` text COLLATE utf8_spanish_ci COMMENT 'texto de la respuesta/solucion',
  `est_pqrb` enum('a','i') COLLATE utf8_spanish_ci DEFAULT NULL,
  PRIMARY KEY (`id_pqrb`)
) ENGINE=MyISAM DEFAULT CHARSET=utf8 COLLATE=utf8_spanish_ci;

--
-- Dumping data for table `pq_respuesta_banco`
--


--
-- Table structure for table `pq_respuesta_estado`
--

CREATE TABLE `pq_respuesta_estado` (
  `id_pqre` bigint(20) NOT NULL AUTO_INCREMENT,
  `id_pqres` bigint(20) NOT NULL DEFAULT '0',
  `id_pqer` bigint(20) NOT NULL,
  `obs_pqre` text COLLATE utf8_spanish_ci NOT NULL,
  `fec_pqre` timestamp NOT NULL DEFAULT CURRENT_TIMESTAMP,
  `id_usu` bigint(20) DEFAULT NULL,
  `id_per` bigint(20) DEFAULT NULL,
  PRIMARY KEY (`id_pqre`)
) ENGINE=MyISAM DEFAULT CHARSET=utf8 COLLATE=utf8_spanish_ci;

--
-- Dumping data for table `pq_respuesta_estado`
--


--
-- Table structure for table `pq_tipo_caso`
--

CREATE TABLE `pq_tipo_caso` (
  `id_pqtc` bigint(20) NOT NULL AUTO_INCREMENT,
  `nom_pqtc` varchar(250) COLLATE utf8_spanish_ci DEFAULT NULL,
  `det_pqtc` text COLLATE utf8_spanish_ci,
  `prio_pqtc` int(11) DEFAULT NULL,
  `tusu_pqtc` enum('i','e') COLLATE utf8_spanish_ci NOT NULL DEFAULT 'i',
  `col_pqtc` varchar(7) COLLATE utf8_spanish_ci DEFAULT NULL,
  `est_pqtc` enum('a','i') COLLATE utf8_spanish_ci NOT NULL DEFAULT 'a',
  PRIMARY KEY (`id_pqtc`)
) ENGINE=MyISAM DEFAULT CHARSET=utf8 COLLATE=utf8_spanish_ci;

--
-- Dumping data for table `pq_tipo_caso`
--


--
-- Table structure for table `pq_tipo_respuesta`
--

CREATE TABLE `pq_tipo_respuesta` (
  `id_pqtres` bigint(20) NOT NULL AUTO_INCREMENT,
  `des_pqtres` varchar(250) COLLATE utf8_spanish_ci DEFAULT NULL,
  `res_pqtres` enum('s','n') COLLATE utf8_spanish_ci DEFAULT NULL,
  `ord_pqtres` int(11) NOT NULL DEFAULT '1',
  PRIMARY KEY (`id_pqtres`)
) ENGINE=MyISAM DEFAULT CHARSET=utf8 COLLATE=utf8_spanish_ci;

--
-- Dumping data for table `pq_tipo_respuesta`
--


--
-- Table structure for table `pregunta`
--

CREATE TABLE `pregunta` (
  `id_preg` tinyint(3) unsigned NOT NULL AUTO_INCREMENT,
  `des_preg` varchar(250) COLLATE utf8_spanish_ci DEFAULT NULL,
  PRIMARY KEY (`id_preg`)
) ENGINE=MyISAM AUTO_INCREMENT=7 DEFAULT CHARSET=utf8 COLLATE=utf8_spanish_ci PACK_KEYS=0 ROW_FORMAT=DYNAMIC;

--
-- Dumping data for table `pregunta`
--

INSERT INTO `pregunta` VALUES (1,'Lugar de nacimineto de la madre'),(2,'Mejor amigo de la infancia'),(3,'Nombre de la primera mascota'),(4,'Profesor favorito'),(5,'Personaje histórico favorito'),(6,'Ocupación del abuelo');

--
-- Table structure for table `pregunta_sec`
--

CREATE TABLE `pregunta_sec` (
  `id_psec` bigint(20) unsigned NOT NULL AUTO_INCREMENT,
  `id_usu` bigint(20) unsigned DEFAULT NULL,
  `mod_usu` enum('s','w','e') COLLATE utf8_spanish_ci DEFAULT NULL,
  `id_preg` tinyint(3) unsigned DEFAULT NULL,
  `rta_preg` varchar(250) COLLATE utf8_spanish_ci DEFAULT NULL,
  PRIMARY KEY (`id_psec`)
) ENGINE=MyISAM AUTO_INCREMENT=29 DEFAULT CHARSET=utf8 COLLATE=utf8_spanish_ci PACK_KEYS=0 ROW_FORMAT=DYNAMIC COMMENT='para almacenar la pregunta secreta de los usuarios';

--
-- Dumping data for table `pregunta_sec`
--

INSERT INTO `pregunta_sec` VALUES (1,1,'s',4,'none'),(2,1088974949,'e',2,'Luis Eduardo'),(3,96,'s',1,'la cruz'),(4,96,'s',1,'la cruz'),(5,97,'s',3,'copa'),(6,101,'s',1,'lacruz'),(7,101,'s',1,'lacruz'),(8,95,'s',5,'Simon Bolivar'),(9,101,'s',1,'lacruz'),(10,70,'s',6,'Maestro'),(11,132,'s',3,'seppelin'),(12,125,'s',1,'VILLANUEVA'),(13,125,'s',1,'VILLANUEVA'),(14,131,'s',1,'La Cruz'),(15,122,'s',6,'ebanista'),(16,131,'s',1,'La Cruz'),(17,122,'s',6,'ebanista'),(18,122,'s',6,'ebanista'),(19,122,'s',6,'ebanista'),(20,121,'s',4,'NIÑOAZUL'),(21,60,'s',2,'guido'),(22,60,'s',2,'guido'),(23,56,'s',1,'lacruz'),(24,57,'s',3,'chiqui'),(25,80,'s',2,'poker'),(26,78,'s',1,'la cruz'),(27,80,'s',2,'poker'),(28,80,'s',2,'poker');

--
-- Table structure for table `preinscrito`
--

CREATE TABLE `preinscrito` (
  `id_pre` bigint(20) unsigned NOT NULL AUTO_INCREMENT,
  `cod_gra` int(10) unsigned NOT NULL,
  `cod_tid` int(10) unsigned NOT NULL,
  `id_ano` int(10) unsigned NOT NULL DEFAULT '1',
  `ape_pre` varchar(255) COLLATE utf8_spanish_ci NOT NULL,
  `nom_pre` varchar(255) COLLATE utf8_spanish_ci NOT NULL,
  `fec_nac` date NOT NULL,
  `documento` varchar(32) COLLATE utf8_spanish_ci NOT NULL,
  `fec_ins` date NOT NULL,
  `cod_ciu` int(10) unsigned DEFAULT '17',
  `col_pro` varchar(255) COLLATE utf8_spanish_ci DEFAULT NULL,
  `dir_pre` varchar(255) COLLATE utf8_spanish_ci DEFAULT NULL,
  `tel_pre` varchar(255) COLLATE utf8_spanish_ci DEFAULT NULL,
  `bar_pre` varchar(255) COLLATE utf8_spanish_ci DEFAULT NULL,
  `sisben_pre` varchar(50) COLLATE utf8_spanish_ci DEFAULT NULL,
  `id_jor` int(10) NOT NULL DEFAULT '1',
  `id_sed` int(10) NOT NULL DEFAULT '1',
  `sex_pre` enum('m','f') COLLATE utf8_spanish_ci NOT NULL DEFAULT 'm',
  `gs_pre` varchar(8) COLLATE utf8_spanish_ci DEFAULT 'O+' COMMENT 'Grupo Sanguíneo',
  `eps_pre` int(11) DEFAULT NULL,
  `tel2_pre` varchar(50) COLLATE utf8_spanish_ci DEFAULT NULL,
  `mai_pre` varchar(50) COLLATE utf8_spanish_ci DEFAULT NULL,
  `ufo_alu` varchar(250) COLLATE utf8_spanish_ci DEFAULT NULL,
  PRIMARY KEY (`id_pre`),
  KEY `preinscrito_FKIndex1` (`id_ano`),
  KEY `preinscrito_FKIndex2` (`cod_tid`),
  KEY `preinscrito_FKIndex3` (`cod_gra`)
) ENGINE=MyISAM DEFAULT CHARSET=utf8 COLLATE=utf8_spanish_ci;

--
-- Dumping data for table `preinscrito`
--


--
-- Table structure for table `preinscrito_persona`
--

CREATE TABLE `preinscrito_persona` (
  `id_rel` int(10) unsigned NOT NULL AUTO_INCREMENT,
  `id_per_pre` bigint(20) unsigned NOT NULL,
  `id_pre` bigint(20) unsigned NOT NULL,
  `tip_rel` enum('padr','madr','acud') COLLATE utf8_spanish_ci DEFAULT NULL,
  PRIMARY KEY (`id_rel`),
  KEY `Table_40_FKIndex1` (`id_pre`),
  KEY `Table_40_FKIndex2` (`id_per_pre`)
) ENGINE=MyISAM DEFAULT CHARSET=utf8 COLLATE=utf8_spanish_ci;

--
-- Dumping data for table `preinscrito_persona`
--


--
-- Table structure for table `pri_mod_aca`
--

CREATE TABLE `pri_mod_aca` (
  `id_pri` bigint(10) NOT NULL AUTO_INCREMENT,
  `cod_mat` bigint(6) unsigned NOT NULL,
  `cod_cur` bigint(6) unsigned NOT NULL,
  `id_peri` bigint(6) unsigned NOT NULL,
  `id_ano` int(10) unsigned NOT NULL DEFAULT '1',
  `est_pri` enum('habi','desh') COLLATE utf8_spanish_ci NOT NULL DEFAULT 'habi',
  `fec_cre` date NOT NULL,
  `fec_rem` date DEFAULT NULL,
  `data` text COLLATE utf8_spanish_ci,
  PRIMARY KEY (`id_pri`)
) ENGINE=MyISAM DEFAULT CHARSET=utf8 COLLATE=utf8_spanish_ci;

--
-- Dumping data for table `pri_mod_aca`
--


--
-- Table structure for table `privilegios`
--

CREATE TABLE `privilegios` (
  `id_pri` int(3) NOT NULL AUTO_INCREMENT,
  `des_pri` varchar(250) COLLATE utf8_spanish_ci NOT NULL,
  `url_pri` varchar(250) COLLATE utf8_spanish_ci NOT NULL,
  `ven_pri` varchar(20) COLLATE utf8_spanish_ci NOT NULL,
  `id_men` bigint(5) NOT NULL DEFAULT '1',
  `pad_men` bigint(5) unsigned DEFAULT NULL,
  `img_pri` varchar(250) COLLATE utf8_spanish_ci DEFAULT NULL,
  `tipo` enum('p','s') COLLATE utf8_spanish_ci NOT NULL DEFAULT 'p',
  PRIMARY KEY (`id_pri`)
) ENGINE=MyISAM DEFAULT CHARSET=utf8 COLLATE=utf8_spanish_ci;

--
-- Dumping data for table `privilegios`
--


--
-- Table structure for table `profesion`
--

CREATE TABLE `profesion` (
  `id_pro` bigint(3) NOT NULL AUTO_INCREMENT,
  `des_pro` varchar(60) COLLATE utf8_spanish_ci NOT NULL,
  `id_pro_DANE` varchar(4) COLLATE utf8_spanish_ci NOT NULL,
  PRIMARY KEY (`des_pro`),
  KEY `id_pro` (`id_pro`)
) ENGINE=MyISAM AUTO_INCREMENT=584 DEFAULT CHARSET=utf8 COLLATE=utf8_spanish_ci;

--
-- Dumping data for table `profesion`
--

INSERT INTO `profesion` VALUES (207,'ABOGADO','207'),(1,'ING. SISTEMAS','1'),(208,'ACTIVIDADES AGRO-INDUSTRIALES','208'),(2,'LIC. COMERCIO Y CONTADURIA','2'),(209,'ADMINISTADOR DE EMPRESAS','209'),(3,'TRABAJADOR SOCIAL','3'),(210,'ADMINISTRACION AGROPECUARIA','210'),(5,'CONTADOR PUBLICO','5'),(4,'DOCENTE','4'),(211,'ADMINISTRACION DE EMPRESAS','211'),(212,'ADMINISTRACION FINANCIERA','212'),(6,'ENTRENADOR','6'),(213,'ADMINISTRACION HOTELERA','213'),(7,'PSICOPEDAGOGO','7'),(214,'ADMINISTRACION INDUSTRIAL','214'),(8,'ADMINISTRADOR EDUCATIVO','8'),(9,'ADMINISTRACION INMOBILIARIA','9'),(10,'ADMINISTRACION PUBLICA','10'),(11,'ADMINISTRADOR','11'),(12,'ADMINISTRADOR BANCARIO','12'),(13,'ADMINISTRADOR CONTABLE','13'),(14,'ADMINISTRADOR DE COMERCIO','14'),(15,'ADMINISTRADOR DE EMPRESAS','15'),(16,'ADMINISTRADOR DE SISTEMAS','16'),(17,'ADMINISTRADOR ESTETICO','17'),(18,'ADMINISTRADOR FINANACIERO','18'),(19,'ADMINISTRADOR HOTELERO','19'),(20,'ADMINISTRADOR TURISTICO','20'),(21,'ADMINMISTRADOR DE EMPRESAS','21'),(22,'AGENTE INMOBILIARIO','22'),(23,'AGRONOMO','23'),(24,'AMA DE CASA','24'),(25,'ANALISTA','25'),(26,'ANTROPOLOGO','26'),(27,'ARQUITECTO','27'),(28,'ARTISTA','28'),(29,'ASESOR DE SEGUROS','29'),(30,'ASESOR FINANCIERO','30'),(31,'AUXILIAR DE ENFERMERIA','31'),(32,'BACTERIOLOGO','32'),(33,'BIOFISICO','33'),(34,'BIOLOGO','34'),(35,'BIOQUIMICA','35'),(36,'CARDIOLOGO','36'),(37,'CHEF','37'),(38,'CIRUJANO','38'),(39,'CIRUJANO MAXILAR','39'),(40,'CIRUJANO PLASTICO','40'),(41,'CIRUJANO VASCULAR PERIFERICO','41'),(42,'COMERCIANTE','42'),(43,'COMERCIO EXTERIOR','43'),(44,'COMERCIO INTERNACIONAL','44'),(45,'COMERCIO Y CONTADURIA','45'),(46,'COMUNICADOR SOCIAL','46'),(47,'CONSTRUCTOR','47'),(49,'CORREDOR DE SEGUROS','49'),(50,'COSMETOLOGA','50'),(51,'DECORADOR','51'),(52,'DECORADORA DE INTERIORES','52'),(53,'DELINEANTE','53'),(54,'DIBUJANTE','54'),(55,'DIETISTA','55'),(56,'DIPLOMÃTICA','56'),(57,'DISEÃ‘ADOR GRÃFICO','57'),(58,'DISEÃ‘ADORA ARQUITECTONICA','58'),(59,'DISEÃ‘ADORA DE INTERIORES','59'),(60,'DISEÃ‘ADORA DE MODAS','60'),(61,'DISEÃ‘ADORA GRAFICA','61'),(62,'DISEÃ‘ADORA GRAFICO','62'),(63,'DISEÃ‘ADORA INDUSTRIAL','63'),(64,'DISEÃ‘ADORA TEXTIL','64'),(65,'DISEÃ‘O ARQUITECTONICO','65'),(66,'DISEÃ‘O DE MODAS','66'),(67,'DISEÃ‘O GRAFICO','67'),(68,'DISEÃ‘O PUBLICITARIO','68'),(69,'DISEÃ‘O TEXTIL','69'),(70,'ECONOMISTA','70'),(71,'EDITOR','71'),(72,'EDUCACION PREESCOLAR','72'),(73,'EDUCADOR','73'),(74,'ENFERMERA','74'),(75,'ESP.EN PROBLEMAS DE CONDUCTA','75'),(76,'ESTADISTICA','76'),(77,'ESTUDIANTE','77'),(78,'EXPORTADOR','78'),(79,'FILOSOFO','79'),(80,'FISIOTERAPEUTA','80'),(81,'FISIOTERAPISTA','81'),(82,'FONOAUDIOLOGA','82'),(83,'GANADERO','83'),(84,'GEOLOGO','84'),(85,'GERENTE HOTELERO','85'),(86,'GUIA DE TURISMO','86'),(87,'HISTORIADOR - DOCENTE','87'),(88,'HISTORIADORA - DOCENTE INVESTI','88'),(89,'HOGAR','89'),(90,'HOTELERIA  Y TURISMO','90'),(91,'INDUSTRIAL','91'),(92,'ING. AGRICOLA','92'),(93,'ING. AGRONOMO','93'),(94,'ING. CIVIL','94'),(95,'ING.  ALIMENTOS','95'),(96,'ING.  PETROLEOS','96'),(98,'ING. ELECTRICISTA','98'),(99,'ING. ELECTRICO','99'),(100,'ING. ELECTRÃ“NICA','100'),(101,'ING. ELECTRÃ“NICO','101'),(102,'ING. FORESTAL','102'),(103,'ING. INDUSTRIAL','103'),(104,'ING. MECANICO','104'),(105,'ING. METALURGICO','105'),(106,'ING. NAVAL','106'),(107,'ING. QUIMICO','107'),(109,'ING. VIAS Y TRANSPORTE','109'),(110,'ING. CARTOGRAFICO','110'),(111,'INSTRUMENTADORA Y ADMINISTRADO','111'),(112,'INTRUMENTADORA  QUIRURGICA','112'),(113,'INVERSIONISTA','113'),(114,'INVERSIONISTA EN FINCA RAIZ','114'),(115,'LENGUAS MODERNAS','115'),(116,'LIC. BIOLOGIA','116'),(117,'LIC. DE ARTES PLÃSTICAS','117'),(118,'LIC. EDUCACION PREESCOLAR','118'),(120,'LIC. ARTES PLASTICAS','120'),(121,'LIC. CIENCIAS DE LA EDUCACION','121'),(122,'LIC. EDUC. FISICA','122'),(124,'LIC. EDUCACIÃ“N','124'),(125,'LIC. EDUCACION FISICA','125'),(126,'LIC. EDUCACION PRE-ESCOLAR','126'),(128,'LIC. ENFERMERIA','128'),(130,'LIC. FILOSOFIA','130'),(134,'LIC. MATEMATICAS','134'),(135,'LIC. PREESCOLAR','135'),(136,'LIC. IDIOMAS','136'),(137,'LIC. INGÃ‰S','137'),(138,'LIC. LENGUAS MODERNAS','138'),(139,'LIC. MATEMATICAS- EDUCADORA','139'),(140,'LIC. TERAPIA LENGUAJE','140'),(141,'LIC. COMERCIO INTERNACIONAL','141'),(142,'LINGUISTA','142'),(143,'M.S.C EN BIOQUIMICA Y GENETICA','143'),(144,'MAESTRO BELLAS ARTES','144'),(145,'MATEMATICO','145'),(146,'MAYOR (R) POLICIA NAL./ADM.EMP','146'),(148,'MAYOR DEL EJÃ‰RCITO','148'),(149,'MED. CIRUJANO GASTROENTERÃ“LOGO','149'),(150,'MED. SALUD OCUPACIONAL','150'),(151,'MED.CIRUJANO GASTROENTERÃ“LOGO','151'),(152,'MED.SALUD OCUPACIONAL','152'),(153,'MÃ‰DICO','153'),(154,'MEDICO ANESTESIOLOGO','154'),(155,'MEDICO NEURO-CIRUJANO','155'),(156,'MERCADOTECNIA','156'),(157,'MICROBIOLOGA','157'),(158,'MILITAR','158'),(159,'MÃšSICO','159'),(160,'NEUROLOGO','160'),(161,'NUTRICIONISTA','161'),(162,'OCEANOGRAFO','162'),(163,'ODONTOLOGO','163'),(164,'OPTOMETRA','164'),(165,'ORTOPEDISTA','165'),(166,'OTORRINO-LARINGÃ“LOGO','166'),(167,'PEDAGOGA','167'),(168,'PERIODISTA','168'),(169,'PIANISTA','169'),(170,'PILOTO','170'),(171,'PRODUCTOR DE RADIO Y TELEVISIO','171'),(172,'PSICOLOGO','172'),(174,'PUBLICISTA','174'),(175,'RELACIONISTA INDUSTRIAL','175'),(176,'RELACIONISTA PUBLICA','176'),(177,'SECRETARIA','177'),(178,'TÃ‰CNICO TEXTIL','178'),(179,'TECNOLOGO COM. E IDIOMAS','179'),(180,'TECNÃ“LOGO INSTALACIONES','180'),(181,'TECNÃ“LOGO COMERCIO E IDIOMAS','181'),(182,'TECNOLOGO MERCADEO','182'),(183,'TECNOLOGO PREESCOLAR','183'),(184,'TECNOLOGO SISTEMAS','184'),(185,'TERAPEUTA','185'),(186,'TERAPISTA DEL LENGUAJE','186'),(187,'TERAPISTA FISICA','187'),(188,'TERAPISTA OCUPACIONAL','188'),(190,'TRADUCTOR','190'),(191,'VENDEDORA','191'),(192,'ZOOTECNISTA','192'),(193,'MEDICO VETERINARIO','193'),(194,'ASESOR DE SISTEMAS','194'),(195,'ACUACULTURA','195'),(196,'PINTOR','196'),(197,'TECNICO ELECTRICISTA','197'),(198,'ING. SANITARIO','198'),(199,'ARTES PLASTICAS','199'),(200,'ING. AUTOMOTRIZ','200'),(201,'TEC. SISTEMAS','201'),(202,'DERMATOLOGO','202'),(203,'TECNOLOGO ADMON.  FINANCIERA','203'),(204,'EBANISTA','204'),(205,'AUXILIAR CONTABLE','205'),(206,'NO DISPONIBLE','206'),(215,'N/D','215'),(217,'VETERINARIO','217'),(218,'ADMON EMPRESARIO','218'),(219,'ADMON H','219'),(220,'REGENTE FARMACIA','220'),(221,'INGENIERO MINAS GEOL','221'),(223,'ABOGADA','223'),(224,'GINECOLOGO','224'),(225,'ORTODONISTA','225'),(226,'ORTODONCISTA','226'),(227,'N/A','227'),(228,'EDUCADORA','228'),(231,'ELECTRONICO','231'),(233,'DELINIANTE DE A','233'),(234,'MAGISTER EN EDUCACION','234'),(235,'ADMON FINAN','235'),(236,'COM SOCIAL','236'),(237,'ING EN SISTEMAS','237'),(240,'ESTILISTA','240'),(242,'CONTADOR','242'),(243,'TEC ED PREESCOLAR','243'),(244,'MEDICO ESPECIALISTA','244'),(245,'ARTES','245'),(248,'PROFESORA P E','248'),(249,'EMPRESARIO','249'),(251,'INGENIERO','251'),(254,'TECNOLOGIA','254'),(255,'DISEÃ‘ADOR INDUSTRIAL','255'),(258,'COM AUDIOVISUAL','258'),(260,'ARAMISTA','260'),(261,'LICENCIADA','261'),(262,'TEC ADMINISTRATIVA','262'),(264,'MEDICO INTERNISTA','264'),(265,'TECNOLOGA','265'),(266,'ODONTOLOGA','266'),(267,'ING AGRONOMA','267'),(268,'TOPOGRAFO','268'),(269,'AUX HOTELERA','269'),(270,'AD MEDICA','270'),(271,'TIPOGRAFO','271'),(272,'LICENCIADA EN CIENCIAS SOCIALE','272'),(273,'LICENCIADA C SOCIALES','273'),(274,'LICENCIADO','274'),(275,'TRANSPORTADORA','275'),(276,'ESPEC DIDACTICA INGLES','276'),(277,'ASESORA','277'),(279,'ADMINISTRADORA','279'),(280,'CONTADORA','280'),(281,'FARMACEUTICO','281'),(282,'INGENIERA','282'),(283,'ESPECIALISTA','283'),(284,'GERENTE','284'),(285,'LIC EDUCACION PRIMARIA','285'),(286,'CONTRATISTA','286'),(287,'AUX ARQUITECTURA','287'),(288,'POLITOLOGO','288'),(290,'DISEÃ‘ADORA','290'),(291,'PEDIATRA','291'),(292,'TEC INDUSTRIAL','292'),(293,'OFTALMOLOGO','293'),(295,'ADMON EDUCAT','295'),(296,'CERAMISTA','296'),(297,'BIENES RAICES','297'),(298,'TECNICO COMERCIAL','298'),(299,'ADMON','299'),(300,'ARQUITECTA','300'),(301,'ROGRAMACION','301'),(302,'LIC FILOSOFIA Y LETRAS','302'),(303,'TRASPORTADOR','303'),(304,'HOTELERA','304'),(305,'ASESOR DE VENTAS','305'),(306,'TECNICO','306'),(307,'AD JUSTICIA','307'),(308,'FISCAL','308'),(309,'PROGRAMACION','309'),(310,'C P T','310'),(311,'SOCIOLOGA','311'),(312,'MERCADEO','312'),(313,'IMPRESOR','313'),(314,'INGENIERO AGROINDUSTRIAL','314'),(315,'ADMON PUBLICA','315'),(316,'ADMON HOGAR','316'),(317,'ARTISTA PLASTICA','317'),(318,'GINECOOBSTETRA','318'),(319,'PROFESORA','319'),(320,'ADMON HOTELERO','320'),(321,'DROGRAMACION','321'),(322,'OFICIAL','322'),(323,'GENONTOLOGA','323'),(324,'ECOLOGA','324'),(325,'ENDODONCISTA','325'),(326,'ASESOR','326'),(327,'TENIENTE','327'),(328,'MEDICO DENTAL','328'),(329,'T E P','329'),(330,'CORONEL','330'),(331,'TERAPIA OCUPACIONAL','331'),(332,'TECNICO DENTAL','332'),(333,'ODONTOPEDIATRIA','333'),(334,'REALIZADOR','334'),(335,'ING AGROFORESTAL','335'),(336,'ADMINISTRADOR JUDICIAL','336'),(337,'C S P','337'),(338,'PARROCO','338'),(339,'LOCUTOR','339'),(340,'AUX MAGISTRADO','340'),(342,'ING AGROPECUARIO','342'),(343,'VENDEDOR','343'),(344,'ARTES VISUALES','344'),(345,'ING GEOLOGO','345'),(346,'INGENIERO GEOGRAFO','346'),(347,'TEOLOGO','347'),(348,'INSTRUMENTADORA','348'),(350,'GEOGRAFA','350'),(351,'TECNICO AUTOMOTRIZ','351'),(352,'DISEÃ‘ADOR ARQUITECTONICO','352'),(353,'TECNOLOGO','353'),(354,'NEUROPSICOLOGA','354'),(355,'LICENCIADO QUIMICA','355'),(356,'LICENCIADA EN QUIMICA','356'),(357,'CIRUJANO CARDIOVASCULAR','357'),(358,'TEC ADMINISTRCION DE EMPRESAS','358'),(359,'EMPLEADO','359'),(361,'SICOLOGA','361'),(362,'INDEPENDIENTE','362'),(365,'REPRESENTANTE DE VENTAS','365'),(366,'CONDUCTOR','366'),(367,'PANADERO','367'),(368,'AGENTE DE POLICIA','368'),(369,'PORF INSTRUMENTAL QUIRURQUCO','369'),(370,'BACHILLER','370'),(371,'JUBILADO','371'),(373,'INGENIERO MINAS','373'),(376,'LICENCIADO EN FISICA','376'),(379,'ADM DE EMPRESAS','379'),(385,'PBLICISTA','385'),(387,'ADM EMPRESAS','387'),(389,'ING SISTEMAS','389'),(391,'COM INTERNACIONAL','391'),(392,'TEC CERAMISTA','392'),(393,'AD DE EMPRESAS','393'),(394,'ING DE ALIMENTOS','394'),(395,'ASESORA COMERCIAL','395'),(396,'EDUCADORA ESCOLAR','396'),(397,'ADMINISTRACION','397'),(398,'MEDICO OFTALMOLOGO','398'),(400,'CONTADORA PUBLICO','400'),(401,'TERAPISTA','401'),(403,'MEDICO CIRUJANO ESPECIALISTA','403'),(404,'MEDICO GINECOLOGO','404'),(406,'ANESTESIOLOOGO','406'),(407,'LIC EN PREESCOLAR','407'),(408,'SUPERVISOR','408'),(410,'ING MINAS Y GEOLOGIA','410'),(412,'AUXILIAR LAB CLINICO','412'),(413,'FISCALIA GRAL DE LA NACION','413'),(414,'ESP SALUD OCUPACIONAL','414'),(415,'HOSPITAL INFANTIL UNIVERSIDAD','415'),(416,'HINFANTILUDE NARIÃ‘O','416'),(417,'H INFANTIL  U DE NARIÃ‘O','417'),(418,'MG ENFERMERA','418'),(419,'TEC DE COMUNICACIONES','419'),(420,'CAPITAN DEL EJERCITO','420'),(421,'PREESCOLAR','421'),(422,'AGRICULTOR','422'),(423,'MECANICO','423'),(424,'FINACISTA','424'),(425,'FINANCISTA','425'),(426,'ESTADISTICO','426'),(427,'TECNICO EN SISTEMAS','427'),(428,'REGENTE DE FARMACIA','428'),(429,'BACHILLER PEDAGOGICO','1'),(430,'ESPECIALISTA EN ADMINISTRACION EDUCATIVA','1'),(431,'ESPECIALISTA EN MULTIMEDIA EDUCATIVA','1'),(432,'ESPECIALIZACION EN LECTOESCRITURA','1'),(433,'LICENCIADA CIENCIAS SOCIALES','1'),(434,'LICENCIADA EN BASICA PRIMARIA','1'),(435,'LICENCIADA EN CIENCIA RELIGIOSAS','1'),(436,'LICENCIADA EN FILOSOFIA Y LETRAS','1'),(437,'LICENCIADO BASICA PRIMARIA','1'),(438,'LICENCIADO EN BIOLOGIA Y QUIMICA','1'),(439,'LICENCIADO EN CIENCIAS SOCIALES ESPECIALISTA EN ADMINISTRACI','1'),(440,'LICENCIADO EN CONTADURIA','1'),(441,'LICENCIADO EN EDUCACION FISICA RECREACION Y DEPORTES','1'),(442,'LICENCIADO EN LENGUAS MODERNAS','1'),(443,'LICENCIADO EN MATEMATICAS Y FISICA','1'),(444,'TECNICO EN BIBLIOTECOLOGIA Y GESTION DOCUMENTAL','1'),(445,'QUIMICO',''),(446,'FUTBOLISTA',''),(447,'PSICOLOGA','447'),(448,'COMANDANTE POLICÃ­A',''),(449,'COMANDANTE',''),(450,'CAPITAN SIJIN',''),(451,'MEDICO NEFROLOGO',''),(452,'SACERDOTE',''),(453,'RELIGIOSO',''),(454,'OTRA',''),(455,'ARTESANA',''),(456,'TECNOLO EN EDUC FISICA',''),(457,'TECNOLOGO EN EDUCACION FISICA',''),(458,'TRANSPORTE ESCOLAR',''),(459,'EJECUTIVO EN VENTAS',''),(460,'TRAUMATOLOGO ORTOPEDISTA',''),(461,'MEDICO PATOLOGO',''),(462,'PSIQUIATRA',''),(463,'SECRETARIA EJECUTIVA',''),(464,'MEDICO PEDIATRA',''),(465,'DECANO Y MAESTRO DE ARTES PLASTICAS',''),(466,'ENFERMERA JEFE',''),(467,'TECNICO EN CONTABILIDAD SISTEMATIZADA',''),(468,'RECEPCIONISTA',''),(469,'LIC EN EDUCACION BASICA CON ENFASIS EN CIENCIAS NATURALES',''),(470,'LICENCIADO EN INFORMATICA',''),(471,'ESPECIALISTA EN ORIENTACION EDUCATIVA Y DESARROLLO HUMANO',''),(472,'INGENIERO ZOOMETALUGICO',''),(473,'ASESOR COMERCIAL',''),(474,'MAG ETNOLITERATURA',''),(475,'NORMALISTA',''),(476,'VIGILANTE',''),(477,'PORTERO',''),(478,'LIC ESPAÃ‘OL',''),(479,'TEC SECRETARIDO EJECUTIVO',''),(480,'TEC SECRETARIADO EJECUTIVO',''),(481,'TANATÃ³LOGO',''),(482,'GUARDIA DE SEGURIDAD',''),(483,'GUARIDA DE SEGURIDAD',''),(484,'GUARDIA',''),(485,'AGENTE DE TRáNSITO',''),(486,'FABRICA DE COLACTEOS',''),(487,'MODISTA',''),(488,'MJUTOPñ IOP',''),(489,'COMERCIO',''),(490,'COERCIO',''),(491,'MEDICO GENERAL',''),(492,'CHAF',''),(493,'AUX DE COCINA',''),(494,'ADMINISTRADORA DE ALMACEN DE CALZADO',''),(495,'COMERCIANTE DE FRUTAS',''),(496,'COMERCIA FRUTAS',''),(497,'ALBAñIL',''),(498,'TRABAJA EN LA CASA',''),(499,'TAXISTA',''),(500,'VARIEDADES',''),(501,'GRANERO',''),(502,'MAESTRO DE CONSTRUCCION',''),(503,'EMPLEADA DOMESTICA',''),(504,'CAMIONERO',''),(505,'EMPLEADA DE HELADERIA',''),(506,'MARROQUINERO',''),(507,'CONTADORA PUBLICA',''),(508,'JEFE DE MAQUINARIA',''),(509,'OTRO',''),(510,'GERENTE COMERCIAL',''),(511,'DOCENTE INDEPENDIENTE',''),(512,'ACESORA EN VENTAS EN OPTICA VISUAL',''),(513,'ASESORA DE VENTAS EN OPTICA',''),(514,'SWGURIDAD PRIVADA',''),(515,'SEGURIDAD PRIVADA',''),(516,'ADMINISTRADOR DE EMPRESA',''),(517,'PROFESORA PARTICULAR',''),(518,'DECORASIONES',''),(519,'TRAMITADOR',''),(520,'GESTOR ANTE TRANSITO',''),(521,'POLICIA',''),(522,'NO ES',''),(523,'NO ES NADA',''),(524,'CELADOR',''),(525,'CASA DE FAMILIA',''),(526,'JORNALERO',''),(527,'BODEGERO',''),(528,'MADRE FAMI',''),(529,'COMERCIA',''),(530,'PENSIONADO',''),(531,'ACESORA DE VENTAS',''),(532,'M',''),(533,'COMERCIANTE INDEPENDIENTE',''),(534,'MAESTRO',''),(535,'CASA',''),(536,'MESERO',''),(537,'AMA DE CASAL',''),(538,'CONTABILIDAD',''),(539,'JEFE DE COCINA',''),(540,'OBRERO',''),(541,'RADIOLOGO',''),(542,'PASTO',''),(543,'EMPLEADA EN BARIEDADES',''),(544,'SUPERTIENDA',''),(545,'COMERCIANTE DEPENDIENTE',''),(546,'O',''),(547,'OTROS',''),(548,'SUPERVISOR DE ESCOLTALS',''),(549,'SUPERVISOR DE ESCOLTAS',''),(550,'OLFEBRE',''),(551,'TENDERO',''),(552,'FALLECIO',''),(553,'MECANICA PROFESIONAL',''),(554,'REPARTIDOR DE ALIMENTOS',''),(555,'NO TRABAJA',''),(556,'MANIPULACION',''),(557,'TECNICO ALINEADOR',''),(558,'ESCOLTA Y SUPERBISOR',''),(559,'SASTRE',''),(560,'COLOMBIA',''),(561,'MARROQUINERIA',''),(562,'TECNICA EN ATENCION A LA PRIMERA INFANCIA',''),(563,'MENSAJERO',''),(564,'AUX ADMINISTRATIVO',''),(565,'SECRETARIO GENERAL DEL CONSEJO MUNICIPAL DE PASTO',''),(566,'CONDUCRTOR',''),(567,'NINGUNA',''),(568,'RELACIONES INDUSTRIALES',''),(569,'INGENIERO DE SISTEMAS',''),(570,'AUX ENFERMERIA',''),(571,'GUARDA DE SEGURIDAD',''),(572,'NO TIENE',''),(573,'LISENCIADO EN EDUCACION FISICA',''),(574,'PREPARADOR FISICO',''),(575,'OOOOOOOOO',''),(576,'CERRAJERO',''),(577,'SOOCTECNISTA',''),(578,'DE CONSTRUCCION',''),(579,'CONSTRUUCION',''),(580,'JEFE OPERATIVO',''),(581,'CAPACITACION DE SEGURIDAD',''),(582,'BOMBERO AERONAUTICO',''),(583,'JUVILADO','');

--
-- Table structure for table `profesor`
--

CREATE TABLE `profesor` (
  `id_per` varchar(20) COLLATE utf8_spanish_ci NOT NULL,
  `id_pro` bigint(3) NOT NULL DEFAULT '0',
  `hrs_lim` int(2) unsigned NOT NULL DEFAULT '0',
  `fot_pro` varchar(250) COLLATE utf8_spanish_ci DEFAULT NULL,
  `cargo` varchar(250) COLLATE utf8_spanish_ci DEFAULT NULL,
  `fot_fir` varchar(250) COLLATE utf8_spanish_ci DEFAULT NULL,
  PRIMARY KEY (`id_per`,`id_pro`)
) ENGINE=MyISAM DEFAULT CHARSET=utf8 COLLATE=utf8_spanish_ci;

--
-- Dumping data for table `profesor`
--

INSERT INTO `profesor` VALUES ('87',1,0,NULL,'RECTOR',NULL),('2',1,0,NULL,'COORDINADOR',NULL),('3',1,0,'3_file_img.','DOCENTE','3_file_fir.'),('4',1,0,NULL,'DOCENTE',NULL),('5',1,0,NULL,'DOCENTE',NULL),('6',1,0,NULL,'DOCENTE',NULL),('7',1,0,NULL,'DOCENTE',NULL),('8',1,0,NULL,'DOCENTE',NULL),('9',1,0,NULL,'DOCENTE',NULL),('10',1,0,NULL,'DOCENTE',NULL),('11',1,0,NULL,'DOCENTE',NULL),('12',1,0,NULL,'DOCENTE',NULL),('13',1,0,NULL,'DOCENTE',NULL),('14',1,0,NULL,'DOCENTE',NULL),('15',1,0,NULL,'DOCENTE',NULL),('16',1,0,NULL,'DOCENTE',NULL),('17',1,0,NULL,'DOCENTE',NULL),('18',1,0,NULL,'DOCENTE',NULL),('19',1,0,NULL,'DOCENTE',NULL),('20',1,0,NULL,'DOCENTE',NULL),('21',1,0,NULL,'DOCENTE',NULL),('22',1,0,NULL,'DOCENTE',NULL),('23',1,0,NULL,'DOCENTE',NULL),('24',1,0,NULL,'DOCENTE',NULL),('25',1,0,NULL,'DOCENTE',NULL),('26',1,0,NULL,'DOCENTE',NULL),('27',1,0,NULL,'DOCENTE',NULL),('28',1,0,NULL,'DOCENTE',NULL),('29',1,0,NULL,'DOCENTE',NULL),('30',1,0,NULL,'DOCENTE',NULL),('31',1,0,NULL,'DOCENTE',NULL),('32',1,0,NULL,'DOCENTE',NULL),('33',1,0,NULL,'DOCENTE',NULL),('34',1,0,NULL,'DOCENTE',NULL),('35',1,0,NULL,'DOCENTE',NULL),('36',1,0,NULL,'DOCENTE',NULL),('37',1,0,NULL,'DOCENTE',NULL),('38',1,0,NULL,'DOCENTE',NULL),('39',1,0,NULL,'DOCENTE',NULL),('40',1,0,NULL,'DOCENTE',NULL),('41',1,0,NULL,'DOCENTE',NULL),('42',1,0,NULL,'DOCENTE',NULL),('43',1,0,NULL,'DOCENTE',NULL),('44',1,0,NULL,'DOCENTE',NULL),('45',1,0,NULL,'DOCENTE',NULL),('46',1,0,NULL,'DOCENTE',NULL),('47',1,0,NULL,'DOCENTE',NULL),('48',1,0,NULL,'DOCENTE',NULL),('49',1,0,NULL,'DOCENTE',NULL),('50',1,0,NULL,'DOCENTE',NULL),('51',1,0,NULL,'DOCENTE',NULL),('52',1,0,NULL,'DOCENTE',NULL),('53',1,0,NULL,'DOCENTE',NULL),('54',1,0,NULL,'DOCENTE',NULL),('55',1,0,NULL,'DOCENTE',NULL),('56',1,0,NULL,'DOCENTE',NULL),('57',1,0,NULL,'DOCENTE',NULL),('58',1,0,NULL,'DOCENTE',NULL),('59',1,0,NULL,'DOCENTE',NULL),('60',1,0,NULL,'DOCENTE',NULL),('61',1,0,NULL,'DOCENTE',NULL),('62',1,0,NULL,'DOCENTE',NULL),('63',1,0,NULL,'DOCENTE',NULL),('64',1,0,NULL,'DOCENTE',NULL),('65',1,0,NULL,'DOCENTE',NULL),('66',1,0,NULL,'DOCENTE',NULL),('67',1,0,NULL,'DOCENTE',NULL),('68',1,0,NULL,'DOCENTE',NULL),('69',1,0,NULL,'DOCENTE',NULL),('70',1,0,NULL,'DOCENTE',NULL),('71',1,0,NULL,'DOCENTE',NULL),('72',1,0,NULL,'DOCENTE',NULL),('73',1,0,NULL,'AUXILIAR SS GENERALES',NULL),('74',1,0,'74_file_img.','AUXILIAR ADMINISTRATIVO','74_file_fir.'),('75',1,0,NULL,'AUXILIAR SS GENERALES',NULL),('76',1,0,NULL,'CELADOR',NULL),('77',1,0,NULL,'AUXILIAR SS GENERALES',NULL),('78',1,0,NULL,'SECRETARIA',NULL),('79',1,0,NULL,'AUXILIAR SS GENERALES',NULL),('80',1,0,NULL,'AUXILIAR SS GENERALES',NULL),('81',1,0,NULL,'AUXILIAR SS GENERALES',NULL),('82',1,0,NULL,'AUXILIAR SS GENERALES',NULL),('83',1,0,NULL,'AUXILIAR ADMINISTRATIVO',NULL),('84',1,0,NULL,'AUXILIAR SS GENERALES',NULL),('85',1,0,NULL,'CELADOR',NULL),('86',1,0,NULL,'CONDCUTOR',NULL);

--
-- Table structure for table `rangos_valora`
--

CREATE TABLE `rangos_valora` (
  `id_val` int(3) NOT NULL DEFAULT '0',
  `max` decimal(5,2) NOT NULL DEFAULT '0.00',
  `min` decimal(5,2) NOT NULL DEFAULT '0.00',
  `lim_rec` enum('s','n') COLLATE utf8_spanish_ci NOT NULL DEFAULT 'n',
  `max2` decimal(5,2) NOT NULL,
  `min2` decimal(5,2) NOT NULL,
  `max3` decimal(6,2) DEFAULT NULL,
  `min3` decimal(6,2) DEFAULT NULL,
  PRIMARY KEY (`id_val`)
) ENGINE=MyISAM DEFAULT CHARSET=utf8 COLLATE=utf8_spanish_ci;

--
-- Dumping data for table `rangos_valora`
--

INSERT INTO `rangos_valora` VALUES (4,2.96,1.00,'n',0.00,0.00,NULL,NULL),(3,3.96,2.97,'n',0.00,0.00,NULL,NULL),(2,4.66,3.97,'n',0.00,0.00,NULL,NULL),(1,5.00,4.67,'s',0.00,0.00,NULL,NULL);

--
-- Table structure for table `recupera`
--

CREATE TABLE `recupera` (
  `id_rec` bigint(6) unsigned NOT NULL AUTO_INCREMENT,
  `id_alu` bigint(20) NOT NULL,
  `id_val` int(3) NOT NULL DEFAULT '0',
  `cod_cur` int(6) unsigned NOT NULL DEFAULT '0',
  `cod_mat` bigint(3) unsigned NOT NULL DEFAULT '0',
  `id_peri` int(3) unsigned NOT NULL DEFAULT '0',
  `id_ano` int(10) unsigned NOT NULL DEFAULT '1',
  `nroacta` varchar(10) COLLATE utf8_spanish_ci DEFAULT NULL,
  `fecha` date DEFAULT NULL,
  `tip_tab` enum('are','mat') COLLATE utf8_spanish_ci NOT NULL DEFAULT 'mat',
  PRIMARY KEY (`id_rec`)
) ENGINE=MyISAM DEFAULT CHARSET=utf8 COLLATE=utf8_spanish_ci;

--
-- Dumping data for table `recupera`
--


--
-- Table structure for table `refere_dane`
--

CREATE TABLE `refere_dane` (
  `id_ref_D` bigint(6) unsigned NOT NULL AUTO_INCREMENT,
  `des_ref_D` varchar(45) COLLATE utf8_spanish_ci NOT NULL,
  PRIMARY KEY (`des_ref_D`),
  UNIQUE KEY `id_ref_D` (`id_ref_D`)
) ENGINE=MyISAM DEFAULT CHARSET=utf8 COLLATE=utf8_spanish_ci;

--
-- Dumping data for table `refere_dane`
--


--
-- Table structure for table `resguardo_dane`
--

CREATE TABLE `resguardo_dane` (
  `cod_res_DANE` varchar(4) COLLATE utf8_spanish_ci NOT NULL,
  `des_resdane` varchar(100) COLLATE utf8_spanish_ci NOT NULL,
  `cod_res` bigint(3) unsigned zerofill NOT NULL AUTO_INCREMENT,
  PRIMARY KEY (`cod_res`)
) ENGINE=MyISAM DEFAULT CHARSET=utf8 COLLATE=utf8_spanish_ci;

--
-- Dumping data for table `resguardo_dane`
--


--
-- Table structure for table `responsable`
--

CREATE TABLE `responsable` (
  `id_per` varchar(20) COLLATE utf8_spanish_ci NOT NULL,
  `cod_tre` bigint(6) NOT NULL,
  `cod_gra` bigint(6) NOT NULL,
  PRIMARY KEY (`id_per`,`cod_tre`,`cod_gra`)
) ENGINE=MyISAM DEFAULT CHARSET=utf8 COLLATE=utf8_spanish_ci;

--
-- Dumping data for table `responsable`
--


--
-- Table structure for table `rotacion`
--

CREATE TABLE `rotacion` (
  `cod_mat_o` int(11) NOT NULL,
  `cod_mat_d` int(11) NOT NULL,
  `cod_gra` int(11) NOT NULL,
  PRIMARY KEY (`cod_mat_o`,`cod_mat_d`,`cod_gra`)
) ENGINE=MyISAM DEFAULT CHARSET=utf8 COLLATE=utf8_spanish_ci;

--
-- Dumping data for table `rotacion`
--


--
-- Table structure for table `rpt_reporte`
--

CREATE TABLE `rpt_reporte` (
  `id_rpt` bigint(20) unsigned NOT NULL AUTO_INCREMENT,
  `des_rpt` longtext COLLATE utf8_spanish_ci,
  `sql_rpt` text COLLATE utf8_spanish_ci,
  `est_rpt` enum('a','i') COLLATE utf8_spanish_ci DEFAULT NULL,
  `id_men` int(10) DEFAULT NULL,
  PRIMARY KEY (`id_rpt`)
) ENGINE=MyISAM AUTO_INCREMENT=31 DEFAULT CHARSET=utf8 COLLATE=utf8_spanish_ci;

--
-- Dumping data for table `rpt_reporte`
--

INSERT INTO `rpt_reporte` VALUES (1,'alumnos','SELECT\nid_alu as CODIGO,\nape_per as APELLIDO,\nnom_per as NOMBRE \nFROM alumno WHERE est_alu=\'VAR001\' \nAND nac_per BETWEEN \'VAR002\' AND \'VAR003\'\nAND ape_per LIKE \'VAR004\'\nAND id_alu > VAR005','a',20),(2,'personas registradas','selecu * from persona','a',20),(4,'Grados y cursos','SELECT *\nFROM grado\nINNER JOIN curso ON curso.cod_gra = grado.cod_gra\norder by des_gra,des_cur','a',20),(5,'carga datos','select concat(count(*),\'lorenzo\') from sapred_5lz.matgra where id_per <> \'\' union \nselect concat(count(*),\'miraflo.\') from sapred_5mf.matgra where id_per <> \'\' union \nselect concat(count(*),\'mañana central\') from sapred_5m.matgra where id_per <> \'\' union \nselect concat(count(*),\'tarde central\') from sapred_5t.matgra where id_per <> \'\'','a',20),(6,'LISTADO GRAL ALUMNOS','SELECT alumno.id_alu Codigo, alumno.ape_per Apellido, alumno.nom_per Nombre, curso.des_cur Seccion, grado.des_gra Grado\nFROM alumno\nINNER JOIN alumcurso ON alumcurso.id_alu = alumno.id_alu\nINNER JOIN curso ON curso.cod_cur = alumcurso.cod_cur\nINNER JOIN grado ON grado.cod_gra = curso.cod_gra\nORDER BY grado.cod_gra, des_cur,ape_per,nom_per\n','a',20),(7,'Estudiantes Sin Conceptos','select distinct PROFESOR ,concat(sel.cod_cur,\' \',des_cur) as CURSO, concat(sel.cod_mat,\' \',des_mat) as ASIGNATURA ,sel.id_alu as CODIGO, concat(l.ape_per,\' \',l.nom_per) as ESTUDIANTE from(\nselect distinct a.id_con , b.id_alu ,m.cod_cur,m.cod_mat,concat(p.ape_per,\' \',p.nom_per) as PROFESOR\nfrom\nmatgra m  \ninner join persona p on p.id_per=m.id_per \ninner join alumcurso b on b.cod_cur=m.cod_cur \nleft join  (select * from concepalu where id_peri=1  ) a on a.id_alu=b.id_alu and a.cod_cur =m.cod_cur and a.cod_mat=m.cod_mat\nwhere  m.grp_con=\'s\'\nunion\nselect a.id_con, b.id_alu ,m.cod_cur,m.cod_mat,concat(p.ape_per,\' \',p.nom_per) as PROFESOR\nfrom\nmatgra m \ninner join persona p on p.id_per=m.id_per  \ninner join alumcurso b on b.cod_cur=m.cod_cur \nleft join  (select *, 0 as id_con from concepaluadi where id_peri=1  )  a on a.id_alu=b.id_alu and a.cod_cur =m.cod_cur and a.cod_mat=m.cod_mat\nwhere  m.con_mat=\'s\'\n) sel  \ninner join alumno l on sel.id_alu=l.id_alu\ninner join curso c  on c.cod_cur=sel.cod_cur\ninner join grado g on g.cod_gra=c.cod_gra\ninner join materia t  on  t.cod_mat=sel.cod_mat\nwhere id_con is null \norder by PROFESOR, des_mat, ord_gra, des_cur,l.ape_per','a',20),(8,'Listado de estudiantes con asignaturas perdidas consolidado','select b.id_alu as CODIGO,ape_per as APELLIDO,nom_per as NOMBRE,des_cur as SECCION ,count(nota) as TOTAL from (\nselect a.* from (\nselect id_alu,cod_cur,cod_mat\n, if((nota-truncate(nota,1))>=0.05 ,round(ceil(nota*10)/10,1),round(nota,1))as nota\nfrom \n(\nselect id_alu,cod_cur  ,cod_mat, avg(round(nota_d,1)) as nota   from seg_final\ngroup by id_alu,cod_cur,cod_mat\n) a0) a \ninner  join rangos_valora r on nota>=min and nota<=max\ninner join tipvalora v on v.id_val=r.id_val and v.val_apr=\'n\'\n)b \ninner join alumno l using(id_alu)\ninner join curso c using (cod_cur)\ninner join grado g using (cod_gra)\nwhere est_alu=\'h\' and cod_gra  = VAR01\ngroup by id_alu,cod_cur \norder by cod_cur, TOTAL desc','a',20),(9,'Listado de estudiantes con asignaturas perdidas discriminado','select a.id_alu as CODIGO,ape_per as APELLIDO,nom_per as NOMBRE,des_cur as SECCION ,des_mat as ASIGNATURA,nota as NOTA from\n(select id_alu,cod_cur  ,cod_mat,  if((nota-truncate(nota,1))>=0.05 ,round(ceil(nota*10)/10,1),round(nota,1))as nota\nfrom(\nselect id_alu,cod_cur  ,cod_mat, avg(round(nota_d,1)) nota   from seg_final\ngroup by id_alu,cod_cur,cod_mat\n) a0)a \ninner  join rangos_valora r on nota>=min and nota<=max\ninner join tipvalora v on v.id_val=r.id_val and v.val_apr=\'n\'\ninner join materia t using(cod_mat)\ninner join alumno l using(id_alu)\ninner join curso c using (cod_cur)\ninner join grado g using (cod_gra)\nwhere est_alu=\'h\' and cod_gra = VAR01 \norder by cod_cur,ape_per','a',20),(10,'Listado de estudiantes con materias perdidas  (Consolidado definitivo)','select b.id_alu as CODIGO,ape_per as APELLIDO,nom_per as NOMBRE,des_cur as SECCION ,count(nota) as TOTAL from (\n\nselect id_alu,cod_cur,cod_mat,round(nota_d,1) as nota\nfrom seg_final a \ninner  join rangos_valora r on nota>=min and nota<=max\ninner join tipvalora v on v.id_val=r.id_val and v.val_apr=\'n\'\ninner join periodo p on p.id_peri=a.id_peri and per_not_fin=\'s\'\n)b \ninner join alumno l using(id_alu)\ninner join curso c using (cod_cur)\ninner join grado g using (cod_gra)\nwhere est_alu=\'h\' and cod_gra  = VAR01\ngroup by id_alu,cod_cur \norder by cod_cur, TOTAL desc','a',20),(11,'Estudiantes Primer Pueso Informe Final','select alu.id_alu as CODIGO, ape_per as APELLIDO ,nom_per as NOMBRE ,des_cur as SECCION, alu.prom from (\nselect cod_cur,max(prom) prom from( \nselect s.cod_cur,id_alu,avg(round(nota_d,1)) as prom  from seg_final s ,periodo p,curso c,grado g\nwhere p.per_not_fin=\'s\' and per_fin=\'n\' and p.id_peri=s.id_peri \nand c.cod_cur=s.cod_cur and g.cod_gra=c.cod_gra and cod_niv>1\ngroup by s.cod_cur,id_alu\norder by  cod_cur,prom desc\n) p\ngroup by cod_cur\norder by  cod_cur,prom \n) pto \ninner join  (\nselect s.cod_cur,id_alu,avg(round(nota_d,1)) as prom  from seg_final s ,periodo p\nwhere p.per_not_fin=\'s\' and per_fin=\'n\' and p.id_peri=s.id_peri \ngroup by s.cod_cur,id_alu\n)alu on alu.cod_cur=pto.cod_cur and alu.prom=pto.prom\ninner join alumno al on al.id_alu=alu.id_alu\ninner join curso c on c.cod_cur=pto.cod_cur','a',20),(12,'Estudiantes Segundo Puesto Informe Final','select alu.id_alu as CODIGO, ape_per as APELLIDO ,nom_per as NOMBRE ,des_cur as SECCION, alu.prom from (\nselect *\nfrom (\nselect distinct cod_cur,  truncate(prom,5) as prom from( \nselect s.cod_cur,id_alu,avg(round(nota_d,1)) as prom  from seg_final s ,periodo p,curso c,grado g\nwhere p.per_not_fin=\'s\' and per_fin=\'n\' and p.id_peri=s.id_peri \nand c.cod_cur=s.cod_cur and g.cod_gra=c.cod_gra and cod_niv>1\ngroup by s.cod_cur,id_alu\n) p\norder by  cod_cur,prom desc\n) sel1\nwhere (\n   select count(*) from (\n		select distinct cod_cur, truncate(prom,5) as prom from( \n		select s.cod_cur,id_alu,avg(round(nota_d,1)) as prom  from seg_final s ,periodo p,curso c,grado g\n		where p.per_not_fin=\'s\' and per_fin=\'n\' and p.id_peri=s.id_peri \n		and c.cod_cur=s.cod_cur and g.cod_gra=c.cod_gra and cod_niv>1\n		group by s.cod_cur,id_alu\n		) p\n		order by  cod_cur,prom desc\n	) as f\n   where f.cod_cur = sel1.cod_cur and f.prom >= sel1.prom \n) =2\norder by cod_cur, sel1.prom desc\n) pto \ninner join  (\nselect s.cod_cur,id_alu, truncate(avg(round(nota_d,1)),5) as prom  from seg_final s ,periodo p\nwhere p.per_not_fin=\'s\' and per_fin=\'n\' and p.id_peri=s.id_peri \ngroup by s.cod_cur,id_alu\n)alu on alu.cod_cur=pto.cod_cur and alu.prom=pto.prom\ninner join alumno al on al.id_alu=alu.id_alu\ninner join curso c on c.cod_cur=pto.cod_cur ','a',20),(13,'Estudiantes primer y segundo puesto informe final','select alu.id_alu as CODIGO, ape_per as APELLIDO ,nom_per as NOMBRE ,des_cur as SECCION, alu.prom from (\nselect *\nfrom (\nselect distinct cod_cur,  truncate(prom,5) as prom from( \nselect s.cod_cur,id_alu,avg(round(nota_d,1)) as prom  from seg_final s ,periodo p,curso c,grado g\nwhere p.per_not_fin=\'s\' and per_fin=\'n\' and p.id_peri=s.id_peri \nand c.cod_cur=s.cod_cur and g.cod_gra=c.cod_gra and cod_niv>1\ngroup by s.cod_cur,id_alu\n) p\norder by  cod_cur,prom desc\n) sel1\nwhere (\n   select count(*) from (\n		select distinct cod_cur, truncate(prom,5) as prom from( \n		select s.cod_cur,id_alu,avg(round(nota_d,1)) as prom  from seg_final s ,periodo p,curso c,grado g\n		where p.per_not_fin=\'s\' and per_fin=\'n\' and p.id_peri=s.id_peri \n		and c.cod_cur=s.cod_cur and g.cod_gra=c.cod_gra and cod_niv>1\n		group by s.cod_cur,id_alu\n		) p\n		order by  cod_cur,prom desc\n	) as f\n   where f.cod_cur = sel1.cod_cur and f.prom >= sel1.prom \n) <=2\norder by cod_cur, sel1.prom desc\n) pto \ninner join  (\nselect s.cod_cur,id_alu, truncate(avg(round(nota_d,1)),5) as prom  from seg_final s ,periodo p\nwhere p.per_not_fin=\'s\' and per_fin=\'n\' and p.id_peri=s.id_peri \ngroup by s.cod_cur,id_alu\n)alu on alu.cod_cur=pto.cod_cur and alu.prom=pto.prom\ninner join alumno al on al.id_alu=alu.id_alu\ninner join curso c on c.cod_cur=pto.cod_cur\norder by c.cod_cur,prom desc','a',20),(14,'Estado Academico Estudiantes Informe Final','select ag.id_alu as CODIGO, ape_per as APELLIDO ,nom_per as NOMBRE ,des_cur as SECCION, apro_alu as ESTADO\nfrom alum_grado ag\ninner join  alumcurso ac using(id_alu)\ninner join alumno al using(id_alu)\ninner join curso c using(cod_cur)\nwhere ag.cod_gra = var01\norder by c.cod_cur , ape_per,nom_per\n','a',20),(15,'Total Descuentos x Alumno','select count(des_con.id_alu) tl_des,alumno.nom_per, alumno.ape_per, curso.des_cur\nfrom des_con \ninner join alumno on alumno.id_alu = des_con.id_alu \ninner join alumcurso on alumcurso.id_alu = alumno.id_alu\ninner join curso on curso.cod_cur= alumcurso.cod_cur\nwhere alumno.est_alu=\'h\'\ngroup by des_con.id_alu\norder by tl_des desc, des_cur, des_con.id_alu','a',20),(16,'Alumnos Con descuentos Discriminado','select des_con.*,alumno.nom_per, alumno.ape_per, curso.des_cur,descuento.des_des,descuento.por_des\nfrom des_con \ninner join alumno on alumno.id_alu = des_con.id_alu \ninner join alumcurso on alumcurso.id_alu = alumno.id_alu\ninner join curso on curso.cod_cur= alumcurso.cod_cur\ninner join descuento on descuento.id_des = des_con.id_des\nwhere alumno.est_alu=\'h\'\norder by des_cur, des_con.id_alu\n','a',20),(17,'Estudiantes Con Asignaturas Perdidas despues de Recuperacion Final','select a.id_alu as CODIGO,ape_per as APELLIDO,nom_per as NOMBRE,des_cur as SECCION \n,des_mat as ASIGNATURA,nota as NOTA ,nota_r as RECUPERACION,nota_d NOTA_DEFINITIVA\nfrom\n(select id_alu,cod_cur  ,cod_mat, nota_r,nota,nota_d\nfrom(\nselect id_alu,cod_cur ,cod_mat, nota, nota_r , nota_d,nota_d nd from seg_final s ,periodo p\nwhere s.id_peri = p.id_peri and per_not_fin=\'s\'\n) a0)a \ninner join(\n	select * from (\n		select a0.id_alu ,count(nota) as TOTAL from \n		(select id_alu,cod_cur  ,cod_mat,if((nota_d-truncate(nota_d,1))>=0.05 ,round(ceil(nota*10)/10,1),round(nota_d,1)) as nota  \n		from seg_final\n		where id_peri = (select id_peri from periodo  where per_not_fin =\'s\' and per_fin=\'n\') and cod_mat<>0\n		) a0 \n		inner  join rangos_valora r on nota>=min and nota<=max\n		inner join tipvalora v on v.id_val=r.id_val and v.val_apr=\'n\'\n		inner join alumno l on l.id_alu=a0.id_alu\n		where est_alu=\'h\'\n		group by id_alu,cod_cur \n	) xxxx \n	where  TOTAL <= VAR02\n) xxx on  xxx.id_alu=a.id_alu\ninner  join rangos_valora r on nota_d>=min and nota_d<=max\ninner join tipvalora v on v.id_val=r.id_val   and (v.val_apr=\'n\'  )\ninner join materia t using(cod_mat)\ninner join alumno l on l.id_alu=a.id_alu\ninner join curso c using (cod_cur)\ninner join grado g using (cod_gra)\nwhere est_alu=\'h\' and cod_gra = VAR01 \norder by cod_cur,ape_per,t.cod_mat','a',20),(18,'LISTADO DE RETIRADOS','SELECT alum_estado.id_alu,`obs_est`,`tip_est`,`fec_est`,`ape_per`,`nom_per`,`apro_alu`,`des_gra`\nFROM alum_estado\nLEFT JOIN alumno ON alumno.id_alu = alum_estado.id_alu\nLEFT JOIN alum_grado ON alum_grado.id_alu = alum_estado.id_alu\nLEFT JOIN grado ON grado.cod_gra = alum_grado.cod_gra','a',20),(19,'Listado de Desempeños por Area','select  des_gra as GRADO ,des_are as AREA ,des_log as Obj_GRADO, des_ind as DESEMPEÑO\nfrom log_are_gra l\ninner join area a using(cod_are)\ninner join grado g using(cod_gra)\ninner join indicadores_seg i using(cod_log)\nwhere (\'VAR01\'=\'%\' or cod_gra=\'VAR01\') \norder by ord_gra,des_are,des_log,des_ind\n','a',20),(20,'Estudiantes - Sisben','Select des_cur as SECCION, id_alu as CODIGO, ape_per as APELLIDO, nom_per as NOMBRE, sisben as SISBEN from alumno inner join alumcurso using (id_alu) inner join curso using (cod_cur) inner join grado using (cod_gra) left join info_adi_alu using (id_alu) order by ord_gra, des_cur, ape_per, nom_per','a',20),(21,'Asignaturas perdidas por estudiante discriminado','SELECT\ndes_gra GRADO, des_cur SECCION , id_alu CODIGO\n,ape_per APELLIDO ,nom_per NOMBRE ,des_mat ASIGNATURA ,round(nota_d,1) PROMEDIO, round(acumulado,1) as ACUMULADO,periodos_e PERIODOS_EVALUADOS\n\nFROM \n(select id_alu,cod_cur,cod_mat, avg(nota_d) nota_d,(sum(nota_d)/(select count(*) from periodo where per_fin=\'n\' and per_not_fin=\'n\') )acumulado, count(nota_d) periodos_e from seg_final \ninner join periodo using(id_peri)\nwhere cod_mat<>0 group by id_alu,cod_cur,cod_mat) s\ninner join alumno using(id_alu)\ninner join curso c using(cod_cur)\ninner join materia using(cod_mat)\ninner join grado g on(g.cod_gra= c.cod_gra) \nwhere \nest_alu=\'h\' and\nnota_d < (select min(min) from rangos_valora inner join tipvalora using(id_val) where val_apr=\'s\')\nor periodos_e < (select count(*) from periodo where per_cer=\'s\' AND per_fin=\'n\' and per_not_fin=\'n\')\norder by ord_gra,gru_cur,ape_per,des_mat','a',20),(22,'Estudiantes con cantidad especifica de asignaturas perdidas','SELECT \ndes_gra GRADO, des_cur SECCION , id_alu CODIGO\n,ape_per APELLIDO ,nom_per NOMBRE ,TOTAL\nFROM(\n    SELECT\n    id_alu,cod_cur,count(*) TOTAL \n    FROM \n    (select id_alu,cod_cur,cod_mat, avg(nota_d) nota_d,(sum(nota_d)/(select count(*) from periodo where per_fin=\'n\' and per_not_fin=\'n\') )acumulado, count(nota_d) periodos_e from seg_final \n    inner join periodo using(id_peri)\n    where cod_mat<>0 group by id_alu,cod_cur,cod_mat) s\n    where \n    nota_d < (select min(min) from rangos_valora inner join tipvalora using(id_val) where val_apr=\'s\')\n    or periodos_e < (select count(*) from periodo where per_cer=\'s\' AND per_fin=\'n\' and per_not_fin=\'n\')\n    group by id_alu,cod_cur\n) x\ninner join alumno using(id_alu)\ninner join curso c using(cod_cur)\ninner join grado g on(g.cod_gra= c.cod_gra) \nwhere est_alu=\'h\'\nand TOTAL >= var1\norder by ord_gra,gru_cur, ape_per','a',20),(23,'Estado final de estudiantes','select des_cur as SECCION,id_alu as CODIGO,ape_per as APELLIDOS,nom_per as NOMBRES , apro_alu as ESTADO\nfrom alumno \ninner join alumcurso using(id_alu)\ninner join curso using(cod_cur)\ninner join grado using(cod_gra)\ninner join alum_grado using(id_alu)\nwhere est_alu=\'h\' and( \'%\'=\'VAR01\' or cod_cur=\'VAR01\') and (apro_alu=\'VAR02\' or \'%\'=\'VAR02\')\norder by ord_gra,gru_cur,ape_per,nom_per\n','a',20),(24,'Estudiantes Activados por Grado 2012','select des_gra,count(*)from alum_grado inner join grado using(cod_gra) group by cod_gra order by ord_gra','a',20),(25,'Listado de Estudiantes Nuevos','select nom_sed as SEDE,des_jor as JORNADA,des_gra as GRADO,des_cur as CURSO, id_alu as CODIGO, a.id_per as DOCUMENTO,ape_per as APELLIDO,nom_per as NOMBRE\nfrom alumno a\ninner join (select id_pre as id_alu from preinscrito) p using(id_alu)\ninner join alum_grado using(id_alu)\ninner join grado using(cod_gra)\nleft join alumcurso using(id_alu)\nleft join curso using(cod_cur)\nleft join sede using(id_sed)\nleft join jornada using(id_jor)\nwhere id_alu not in(select id_alu from bkC2011.alumno  )\norder by nom_sed,des_jor,ord_gra,gru_cur,ape_per,nom_per','a',20),(26,'ESTADO DE CUPO DE ESTUDIANTES ','SELECT a.id_alu AS `CÓDIGO`,a.ape_per AS `APELLIDOS`,a.nom_per AS `NOMBRES`,g.des_gra AS `GRADO`,\nc.des_cur AS `CURSO`,\n CASE ag.est_cupo WHEN \'a\' THEN \'APROBADO\'\n	WHEN \'n\' THEN \'REPROBADO\'\n	ELSE \'PENDIENTE\' END AS `ESTADO`,dif.ob_est AS `OBSERVACIÓN`\nFROM alum_grado ag\nINNER JOIN alumno a USING(id_alu)\nINNER JOIN grado g USING(cod_gra)\nINNER JOIN alumcurso ac USING(id_alu)\nINNER JOIN curso c USING(cod_cur)\nLEFT JOIN est_dif_cup dif ON ag.id_alu=dif.id_alu AND dif.id_cuo=-1\nWHERE ag.cod_gra LIKE \'VAR01\'\nORDER BY g.ord_gra,c.cod_cur,ag.est_cupo,a.ape_per,a.ape_per','a',20),(27,'Estudiantes Matrícula LEGALIZADA','SELECT a.ano AS `AÑO`,s.nom_sed AS `SEDE`,j.des_jor AS `JORNADA`,g.des_gra AS `GRADO`,\np.id_pre AS `CÓDIGO`,p.ape_pre AS `APELLIDOS`,p.nom_pre AS `NOMBRES`,\np.fec_nac AS `FECHA DE NACIMIENTO`,p.documento AS `No. IDENTIFICACIÓN`,\np.fec_ins AS `FECHA DE INSCRIPCIÓN`\nFROM preinscrito p\nINNER JOIN adm_ingreso ai ON p.id_pre=ai.sis_id_per AND ai.sis_est=\'v\'\nINNER JOIN grado g USING(cod_gra)\nINNER JOIN tipodocum t USING(cod_tid)\nINNER JOIN jornada j USING(id_jor)\nINNER JOIN sede s USING(id_sed)\nINNER JOIN anolectivo a USING(id_ano)\nORDER BY s.id_sed,j.id_jor,g.ord_gra','a',20),(28,'Estudiantes que perdieron el año','SELECT s.nom_sed, j.des_jor, g.des_gra,c.des_cur, a.id_alu, a.nom_per, a.ape_per FROM alumno a\nINNER JOIN v_bd.alumcurso ac USING (id_alu)\nINNER JOIN v_bd.alum_grado ag USING (id_alu)\nINNER JOIN v_bd.curso c USING (cod_cur) \nINNER JOIN v_bd.grado g ON g.cod_gra=c.cod_gra\nINNER JOIN v_bd.sede s USING (id_sed)\nINNER JOIN v_bd.jornada j USING (id_jor)\nWHERE\nag.apro_alu=\'No Aprobado\' AND a.sex_per=\'v_gen\' AND s.id_sed=\'v_sed\' AND j.id_jor=\'v_jor\' AND c.cod_cur=\'v_cur\'','a',20),(29,'REPORTE DE PUESTOS','SELECT s.nom_sed AS `SEDE`,j.des_jor AS `JORNADA`,g.des_gra AS `GRADO`,c.des_cur AS `CURSO`,ROUND(sp.prom,2) AS PROMEDIO,a.ape_per AS `APELLIDOS`,a.nom_per AS `NOMBRES` FROM (\n	SELECT id_alu,id_peri,cod_cur,AVG(nota_d) AS prom,COUNT(CASE WHEN nota_d<3 THEN 1 END) AS perd,COUNT(CASE WHEN cod_mat=14 AND nota_d<3 THEN 1 END) AS nota_comp,COUNT(CASE WHEN nota_d<4 THEN 1 END) AS notas_b FROM seg_final sf \n	WHERE sf.id_peri = VAR01 AND sf.cod_mat<>0 \n	GROUP BY id_alu,id_peri,cod_cur HAVING prom>=4 AND perd=0 AND nota_comp=0 AND notas_b=0\n) sp\nINNER JOIN alumno a USING(id_alu)\nINNER JOIN curso c USING(cod_cur)\nINNER JOIN sede s USING(id_sed)\nINNER JOIN jornada j USING(id_jor)\nINNER JOIN grado g USING(cod_gra)\nWHERE cod_gra<>14 AND id_sed LIKE \'VAR02\'\nORDER BY s.nom_sed,j.des_jor,g.ord_gra,c.des_cur,sp.prom DESC,a.ape_per,a.nom_per ','a',20),(30,'DISEÑO CURRICULAR Y RES. ACADEMICA','SELECT curso.des_cur, materia.des_mat, persona.ape_per, persona.nom_per \nFROM matgra\nLEFT JOIN  materia ON  materia.cod_mat = matgra.cod_mat\nLEFT JOIN  curso ON  curso.cod_cur = matgra.cod_cur\nLEFT JOIN  persona ON  persona.id_per = matgra.id_per\nORDER BY curso.cod_gra, curso.cod_cur, materia.des_mat, persona.id_per','a',20);

--
-- Table structure for table `rpt_reporte_usuario`
--

CREATE TABLE `rpt_reporte_usuario` (
  `id_rpt` tinyint(3) unsigned NOT NULL DEFAULT '0',
  `tip_usu` tinyint(3) unsigned NOT NULL DEFAULT '0',
  PRIMARY KEY (`id_rpt`,`tip_usu`)
) ENGINE=MyISAM DEFAULT CHARSET=utf8 COLLATE=utf8_spanish_ci;

--
-- Dumping data for table `rpt_reporte_usuario`
--

INSERT INTO `rpt_reporte_usuario` VALUES (1,1),(1,7),(2,7),(4,1),(4,2),(4,3),(4,4),(4,7),(5,1),(5,7),(6,1),(6,4),(6,7),(7,1),(7,4),(7,7),(8,1),(8,4),(8,7),(9,1),(9,4),(9,7),(10,1),(10,4),(10,7),(11,1),(11,4),(11,7),(12,1),(12,4),(12,7),(13,1),(13,4),(13,7),(14,1),(14,4),(14,7),(15,1),(15,4),(15,5),(15,7),(16,1),(16,4),(16,5),(16,7),(17,1),(17,4),(17,7),(18,1),(18,4),(18,5),(18,7),(19,1),(19,4),(19,7),(20,1),(20,4),(20,5),(20,6),(20,7),(21,1),(21,4),(21,5),(21,7),(22,1),(22,4),(22,5),(22,7),(23,1),(23,4),(23,7),(24,1),(24,4),(24,7),(25,1),(25,4),(25,5),(25,7),(26,1),(26,4),(26,5),(27,1),(27,4),(27,5),(28,1),(29,1),(29,4),(29,7),(30,1),(30,2),(30,4),(30,5),(30,6),(30,7);

--
-- Table structure for table `rpt_reporteparametro`
--

CREATE TABLE `rpt_reporteparametro` (
  `id_rpar` bigint(20) unsigned NOT NULL AUTO_INCREMENT,
  `id_rpt` tinyint(3) unsigned DEFAULT NULL,
  `des_rpar` varchar(50) COLLATE utf8_spanish_ci DEFAULT NULL,
  `tip_rpar` char(1) COLLATE utf8_spanish_ci DEFAULT NULL,
  `est_rpar` enum('a','i') COLLATE utf8_spanish_ci DEFAULT NULL,
  PRIMARY KEY (`id_rpar`)
) ENGINE=MyISAM AUTO_INCREMENT=26 DEFAULT CHARSET=utf8 COLLATE=utf8_spanish_ci;

--
-- Dumping data for table `rpt_reporteparametro`
--

INSERT INTO `rpt_reporteparametro` VALUES (1,1,'Estado','s','a'),(2,1,'Fecha Nacimiento','f','a'),(3,1,'Apellido','t','a'),(4,1,'Codigo','n','a'),(5,2,'prueba','s','a'),(6,1,'Ciudad','s','a'),(7,7,'Periodo','s','a'),(8,9,'Grado','s','a'),(9,8,'Grado','s','a'),(10,10,'Grado','s','a'),(11,14,'Grado','s','a'),(12,17,'Grado','s','a'),(13,17,'# maximo de asignaturas perdidas','n','a'),(14,19,'Grado','s','a'),(15,22,'Cantidad de asignaturas perdidas','n','a'),(16,23,'Seccion','s','a'),(17,23,'Estado','s','a'),(18,26,'GRADO','s','a'),(19,28,'Año lectivo','s','a'),(20,28,'Sede','s','a'),(21,28,'Jornada','s','a'),(22,28,'Curso','s','a'),(23,28,'Genero(f,m)','s','a'),(24,29,'Sede','s','a'),(25,29,'Periodo','s','a');

--
-- Table structure for table `rpt_reporteparametrovalor`
--

CREATE TABLE `rpt_reporteparametrovalor` (
  `id_rpv` bigint(20) unsigned NOT NULL AUTO_INCREMENT,
  `id_rpar` tinyint(3) unsigned DEFAULT NULL,
  `val_rpv` varchar(50) COLLATE utf8_spanish_ci DEFAULT NULL,
  `tit_rpv` varchar(50) COLLATE utf8_spanish_ci DEFAULT NULL,
  `var_rpv` varchar(20) COLLATE utf8_spanish_ci DEFAULT NULL,
  `sql_rpv` varchar(1000) COLLATE utf8_spanish_ci DEFAULT NULL,
  PRIMARY KEY (`id_rpv`)
) ENGINE=MyISAM AUTO_INCREMENT=38 DEFAULT CHARSET=utf8 COLLATE=utf8_spanish_ci;

--
-- Dumping data for table `rpt_reporteparametrovalor`
--

INSERT INTO `rpt_reporteparametrovalor` VALUES (11,2,'','Inicial','VAR002',NULL),(10,1,'n','Retirado','VAR001',NULL),(9,1,'h','Activo','VAR001',NULL),(12,2,'','final','VAR003',NULL),(13,3,'','','VAR004',NULL),(14,4,'','','VAR005',NULL),(16,6,'','valores de ciudad','','SELECT cod_ciu as id ,nom_ciu as label  from ciudad order by nom_ciu '),(17,7,'','periodos','PERI_','select distinct id_peri as id ,des_per as label from periodo where per_cer=\'s\'  or actual=\'s\''),(18,8,'','','VAR01','select distinct g.cod_gra as id , des_gra as label  from grado g inner join alum_grado using(cod_gra) order by ord_gra'),(19,9,'','','VAR01','select distinct g.cod_gra as id , des_gra as label  from grado g inner join alum_grado using(cod_gra) order by ord_gra'),(21,10,'','','VAR01','select distinct g.cod_gra as id , des_gra as label  from grado g inner join alum_grado using(cod_gra) order by ord_gra'),(22,11,'','','var01','select cod_gra as id,des_gra as label from grado order by ord_gra'),(23,12,'','','VAR01','select distinct g.cod_gra as id , des_gra as label  from grado g inner join alum_grado using(cod_gra) order by ord_gra'),(24,13,'','','VAR02',''),(25,14,'','','VAR01','select \'%\' as id, \'[TODOS]\' as label ,0 as ord_gra\nunion select cod_gra as id, des_gra as label , ord_gra from grado \norder by ord_gra'),(26,15,'','','var1',''),(27,16,'','','VAR01','select \'%\' as id, \'[TODOS]\' as label ,0 as ord_gra\nunion \nselect cod_cur as id, des_cur as label ,ord_gra  from curso inner join grado using(cod_gra) \norder by ord_gra,label'),(28,17,'','','VAR02','select \'%\' as id, \'[TODOS]\' as label \nunion \nselect \'Aprobado\' as id, \'Aprobado\' as label \nunion \nselect \'No Aprobado\' as id, \'No Aprobado\' as label \nunion \nselect \'Cursando\' as id, \'Cursando\' as label \n\n'),(29,12,'','','VAR01','select distinct g.cod_gra as id , des_gra as label  from grado g inner join alum_grado using(cod_gra) order by ord_gra'),(30,18,'','GRADO','VAR01','select \'%\' as id, \'[TODOS]\' as label ,0 as ord_gra\nunion \nselect cod_gra as id, des_gra as label,ord_gra  from grado \norder by ord_gra'),(31,19,'','','v_bd','SELECT REPLACE(CONCAT(\'bk\',i.nit_ins,a.ano),\'-\',\'\') AS id, SUBSTRING(a.ano,2,5)As label   FROM institucion i\nLEFT JOIN anolectivo a ON a.id_ano<i.id_ano'),(32,20,'','','v_sed','SELECT s.id_sed AS id, s.nom_sed AS label  FROM sede s '),(33,21,'','','v_jor','SELECT j.id_jor AS id, j.des_jor AS label  FROM jornada j '),(34,22,'','','v_cur','SELECT c.cod_cur AS id, c.des_cur AS label  FROM curso c ORDER BY c.id_sed, c.id_jor, c.cod_cur'),(35,23,'','','v_gen','SELECT DISTINCT a.sex_per AS id, IF(a.sex_per=\'m\',\'MASCULINO\',\'FEMENINO\') AS label  FROM alumno a '),(36,24,'','','VAR02','SELECT \'%\' AS id,\'TODAS\' AS label\nUNION\nSELECT id_sed AS id,nom_sed AS label FROM sede '),(37,25,'','','VAR01','SELECT id_peri AS id,des_per AS label FROM periodo ORDER BY id_peri');

--
-- Table structure for table `salida`
--

CREATE TABLE `salida` (
  `id_alu` bigint(20) NOT NULL,
  `fec_sal` date NOT NULL,
  `hor_sal` time NOT NULL,
  `hor_ent` time NOT NULL,
  `est_sal` enum('prog','ejec') COLLATE utf8_spanish_ci NOT NULL DEFAULT 'prog',
  `res_sal` varchar(250) COLLATE utf8_spanish_ci NOT NULL,
  `obs_sal` text COLLATE utf8_spanish_ci NOT NULL,
  `id_funr` bigint(20) NOT NULL,
  `id_tip_sal` int(11) NOT NULL,
  `id_funs` bigint(20) DEFAULT NULL,
  `reg_sal` timestamp NULL DEFAULT NULL,
  PRIMARY KEY (`id_alu`,`fec_sal`,`hor_sal`)
) ENGINE=MyISAM DEFAULT CHARSET=utf8 COLLATE=utf8_spanish_ci;

--
-- Dumping data for table `salida`
--


--
-- Table structure for table `sap`
--

CREATE TABLE `sap` (
  `nombre` varchar(250) COLLATE utf8_spanish_ci DEFAULT NULL,
  `ced` varchar(250) COLLATE utf8_spanish_ci DEFAULT NULL,
  `id` varchar(250) COLLATE utf8_spanish_ci DEFAULT NULL,
  `cod` varchar(250) COLLATE utf8_spanish_ci DEFAULT NULL,
  `valor` varchar(250) COLLATE utf8_spanish_ci DEFAULT NULL,
  `mes` varchar(250) COLLATE utf8_spanish_ci DEFAULT NULL,
  `dias` varchar(250) COLLATE utf8_spanish_ci DEFAULT NULL,
  `fecini` varchar(250) COLLATE utf8_spanish_ci DEFAULT NULL,
  `fecfin` varchar(250) COLLATE utf8_spanish_ci DEFAULT NULL,
  `fec` varchar(250) COLLATE utf8_spanish_ci DEFAULT NULL,
  `var` varchar(250) COLLATE utf8_spanish_ci DEFAULT NULL,
  `tabla` varchar(250) COLLATE utf8_spanish_ci DEFAULT NULL
) ENGINE=MyISAM DEFAULT CHARSET=utf8 COLLATE=utf8_spanish_ci;

--
-- Dumping data for table `sap`
--


--
-- Table structure for table `sede`
--

CREATE TABLE `sede` (
  `id_sed` int(10) NOT NULL AUTO_INCREMENT,
  `nom_sed` varchar(50) COLLATE utf8_spanish_ci DEFAULT '0',
  `dir_sed` varchar(250) COLLATE utf8_spanish_ci DEFAULT '0',
  `tel_sed` varchar(50) COLLATE utf8_spanish_ci DEFAULT '0',
  `id_per` varchar(50) COLLATE utf8_spanish_ci DEFAULT '0',
  PRIMARY KEY (`id_sed`)
) ENGINE=MyISAM AUTO_INCREMENT=4 DEFAULT CHARSET=utf8 COLLATE=utf8_spanish_ci;

--
-- Dumping data for table `sede`
--

INSERT INTO `sede` VALUES (1,'SEDE 1','0','0','0'),(2,'SEDE 2','0','0','0');

--
-- Table structure for table `seg_back`
--

CREATE TABLE `seg_back` (
  `id_alu` bigint(20) NOT NULL,
  `cod_cur_a` bigint(20) NOT NULL COMMENT 'Curso Anterior',
  `cod_cur_n` bigint(20) NOT NULL COMMENT 'Curso Nuevo',
  `cod_mat` int(11) NOT NULL,
  `id_peri` int(11) NOT NULL,
  `cod_ins` int(11) NOT NULL,
  `id_sup` int(11) DEFAULT NULL,
  `id_tip_sup` int(11) DEFAULT NULL,
  `nota` decimal(10,2) NOT NULL,
  `fec_cre` timestamp NOT NULL DEFAULT CURRENT_TIMESTAMP,
  `id_usu` int(11) NOT NULL,
  PRIMARY KEY (`id_alu`,`cod_cur_a`,`cod_cur_n`,`cod_mat`,`id_peri`,`cod_ins`)
) ENGINE=MyISAM DEFAULT CHARSET=utf8 COLLATE=utf8_spanish_ci;

--
-- Dumping data for table `seg_back`
--


--
-- Table structure for table `seg_final`
--

CREATE TABLE `seg_final` (
  `id_alu` bigint(20) NOT NULL,
  `cod_mat` bigint(3) NOT NULL DEFAULT '0',
  `cod_cur` int(6) NOT NULL DEFAULT '0',
  `id_peri` int(3) NOT NULL DEFAULT '0',
  `id_ano` int(10) unsigned NOT NULL DEFAULT '1',
  `cod_are` bigint(6) NOT NULL DEFAULT '0',
  `esp_mat` enum('s','n') COLLATE utf8_spanish_ci NOT NULL DEFAULT 'n',
  `nota` decimal(6,2) NOT NULL DEFAULT '0.00',
  `fec_cre` date NOT NULL DEFAULT '0000-00-00',
  `id_usu` bigint(6) unsigned NOT NULL,
  `rec_def` enum('s','n') COLLATE utf8_spanish_ci DEFAULT 'n',
  `are_fin` bigint(6) unsigned DEFAULT NULL,
  `nota_d` decimal(10,2) unsigned DEFAULT NULL,
  `nota_r` decimal(10,2) unsigned DEFAULT NULL,
  `nota_mod` decimal(10,2) unsigned DEFAULT NULL,
  `fec_mod` date DEFAULT NULL,
  `usu_mod` bigint(20) unsigned DEFAULT NULL,
  PRIMARY KEY (`id_alu`,`cod_cur`,`cod_mat`,`id_ano`,`id_peri`,`cod_are`)
) ENGINE=MyISAM DEFAULT CHARSET=utf8 COLLATE=utf8_spanish_ci;

--
-- Dumping data for table `seg_final`
--

INSERT INTO `seg_final` VALUES (9906211208,0,1172,1,1,26,'n',5.00,'2014-10-23',0,'n',26,5.00,NULL,NULL,NULL,NULL),(1007310998,0,1172,1,1,26,'n',5.00,'2014-10-23',0,'n',26,5.00,NULL,NULL,NULL,NULL),(1007310886,0,1172,1,1,26,'n',3.00,'2014-10-23',0,'n',26,3.00,NULL,NULL,NULL,NULL),(1004711498,0,1172,1,1,26,'n',4.00,'2014-10-23',0,'n',26,4.00,NULL,NULL,NULL,NULL),(1004710739,0,1172,1,1,26,'n',5.00,'2014-10-23',0,'n',26,5.00,NULL,NULL,NULL,NULL),(1004710601,0,1172,1,1,26,'n',3.00,'2014-10-23',0,'n',26,3.00,NULL,NULL,NULL,NULL),(9906211208,6,1172,1,1,26,'n',5.00,'2014-10-23',0,'n',26,5.00,NULL,NULL,NULL,NULL),(1007310998,6,1172,1,1,26,'n',5.00,'2014-10-23',0,'n',26,5.00,NULL,NULL,NULL,NULL),(1007310886,6,1172,1,1,26,'n',3.00,'2014-10-23',0,'n',26,3.00,NULL,NULL,NULL,NULL),(1004711498,6,1172,1,1,26,'n',4.00,'2014-10-23',0,'n',26,4.00,NULL,NULL,NULL,NULL),(1004710739,6,1172,1,1,26,'n',5.00,'2014-10-23',0,'n',26,5.00,NULL,NULL,NULL,NULL),(1004710601,6,1172,1,1,26,'n',3.00,'2014-10-23',0,'n',26,3.00,NULL,NULL,NULL,NULL),(1138525277,0,2121,4,1,33,'n',5.00,'2014-10-23',0,'n',33,5.00,NULL,NULL,NULL,NULL),(1089479166,0,2122,4,1,29,'n',3.00,'2014-10-23',0,'n',29,3.00,NULL,NULL,NULL,NULL),(1089222038,0,2123,4,1,26,'n',4.00,'2014-10-23',0,'n',26,4.00,NULL,NULL,NULL,NULL),(1088972785,0,2113,4,1,33,'n',2.00,'2014-10-23',0,'n',33,2.00,NULL,NULL,NULL,NULL),(1088972692,0,2113,4,1,33,'n',4.00,'2014-10-23',0,'n',33,4.00,NULL,NULL,NULL,NULL),(1088972455,0,2113,4,1,33,'n',3.00,'2014-10-23',0,'n',33,3.00,NULL,NULL,NULL,NULL),(1088972371,0,2122,4,1,29,'n',3.00,'2014-10-23',0,'n',29,3.00,NULL,NULL,NULL,NULL),(1088972199,0,2123,4,1,26,'n',5.00,'2014-10-23',0,'n',26,5.00,NULL,NULL,NULL,NULL),(1088972183,0,2123,4,1,26,'n',5.00,'2014-10-23',0,'n',26,5.00,NULL,NULL,NULL,NULL),(1088972149,0,2122,4,1,29,'n',5.00,'2014-10-23',0,'n',29,5.00,NULL,NULL,NULL,NULL),(1088972143,0,2122,4,1,29,'n',3.00,'2014-10-23',0,'n',29,3.00,NULL,NULL,NULL,NULL),(1088972070,0,2122,4,1,29,'n',4.00,'2014-10-23',0,'n',29,4.00,NULL,NULL,NULL,NULL),(1088972028,0,2122,4,1,29,'n',5.00,'2014-10-23',0,'n',29,5.00,NULL,NULL,NULL,NULL),(1088971971,0,2121,4,1,33,'n',3.00,'2014-10-23',0,'n',33,3.00,NULL,NULL,NULL,NULL),(1088971960,0,2113,4,1,33,'n',5.00,'2014-10-23',0,'n',33,5.00,NULL,NULL,NULL,NULL),(1088971850,0,2123,4,1,26,'n',3.00,'2014-10-23',0,'n',26,3.00,NULL,NULL,NULL,NULL),(1088971820,0,2121,4,1,33,'n',4.00,'2014-10-23',0,'n',33,4.00,NULL,NULL,NULL,NULL),(1088971623,0,2123,4,1,26,'n',3.00,'2014-10-23',0,'n',26,3.00,NULL,NULL,NULL,NULL),(1088971586,0,2122,4,1,29,'n',2.00,'2014-10-23',0,'n',29,2.00,NULL,NULL,NULL,NULL),(1088971177,0,2141,4,1,29,'n',4.00,'2014-10-23',0,'n',29,4.00,NULL,NULL,NULL,NULL),(1088970613,0,2141,4,1,29,'n',2.00,'2014-10-23',0,'n',29,2.00,NULL,NULL,NULL,NULL),(1088970613,0,2141,4,1,26,'n',3.00,'2014-10-23',0,'n',26,3.00,NULL,NULL,NULL,NULL),(1088970579,0,2141,4,1,29,'n',5.00,'2014-10-23',0,'n',29,5.00,NULL,NULL,NULL,NULL),(1088970579,0,2141,4,1,26,'n',5.00,'2014-10-23',0,'n',26,5.00,NULL,NULL,NULL,NULL),(1088970501,0,2131,4,1,29,'n',3.00,'2014-10-23',0,'n',29,3.00,NULL,NULL,NULL,NULL),(1088970456,0,2141,4,1,29,'n',4.00,'2014-10-23',0,'n',29,4.00,NULL,NULL,NULL,NULL),(1088970456,0,2141,4,1,26,'n',4.00,'2014-10-23',0,'n',26,4.00,NULL,NULL,NULL,NULL),(1088970431,0,2141,4,1,29,'n',3.00,'2014-10-23',0,'n',29,3.00,NULL,NULL,NULL,NULL),(1030020201,0,2121,4,1,33,'n',5.00,'2014-10-23',0,'n',33,5.00,NULL,NULL,NULL,NULL),(1004710719,0,2141,4,1,29,'n',1.00,'2014-10-23',0,'n',29,1.00,NULL,NULL,NULL,NULL),(1004710719,0,2141,4,1,26,'n',4.00,'2014-10-23',0,'n',26,4.00,NULL,NULL,NULL,NULL),(1138525277,13,2121,4,1,33,'n',5.00,'2014-10-23',0,'n',33,5.00,NULL,NULL,NULL,NULL),(1089479166,9,2122,4,1,29,'n',3.00,'2014-10-23',0,'n',29,3.00,NULL,NULL,NULL,NULL),(1089222038,6,2123,4,1,26,'n',4.00,'2014-10-23',0,'n',26,4.00,NULL,NULL,NULL,NULL),(1088972785,13,2113,4,1,33,'n',2.00,'2014-10-23',0,'n',33,2.00,NULL,NULL,NULL,NULL),(1088972692,13,2113,4,1,33,'n',4.00,'2014-10-23',0,'n',33,4.00,NULL,NULL,NULL,NULL),(1088972455,13,2113,4,1,33,'n',3.00,'2014-10-23',0,'n',33,3.00,NULL,NULL,NULL,NULL),(1088972371,9,2122,4,1,29,'n',3.00,'2014-10-23',0,'n',29,3.00,NULL,NULL,NULL,NULL),(1088972199,6,2123,4,1,26,'n',5.00,'2014-10-23',0,'n',26,5.00,NULL,NULL,NULL,NULL),(1088972183,6,2123,4,1,26,'n',5.00,'2014-10-23',0,'n',26,5.00,NULL,NULL,NULL,NULL),(1088972149,9,2122,4,1,29,'n',5.00,'2014-10-23',0,'n',29,5.00,NULL,NULL,NULL,NULL),(1088972143,9,2122,4,1,29,'n',3.00,'2014-10-23',0,'n',29,3.00,NULL,NULL,NULL,NULL),(1088972070,9,2122,4,1,29,'n',4.00,'2014-10-23',0,'n',29,4.00,NULL,NULL,NULL,NULL),(1088972028,9,2122,4,1,29,'n',5.00,'2014-10-23',0,'n',29,5.00,NULL,NULL,NULL,NULL),(1088971971,13,2121,4,1,33,'n',3.00,'2014-10-23',0,'n',33,3.00,NULL,NULL,NULL,NULL),(1088971960,13,2113,4,1,33,'n',5.00,'2014-10-23',0,'n',33,5.00,NULL,NULL,NULL,NULL),(1088971850,6,2123,4,1,26,'n',3.00,'2014-10-23',0,'n',26,3.00,NULL,NULL,NULL,NULL),(1088971820,13,2121,4,1,33,'n',4.00,'2014-10-23',0,'n',33,4.00,NULL,NULL,NULL,NULL),(1088971623,6,2123,4,1,26,'n',3.00,'2014-10-23',0,'n',26,3.00,NULL,NULL,NULL,NULL),(1088971586,9,2122,4,1,29,'n',2.00,'2014-10-23',0,'n',29,2.00,NULL,NULL,NULL,NULL),(1088971177,9,2141,4,1,29,'n',4.00,'2014-10-23',0,'n',29,4.00,NULL,NULL,NULL,NULL),(1088970613,9,2141,4,1,29,'n',2.00,'2014-10-23',0,'n',29,2.00,NULL,NULL,NULL,NULL),(1088970613,6,2141,4,1,26,'n',3.00,'2014-10-23',0,'n',26,3.00,NULL,NULL,NULL,NULL),(1088970579,9,2141,4,1,29,'n',5.00,'2014-10-23',0,'n',29,5.00,NULL,NULL,NULL,NULL),(1088970579,6,2141,4,1,26,'n',5.00,'2014-10-23',0,'n',26,5.00,NULL,NULL,NULL,NULL),(1088970501,9,2131,4,1,29,'n',3.00,'2014-10-23',0,'n',29,3.00,NULL,NULL,NULL,NULL),(1088970456,9,2141,4,1,29,'n',4.00,'2014-10-23',0,'n',29,4.00,NULL,NULL,NULL,NULL),(1088970456,6,2141,4,1,26,'n',4.00,'2014-10-23',0,'n',26,4.00,NULL,NULL,NULL,NULL),(1088970431,9,2141,4,1,29,'n',3.00,'2014-10-23',0,'n',29,3.00,NULL,NULL,NULL,NULL),(1030020201,13,2121,4,1,33,'n',5.00,'2014-10-23',0,'n',33,5.00,NULL,NULL,NULL,NULL),(1004710719,9,2141,4,1,29,'n',1.00,'2014-10-23',0,'n',29,1.00,NULL,NULL,NULL,NULL),(1004710719,6,2141,4,1,26,'n',4.00,'2014-10-23',0,'n',26,4.00,NULL,NULL,NULL,NULL),(98022352075,0,11113,3,1,29,'n',3.50,'2014-10-23',0,'n',29,3.50,NULL,NULL,NULL,NULL),(97062512168,0,11113,3,1,41,'n',5.00,'2014-10-23',0,'n',41,5.00,NULL,NULL,NULL,NULL),(98041369469,0,11112,3,1,43,'n',4.30,'2014-10-23',0,'n',43,4.30,NULL,NULL,NULL,NULL),(96120702782,0,11112,3,1,43,'n',2.60,'2014-10-23',0,'n',43,2.60,NULL,NULL,NULL,NULL),(96081410140,0,11112,3,1,43,'n',3.90,'2014-10-23',0,'n',43,3.90,NULL,NULL,NULL,NULL),(1088974949,0,11112,3,1,43,'n',3.50,'2014-10-23',0,'n',43,3.50,NULL,NULL,NULL,NULL),(1088974719,0,11112,3,1,43,'n',4.60,'2014-10-23',0,'n',43,4.60,NULL,NULL,NULL,NULL),(98041369469,23,11112,3,1,43,'n',4.30,'2014-10-23',0,'n',43,4.30,NULL,NULL,NULL,NULL),(98112409610,0,1164,3,1,35,'n',3.70,'2014-10-23',0,'n',35,3.70,NULL,NULL,NULL,NULL),(1004731364,0,1164,3,1,35,'n',3.40,'2014-10-23',0,'n',35,3.40,NULL,NULL,NULL,NULL),(1004711049,0,1164,3,1,35,'n',2.30,'2014-10-23',0,'n',35,2.30,NULL,NULL,NULL,NULL),(1004711021,0,1164,3,1,39,'n',5.00,'2014-10-23',0,'n',39,5.00,NULL,NULL,NULL,NULL),(1004711021,0,1164,3,1,35,'n',4.50,'2014-10-23',0,'n',35,4.50,NULL,NULL,NULL,NULL),(1004711021,0,1164,3,1,26,'n',4.10,'2014-10-23',0,'n',26,4.10,NULL,NULL,NULL,NULL),(1004710786,0,1162,3,1,37,'n',4.50,'2014-10-23',0,'n',37,4.50,NULL,NULL,NULL,NULL),(1004710786,0,1162,3,1,33,'n',5.00,'2014-10-23',0,'n',33,5.00,NULL,NULL,NULL,NULL),(1002807871,0,11111,3,1,39,'n',4.80,'2014-10-23',0,'n',39,4.80,NULL,NULL,NULL,NULL),(1002807871,19,11111,3,1,39,'n',4.80,'2014-10-23',0,'n',39,4.80,NULL,NULL,NULL,NULL),(1193383318,0,1171,3,1,48,'n',4.50,'2014-10-23',0,'n',48,4.50,NULL,NULL,NULL,NULL),(1193383318,0,1171,3,1,34,'n',4.00,'2014-10-23',0,'n',34,4.00,NULL,NULL,NULL,NULL),(1004710655,0,1171,3,1,48,'n',4.80,'2014-10-23',0,'n',48,4.80,NULL,NULL,NULL,NULL),(1004710655,0,1171,3,1,34,'n',5.00,'2014-10-23',0,'n',34,5.00,NULL,NULL,NULL,NULL),(1002820320,0,1171,3,1,48,'n',3.80,'2014-10-23',0,'n',48,3.80,NULL,NULL,NULL,NULL),(1002820320,0,1171,3,1,34,'n',3.50,'2014-10-23',0,'n',34,3.50,NULL,NULL,NULL,NULL),(99100809997,0,1172,3,1,29,'n',3.00,'2014-10-23',0,'n',29,3.00,NULL,NULL,NULL,NULL),(99100308807,0,1172,3,1,29,'n',2.00,'2014-10-23',0,'n',29,2.00,NULL,NULL,NULL,NULL),(98083168021,0,1172,3,1,29,'n',5.00,'2014-10-23',0,'n',29,5.00,NULL,NULL,NULL,NULL),(97122023242,0,1172,3,1,29,'n',2.00,'2014-10-23',0,'n',29,2.00,NULL,NULL,NULL,NULL),(9906211208,0,1172,3,1,39,'n',4.00,'2014-10-23',0,'n',39,4.00,NULL,NULL,NULL,NULL),(1193383318,28,1171,3,1,48,'n',4.50,'2014-10-23',0,'n',48,4.50,NULL,NULL,NULL,NULL),(1193383318,14,1171,3,1,34,'n',4.00,'2014-10-23',0,'n',34,4.00,NULL,NULL,NULL,NULL),(1004710655,28,1171,3,1,48,'n',4.80,'2014-10-23',0,'n',48,4.80,NULL,NULL,NULL,NULL),(1004710655,14,1171,3,1,34,'n',5.00,'2014-10-23',0,'n',34,5.00,NULL,NULL,NULL,NULL),(1002820320,28,1171,3,1,48,'n',3.80,'2014-10-23',0,'n',48,3.80,NULL,NULL,NULL,NULL),(1002820320,14,1171,3,1,34,'n',3.50,'2014-10-23',0,'n',34,3.50,NULL,NULL,NULL,NULL),(9906211208,0,1172,3,1,29,'n',3.00,'2014-10-23',0,'n',29,3.00,NULL,NULL,NULL,NULL),(9906211208,0,1172,3,1,26,'n',4.50,'2014-10-23',0,'n',26,4.50,NULL,NULL,NULL,NULL),(1007797122,0,1172,3,1,29,'n',2.00,'2014-10-23',0,'n',29,2.00,NULL,NULL,NULL,NULL),(1007779732,0,1172,3,1,29,'n',2.00,'2014-10-23',0,'n',29,2.00,NULL,NULL,NULL,NULL),(1007311023,0,1172,3,1,29,'n',2.00,'2014-10-23',0,'n',29,2.00,NULL,NULL,NULL,NULL),(1005976183,0,1184,3,1,40,'n',3.00,'2014-10-23',0,'n',40,3.00,NULL,NULL,NULL,NULL),(1005976183,0,1184,3,1,30,'n',4.00,'2014-10-23',0,'n',30,4.00,NULL,NULL,NULL,NULL),(1004710901,0,1184,3,1,30,'n',4.00,'2014-10-23',0,'n',30,4.00,NULL,NULL,NULL,NULL),(1004710620,0,1184,3,1,40,'n',5.00,'2014-10-23',0,'n',40,5.00,NULL,NULL,NULL,NULL),(1004710620,0,1184,3,1,30,'n',5.00,'2014-10-23',0,'n',30,5.00,NULL,NULL,NULL,NULL),(1007310998,0,1172,3,1,29,'n',5.00,'2014-10-23',0,'n',29,5.00,NULL,NULL,NULL,NULL),(1007310993,0,1172,3,1,29,'n',4.00,'2014-10-23',0,'n',29,4.00,NULL,NULL,NULL,NULL),(1007310985,0,1172,3,1,29,'n',2.00,'2014-10-23',0,'n',29,2.00,NULL,NULL,NULL,NULL),(99120502774,0,1193,3,1,33,'n',3.40,'2014-10-23',0,'n',33,3.40,NULL,NULL,NULL,NULL),(99042203536,0,1193,3,1,33,'n',4.50,'2014-10-23',0,'n',33,4.50,NULL,NULL,NULL,NULL),(99011814170,0,1193,3,1,33,'n',4.00,'2014-10-23',0,'n',33,4.00,NULL,NULL,NULL,NULL),(98032951198,0,1193,3,1,33,'n',5.00,'2014-10-23',0,'n',33,5.00,NULL,NULL,NULL,NULL),(1144188032,0,1193,3,1,33,'n',4.00,'2014-10-23',0,'n',33,4.00,NULL,NULL,NULL,NULL),(99120502774,13,1193,3,1,33,'n',3.40,'2014-10-23',0,'n',33,3.40,NULL,NULL,NULL,NULL),(99042203536,13,1193,3,1,33,'n',4.50,'2014-10-23',0,'n',33,4.50,NULL,NULL,NULL,NULL),(99011814170,13,1193,3,1,33,'n',4.00,'2014-10-23',0,'n',33,4.00,NULL,NULL,NULL,NULL),(98032951198,13,1193,3,1,33,'n',5.00,'2014-10-23',0,'n',33,5.00,NULL,NULL,NULL,NULL),(1144188032,13,1193,3,1,33,'n',4.00,'2014-10-23',0,'n',33,4.00,NULL,NULL,NULL,NULL),(1004710920,0,1164,3,1,35,'n',5.00,'2014-10-23',0,'n',35,5.00,NULL,NULL,NULL,NULL),(1004517139,0,1164,3,1,35,'n',2.00,'2014-10-23',0,'n',35,2.00,NULL,NULL,NULL,NULL),(98112409610,15,1164,3,1,35,'n',3.70,'2014-10-23',0,'n',35,3.70,NULL,NULL,NULL,NULL),(1004731364,15,1164,3,1,35,'n',3.40,'2014-10-23',0,'n',35,3.40,NULL,NULL,NULL,NULL),(1004731363,0,1161,3,1,30,'n',3.00,'2014-10-23',0,'n',30,3.00,NULL,NULL,NULL,NULL),(1004711174,0,1161,3,1,30,'n',4.80,'2014-10-23',0,'n',30,4.80,NULL,NULL,NULL,NULL),(1004711049,15,1164,3,1,35,'n',2.30,'2014-10-23',0,'n',35,2.30,NULL,NULL,NULL,NULL),(1004711021,19,1164,3,1,39,'n',5.00,'2014-10-23',0,'n',39,5.00,NULL,NULL,NULL,NULL),(1004710786,17,1162,3,1,37,'n',4.50,'2014-10-23',0,'n',37,4.50,NULL,NULL,NULL,NULL),(1004710786,13,1162,3,1,33,'n',5.00,'2014-10-23',0,'n',33,5.00,NULL,NULL,NULL,NULL),(97062512168,0,11113,3,1,29,'n',2.30,'2014-10-23',0,'n',29,2.30,NULL,NULL,NULL,NULL),(97021301071,0,11113,3,1,29,'n',2.70,'2014-10-23',0,'n',29,2.70,NULL,NULL,NULL,NULL),(1007310967,0,1172,3,1,29,'n',3.00,'2014-10-23',0,'n',29,3.00,NULL,NULL,NULL,NULL),(1007310958,0,1172,3,1,29,'n',4.00,'2014-10-23',0,'n',29,4.00,NULL,NULL,NULL,NULL),(1004710823,0,1161,3,1,30,'n',4.00,'2014-10-23',0,'n',30,4.00,NULL,NULL,NULL,NULL),(1004731363,10,1161,3,1,30,'n',3.00,'2014-10-23',0,'n',30,3.00,NULL,NULL,NULL,NULL),(1007310949,0,1172,3,1,29,'n',5.00,'2014-10-23',0,'n',29,5.00,NULL,NULL,NULL,NULL),(1007310896,0,1172,3,1,29,'n',4.00,'2014-10-23',0,'n',29,4.00,NULL,NULL,NULL,NULL),(1007310889,0,1172,3,1,29,'n',2.00,'2014-10-23',0,'n',29,2.00,NULL,NULL,NULL,NULL),(1007310886,0,1172,3,1,29,'n',2.00,'2014-10-23',0,'n',29,2.00,NULL,NULL,NULL,NULL),(1007310886,0,1172,3,1,26,'n',4.00,'2014-10-23',0,'n',26,4.00,NULL,NULL,NULL,NULL),(1007310820,0,1172,3,1,29,'n',5.00,'2014-10-23',0,'n',29,5.00,NULL,NULL,NULL,NULL),(1004711498,0,1172,3,1,29,'n',3.00,'2014-10-23',0,'n',29,3.00,NULL,NULL,NULL,NULL),(1004711445,0,1172,3,1,29,'n',3.00,'2014-10-23',0,'n',29,3.00,NULL,NULL,NULL,NULL),(1004710807,0,1172,3,1,29,'n',5.00,'2014-10-23',0,'n',29,5.00,NULL,NULL,NULL,NULL),(1004710739,0,1172,3,1,29,'n',5.00,'2014-10-23',0,'n',29,5.00,NULL,NULL,NULL,NULL),(1004710735,0,1172,3,1,29,'n',5.00,'2014-10-23',0,'n',29,5.00,NULL,NULL,NULL,NULL),(1004710732,0,1172,3,1,29,'n',4.00,'2014-10-23',0,'n',29,4.00,NULL,NULL,NULL,NULL),(1004710707,0,1172,3,1,29,'n',3.00,'2014-10-23',0,'n',29,3.00,NULL,NULL,NULL,NULL),(1004710663,0,1172,3,1,29,'n',4.00,'2014-10-23',0,'n',29,4.00,NULL,NULL,NULL,NULL),(1004710645,0,1172,3,1,29,'n',2.00,'2014-10-23',0,'n',29,2.00,NULL,NULL,NULL,NULL),(1004710642,0,1172,3,1,29,'n',1.00,'2014-10-23',0,'n',29,1.00,NULL,NULL,NULL,NULL),(1004710639,0,1172,3,1,29,'n',3.00,'2014-10-23',0,'n',29,3.00,NULL,NULL,NULL,NULL),(1004710619,0,1172,3,1,29,'n',3.00,'2014-10-23',0,'n',29,3.00,NULL,NULL,NULL,NULL),(1004710618,0,1172,3,1,29,'n',3.00,'2014-10-23',0,'n',29,3.00,NULL,NULL,NULL,NULL),(1004710601,0,1172,3,1,29,'n',4.00,'2014-10-23',0,'n',29,4.00,NULL,NULL,NULL,NULL),(1004710569,0,1172,3,1,29,'n',4.00,'2014-10-23',0,'n',29,4.00,NULL,NULL,NULL,NULL),(1003103066,0,1172,3,1,39,'n',4.50,'2014-10-23',0,'n',39,4.50,NULL,NULL,NULL,NULL),(1003103066,0,1172,3,1,37,'n',4.50,'2014-10-23',0,'n',37,4.50,NULL,NULL,NULL,NULL),(1003103066,0,1172,3,1,33,'n',5.00,'2014-10-23',0,'n',33,5.00,NULL,NULL,NULL,NULL),(1003103066,0,1172,3,1,29,'n',4.50,'2014-10-23',0,'n',29,4.50,NULL,NULL,NULL,NULL),(1003103066,0,1172,3,1,26,'n',3.00,'2014-10-23',0,'n',26,3.00,NULL,NULL,NULL,NULL),(1002807280,0,1172,3,1,29,'n',2.00,'2014-10-23',0,'n',29,2.00,NULL,NULL,NULL,NULL),(1002806142,0,1172,3,1,29,'n',5.00,'2014-10-23',0,'n',29,5.00,NULL,NULL,NULL,NULL),(99100809997,9,1172,3,1,29,'n',3.00,'2014-10-23',0,'n',29,3.00,NULL,NULL,NULL,NULL),(99100308807,9,1172,3,1,29,'n',2.00,'2014-10-23',0,'n',29,2.00,NULL,NULL,NULL,NULL),(98083168021,9,1172,3,1,29,'n',5.00,'2014-10-23',0,'n',29,5.00,NULL,NULL,NULL,NULL),(97122023242,9,1172,3,1,29,'n',2.00,'2014-10-23',0,'n',29,2.00,NULL,NULL,NULL,NULL),(9906211208,19,1172,3,1,39,'n',4.00,'2014-10-23',0,'n',39,4.00,NULL,NULL,NULL,NULL),(9906211208,9,1172,3,1,29,'n',3.00,'2014-10-23',0,'n',29,3.00,NULL,NULL,NULL,NULL),(9906211208,6,1172,3,1,26,'n',4.50,'2014-10-23',0,'n',26,4.50,NULL,NULL,NULL,NULL),(1007797122,9,1172,3,1,29,'n',2.00,'2014-10-23',0,'n',29,2.00,NULL,NULL,NULL,NULL),(1005976183,20,1184,3,1,40,'n',3.00,'2014-10-23',0,'n',40,3.00,NULL,NULL,NULL,NULL),(1005976183,10,1184,3,1,30,'n',4.00,'2014-10-23',0,'n',30,4.00,NULL,NULL,NULL,NULL),(1004710901,10,1184,3,1,30,'n',4.00,'2014-10-23',0,'n',30,4.00,NULL,NULL,NULL,NULL),(1004710620,20,1184,3,1,40,'n',5.00,'2014-10-23',0,'n',40,5.00,NULL,NULL,NULL,NULL),(1004710620,10,1184,3,1,30,'n',5.00,'2014-10-23',0,'n',30,5.00,NULL,NULL,NULL,NULL),(1007779732,9,1172,3,1,29,'n',2.00,'2014-10-23',0,'n',29,2.00,NULL,NULL,NULL,NULL),(1007311023,9,1172,3,1,29,'n',2.00,'2014-10-23',0,'n',29,2.00,NULL,NULL,NULL,NULL),(1007310998,9,1172,3,1,29,'n',5.00,'2014-10-23',0,'n',29,5.00,NULL,NULL,NULL,NULL),(1007310993,9,1172,3,1,29,'n',4.00,'2014-10-23',0,'n',29,4.00,NULL,NULL,NULL,NULL),(1007310985,9,1172,3,1,29,'n',2.00,'2014-10-23',0,'n',29,2.00,NULL,NULL,NULL,NULL),(1007310967,9,1172,3,1,29,'n',3.00,'2014-10-23',0,'n',29,3.00,NULL,NULL,NULL,NULL),(1007310958,9,1172,3,1,29,'n',4.00,'2014-10-23',0,'n',29,4.00,NULL,NULL,NULL,NULL),(1007310949,9,1172,3,1,29,'n',5.00,'2014-10-23',0,'n',29,5.00,NULL,NULL,NULL,NULL),(1007310896,9,1172,3,1,29,'n',4.00,'2014-10-23',0,'n',29,4.00,NULL,NULL,NULL,NULL),(1007310889,9,1172,3,1,29,'n',2.00,'2014-10-23',0,'n',29,2.00,NULL,NULL,NULL,NULL),(1007310886,9,1172,3,1,29,'n',2.00,'2014-10-23',0,'n',29,2.00,NULL,NULL,NULL,NULL),(1007310886,6,1172,3,1,26,'n',4.00,'2014-10-23',0,'n',26,4.00,NULL,NULL,NULL,NULL),(1007310820,9,1172,3,1,29,'n',5.00,'2014-10-23',0,'n',29,5.00,NULL,NULL,NULL,NULL),(1004711498,9,1172,3,1,29,'n',3.00,'2014-10-23',0,'n',29,3.00,NULL,NULL,NULL,NULL),(1004711445,9,1172,3,1,29,'n',3.00,'2014-10-23',0,'n',29,3.00,NULL,NULL,NULL,NULL),(1004710807,9,1172,3,1,29,'n',5.00,'2014-10-23',0,'n',29,5.00,NULL,NULL,NULL,NULL),(1004710739,9,1172,3,1,29,'n',5.00,'2014-10-23',0,'n',29,5.00,NULL,NULL,NULL,NULL),(1004710735,9,1172,3,1,29,'n',5.00,'2014-10-23',0,'n',29,5.00,NULL,NULL,NULL,NULL),(1004710732,9,1172,3,1,29,'n',4.00,'2014-10-23',0,'n',29,4.00,NULL,NULL,NULL,NULL),(1004710707,9,1172,3,1,29,'n',3.00,'2014-10-23',0,'n',29,3.00,NULL,NULL,NULL,NULL),(1004710663,9,1172,3,1,29,'n',4.00,'2014-10-23',0,'n',29,4.00,NULL,NULL,NULL,NULL),(1004710645,9,1172,3,1,29,'n',2.00,'2014-10-23',0,'n',29,2.00,NULL,NULL,NULL,NULL),(1004710642,9,1172,3,1,29,'n',1.00,'2014-10-23',0,'n',29,1.00,NULL,NULL,NULL,NULL),(1004710639,9,1172,3,1,29,'n',3.00,'2014-10-23',0,'n',29,3.00,NULL,NULL,NULL,NULL),(1004710619,9,1172,3,1,29,'n',3.00,'2014-10-23',0,'n',29,3.00,NULL,NULL,NULL,NULL),(1004710618,9,1172,3,1,29,'n',3.00,'2014-10-23',0,'n',29,3.00,NULL,NULL,NULL,NULL),(1004710601,9,1172,3,1,29,'n',4.00,'2014-10-23',0,'n',29,4.00,NULL,NULL,NULL,NULL),(1004710569,9,1172,3,1,29,'n',4.00,'2014-10-23',0,'n',29,4.00,NULL,NULL,NULL,NULL),(1003103066,19,1172,3,1,39,'n',4.50,'2014-10-23',0,'n',39,4.50,NULL,NULL,NULL,NULL),(1003103066,17,1172,3,1,37,'n',4.50,'2014-10-23',0,'n',37,4.50,NULL,NULL,NULL,NULL),(1003103066,13,1172,3,1,33,'n',5.00,'2014-10-23',0,'n',33,5.00,NULL,NULL,NULL,NULL),(1004711174,10,1161,3,1,30,'n',4.80,'2014-10-23',0,'n',30,4.80,NULL,NULL,NULL,NULL),(1004710823,10,1161,3,1,30,'n',4.00,'2014-10-23',0,'n',30,4.00,NULL,NULL,NULL,NULL),(1003103066,9,1172,3,1,29,'n',4.50,'2014-10-23',0,'n',29,4.50,NULL,NULL,NULL,NULL),(1003103066,6,1172,3,1,26,'n',3.00,'2014-10-23',0,'n',26,3.00,NULL,NULL,NULL,NULL),(1002807280,9,1172,3,1,29,'n',2.00,'2014-10-23',0,'n',29,2.00,NULL,NULL,NULL,NULL),(1002806142,9,1172,3,1,29,'n',5.00,'2014-10-23',0,'n',29,5.00,NULL,NULL,NULL,NULL),(1004711021,15,1164,3,1,35,'n',4.50,'2014-10-23',0,'n',35,4.50,NULL,NULL,NULL,NULL),(1004711021,6,1164,3,1,26,'n',4.10,'2014-10-23',0,'n',26,4.10,NULL,NULL,NULL,NULL),(96120702782,23,11112,3,1,43,'n',2.60,'2014-10-23',0,'n',43,2.60,NULL,NULL,NULL,NULL),(96081410140,23,11112,3,1,43,'n',3.90,'2014-10-23',0,'n',43,3.90,NULL,NULL,NULL,NULL),(1088974949,23,11112,3,1,43,'n',3.50,'2014-10-23',0,'n',43,3.50,NULL,NULL,NULL,NULL),(1088974719,23,11112,3,1,43,'n',4.60,'2014-10-23',0,'n',43,4.60,NULL,NULL,NULL,NULL),(96090320138,0,11113,3,1,29,'n',4.50,'2014-10-23',0,'n',29,4.50,NULL,NULL,NULL,NULL),(98022352075,9,11113,3,1,29,'n',3.50,'2014-10-23',0,'n',29,3.50,NULL,NULL,NULL,NULL),(97062512168,21,11113,3,1,41,'n',5.00,'2014-10-23',0,'n',41,5.00,NULL,NULL,NULL,NULL),(97062512168,9,11113,3,1,29,'n',2.30,'2014-10-23',0,'n',29,2.30,NULL,NULL,NULL,NULL),(97021301071,9,11113,3,1,29,'n',2.70,'2014-10-23',0,'n',29,2.70,NULL,NULL,NULL,NULL),(96090320138,9,11113,3,1,29,'n',4.50,'2014-10-23',0,'n',29,4.50,NULL,NULL,NULL,NULL),(97011918496,0,11151,3,1,29,'n',5.00,'2014-10-23',0,'n',29,5.00,NULL,NULL,NULL,NULL),(96101901596,0,11151,3,1,29,'n',5.00,'2014-10-23',0,'n',29,5.00,NULL,NULL,NULL,NULL),(1088974772,0,11151,3,1,29,'n',3.40,'2014-10-23',0,'n',29,3.40,NULL,NULL,NULL,NULL),(1088974657,0,11151,3,1,29,'n',3.00,'2014-10-23',0,'n',29,3.00,NULL,NULL,NULL,NULL),(1088974391,0,11151,3,1,29,'n',2.20,'2014-10-23',0,'n',29,2.20,NULL,NULL,NULL,NULL),(1088974342,0,11151,3,1,29,'n',3.00,'2014-10-23',0,'n',29,3.00,NULL,NULL,NULL,NULL),(97011918496,9,11151,3,1,29,'n',5.00,'2014-10-23',0,'n',29,5.00,NULL,NULL,NULL,NULL),(96101901596,9,11151,3,1,29,'n',5.00,'2014-10-23',0,'n',29,5.00,NULL,NULL,NULL,NULL),(1088974772,9,11151,3,1,29,'n',3.40,'2014-10-23',0,'n',29,3.40,NULL,NULL,NULL,NULL),(1088974657,9,11151,3,1,29,'n',3.00,'2014-10-23',0,'n',29,3.00,NULL,NULL,NULL,NULL),(1088974391,9,11151,3,1,29,'n',2.20,'2014-10-23',0,'n',29,2.20,NULL,NULL,NULL,NULL),(1088974342,9,11151,3,1,29,'n',3.00,'2014-10-23',0,'n',29,3.00,NULL,NULL,NULL,NULL),(1004710920,15,1164,3,1,35,'n',5.00,'2014-10-23',0,'n',35,5.00,NULL,NULL,NULL,NULL),(1004517139,15,1164,3,1,35,'n',2.00,'2014-10-23',0,'n',35,2.00,NULL,NULL,NULL,NULL),(1089479166,0,2122,1,1,26,'n',5.00,'2014-10-24',0,'n',26,5.00,NULL,NULL,NULL,NULL),(1088972371,0,2122,1,1,26,'n',4.50,'2014-10-24',0,'n',26,4.50,NULL,NULL,NULL,NULL),(1088972149,0,2122,1,1,26,'n',4.00,'2014-10-24',0,'n',26,4.00,NULL,NULL,NULL,NULL),(1088972028,0,2122,1,1,26,'n',3.00,'2014-10-24',0,'n',26,3.00,NULL,NULL,NULL,NULL),(1089479166,6,2122,1,1,26,'n',5.00,'2014-10-24',0,'n',26,5.00,NULL,NULL,NULL,NULL),(1088972371,6,2122,1,1,26,'n',4.50,'2014-10-24',0,'n',26,4.50,NULL,NULL,NULL,NULL),(1088972149,6,2122,1,1,26,'n',4.00,'2014-10-24',0,'n',26,4.00,NULL,NULL,NULL,NULL),(1088972028,6,2122,1,1,26,'n',3.00,'2014-10-24',0,'n',26,3.00,NULL,NULL,NULL,NULL);

--
-- Table structure for table `seg_recupera`
--

CREATE TABLE `seg_recupera` (
  `id_alu` bigint(20) NOT NULL,
  `cod_mat` bigint(3) NOT NULL DEFAULT '0',
  `cod_cur` int(6) NOT NULL DEFAULT '0',
  `id_peri` int(3) NOT NULL DEFAULT '0',
  `id_ano` int(10) unsigned NOT NULL DEFAULT '1',
  `nota` decimal(5,2) DEFAULT NULL,
  `id_usu_cre` bigint(6) NOT NULL DEFAULT '0',
  `fec_cre` date NOT NULL DEFAULT '0000-00-00',
  `id_usu_mod` bigint(6) DEFAULT '0',
  `fec_mod` date DEFAULT NULL,
  `pre_rec` enum('s','n') COLLATE utf8_spanish_ci NOT NULL DEFAULT 's',
  `num_rec` tinyint(2) unsigned NOT NULL DEFAULT '1' COMMENT 'el orden de la nota de recuperacion 1,2..',
  `num_acta` varchar(50) COLLATE utf8_spanish_ci DEFAULT NULL COMMENT 'Acta de recuperación',
  `fec_acta` date DEFAULT NULL COMMENT 'Fecha acta de recuperación',
  PRIMARY KEY (`id_alu`,`cod_cur`,`cod_mat`,`id_ano`,`id_peri`,`num_rec`)
) ENGINE=MyISAM DEFAULT CHARSET=utf8 COLLATE=utf8_spanish_ci;

--
-- Dumping data for table `seg_recupera`
--


--
-- Table structure for table `seguimiento`
--

CREATE TABLE `seguimiento` (
  `id_alu` bigint(20) NOT NULL,
  `cod_mat` bigint(3) NOT NULL DEFAULT '0',
  `cod_cur` int(6) NOT NULL DEFAULT '0',
  `id_peri` int(3) NOT NULL DEFAULT '0',
  `cod_inst` bigint(6) NOT NULL DEFAULT '0',
  `id_ano` int(10) unsigned NOT NULL DEFAULT '1',
  `nota` decimal(5,2) NOT NULL DEFAULT '0.00',
  `id_usu_cre` bigint(6) NOT NULL DEFAULT '0',
  `fec_cre` timestamp NULL DEFAULT NULL,
  `id_usu_mod` bigint(6) DEFAULT '0',
  `fec_mod` timestamp NULL DEFAULT NULL ON UPDATE CURRENT_TIMESTAMP,
  PRIMARY KEY (`id_alu`,`cod_mat`,`cod_cur`,`id_peri`,`cod_inst`,`id_ano`)
) ENGINE=MyISAM DEFAULT CHARSET=utf8 COLLATE=utf8_spanish_ci;

--
-- Dumping data for table `seguimiento`
--

INSERT INTO `seguimiento` VALUES (9906211208,6,1172,1,-1,1,5.00,0,NULL,1,'2014-10-22 22:40:44'),(1088971623,6,2123,4,-1,1,3.00,0,NULL,90,'2014-10-22 22:37:36'),(1089222038,6,2123,4,-1,1,4.00,0,NULL,90,'2014-10-22 22:37:36'),(1088970456,9,2141,4,-1,1,4.00,0,NULL,96,'2014-10-22 22:37:41'),(1088970579,9,2141,4,-1,1,5.00,0,NULL,96,'2014-10-22 22:37:41'),(1007310886,6,1172,1,-1,1,3.00,0,NULL,1,'2014-10-22 22:37:37'),(1004710719,9,2141,4,-1,1,1.00,0,NULL,96,'2014-10-22 22:37:41'),(1088970613,9,2141,4,-1,1,2.00,0,NULL,96,'2014-10-22 22:37:41'),(1088971177,9,2141,4,-1,1,4.00,0,NULL,96,'2014-10-22 22:37:41'),(1088970431,9,2141,4,-1,1,3.00,0,NULL,96,'2014-10-22 22:37:41'),(1088971850,6,2123,4,-1,1,3.00,0,NULL,90,'2014-10-22 22:37:36'),(1088972183,6,2123,4,-1,1,5.00,0,NULL,90,'2014-10-22 22:37:36'),(1138525277,13,2121,4,-1,1,5.00,0,NULL,95,'2014-10-22 22:37:39'),(1088972149,9,2122,4,-1,1,5.00,0,NULL,91,'2014-10-22 22:38:57'),(1088972199,6,2123,4,-1,1,5.00,0,NULL,90,'2014-10-22 22:37:36'),(1088970501,9,2131,4,-1,1,3.00,0,NULL,97,'2014-10-22 22:41:32'),(1007310998,6,1172,1,-1,1,5.00,0,NULL,1,'2014-10-22 22:37:37'),(1004711498,6,1172,1,-1,1,4.00,0,NULL,1,'2014-10-22 22:37:37'),(1089479166,9,2122,4,-1,1,3.00,0,NULL,91,'2014-10-22 22:38:57'),(1004710601,6,1172,1,-1,1,3.00,0,NULL,1,'2014-10-22 22:37:37'),(1088972371,9,2122,4,-1,1,3.00,0,NULL,91,'2014-10-22 22:38:57'),(1088971586,9,2122,4,-1,1,2.00,0,NULL,91,'2014-10-22 22:38:57'),(1088972028,9,2122,4,-1,1,5.00,0,NULL,91,'2014-10-22 22:38:57'),(1004710739,6,1172,1,-1,1,5.00,0,NULL,1,'2014-10-22 22:37:37'),(1088972143,9,2122,4,-1,1,3.00,0,NULL,91,'2014-10-22 22:38:57'),(1088972070,9,2122,4,-1,1,4.00,0,NULL,91,'2014-10-22 22:38:57'),(1088971820,13,2121,4,-1,1,4.00,0,NULL,95,'2014-10-22 22:37:39'),(1088971971,13,2121,4,-1,1,3.00,0,NULL,95,'2014-10-22 22:37:39'),(1030020201,13,2121,4,-1,1,5.00,0,NULL,95,'2014-10-22 22:37:39'),(1088970456,6,2141,4,-1,1,4.00,0,NULL,96,'2014-10-22 22:55:23'),(1088970579,6,2141,4,-1,1,5.00,0,NULL,96,'2014-10-22 22:55:23'),(1004710719,6,2141,4,-1,1,4.00,0,NULL,96,'2014-10-22 22:55:23'),(1088970613,6,2141,4,-1,1,3.00,0,NULL,96,'2014-10-22 22:42:29'),(1088971960,13,2113,4,-1,1,5.00,0,NULL,95,'2014-10-22 22:50:58'),(1088972692,13,2113,4,-1,1,4.00,0,NULL,95,'2014-10-22 22:50:58'),(1088972455,13,2113,4,-1,1,3.00,0,NULL,95,'2014-10-22 22:50:58'),(1088972785,13,2113,4,-1,1,2.00,0,NULL,95,'2014-10-22 22:50:58'),(1004710786,13,1162,3,-1,1,5.00,0,NULL,64,'2014-10-23 21:41:52'),(1004711021,15,1164,3,-1,1,4.50,0,NULL,60,'2014-10-23 21:36:10'),(1088972149,6,2122,1,-1,1,4.00,0,NULL,1,'2014-10-23 21:35:59'),(1004711049,15,1164,3,-1,1,2.30,0,NULL,60,'2014-10-23 21:36:10'),(98041369469,23,11112,3,-1,1,4.30,0,NULL,58,'2014-10-23 21:36:03'),(1005976183,10,1184,3,-1,1,4.00,0,NULL,69,'2014-10-23 21:36:01'),(1193383318,28,1171,3,-1,1,4.50,0,NULL,56,'2014-10-23 21:36:01'),(1002807871,19,11111,3,-1,1,4.80,0,NULL,78,'2014-10-23 21:37:09'),(1004711021,6,1164,3,-1,1,4.10,0,NULL,80,'2014-10-23 21:40:36'),(99120502774,13,1193,3,-1,1,3.40,0,NULL,63,'2014-10-23 21:36:48'),(1193383318,14,1171,3,-1,1,4.00,0,NULL,67,'2014-10-23 21:36:12'),(99042203536,13,1193,3,-1,1,4.50,0,NULL,63,'2014-10-23 21:36:48'),(1003103066,19,1172,3,-1,1,4.50,0,NULL,79,'2014-10-23 21:43:36'),(1004710655,28,1171,3,-1,1,4.80,0,NULL,56,'2014-10-23 21:36:01'),(98032951198,13,1193,3,-1,1,5.00,0,NULL,63,'2014-10-23 21:36:48'),(97062512168,21,11113,3,-1,1,5.00,0,NULL,94,'2014-10-23 21:36:15'),(1089479166,6,2122,1,-1,1,5.00,0,NULL,1,'2014-10-23 21:35:59'),(1002820320,28,1171,3,-1,1,3.80,0,NULL,56,'2014-10-23 22:03:13'),(1004710620,10,1184,3,-1,1,5.00,0,NULL,69,'2014-10-23 21:36:01'),(1004710901,10,1184,3,-1,1,4.00,0,NULL,69,'2014-10-23 21:36:01'),(1088974719,23,11112,3,-1,1,4.60,0,NULL,58,'2014-10-23 21:36:03'),(1005976183,20,1184,3,-1,1,3.00,0,NULL,72,'2014-10-23 21:36:26'),(1004710655,14,1171,3,-1,1,5.00,0,NULL,67,'2014-10-23 21:36:12'),(1088972371,6,2122,1,-1,1,4.50,0,NULL,1,'2014-10-23 21:35:59'),(1003103066,6,1172,3,-1,1,3.00,0,NULL,53,'2014-10-23 21:55:19'),(1003103066,17,1172,3,-1,1,4.50,0,NULL,76,'2014-10-23 21:36:01'),(1002820320,14,1171,3,-1,1,3.50,0,NULL,67,'2014-10-23 21:55:48'),(97062512168,9,11113,3,-1,1,2.30,0,NULL,55,'2014-10-23 21:51:55'),(1088972028,6,2122,1,-1,1,3.00,0,NULL,1,'2014-10-23 22:20:18'),(99011814170,13,1193,3,-1,1,4.00,0,NULL,63,'2014-10-23 21:36:48'),(1144188032,13,1193,3,-1,1,4.00,0,NULL,63,'2014-10-23 21:36:48'),(1088974949,23,11112,3,-1,1,3.50,0,NULL,58,'2014-10-23 21:36:03'),(96081410140,23,11112,3,-1,1,3.90,0,NULL,58,'2014-10-23 21:56:06'),(1004710620,20,1184,3,-1,1,5.00,0,NULL,72,'2014-10-23 21:36:26'),(1004731364,15,1164,3,-1,1,3.40,0,NULL,60,'2014-10-23 21:36:10'),(9906211208,19,1172,3,-1,1,4.00,0,NULL,79,'2014-10-23 21:43:36'),(1004710920,15,1164,3,-1,1,5.00,0,NULL,60,'2014-10-23 21:36:10'),(1004517139,15,1164,3,-1,1,2.00,0,NULL,60,'2014-10-23 21:36:10'),(98112409610,15,1164,3,-1,1,3.70,0,NULL,60,'2014-10-23 21:36:10'),(1004710786,17,1162,3,-1,1,4.50,0,NULL,76,'2014-10-23 21:37:57'),(1004711021,19,1164,3,-1,1,5.00,0,NULL,78,'2014-10-23 21:38:50'),(1004711174,10,1161,3,-1,1,4.80,0,NULL,70,'2014-10-23 21:46:15'),(9906211208,6,1172,3,-1,1,4.50,0,NULL,53,'2014-10-23 21:55:19'),(1004710823,10,1161,3,-1,1,4.00,0,NULL,70,'2014-10-23 21:46:15'),(1003103066,9,1172,3,-1,1,4.50,0,NULL,116,'2014-10-23 21:42:26'),(1004731363,10,1161,3,-1,1,3.00,0,NULL,70,'2014-10-23 21:55:57'),(9906211208,9,1172,3,-1,1,3.00,0,NULL,116,'2014-10-23 21:42:26'),(1007310886,9,1172,3,-1,1,2.00,0,NULL,116,'2014-10-23 21:42:26'),(1007310998,9,1172,3,-1,1,5.00,0,NULL,116,'2014-10-23 21:42:26'),(1004711498,9,1172,3,-1,1,3.00,0,NULL,116,'2014-10-23 21:42:26'),(1004710601,9,1172,3,-1,1,4.00,0,NULL,116,'2014-10-23 21:42:26'),(1004710739,9,1172,3,-1,1,5.00,0,NULL,116,'2014-10-23 21:42:26'),(1004710663,9,1172,3,-1,1,4.00,0,NULL,116,'2014-10-23 21:42:26'),(98083168021,9,1172,3,-1,1,5.00,0,NULL,116,'2014-10-23 21:42:26'),(1007310820,9,1172,3,-1,1,5.00,0,NULL,116,'2014-10-23 21:42:26'),(1004710639,9,1172,3,-1,1,3.00,0,NULL,116,'2014-10-23 21:42:26'),(97122023242,9,1172,3,-1,1,2.00,0,NULL,116,'2014-10-23 21:42:26'),(1007797122,9,1172,3,-1,1,2.00,0,NULL,116,'2014-10-23 21:42:26'),(1007310889,9,1172,3,-1,1,2.00,0,NULL,116,'2014-10-23 21:42:26'),(1007310985,9,1172,3,-1,1,2.00,0,NULL,116,'2014-10-23 21:42:26'),(1004710645,9,1172,3,-1,1,2.00,0,NULL,116,'2014-10-23 21:42:26'),(1007311023,9,1172,3,-1,1,2.00,0,NULL,116,'2014-10-23 21:42:26'),(1007779732,9,1172,3,-1,1,2.00,0,NULL,116,'2014-10-23 21:42:26'),(99100809997,9,1172,3,-1,1,3.00,0,NULL,116,'2014-10-23 21:42:26'),(1007310967,9,1172,3,-1,1,3.00,0,NULL,116,'2014-10-23 21:42:26'),(1007310958,9,1172,3,-1,1,4.00,0,NULL,116,'2014-10-23 21:42:26'),(1007310949,9,1172,3,-1,1,5.00,0,NULL,116,'2014-10-23 21:42:26'),(1007310896,9,1172,3,-1,1,4.00,0,NULL,116,'2014-10-23 21:42:26'),(1004711445,9,1172,3,-1,1,3.00,0,NULL,116,'2014-10-23 21:42:26'),(1004710642,9,1172,3,-1,1,1.00,0,NULL,116,'2014-10-23 21:42:26'),(1004710618,9,1172,3,-1,1,3.00,0,NULL,116,'2014-10-23 21:42:26'),(1004710732,9,1172,3,-1,1,4.00,0,NULL,116,'2014-10-23 21:42:26'),(1004710735,9,1172,3,-1,1,5.00,0,NULL,116,'2014-10-23 21:42:26'),(1004710707,9,1172,3,-1,1,3.00,0,NULL,116,'2014-10-23 21:42:26'),(99100308807,9,1172,3,-1,1,2.00,0,NULL,116,'2014-10-23 21:42:26'),(1004710569,9,1172,3,-1,1,4.00,0,NULL,116,'2014-10-23 21:42:26'),(1002806142,9,1172,3,-1,1,5.00,0,NULL,116,'2014-10-23 21:42:26'),(1002807280,9,1172,3,-1,1,2.00,0,NULL,116,'2014-10-23 21:42:26'),(1004710807,9,1172,3,-1,1,5.00,0,NULL,116,'2014-10-23 21:42:26'),(1007310993,9,1172,3,-1,1,4.00,0,NULL,116,'2014-10-23 21:42:26'),(1004710619,9,1172,3,-1,1,3.00,116,'2014-10-23 21:41:50',0,NULL),(1003103066,13,1172,3,-1,1,5.00,0,NULL,64,'2014-10-23 21:51:39'),(1007310886,6,1172,3,-1,1,4.00,0,NULL,53,'2014-10-23 21:55:19'),(96120702782,23,11112,3,-1,1,2.60,0,NULL,58,'2014-10-23 21:56:06'),(96090320138,9,11113,3,-1,1,4.50,0,NULL,55,'2014-10-23 21:57:53'),(98022352075,9,11113,3,-1,1,3.50,0,NULL,55,'2014-10-23 21:57:53'),(97021301071,9,11113,3,-1,1,2.70,0,NULL,55,'2014-10-23 21:57:53'),(1088974772,9,11151,3,-1,1,3.40,0,NULL,55,'2014-10-23 22:01:48'),(97011918496,9,11151,3,-1,1,5.00,0,NULL,55,'2014-10-23 22:01:48'),(1088974342,9,11151,3,-1,1,3.00,0,NULL,55,'2014-10-23 22:01:48'),(1088974391,9,11151,3,-1,1,2.20,0,NULL,55,'2014-10-23 22:01:48'),(96101901596,9,11151,3,-1,1,5.00,0,NULL,55,'2014-10-23 22:01:48'),(1088974657,9,11151,3,-1,1,3.00,0,NULL,55,'2014-10-23 22:02:29');

--
-- Table structure for table `ser_gra`
--

CREATE TABLE `ser_gra` (
  `id_ser` int(10) unsigned NOT NULL,
  `cod_gra` int(10) unsigned NOT NULL,
  `val_bas` decimal(10,0) NOT NULL,
  `fec_reg` date NOT NULL,
  PRIMARY KEY (`id_ser`,`cod_gra`),
  KEY `ser_gra_FKIndex2` (`id_ser`),
  KEY `ser_gra_FKIndex21` (`cod_gra`)
) ENGINE=MyISAM DEFAULT CHARSET=utf8 COLLATE=utf8_spanish_ci;

--
-- Dumping data for table `ser_gra`
--


--
-- Table structure for table `servicio`
--

CREATE TABLE `servicio` (
  `id_ser` int(10) unsigned NOT NULL AUTO_INCREMENT,
  `id_gru_ser` int(10) unsigned NOT NULL,
  `id_ano` int(10) unsigned NOT NULL DEFAULT '1',
  `des_pre` varchar(255) COLLATE utf8_spanish_ci NOT NULL,
  `des_det` varchar(255) COLLATE utf8_spanish_ci NOT NULL,
  `tip_pag` enum('unic','mens') COLLATE utf8_spanish_ci NOT NULL DEFAULT 'mens',
  `tip_ser` enum('obli','opci') COLLATE utf8_spanish_ci NOT NULL DEFAULT 'obli',
  `est_ser` enum('acti','inac') COLLATE utf8_spanish_ci DEFAULT 'acti',
  `cta_cob` char(12) COLLATE utf8_spanish_ci DEFAULT NULL,
  PRIMARY KEY (`id_ser`),
  KEY `ano_lectivo` (`id_ano`),
  KEY `grupo_servicio` (`id_gru_ser`)
) ENGINE=MyISAM DEFAULT CHARSET=utf8 COLLATE=utf8_spanish_ci;

--
-- Dumping data for table `servicio`
--


--
-- Table structure for table `solicitudes_usuarios`
--

CREATE TABLE `solicitudes_usuarios` (
  `id_sol` bigint(20) unsigned NOT NULL AUTO_INCREMENT,
  `fec_sol` date DEFAULT NULL,
  `id_usu` bigint(20) unsigned DEFAULT NULL,
  `tip_usu` enum('s','w','e') COLLATE utf8_spanish_ci DEFAULT NULL,
  `est_sol` enum('p','r','e') COLLATE utf8_spanish_ci DEFAULT NULL,
  `fecr_sol` date DEFAULT NULL,
  `usu_sol` bigint(20) unsigned DEFAULT NULL,
  `res_sol` varchar(250) COLLATE utf8_spanish_ci DEFAULT NULL,
  PRIMARY KEY (`id_sol`)
) ENGINE=MyISAM AUTO_INCREMENT=2 DEFAULT CHARSET=utf8 COLLATE=utf8_spanish_ci PACK_KEYS=0 ROW_FORMAT=DYNAMIC;

--
-- Dumping data for table `solicitudes_usuarios`
--

INSERT INTO `solicitudes_usuarios` VALUES (1,'2014-10-23',57,'s','r','2014-10-23',1,'la nueva contraseña es:27277337');

--
-- Table structure for table `tematica`
--

CREATE TABLE `tematica` (
  `cod_tem` bigint(6) NOT NULL AUTO_INCREMENT,
  `cod_ind` bigint(6) DEFAULT NULL,
  `des_tem` text COLLATE utf8_spanish_ci NOT NULL,
  `id_usu_cre` bigint(6) NOT NULL,
  `fec_cre` date NOT NULL,
  `id_usu_mod` bigint(6) DEFAULT NULL,
  `fec_mod` date DEFAULT NULL,
  `est_tem` enum('hab','des') COLLATE utf8_spanish_ci NOT NULL,
  `ord_tem` int(11) DEFAULT '0',
  `cod_gra` bigint(6) NOT NULL,
  `cod_mat` bigint(6) NOT NULL,
  `id_tniv` bigint(20) DEFAULT NULL,
  PRIMARY KEY (`cod_tem`)
) ENGINE=MyISAM AUTO_INCREMENT=11 DEFAULT CHARSET=utf8 COLLATE=utf8_spanish_ci;

--
-- Dumping data for table `tematica`
--

INSERT INTO `tematica` VALUES (3,3,'MARGENES Y BORDES ',60,'2014-10-23',NULL,'0000-00-00','hab',NULL,6,15,NULL),(4,3,'APLICACION DE IMAGENES CON TEXTOS EN POWERPOINT',60,'2014-10-23',NULL,'0000-00-00','hab',NULL,6,15,NULL),(5,6,'Indicador 2 de desempeño',1,'2014-10-23',1,'2014-10-23','hab',NULL,6,6,NULL),(6,9,'',94,'2014-10-23',NULL,'0000-00-00','hab',NULL,10,21,NULL),(7,4,'Formulo correctamete oraciones afirmativas con going to.',64,'2014-10-23',NULL,'0000-00-00','hab',NULL,7,13,NULL),(10,20,'Identifica los organos del GOES, sus representantes y funciones.',70,'2014-10-23',NULL,'0000-00-00','hab',NULL,17,10,NULL),(9,13,'wwwwwwwww',58,'2014-10-23',NULL,'0000-00-00','hab',NULL,11,23,NULL);

--
-- Table structure for table `temp`
--

CREATE TABLE `temp` (
  `curso` varchar(50) COLLATE utf8_spanish_ci DEFAULT NULL,
  `cod` varchar(50) COLLATE utf8_spanish_ci DEFAULT NULL,
  `ident` varchar(50) COLLATE utf8_spanish_ci DEFAULT NULL,
  `tipo` varchar(50) COLLATE utf8_spanish_ci DEFAULT NULL,
  `ape1` varchar(50) COLLATE utf8_spanish_ci DEFAULT NULL,
  `ape2` varchar(50) COLLATE utf8_spanish_ci DEFAULT NULL,
  `nom1` varchar(50) COLLATE utf8_spanish_ci DEFAULT NULL,
  `nom2` varchar(50) COLLATE utf8_spanish_ci DEFAULT NULL,
  `gen` varchar(50) COLLATE utf8_spanish_ci DEFAULT NULL,
  `fec` varchar(50) COLLATE utf8_spanish_ci DEFAULT NULL,
  `ciudad` varchar(50) COLLATE utf8_spanish_ci DEFAULT NULL,
  `cedp` varchar(50) COLLATE utf8_spanish_ci DEFAULT NULL,
  `cedm` varchar(50) COLLATE utf8_spanish_ci DEFAULT NULL,
  `ceda` varchar(50) COLLATE utf8_spanish_ci DEFAULT NULL,
  `dire` varchar(50) COLLATE utf8_spanish_ci DEFAULT NULL,
  `tel` varchar(50) COLLATE utf8_spanish_ci DEFAULT NULL,
  `cel` varchar(50) COLLATE utf8_spanish_ci DEFAULT NULL,
  `sisben` varchar(50) COLLATE utf8_spanish_ci DEFAULT NULL,
  `ape_pad` varchar(50) COLLATE utf8_spanish_ci DEFAULT NULL,
  `nom_pad` varchar(50) COLLATE utf8_spanish_ci DEFAULT NULL,
  `dir_pad` varchar(50) COLLATE utf8_spanish_ci DEFAULT NULL,
  `ciu_pad` varchar(50) COLLATE utf8_spanish_ci DEFAULT NULL,
  `tel_pad` varchar(50) COLLATE utf8_spanish_ci DEFAULT NULL,
  `cel_pad` varchar(50) COLLATE utf8_spanish_ci DEFAULT NULL,
  `viv_pad` varchar(50) COLLATE utf8_spanish_ci DEFAULT NULL,
  `ape_mad` varchar(50) COLLATE utf8_spanish_ci DEFAULT NULL,
  `nom_mad` varchar(50) COLLATE utf8_spanish_ci DEFAULT NULL,
  `dir_mad` varchar(50) COLLATE utf8_spanish_ci DEFAULT NULL,
  `ciu_mad` varchar(50) COLLATE utf8_spanish_ci DEFAULT NULL,
  `tel_mad` varchar(50) COLLATE utf8_spanish_ci DEFAULT NULL,
  `cel_mad` varchar(50) COLLATE utf8_spanish_ci DEFAULT NULL,
  `viv_mad` varchar(50) COLLATE utf8_spanish_ci DEFAULT NULL,
  `ape_acu` varchar(50) COLLATE utf8_spanish_ci DEFAULT NULL,
  `nom_acu` varchar(50) COLLATE utf8_spanish_ci DEFAULT NULL,
  `dir_acu` varchar(50) COLLATE utf8_spanish_ci DEFAULT NULL,
  `ciu_acu` varchar(50) COLLATE utf8_spanish_ci DEFAULT NULL,
  `tel_acu` varchar(50) COLLATE utf8_spanish_ci DEFAULT NULL,
  `cel_acu` varchar(50) COLLATE utf8_spanish_ci DEFAULT NULL,
  `id` bigint(20) NOT NULL AUTO_INCREMENT,
  PRIMARY KEY (`id`)
) ENGINE=MyISAM AUTO_INCREMENT=1286 DEFAULT CHARSET=utf8 COLLATE=utf8_spanish_ci;

--
-- Dumping data for table `temp`
--

INSERT INTO `temp` VALUES ('0','1088972842','1088972842','3','TULCAN','BRAVO','ALEJANDRA','','f','','','','','','','','','','','','','','','','','','','','','','','','','',NULL,NULL,NULL,NULL,1),('0','1088973269','1088973269','3','BOTINA','GUERRERO','BRAYAN','STIVEN','f','','','','','','','','','','','','','','','','','','','','','','','','','',NULL,NULL,NULL,NULL,2),('0','1088973381','1088973381','3','MUÑOZ','CERÓN','CRISTIAN','DARIO','m','','','','','','','','','','','','','','','','','','','','','','','','','',NULL,NULL,NULL,NULL,3),('0','1088972833','1088972833','3','ÑAÑEZ','PAZ','JAVIER','ALEJANDRO','f','','','','','','','','','','','','','','','','','','','','','','','','','',NULL,NULL,NULL,NULL,4),('0','1179963028','1179963028','3','MUÑOZ','MOLINA','JEFERSON','ANTONIO','f','','','','','','','','','','','','','','','','','','','','','','','','','',NULL,NULL,NULL,NULL,5),('0','1088973057','1088973057','3','BOLAÑOS','MUÑOZ','JESUS','ANDRES','m','','','','','','','','','','','','','','','','','','','','','','','','','',NULL,NULL,NULL,NULL,6),('0','1088972926','1088972926','3','MUÑOZ','PORTILLA','JULIANA','CAMILA','f','','','','','','','','','','','','','','','','','','','','','','','','','',NULL,NULL,NULL,NULL,7),('0','1088972921','1088972921','3','BOLAÑOS','SIMALES','KAREN','SOFIA','f','','','','','','','','','','','','','','','','','','','','','','','','','',NULL,NULL,NULL,NULL,8),('0','1088973169','1088973169','3','MOLINA','BRAVO','KAREN','ESTEFANNY','m','','','','','','','','','','','','','','','','','','','','','','','','','',NULL,NULL,NULL,NULL,9),('0','1088972859','1088972859','3','ORDOÑEZ','SANCHEZ','KAROL','YISET','f','','','','','','','','','','','','','','','','','','','','','','','','','',NULL,NULL,NULL,NULL,10),('0','1088973023','1088973023','3','MENESES','LEON','LAURA','KATERIN','f','','','','','','','','','','','','','','','','','','','','','','','','','',NULL,NULL,NULL,NULL,11),('0','1088973022','1088973022','3','INGUILAR','REALPE','LINA','MARIA','f','','','','','','','','','','','','','','','','','','','','','','','','','',NULL,NULL,NULL,NULL,12),('0','1088972945','1088972945','3','MUÑOZ','IMBACHI','MABEL','ALEJANDRA','m','','','','','','','','','','','','','','','','','','','','','','','','','',NULL,NULL,NULL,NULL,13),('0','1179963034','1179963034','3','BOLAÑOS','ALVEAR','MARIA','JOSE','f','','','','','','','','','','','','','','','','','','','','','','','','','',NULL,NULL,NULL,NULL,14),('0','1088973180','1088973180','3','BOLAÑOS','SILVA','MARIA','FERNANDA','m','','','','','','','','','','','','','','','','','','','','','','','','','',NULL,NULL,NULL,NULL,15),('0','1088972954','1088972954','3','MUÑOZ','ORDOÑEZ','MARIA','ALEJANDRA','f','','','','','','','','','','','','','','','','','','','','','','','','','',NULL,NULL,NULL,NULL,16),('0','1088972915','1088972915','3','MUÑOZ','REALPE','PAULA','ESTEFANIA','f','','','','','','','','','','','','','','','','','','','','','','','','','',NULL,NULL,NULL,NULL,17),('0','1088973270','1088973270','3','DELGADO','CARLOSAMA','SHARICK','JULIANA','f','','','','','','','','','','','','','','','','','','','','','','','','','',NULL,NULL,NULL,NULL,18),('0','1088972896','1088972896','3','BENAVIDES','SANCHEZ','TATIANA','ELISABETH','f','','','','','','','','','','','','','','','','','','','','','','','','','',NULL,NULL,NULL,NULL,19),('0','1088972923','1088972923','3','CERON','GUERRERO','VALERIA','','f','','','','','','','','','','','','','','','','','','','','','','','','','',NULL,NULL,NULL,NULL,20),('0','1088972991','1088972991','3','IMBACHI','BRAVO','WILMER','ALEXANDER','f','','','','','','','','','','','','','','','','','','','','','','','','','',NULL,NULL,NULL,NULL,21),('0','1088973150','1088973150','3','SANCHEZ','BRAVO','YESICA','ANDREA','m','','','','','','','','','','','','','','','','','','','','','','','','','',NULL,NULL,NULL,NULL,22),('0','1109547529','1109547529','3','CARLOSAMA','BOLAÑOS','ALEJANDRO','','m','','','','','','','','','','','','','','','','','','','','','','','','','',NULL,NULL,NULL,NULL,23),('0','1088973217','1088973217','3','MUÑOZ','BURBANO','ANDRES','FELIPE','m','','','','','','','','','','','','','','','','','','','','','','','','','',NULL,NULL,NULL,NULL,24),('0','1088972469','1088972469','6','LEITON','BRAVO','BRAYAN','ESTEBAN','m','','','','','','','','','','','','','','','','','','','','','','','','','',NULL,NULL,NULL,NULL,25),('0','1179963169','1179963169','3','MUÑOZ','BURBANO','DANYELY','EUGENIA','f','','','','','','','','','','','','','','','','','','','','','','','','','',NULL,NULL,NULL,NULL,26),('0','1088973367','1088973367','3','ÑAÑEZ','LEYTON','DAVID','ALEJANDRO','m','','','','','','','','','','','','','','','','','','','','','','','','','',NULL,NULL,NULL,NULL,27),('0','1179963102','1179963102','3','SAMBONI','REALPE','GABRIEL','ANDRES','m','','','','','','','','','','','','','','','','','','','','','','','','','',NULL,NULL,NULL,NULL,28),('0','1088973265','1088973265','3','MUÑOZ','BURBANO','IBETH','CECILIA','f','','','','','','','','','','','','','','','','','','','','','','','','','',NULL,NULL,NULL,NULL,29),('0','1088972994','1088972994','6','ORDOÑEZ','HERRERA','JUAN','PABLO','m','','','','','','','','','','','','','','','','','','','','','','','','','',NULL,NULL,NULL,NULL,30),('0','1088972806','1088972806','3','MOLINA','RUANO','KAREN','SOFIA','f','','','','','','','','','','','','','','','','','','','','','','','','','',NULL,NULL,NULL,NULL,31),('0','1088973178','1088973178','3','SAMBONI','BUESAQUILLO','MAICKOL','SEBASTIAN','m','','','','','','','','','','','','','','','','','','','','','','','','','',NULL,NULL,NULL,NULL,32),('0','1179963066','1179963066','3','CIFUENTES','DÍAZ','VALERIE','DANIELA','f','','','','','','','','','','','','','','','','','','','','','','','','','',NULL,NULL,NULL,NULL,33),('0','1088973327','1088973327','3','GUERRERO','BURBANO','VICTOR','ESTEBAN','m','','','','','','','','','','','','','','','','','','','','','','','','','',NULL,NULL,NULL,NULL,34),('0','1088973167','1088973167','3','DEJOY','MUÑOZ','YIRLEY','SARITA','f','','','','','','','','','','','','','','','','','','','','','','','','','',NULL,NULL,NULL,NULL,35),('0','1088973173','1088973173','3','HERRERA','ORTEGA','YULIANA','ISABELLA','f','','','','','','','','','','','','','','','','','','','','','','','','','',NULL,NULL,NULL,NULL,36),('0','1088973037','1088973037','3','ORDOÑEZ','SALDARRIAGA','ANGELA','VALENTINA','f','','','','','','','','','','','','','','','','','','','','','','','','','',NULL,NULL,NULL,NULL,37),('0','1179963327','1179963327','3','VELASCO','BURBANO','BRAYAN','ALEXANDER','m','','','','','','','','','','','','','','','','','','','','','','','','','',NULL,NULL,NULL,NULL,38),('0','1179963060','1179963060','3','MUÑOZ','VILLAMUEZ','CAMILO','ARLEY','m','','','','','','','','','','','','','','','','','','','','','','','','','',NULL,NULL,NULL,NULL,39),('0','1088973175','1088973175','3','HOYOS','MUÑOZ','CARLOS','ANDRES','m','','','','','','','','','','','','','','','','','','','','','','','','','',NULL,NULL,NULL,NULL,40),('0','1088973277','1088973277','3','BRAVO','CORDOBA','CESAR','DAVID','m','','','','','','','','','','','','','','','','','','','','','','','','','',NULL,NULL,NULL,NULL,41),('0','1088973002','1088973002','3','BOLAÑOS','GUERRERO','ESTEBAN','JESITH','m','','','','','','','','','','','','','','','','','','','','','','','','','',NULL,NULL,NULL,NULL,42),('0','1179963070','1179963070','3','RIVERA','MUÑOZ','ESTEBAN','DAVID','m','','','','','','','','','','','','','','','','','','','','','','','','','',NULL,NULL,NULL,NULL,43),('0','1088973349','1088973349','3','HOYOS','IBARRA','ESTEFANY','SOFIA','f','','','','','','','','','','','','','','','','','','','','','','','','','',NULL,NULL,NULL,NULL,44),('0','1088972851','1088972851','3','ARCE','GUERRERO','HUGO','LISANDRO','m','','','','','','','','','','','','','','','','','','','','','','','','','',NULL,NULL,NULL,NULL,45),('0','1088973042','1088973042','3','DIAZ','GÓMEZ','JERY','JINETH','f','','','','','','','','','','','','','','','','','','','','','','','','','',NULL,NULL,NULL,NULL,46),('0','1088972981','1088972981','3','VELASCO','ORTIZ','JUAN','CARLOS','m','','','','','','','','','','','','','','','','','','','','','','','','','',NULL,NULL,NULL,NULL,47),('0','1179963078','1179963078','3','BOTINA','BRAVO','KENER','ALEJANDRO','m','','','','','','','','','','','','','','','','','','','','','','','','','',NULL,NULL,NULL,NULL,48),('0','1089222037','1089222037','3','TOBAR','BOLAÑOS','LAURA','MARIA','f','','','','','','','','','','','','','','','','','','','','','','','','','',NULL,NULL,NULL,NULL,49),('0','1088973038','1088973038','3','ALVEAR','GAVIRIA','MARIA','CAMILA','f','','','','','','','','','','','','','','','','','','','','','','','','','',NULL,NULL,NULL,NULL,50),('0','1028665066','1028665066','3','OSUNA','GÓMEZ','MICHAEL','ANDRES','m','','','','','','','','','','','','','','','','','','','','','','','','','',NULL,NULL,NULL,NULL,51),('0','1179963110','1179963110','3','RAMIREZ','ÑAÑEZ','MICHEL','DAYANA','f','','','','','','','','','','','','','','','','','','','','','','','','','',NULL,NULL,NULL,NULL,52),('0','1088972975','1088972975','3','TORRES','MUÑOZ','VICTOR','MANUEL','m','','','','','','','','','','','','','','','','','','','','','','','','','',NULL,NULL,NULL,NULL,53),('0','1088973208','1088973208','3','MARTINEZ','BOLAÑOS','YEISON','STIVEN','m','','','','','','','','','','','','','','','','','','','','','','','','','',NULL,NULL,NULL,NULL,54),('0','1088972079','1088972079','3','IMBACHI','GAVIRIA','YINA','YINETH','f','','','','','','','','','','','','','','','','','','','','','','','','','',NULL,NULL,NULL,NULL,55),('0','1088973123','1088973123','3','ORDOÑEZ','BOLAÑOS','YOINER','EFREY','m','','','','','','','','','','','','','','','','','','','','','','','','','',NULL,NULL,NULL,NULL,56),('0','1088973538','1088973538','3','PALACIOS','GÓMEZ','ANDRES','EDUARDO','m','','','','','','','','','','','','','','','','','','','','','','','','','',NULL,NULL,NULL,NULL,57),('0','1088973427','1088973427','3','MUÑOZ','ALVEAR','ANDRÉS','FELIPE','m','','','','','','','','','','','','','','','','','','','','','','','','','',NULL,NULL,NULL,NULL,58),('0','1088973566','1088973566','3','ARTEAGA','BRAVO','CARLOS','ESTIVEN','m','','','','','','','','','','','','','','','','','','','','','','','','','',NULL,NULL,NULL,NULL,59),('0','1108255852','1108255852','3','GUERRERO','GUERRERO','CHARON','BRIYITH','f','','','','','','','','','','','','','','','','','','','','','','','','','',NULL,NULL,NULL,NULL,60),('0','1088973511','1088973511','3','IBARRA','GOMEZ','DANA','SOFIA','f','','','','','','','','','','','','','','','','','','','','','','','','','',NULL,NULL,NULL,NULL,61),('0','1088973508','1088973508','3','ERAZO','BOLAÑOS','DARLY','SARIT','f','','','','','','','','','','','','','','','','','','','','','','','','','',NULL,NULL,NULL,NULL,62),('0','1088973573','1088973573','3','BRAVO','BRAVO','DAYANA','VALENTINA','f','','','','','','','','','','','','','','','','','','','','','','','','','',NULL,NULL,NULL,NULL,63),('0','1088973426','1088973426','3','IMBACHI','GAVIRIA','DAYANA','','f','','','','','','','','','','','','','','','','','','','','','','','','','',NULL,NULL,NULL,NULL,64),('0','1088973645','1088973645','3','DAVILA','POPAYÁN','EDGAR','ALEJANDRO','m','','','','','','','','','','','','','','','','','','','','','','','','','',NULL,NULL,NULL,NULL,65),('0','1088973733','1088973733','3','BRAVO','ERAZO','EMERSON','ESTIBEN','m','','','','','','','','','','','','','','','','','','','','','','','','','',NULL,NULL,NULL,NULL,66),('0','1088973748','1088973748','3','MUÑOZ','GUERRERO','ERICK','SANTIAGO','m','','','','','','','','','','','','','','','','','','','','','','','','','',NULL,NULL,NULL,NULL,67),('0','1088973522','1088973522','3','SIMALES','PORTILLA','ERICK','SANTIAGO','m','','','','','','','','','','','','','','','','','','','','','','','','','',NULL,NULL,NULL,NULL,68),('0','1030000607','1030000607','3','TAPIA','SAMBONY','FABIAN','RODRIGO','m','','','','','','','','','','','','','','','','','','','','','','','','','',NULL,NULL,NULL,NULL,69),('0','1088973770','1088973770','3','BRAVO','GUTIERREZ','GABRIELA','ALEJANDRA','f','','','','','','','','','','','','','','','','','','','','','','','','','',NULL,NULL,NULL,NULL,70),('0','1088973698','1088973698','3','MARTÍNEZ','SAMBONÍ','GEOVANNY','ALEXANDER','m','','','','','','','','','','','','','','','','','','','','','','','','','',NULL,NULL,NULL,NULL,71),('0','1088973780','1088973780','3','MUÑOZ','MOLINA','HANNA','MARIA','f','','','','','','','','','','','','','','','','','','','','','','','','','',NULL,NULL,NULL,NULL,72),('0','1087728231','1087728231','3','MUÑOZ','MORA','HOLMAN','STIVEN','m','','','','','','','','','','','','','','','','','','','','','','','','','',NULL,NULL,NULL,NULL,73),('0','1088973398','1088973398','3','ORDÓÑEZ','MOLINA','JERSON','ALEJANDRO','m','','','','','','','','','','','','','','','','','','','','','','','','','',NULL,NULL,NULL,NULL,74),('0','1088973691','1088973691','3','SALAS','MOLINA','JHONATAN','DAVID','m','','','','','','','','','','','','','','','','','','','','','','','','','',NULL,NULL,NULL,NULL,75),('0','1030000650','1030000650','3','ENRIQUEZ','BOLAÑOS','KELLY','GABRYELA','f','','','','','','','','','','','','','','','','','','','','','','','','','',NULL,NULL,NULL,NULL,76),('0','1088973571','1088973571','3','CARLOSAMA','MOLINA','KEVIN','SANTIAGO','m','','','','','','','','','','','','','','','','','','','','','','','','','',NULL,NULL,NULL,NULL,77),('0','1088973610','1088973610','3','ORTIZ','MUÑOZ','LAURA','SOFIA','f','','','','','','','','','','','','','','','','','','','','','','','','','',NULL,NULL,NULL,NULL,78),('0','1179963398','1179963398','3','MUÑOZ','VARGAS','LESLY','BRIYITH','f','','','','','','','','','','','','','','','','','','','','','','','','','',NULL,NULL,NULL,NULL,79),('0','1088973494','1088973494','3','CAMPO','CHAVEZ','LINA','ALEJANDRA','f','','','','','','','','','','','','','','','','','','','','','','','','','',NULL,NULL,NULL,NULL,80),('0','1088973434','1088973434','3','BOLANOS','MUÑOZ','MARIA','FERNANDA','f','','','','','','','','','','','','','','','','','','','','','','','','','',NULL,NULL,NULL,NULL,81),('0','1105376282','1105376282','3','MINOTTA','CHINCHA','NICOLL','FERNANDA','f','','','','','','','','','','','','','','','','','','','','','','','','','',NULL,NULL,NULL,NULL,82),('0','1088973477','1088973477','3','LASSO','MENESES','SAMUEL','ALEJANDRO','m','','','','','','','','','','','','','','','','','','','','','','','','','',NULL,NULL,NULL,NULL,83),('0','1088973692','1088973692','3','ORDOÑEZ','RODRIGUEZ','WILDER','STIVEN','m','','','','','','','','','','','','','','','','','','','','','','','','','',NULL,NULL,NULL,NULL,84),('101','1059239692','1059239692','3','GOMEZ','MUÑOZ','ANDRES','FELIPE','m','','','','','','','','','','','','','','','','','','','','','','','','','',NULL,NULL,NULL,NULL,85),('101','1088972408','1088972408','3','CHAVARRO','VELASCO','ANGELA','ISABELA','f','','','','','','','','','','','','','','','','','','','','','','','','','',NULL,NULL,NULL,NULL,86),('101','1088972721','1088972721','3','GUERRERO','CERON','DANNA','MARCELA','f','','','','','','','','','','','','','','','','','','','','','','','','','',NULL,NULL,NULL,NULL,87),('101','1088972877','1088972877','3','ERAZO','MUÑOZ','DAVID','ALEJANDRO','m','','','','','','','','','','','','','','','','','','','','','','','','','',NULL,NULL,NULL,NULL,88),('101','1088972771','1088972771','3','ERAZO','ÑAÑEZ','EMANUEL','FELIPE','m','','','','','','','','','','','','','','','','','','','','','','','','','',NULL,NULL,NULL,NULL,89),('101','1088972370','1088972370','3','CERON','PALACIOS','EMILY','VALENTINA','f','','','','','','','','','','','','','','','','','','','','','','','','','',NULL,NULL,NULL,NULL,90),('101','1081055996','1081055996','3','PALACIOS','SANTANDER','EMMANUEL','','m','','','','','','','','','','','','','','','','','','','','','','','','','',NULL,NULL,NULL,NULL,91),('101','1088972244','1088972244','3','GUERRERO','ORTEGA','ESTEFANY','LISBETH','f','','','','','','','','','','','','','','','','','','','','','','','','','',NULL,NULL,NULL,NULL,92),('101','1088972514','1088972514','3','MUÑOZ','BRAVO','JAVINSON','FABRICIO','m','','','','','','','','','','','','','','','','','','','','','','','','','',NULL,NULL,NULL,NULL,93),('101','1088972492','1088972492','3','PARDO','BOLAÑOS','JHON','ALEJANDRO','m','','','','','','','','','','','','','','','','','','','','','','','','','',NULL,NULL,NULL,NULL,94),('101','1088972729','1088972729','3','RODRIGUEZ','ENRIQUEZ','JHON','SEBASTIAN','m','','','','','','','','','','','','','','','','','','','','','','','','','',NULL,NULL,NULL,NULL,95),('101','1088972796','1088972796','3','REALPE','MUÑOZ','JOSE','ALEJANDRO','m','','','','','','','','','','','','','','','','','','','','','','','','','',NULL,NULL,NULL,NULL,96),('101','1089222011','1089222011','3','ACOSTA','URBANO','JUAN','DAVID','m','','','','','','','','','','','','','','','','','','','','','','','','','',NULL,NULL,NULL,NULL,97),('101','1088972516','1088972516','3','MUÑOZ','PALACIOS','JUAN','JOSE','m','','','','','','','','','','','','','','','','','','','','','','','','','',NULL,NULL,NULL,NULL,98),('101','1088972142','1088972142','3','RANGEL','DELGADO','JUAN','CARLOS','m','','','','','','','','','','','','','','','','','','','','','','','','','',NULL,NULL,NULL,NULL,99),('101','1088972030','1088972030','3','REBOLLEDO','LASSO','JUAN','FELIPE','m','','','','','','','','','','','','','','','','','','','','','','','','','',NULL,NULL,NULL,NULL,100),('101','1088972338','1088972338','3','MUÑOZ','DELGADO','JULIAN','ALEJANDRO','m','','','','','','','','','','','','','','','','','','','','','','','','','',NULL,NULL,NULL,NULL,101),('101','1088972681','1088972681','3','REALPE','LASSO','JULIANA','','f','','','','','','','','','','','','','','','','','','','','','','','','','',NULL,NULL,NULL,NULL,102),('101','1088972797','1088972797','3','MUÑOZ','MOLINA','KAREN','SOFIA','f','','','','','','','','','','','','','','','','','','','','','','','','','',NULL,NULL,NULL,NULL,103),('101','1088972703','1088972703','3','ORTEAGA','LASSO','KATHERIN','SOFIA','f','','','','','','','','','','','','','','','','','','','','','','','','','',NULL,NULL,NULL,NULL,104),('101','1088972344','1088972344','3','DIAZ','IMBACHI','LAURA','SOFIA','f','','','','','','','','','','','','','','','','','','','','','','','','','',NULL,NULL,NULL,NULL,105),('101','1088972461','1088972461','3','VARGAS','MUÑOZ','LIYEN','NATALIA','f','','','','','','','','','','','','','','','','','','','','','','','','','',NULL,NULL,NULL,NULL,106),('101','1088972296','1088972296','3','MUÑOZ','MOLINA','MABEL','VALENTINA','f','','','','','','','','','','','','','','','','','','','','','','','','','',NULL,NULL,NULL,NULL,107),('101','1088972656','1088972656','3','ALBAN','ORDOÑEZ','MELANY','ALEJANDRA','f','','','','','','','','','','','','','','','','','','','','','','','','','',NULL,NULL,NULL,NULL,108),('101','1016023164','1016023164','3','ROMERO','BOLAÑOS','SARA','CAMILA','f','','','','','','','','','','','','','','','','','','','','','','','','','',NULL,NULL,NULL,NULL,109),('101','1088972373','1088972373','3','ARGOTE','ACOSTA','SARITH','SOFIA','f','','','','','','','','','','','','','','','','','','','','','','','','','',NULL,NULL,NULL,NULL,110),('101','1088972363','1088972363','3','MENESES','PALACIOS','VALERY','JOHANA','f','','','','','','','','','','','','','','','','','','','','','','','','','',NULL,NULL,NULL,NULL,111),('102','1088972853','1088972853','3','BENAVIDES','VELASCO','CRISTIAN','ANDRES','m','','','','','','','','','','','','','','','','','','','','','','','','','',NULL,NULL,NULL,NULL,112),('102','1089348885','1089348885','3','BURBANO','MUÑOZ','DAYRON','DUVAN','m','','','','','','','','','','','','','','','','','','','','','','','','','',NULL,NULL,NULL,NULL,113),('102','1123209622','1123209622','3','AGREDO','NARVAEZ','ERLEY','DAVID','m','','','','','','','','','','','','','','','','','','','','','','','','','',NULL,NULL,NULL,NULL,114),('102','1088972658','1088972658','3','AGUILAR','CERON','FABIAN','ALEJANDRO','m','','','','','','','','','','','','','','','','','','','','','','','','','',NULL,NULL,NULL,NULL,115),('102','1105930546','1105930546','3','MORENO','BOLAÑOS','GABRIELA','','f','','','','','','','','','','','','','','','','','','','','','','','','','',NULL,NULL,NULL,NULL,116),('102','1030000210','1030000210','3','AGUILAR','JOJOA','JACKELINE','DALLANA','f','','','','','','','','','','','','','','','','','','','','','','','','','',NULL,NULL,NULL,NULL,117),('102','1088972457','1088972457','3','MOLINA','GUERRERO','JAVIER','ALEJANDRO','m','','','','','','','','','','','','','','','','','','','','','','','','','',NULL,NULL,NULL,NULL,118),('102','1088972432','1088972432','3','SIMALES','GOMEZ','JUAN','PABLO','m','','','','','','','','','','','','','','','','','','','','','','','','','',NULL,NULL,NULL,NULL,119),('102','1141339724','1141339724','3','TARRA','SIMALES','JUAN','SEBASTIAN','m','','','','','','','','','','','','','','','','','','','','','','','','','',NULL,NULL,NULL,NULL,120),('102','40774233','40774233','3','VELASCO','ÑAÑEZ','JUAN','DAVID','m','','','','','','','','','','','','','','','','','','','','','','','','','',NULL,NULL,NULL,NULL,121),('102','1088972722','1088972722','3','REALPE','ALVEAR','JULIETH','VALENTINA','f','','','','','','','','','','','','','','','','','','','','','','','','','',NULL,NULL,NULL,NULL,122),('102','1088972341','1088972341','3','MUÑOZ','BRAVO','KAREN','DAYANA','f','','','','','','','','','','','','','','','','','','','','','','','','','',NULL,NULL,NULL,NULL,123),('102','1088972564','1088972564','3','PALECHOR','MARTINEZ','KAREN','JULIETH','f','','','','','','','','','','','','','','','','','','','','','','','','','',NULL,NULL,NULL,NULL,124),('102','1088971857','1088971857','3','ORDOÑEZ','HOYOS','KAROL','YULIETH','f','','','','','','','','','','','','','','','','','','','','','','','','','',NULL,NULL,NULL,NULL,125),('102','1088972407','1088972407','3','REALPE','CERON','LUIS','GABRIEL','m','','','','','','','','','','','','','','','','','','','','','','','','','',NULL,NULL,NULL,NULL,126),('102','1088972782','1088972782','3','GUERRERO','BRAVO','PAOLA','ANDREA','f','','','','','','','','','','','','','','','','','','','','','','','','','',NULL,NULL,NULL,NULL,127),('102','1088972581','1088972581','3','VELASCO','NARVAEZ','SAMI','EILIN','f','','','','','','','','','','','','','','','','','','','','','','','','','',NULL,NULL,NULL,NULL,128),('102','1088972563','1088972563','3','REALPE','ROSER','SARA','FERNANDA','f','','','','','','','','','','','','','','','','','','','','','','','','','',NULL,NULL,NULL,NULL,129),('102','1089348933','1089348933','6','GONZALES','PERAFAN','VALERY','','f','','','','','','','','','','','','','','','','','','','','','','','','','',NULL,NULL,NULL,NULL,130),('102','1088972674','1088972674','3','ORDOÑEZ','HOYOS','YEISON','ESTIVEN','m','','','','','','','','','','','','','','','','','','','','','','','','','',NULL,NULL,NULL,NULL,131),('103','1088972871','1088972871','3','MENESES','ALBAN','ANDERSON','ESTIVEN','m','','','','','','','','','','','','','','','','','','','','','','','','','',NULL,NULL,NULL,NULL,132),('103','10889724690','10889724690','3','LEITON','BRAVO','BRAYAN','ESTEBAN','m','','','','','','','','','','','','','','','','','','','','','','','','','',NULL,NULL,NULL,NULL,133),('103','1088971960','1088971960','3','ALBAN','SIMALES','CRISTIAN','DAVID','m','','','','','','','','','','','','','','','','','','','','','','','','','',NULL,NULL,NULL,NULL,134),('103','1088972531','1088972531','3','ORDOÑEZ','GOMEZ','CRISTIAN','ALEJANDRO','m','','','','','','','','','','','','','','','','','','','','','','','','','',NULL,NULL,NULL,NULL,135),('103','1088972560','1088972560','3','MARTINEZ','ALBAN','EMERSON','JAVIER','m','','','','','','','','','','','','','','','','','','','','','','','','','',NULL,NULL,NULL,NULL,136),('103','1088972785','1088972785','3','CALDERON','MUÑOZ','ESTEBAN','ALEJANDRO','m','','','','','','','','','','','','','','','','','','','','','','','','','',NULL,NULL,NULL,NULL,137),('103','1088972517','1088972517','3','CAMACHO','BOLANOS','GILARY','VALERIA','f','','','','','','','','','','','','','','','','','','','','','','','','','',NULL,NULL,NULL,NULL,138),('103','1088972538','1088972538','3','NARVAEZ','HOYOS','JAIME','NICOLAS','m','','','','','','','','','','','','','','','','','','','','','','','','','',NULL,NULL,NULL,NULL,139),('103','1088972181','1088972181','3','MARTINEZ','LOPEZ','JASLEIDI','ALEJANDRA','f','','','','','','','','','','','','','','','','','','','','','','','','','',NULL,NULL,NULL,NULL,140),('103','1088972558','1088972558','3','ORDOÑEZ','JOJOA','JHONN','SEBASTIAN','m','','','','','','','','','','','','','','','','','','','','','','','','','',NULL,NULL,NULL,NULL,141),('103','1088972575','1088972575','3','MUÑOZ','REALPE','JOHAN','ANDRES','m','','','','','','','','','','','','','','','','','','','','','','','','','',NULL,NULL,NULL,NULL,142),('103','1086329838','1086329838','3','ORTEGA','PINTA','JUAN','SEBASTIAN','m','','','','','','','','','','','','','','','','','','','','','','','','','',NULL,NULL,NULL,NULL,143),('103','1088972336','1088972336','3','VELAZCO','ÑAÑES','JUAN','DAVID','m','','','','','','','','','','','','','','','','','','','','','','','','','',NULL,NULL,NULL,NULL,144),('103','1088972455','1088972455','3','BOLAÑOS','CERON','KAREN','SOFIA','f','','','','','','','','','','','','','','','','','','','','','','','','','',NULL,NULL,NULL,NULL,145),('103','1088972621','1088972621','3','SIMALES','CERON','KAREN','SOFIA','f','','','','','','','','','','','','','','','','','','','','','','','','','',NULL,NULL,NULL,NULL,146),('103','1080053365','1080053365','3','MUÑOZ','CORDOBA','MANUEL','FELIPE','m','','','','','','','','','','','','','','','','','','','','','','','','','',NULL,NULL,NULL,NULL,147),('103','1081275529','1081275529','3','VELASQUEZ','GRIJALBA','MARIA','CATALINA','f','','','','','','','','','','','','','','','','','','','','','','','','','',NULL,NULL,NULL,NULL,148),('103','1088972780','1088972780','3','ITAS','GOMEZ','MICHAEL','STIVEN','m','','','','','','','','','','','','','','','','','','','','','','','','','',NULL,NULL,NULL,NULL,149),('103','1088972719','1088972719','3','ORTEGA','ORDOÑEZ','MICHELLE','TATIANA','f','','','','','','','','','','','','','','','','','','','','','','','','','',NULL,NULL,NULL,NULL,150),('103','1088972580','1088972580','3','RANGEL','PALACIOS','NATALIA','ALEJANDRA','f','','','','','','','','','','','','','','','','','','','','','','','','','',NULL,NULL,NULL,NULL,151),('103','1088972509','1088972509','3','PALACIOS','DIAZ','SARITA','SOFIA','f','','','','','','','','','','','','','','','','','','','','','','','','','',NULL,NULL,NULL,NULL,152),('103','1088972692','1088972692','3','BOLAÑOS','BOLAÑOS','SERGIO','ALEJANDRO','m','','','','','','','','','','','','','','','','','','','','','','','','','',NULL,NULL,NULL,NULL,153),('103','1088972804','1088972804','3','VELASCO','BRAVO','TANIA','CAMILA','f','','','','','','','','','','','','','','','','','','','','','','','','','',NULL,NULL,NULL,NULL,154),('103','1088972287','1088972287','3','DIAZ','ORTIZ','VALERIA','ESTEFANIA','f','','','','','','','','','','','','','','','','','','','','','','','','','',NULL,NULL,NULL,NULL,155),('103','1060676645','1060676645','3','SUÑIGA','ZUÑIGA','WILSON','WILFREDO','m','','','','','','','','','','','','','','','','','','','','','','','','','',NULL,NULL,NULL,NULL,156),('103','1138525055','1138525055','3','MENESES','ALBAN','YURANY','ELIZABETH','f','','','','','','','','','','','','','','','','','','','','','','','','','',NULL,NULL,NULL,NULL,157),('103','1088972438','1088972438','3','DELGADO','ORDOÑEZ','ZHARICK','TATIANA','f','','','','','','','','','','','','','','','','','','','','','','','','','',NULL,NULL,NULL,NULL,158),('201','1088972334','1088972334','3','REALPE','BURBANO','ANGELA','PAOLA','f','','','','','','','','','','','','','','','','','','','','','','','','','',NULL,NULL,NULL,NULL,159),('201','1030020201','1030020201','3','BOLAÑOS','BRAVO','ANGELLY','DANIELA','f','','','','','','','','','','','','','','','','','','','','','','','','','',NULL,NULL,NULL,NULL,160),('201','1088972112','1088972112','3','REALPE','MUÑOZ','BRAYAN','DANILO','m','','','','','','','','','','','','','','','','','','','','','','','','','',NULL,NULL,NULL,NULL,161),('201','1088971936','1088971936','3','BOLAÑOS','MUÑOZ','CRISTIAN','FERNANDO','m','','','','','','','','','','','','','','','','','','','','','','','','','',NULL,NULL,NULL,NULL,162),('201','1088973129','1088973129','3','DAVILA','RANGEL','DANIELA','VALENTINA','f','','','','','','','','','','','','','','','','','','','','','','','','','',NULL,NULL,NULL,NULL,163),('201','1081054602','1081054602','3','ORTEGA','MOLINA','DANIELA','ALEJANDRA','f','','','','','','','','','','','','','','','','','','','','','','','','','',NULL,NULL,NULL,NULL,164),('201','1088972045','1088972045','3','BOLAÑOS','DIAZ','DIANA','SOFIA','f','','','','','','','','','','','','','','','','','','','','','','','','','',NULL,NULL,NULL,NULL,165),('201','1088972033','1088972033','3','BRAVO','MOLINA','ELIZA','FERNANDA','f','','','','','','','','','','','','','','','','','','','','','','','','','',NULL,NULL,NULL,NULL,166),('201','1088971907','1088971907','3','VELASCO','DIAZ','INGRID','PAOLA','f','','','','','','','','','','','','','','','','','','','','','','','','','',NULL,NULL,NULL,NULL,167),('201','1088971900','1088971900','3','REALPE','LASSO','JAIME','ANDRES','m','','','','','','','','','','','','','','','','','','','','','','','','','',NULL,NULL,NULL,NULL,168),('201','1030020364','1030020364','3','SOLARTE','GAVIRIA','JESUS','DAVID','m','','','','','','','','','','','','','','','','','','','','','','','','','',NULL,NULL,NULL,NULL,169),('201','1030000048','1030000048','3','REALPE','BRAVO','JUAN','CAMILO','m','','','','','','','','','','','','','','','','','','','','','','','','','',NULL,NULL,NULL,NULL,170),('201','1088971972','1088971972','3','REALPE','BRAVO','JUAN','MANUEL','m','','','','','','','','','','','','','','','','','','','','','','','','','',NULL,NULL,NULL,NULL,171),('201','1088971820','1088971820','3','ALVEAR','REALPE','JULIAN','ALEJANDRO','m','','','','','','','','','','','','','','','','','','','','','','','','','',NULL,NULL,NULL,NULL,172),('201','1088971887','1088971887','3','ÑAÑEZ','MUÑOZ','KAREN','JULIETH','f','','','','','','','','','','','','','','','','','','','','','','','','','',NULL,NULL,NULL,NULL,173),('201','1088972017','1088972017','3','LASSO','MOLINA','KEVIN','SANTIAGO','m','','','','','','','','','','','','','','','','','','','','','','','','','',NULL,NULL,NULL,NULL,174),('201','1088972081','1088972081','3','BRAVO','DAVILA','MARIA','PAULA','f','','','','','','','','','','','','','','','','','','','','','','','','','',NULL,NULL,NULL,NULL,175),('201','1088972262','1088972262','3','MUÑOZ','MUÑOZ','MARIA','FERNANDA','f','','','','','','','','','','','','','','','','','','','','','','','','','',NULL,NULL,NULL,NULL,176),('201','1088972313','1088972313','3','LEDEZMA','BENAVIDES','MICHAEL','ESTEBAN','m','','','','','','','','','','','','','','','','','','','','','','','','','',NULL,NULL,NULL,NULL,177),('201','1088972046','1088972046','3','GUERRERO','DAVILA','MICHEL','SOFIA','f','','','','','','','','','','','','','','','','','','','','','','','','','',NULL,NULL,NULL,NULL,178),('201','1088972162','1088972162','3','ORDOÑEZ','ORDOÑEZ','SAMY','FERNANDA','f','','','','','','','','','','','','','','','','','','','','','','','','','',NULL,NULL,NULL,NULL,179),('201','1138525277','1138525277','3','ALVEAR','MESIAS','SERGIO','ANDRES','m','','','','','','','','','','','','','','','','','','','','','','','','','',NULL,NULL,NULL,NULL,180),('201','1088972021','1088972021','3','BRAVO','BRAVO','STIVEN','HERNEY','m','','','','','','','','','','','','','','','','','','','','','','','','','',NULL,NULL,NULL,NULL,181),('201','1088972266','1088972266','3','BOLAÑOS','BRAVO','YAIR','ESTIVENSON','m','','','','','','','','','','','','','','','','','','','','','','','','','',NULL,NULL,NULL,NULL,182),('201','1088971971','1088971971','3','BELTRAN','MARTINEZ','YESICA','SOFIA','f','','','','','','','','','','','','','','','','','','','','','','','','','',NULL,NULL,NULL,NULL,183),('202','1088972072','1088972072','3','URBANO','BARRIOS','ANA','PAOLA','f','','','','','','','','','','','','','','','','','','','','','','','','','',NULL,NULL,NULL,NULL,184),('202','1088972371','1088972371','3','BOLAÑOS','SIMALES','DANNA','VALENTINA','f','','','','','','','','','','','','','','','','','','','','','','','','','',NULL,NULL,NULL,NULL,185),('202','1088972143','1088972143','3','CERON','GUERRERO','DANYELY','ALEJANDRA','f','','','','','','','','','','','','','','','','','','','','','','','','','',NULL,NULL,NULL,NULL,186),('202','1088971953','1088971953','3','CERON','GUERRERO','DEICY','FERNANDA','f','','','','','','','','','','','','','','','','','','','','','','','','','',NULL,NULL,NULL,NULL,187),('202','1081055088','1081055088','3','MORALES','TORRES','DILMER','ALEJANDRO','m','','','','','','','','','','','','','','','','','','','','','','','','','',NULL,NULL,NULL,NULL,188),('202','1117351512','1117351512','3','MENESES','VALENCIA','ELIECER','ALEJANDRO','m','','','','','','','','','','','','','','','','','','','','','','','','','',NULL,NULL,NULL,NULL,189),('202','1089479166','1089479166','3','BOLAÑOS','MOLINA','EVELING','KATHERINE','f','','','','','','','','','','','','','','','','','','','','','','','','','',NULL,NULL,NULL,NULL,190),('202','1086329309','1086329309','3','ORTEGA','PINTA','JAVIER','ANDRES','m','','','','','','','','','','','','','','','','','','','','','','','','','',NULL,NULL,NULL,NULL,191),('202','1088971586','1088971586','3','BRAVO','ERAZO','JHOAN','SEBASTIAN','m','','','','','','','','','','','','','','','','','','','','','','','','','',NULL,NULL,NULL,NULL,192),('202','1088972186','1088972186','3','MUÑOZ','ORTEGA','JHOAN','STIVEN','m','','','','','','','','','','','','','','','','','','','','','','','','','',NULL,NULL,NULL,NULL,193),('202','1088972071','1088972071','3','SIMALES','MARTINEZ','JOSE','ANDRES','m','','','','','','','','','','','','','','','','','','','','','','','','','',NULL,NULL,NULL,NULL,194),('202','1088972149','1088972149','3','BOLAÑOS','ALVEAR','JUAN','MIGUEL','m','','','','','','','','','','','','','','','','','','','','','','','','','',NULL,NULL,NULL,NULL,195),('202','1088972189','1088972189','3','MUÑOZ','ORDOÑEZ','JUAN','ESTEBAN','m','','','','','','','','','','','','','','','','','','','','','','','','','',NULL,NULL,NULL,NULL,196),('202','1088971868','1088971868','3','ORDOÑEZ','REALPE','JUAN','DAVID','m','','','','','','','','','','','','','','','','','','','','','','','','','',NULL,NULL,NULL,NULL,197),('202','1088971596','1088971596','2','DIAZ','HIDALGO','KAREN','NATHALIA','f','','','','','','','','','','','','','','','','','','','','','','','','','',NULL,NULL,NULL,NULL,198),('202','1088971920','1088971920','3','MUÑOZ','BURBANO','KERLINSON','DAVID','m','','','','','','','','','','','','','','','','','','','','','','','','','',NULL,NULL,NULL,NULL,199),('202','1088972070','1088972070','3','CHAVEZ','MUÑOZ','KEVIN','ANDRES','m','','','','','','','','','','','','','','','','','','','','','','','','','',NULL,NULL,NULL,NULL,200),('202','1088971681','1088971681','3','MUÑOZ','GUERRERO','MABEL','ELIZABETH','f','','','','','','','','','','','','','','','','','','','','','','','','','',NULL,NULL,NULL,NULL,201),('202','1088971808','1088971808','3','HOYOS','MUÑOZ','MICHEL','BRILLIT','f','','','','','','','','','','','','','','','','','','','','','','','','','',NULL,NULL,NULL,NULL,202),('202','1107054698','1107054698','3','MOLINA','ORDOÑEZ','NICHOLLE','SOFIA','f','','','','','','','','','','','','','','','','','','','','','','','','','',NULL,NULL,NULL,NULL,203),('202','1138525212','1138525212','2','PALACIOS','ERAZO','SAMUEL','ANDRES','m','','','','','','','','','','','','','','','','','','','','','','','','','',NULL,NULL,NULL,NULL,204),('202','1088971882','1088971882','3','RIVAS','SOSCUE','SAMUEL','ALEJANDRO','m','','','','','','','','','','','','','','','','','','','','','','','','','',NULL,NULL,NULL,NULL,205),('202','1059238343','1059238343','2','REALPE','MUÑOZ','SANTIAGO','ANDRES','m','','','','','','','','','','','','','','','','','','','','','','','','','',NULL,NULL,NULL,NULL,206),('202','1088972028','1088972028','3','CARLOSAMA','DIAZ','VALERY','JHOANA','f','','','','','','','','','','','','','','','','','','','','','','','','','',NULL,NULL,NULL,NULL,207),('203','1088971924','1088971924','2','CHAVES','RUIZ','ANYELA','XIMENA','f','','','','','','','','','','','','','','','','','','','','','','','','','',NULL,NULL,NULL,NULL,208),('203','1089222038','1089222038','3','BOLAÑOS','OVIEDO','CATHERIN','TATIANA','f','','','','','','','','','','','','','','','','','','','','','','','','','',NULL,NULL,NULL,NULL,209),('203','1088971856','1088971856','2','GUERRERO','ORDOÑEZ','CRISTIAN','IVAN','m','','','','','','','','','','','','','','','','','','','','','','','','','',NULL,NULL,NULL,NULL,210),('203','1088972199','1088972199','3','CERON','MUÑOZ','DANIELA','DALERY','f','','','','','','','','','','','','','','','','','','','','','','','','','',NULL,NULL,NULL,NULL,211),('203','1089479165','1089479165','3','MUÑOZ','BOLAÑOS','DAVID','FERNANDO','m','','','','','','','','','','','','','','','','','','','','','','','','','',NULL,NULL,NULL,NULL,212),('203','1088971046','1088971046','2','SIMALES','CRIOLLO','DIANA','CAROLINA','f','','','','','','','','','','','','','','','','','','','','','','','','','',NULL,NULL,NULL,NULL,213),('203','1088972415','1088972415','3','REALPE','BUESAQUILLO','DUVAN','DANILO','m','','','','','','','','','','','','','','','','','','','','','','','','','',NULL,NULL,NULL,NULL,214),('203','1088972460','1088972460','3','GUERRERO','URBANO','ESTEFANY','JULIETH','f','','','','','','','','','','','','','','','','','','','','','','','','','',NULL,NULL,NULL,NULL,215),('203','1085263882','1085263882','2','ORTEGA','ORDOÑEZ','HAROLD','NICOLAS','m','','','','','','','','','','','','','','','','','','','','','','','','','',NULL,NULL,NULL,NULL,216),('203','1088971206','1088971206','3','DEJOY','BOLAÑOS','JADER','JOHAN','m','','','','','','','','','','','','','','','','','','','','','','','','','',NULL,NULL,NULL,NULL,217),('203','1088971711','1088971711','3','MOLINA','MOLINA','JESUS','ADRIAN','m','','','','','','','','','','','','','','','','','','','','','','','','','',NULL,NULL,NULL,NULL,218),('203','1088970680','1088970680','6','LEITON','BRAVO','JHOJAN','MIGUEL','m','','','','','','','','','','','','','','','','','','','','','','','','','',NULL,NULL,NULL,NULL,219),('203','1061705218','1061705218','2','PALADINES','PEREZ','JHORDAN','STIBENS','m','','','','','','','','','','','','','','','','','','','','','','','','','',NULL,NULL,NULL,NULL,220),('203','1088972183','1088972183','3','BURBANO','ALBAN','JONATAN','MIGUEL','m','','','','','','','','','','','','','','','','','','','','','','','','','',NULL,NULL,NULL,NULL,221),('203','1088971796','1088971796','3','ÑAÑES','ALBAN','JUAN','DAVID','m','','','','','','','','','','','','','','','','','','','','','','','','','',NULL,NULL,NULL,NULL,222),('203','1088971746','1088971746','2','DIAZ','MUÑOZ','KAREN','YULIETH','f','','','','','','','','','','','','','','','','','','','','','','','','','',NULL,NULL,NULL,NULL,223),('203','1088971633','1088971633','3','GUERRERO','BRAVO','LISDEY','YULIANA','f','','','','','','','','','','','','','','','','','','','','','','','','','',NULL,NULL,NULL,NULL,224),('203','1088971587','1088971587','3','MOLINA','HOYOS','MAICOL','SEBASTIAN','m','','','','','','','','','','','','','','','','','','','','','','','','','',NULL,NULL,NULL,NULL,225),('203','1088971623','1088971623','2','BURBANO','BRAVO','MICHAEL','STIVEN','m','','','','','','','','','','','','','','','','','','','','','','','','','',NULL,NULL,NULL,NULL,226),('203','1088971850','1088971850','3','BOLAÑOS','TULCAN','YEIVER','DAVID','m','','','','','','','','','','','','','','','','','','','','','','','','','',NULL,NULL,NULL,NULL,227),('203','1088971087','1088971087','3','CRUZ','MUÑOZ','YENYFER','ALEXANDRA','f','','','','','','','','','','','','','','','','','','','','','','','','','',NULL,NULL,NULL,NULL,228),('301','1088973361','1088973361','2','MUÑOZ','ORDOÑEZ','ADRIANA','YORIZA','f','','','','','','','','','','','','','','','','','','','','','','','','','',NULL,NULL,NULL,NULL,229),('301','1085259292','1085259292','2','BARRIOS','MEZA','ANDERSON','SEBASTIAN','m','','','','','','','','','','','','','','','','','','','','','','','','','',NULL,NULL,NULL,NULL,230),('301','33605560','33605560','3','MUÑOZ','BOTINA','ANDREA','YANIRA','f','','','','','','','','','','','','','','','','','','','','','','','','','',NULL,NULL,NULL,NULL,231),('301','1088971064','1088971064','2','BOLAÑOS','CERON','BYRON','ALEXIS','m','','','','','','','','','','','','','','','','','','','','','','','','','',NULL,NULL,NULL,NULL,232),('301','1088971571','1088971571','2','ORDOÑEZ','CHASOY','CAMILA','ELIZABETH','f','','','','','','','','','','','','','','','','','','','','','','','','','',NULL,NULL,NULL,NULL,233),('301','1088971267','1088971267','2','BOLAÑOS','ORDOÑEZ','DANCY','YULYED','f','','','','','','','','','','','','','','','','','','','','','','','','','',NULL,NULL,NULL,NULL,234),('301','1088971413','1088971413','2','MARTINEZ','MOLINA','DANILO','SEBASTIAN','m','','','','','','','','','','','','','','','','','','','','','','','','','',NULL,NULL,NULL,NULL,235),('301','1088971228','1088971228','2','GUAICAL','PIAMBA','EMILY','DANIELA','f','','','','','','','','','','','','','','','','','','','','','','','','','',NULL,NULL,NULL,NULL,236),('301','1058965089','1058965089','2','ALVARADO','CAICEDO','EYNER','','m','','','','','','','','','','','','','','','','','','','','','','','','','',NULL,NULL,NULL,NULL,237),('301','1088970222','1088970222','2','BOLAÑOS','HOYOS','JAIDER','ALBERTO','m','','','','','','','','','','','','','','','','','','','','','','','','','',NULL,NULL,NULL,NULL,238),('301','1081275628','1081275628','2','RUEDA','BOLAÑOS','JERALDI','MICHELLE','f','','','','','','','','','','','','','','','','','','','','','','','','','',NULL,NULL,NULL,NULL,239),('301','1088970949','1088970949','2','ERAZO','MUÑOZ','JONATHAN','SEBASTIAN','m','','','','','','','','','','','','','','','','','','','','','','','','','',NULL,NULL,NULL,NULL,240),('301','1088971420','1088971420','2','CHAVES','DIAZ','JUAN','JOSE','m','','','','','','','','','','','','','','','','','','','','','','','','','',NULL,NULL,NULL,NULL,241),('301','1088971252','1088971252','2','ORTEGA','HERNANDEZ','KAREN','DAYANA','f','','','','','','','','','','','','','','','','','','','','','','','','','',NULL,NULL,NULL,NULL,242),('301','1088971348','1088971348','2','ROSERO','CERON','KAREN','SOFIA','f','','','','','','','','','','','','','','','','','','','','','','','','','',NULL,NULL,NULL,NULL,243),('301','1088971512','1088971512','2','MUÑOZ','ORTIZ','LAURA','YULIANA','f','','','','','','','','','','','','','','','','','','','','','','','','','',NULL,NULL,NULL,NULL,244),('301','1010100944','1010100944','2','RAMIREZ','ÑAÑEZ','LAURA','DANIELA','f','','','','','','','','','','','','','','','','','','','','','','','','','',NULL,NULL,NULL,NULL,245),('301','1088971294','1088971294','2','MUÑOZ','GUERRERO','LEIDY','VANESSA','f','','','','','','','','','','','','','','','','','','','','','','','','','',NULL,NULL,NULL,NULL,246),('301','1089479321','1089479321','2','HOLGUIN','TORRES','LIBETH','MELIZA','f','','','','','','','','','','','','','','','','','','','','','','','','','',NULL,NULL,NULL,NULL,247),('301','1081592702','1081592702','2','ORDOÑEZ','IMBACHÍ','MIYER','ALEXANDER','m','','','','','','','','','','','','','','','','','','','','','','','','','',NULL,NULL,NULL,NULL,248),('301','1085263891','1085263891','3','MUÑOZ','RUIZ','NATALIA','VALENTINA','f','','','','','','','','','','','','','','','','','','','','','','','','','',NULL,NULL,NULL,NULL,249),('301','1088971491','1088971491','2','MARTINEZ','GOMEZ','NICOLAS','SEBASTIAN','m','','','','','','','','','','','','','','','','','','','','','','','','','',NULL,NULL,NULL,NULL,250),('301','1088971465','1088971465','2','MENESES','PERAFAN','OMAR','GEOVANNY','m','','','','','','','','','','','','','','','','','','','','','','','','','',NULL,NULL,NULL,NULL,251),('301','1088970501','1088970501','2','ALBAN','CHAVES','YEISON','ANDRES','m','','','','','','','','','','','','','','','','','','','','','','','','','',NULL,NULL,NULL,NULL,252),('301','1089479920','1089479920','2','PRADO','GAVIRIA','YESITH','SEBASTIAN','m','','','','','','','','','','','','','','','','','','','','','','','','','',NULL,NULL,NULL,NULL,253),('301','1004711335','1004711335','2','GOMEZ','GUERRERO','YUDY','TATIANA','f','','','','','','','','','','','','','','','','','','','','','','','','','',NULL,NULL,NULL,NULL,254),('302','1088970359','1088970359','2','MOLINA','BOLAÑOS','ANDERSON','DAVID','m','','','','','','','','','','','','','','','','','','','','','','','','','',NULL,NULL,NULL,NULL,255),('302','1088971350','1088971350','2','LEDEZMA','REALPE','EDER','IVAN','m','','','','','','','','','','','','','','','','','','','','','','','','','',NULL,NULL,NULL,NULL,256),('302','1193356564','1193356564','2','BRAVO','MOLINA','EDISON','FERNEY','m','','','','','','','','','','','','','','','','','','','','','','','','','',NULL,NULL,NULL,NULL,257),('302','1088970715','1088970715','2','BRAVO','BELTRAN','ELKIN','SANTIAGO','m','','','','','','','','','','','','','','','','','','','','','','','','','',NULL,NULL,NULL,NULL,258),('302','1088971333','1088971333','2','MARTINEZ','DELGADO','EVER','ESTIVEN','m','','','','','','','','','','','','','','','','','','','','','','','','','',NULL,NULL,NULL,NULL,259),('302','1088971459','1088971459','3','ARCOS','PEREZ','FABIAN','STIVEN','m','','','','','','','','','','','','','','','','','','','','','','','','','',NULL,NULL,NULL,NULL,260),('302','1088971499','1088971499','2','MUÑOZ','REALPE','JEISON','STIVEN','m','','','','','','','','','','','','','','','','','','','','','','','','','',NULL,NULL,NULL,NULL,261),('302','1088971180','1088971180','2','MUÑOZ','ORDOÑEZ','JHON','MICHAEL','m','','','','','','','','','','','','','','','','','','','','','','','','','',NULL,NULL,NULL,NULL,262),('302','1088971173','1088971173','3','MARTINEZ','MUÑOZ','JOHAN','SEBASTIAN','m','','','','','','','','','','','','','','','','','','','','','','','','','',NULL,NULL,NULL,NULL,263),('302','1030020198','1030020198','2','ARTEAGA','BUESAQUILLO','JORGE','ARTURO','m','','','','','','','','','','','','','','','','','','','','','','','','','',NULL,NULL,NULL,NULL,264),('302','1030020199','1030020199','3','ARTEGA','BUESAQUILLO','JORGE','SANTIAGO','m','','','','','','','','','','','','','','','','','','','','','','','','','',NULL,NULL,NULL,NULL,265),('302','1088156756','1088156756','2','RANGEL','ORTEGA','JUAN','DAVID','m','','','','','','','','','','','','','','','','','','','','','','','','','',NULL,NULL,NULL,NULL,266),('302','1088971095','1088971095','2','ARCOS','IMBACHI','KAREN','JULIANA','f','','','','','','','','','','','','','','','','','','','','','','','','','',NULL,NULL,NULL,NULL,267),('302','1088971884','1088971884','2','REALPE','CASTILLO','LAURA','SOFIA','f','','','','','','','','','','','','','','','','','','','','','','','','','',NULL,NULL,NULL,NULL,268),('302','1088971498','1088971498','2','MUÑOZ','REALPE','LESLY','VANESA','f','','','','','','','','','','','','','','','','','','','','','','','','','',NULL,NULL,NULL,NULL,269),('302','1088257401','1088257401','2','MORENO','DIAZ','LIZETH','STEPHANY','f','','','','','','','','','','','','','','','','','','','','','','','','','',NULL,NULL,NULL,NULL,270),('302','1088971291','1088971291','2','ALVEAR','CARLOSAMA','LUCIANA','','f','','','','','','','','','','','','','','','','','','','','','','','','','',NULL,NULL,NULL,NULL,271),('302','1088971345','1088971345','2','LOZA','PALACIOS','LUISA','MARIA','f','','','','','','','','','','','','','','','','','','','','','','','','','',NULL,NULL,NULL,NULL,272),('302','1088971739','1088971739','2','MOYA','MOLINA','MARIA','FERNANDA','f','','','','','','','','','','','','','','','','','','','','','','','','','',NULL,NULL,NULL,NULL,273),('302','1088971470','1088971470','2','RIVERA','MUÑOZ','PAOLA','ALEXANDRA','f','','','','','','','','','','','','','','','','','','','','','','','','','',NULL,NULL,NULL,NULL,274),('302','1030020129','1030020129','3','REALPE','VELA','SANTIAGO','','m','','','','','','','','','','','','','','','','','','','','','','','','','',NULL,NULL,NULL,NULL,275),('302','1088971188','1088971188','2','DIAZ','MUNOZ','SOFIA','ELIZABETH','f','','','','','','','','','','','','','','','','','','','','','','','','','',NULL,NULL,NULL,NULL,276),('302','1088971694','1088971694','2','REALPE','BRAVO','YESSICA','PAOLA','f','','','','','','','','','','','','','','','','','','','','','','','','','',NULL,NULL,NULL,NULL,277),('302','1088971235','1088971235','3','MOLINA','GUERRERO','YOJAN','EMILSON','m','','','','','','','','','','','','','','','','','','','','','','','','','',NULL,NULL,NULL,NULL,278),('303','1088971387','1088971387','2','BOLAÑOS','CRUCES','ANDRES','SANTIAGO','m','','','','','','','','','','','','','','','','','','','','','','','','','',NULL,NULL,NULL,NULL,279),('303','1088970819','1088970819','2','MOLINA','ORDOÑEZ','ANDRES','FERNANDO','m','','','','','','','','','','','','','','','','','','','','','','','','','',NULL,NULL,NULL,NULL,280),('303','1088970910','1088970910','2','RODRIGUEZ','GONZALES','ANDRES','FELIPE','m','','','','','','','','','','','','','','','','','','','','','','','','','',NULL,NULL,NULL,NULL,281),('303','1088971495','1088971495','2','URBANO','DAVILA','ANDRES','CAMILO','m','','','','','','','','','','','','','','','','','','','','','','','','','',NULL,NULL,NULL,NULL,282),('303','1085262497','1085262497','2','HERNANDEZ','SOLARTE','ANGEL','STIVEN','m','','','','','','','','','','','','','','','','','','','','','','','','','',NULL,NULL,NULL,NULL,283),('303','1088971675','1088971675','2','CHAVES','ORDOÑEZ','BRAYAN','ALEXIS','m','','','','','','','','','','','','','','','','','','','','','','','','','',NULL,NULL,NULL,NULL,284),('303','1088971912','1088971912','2','PALACIOS','BOLAÑOS','CAMILO','ANDRES','m','','','','','','','','','','','','','','','','','','','','','','','','','',NULL,NULL,NULL,NULL,285),('303','1088971043','1088971043','2','ERAZO','MUÑOZ','CRISTIAN','DAVID','m','','','','','','','','','','','','','','','','','','','','','','','','','',NULL,NULL,NULL,NULL,286),('303','1088971700','1088971700','2','REALPE','CERON','CRISTIAN','DAVID','m','','','','','','','','','','','','','','','','','','','','','','','','','',NULL,NULL,NULL,NULL,287),('303','1088971227','1088971227','2','REALPE','CISNEROS','DAYANA','LISETH','f','','','','','','','','','','','','','','','','','','','','','','','','','',NULL,NULL,NULL,NULL,288),('303','1089904203','1089904203','2','CHAVEZ','JURADO','DUVAN','FELIPE','m','','','','','','','','','','','','','','','','','','','','','','','','','',NULL,NULL,NULL,NULL,289),('303','39040843','39040843','3','PALMA','GUERRERO','ESTEICY','TATIANA','f','','','','','','','','','','','','','','','','','','','','','','','','','',NULL,NULL,NULL,NULL,290),('303','1085263895','1085263895','2','ALVEAR','PALACIOS','GABRIELA','SOFIA','f','','','','','','','','','','','','','','','','','','','','','','','','','',NULL,NULL,NULL,NULL,291),('303','1088971636','1088971636','2','ORDOÑEZ','GUERRERO','JHAN','CARLOS','m','','','','','','','','','','','','','','','','','','','','','','','','','',NULL,NULL,NULL,NULL,292),('303','1088971199','1088971199','2','ERAZO','RUIZ','JUAN','FERNANDO','m','','','','','','','','','','','','','','','','','','','','','','','','','',NULL,NULL,NULL,NULL,293),('303','1088971496','1088971496','2','MUÑOZ','ALVEAR','JUAN','SEBASTIAN','m','','','','','','','','','','','','','','','','','','','','','','','','','',NULL,NULL,NULL,NULL,294),('303','1085263311','1085263311','2','MARTINEZ','MUÑOZ','JULIAN','CAMILO','m','','','','','','','','','','','','','','','','','','','','','','','','','',NULL,NULL,NULL,NULL,295),('303','1085263323','1085263323','2','VELASCO','NARVAEZ','JULIETH','VIVIANA','f','','','','','','','','','','','','','','','','','','','','','','','','','',NULL,NULL,NULL,NULL,296),('303','1088971451','1088971451','2','LEDEZMA','CHAVEZ','KAREN','JULIANA','f','','','','','','','','','','','','','','','','','','','','','','','','','',NULL,NULL,NULL,NULL,297),('303','1088970564','1088970564','2','URBANO','ALBAN','KAREN','TATIANA','f','','','','','','','','','','','','','','','','','','','','','','','','','',NULL,NULL,NULL,NULL,298),('303','1088970662','1088970662','2','CRIOLLO','CUSI','MABEL','KARINA','f','','','','','','','','','','','','','','','','','','','','','','','','','',NULL,NULL,NULL,NULL,299),('303','1086548991','1086548991','2','MUNOZ','LOPEZ','NATALIA','','f','','','','','','','','','','','','','','','','','','','','','','','','','',NULL,NULL,NULL,NULL,300),('303','1088971343','1088971343','2','MUÑOZ','SIMALES','PAULA','ANDREA','f','','','','','','','','','','','','','','','','','','','','','','','','','',NULL,NULL,NULL,NULL,301),('303','1085263890','1085263890','2','MUÑOZ','ORTIZ','SARY','DANIELA','f','','','','','','','','','','','','','','','','','','','','','','','','','',NULL,NULL,NULL,NULL,302),('303','1085263334','1085263334','2','MARTINEZ','PAZ','SEBASTIAN','','m','','','','','','','','','','','','','','','','','','','','','','','','','',NULL,NULL,NULL,NULL,303),('303','1109116822','1109116822','2','PALMA','GUERRERO','STEICY','TATIANA','f','','','','','','','','','','','','','','','','','','','','','','','','','',NULL,NULL,NULL,NULL,304),('401','1088970675','1088970675','2','PARDO','BRAVO','ADRIANA','ELIZABETH','f','','','','','','','','','','','','','','','','','','','','','','','','','',NULL,NULL,NULL,NULL,305),('401','1099222006','1099222006','2','MARTINEZ','LOPEZ','ANGIE','MARCELA','f','','','','','','','','','','','','','','','','','','','','','','','','','',NULL,NULL,NULL,NULL,306),('401','1004711166','1004711166','2','TULCAN','CHAVEZ','AUDELIA','PATRICIA','f','','','','','','','','','','','','','','','','','','','','','','','','','',NULL,NULL,NULL,NULL,307),('401','1004711200','1004711200','3','MOLINA','MOLINA','BAYRON','ALEXANDER','m','','','','','','','','','','','','','','','','','','','','','','','','','',NULL,NULL,NULL,NULL,308),('401','1088970579','1088970579','2','ALVEAR','CERON','BRAYAN','FERNANDO','m','','','','','','','','','','','','','','','','','','','','','','','','','',NULL,NULL,NULL,NULL,309),('401','1088970543','1088970543','2','CALVACHE','ORTIZ','DANIEL','ALEJANDRO','m','','','','','','','','','','','','','','','','','','','','','','','','','',NULL,NULL,NULL,NULL,310),('401','1088970700','1088970700','2','CARLOSAMA','PARDO','DANIELA','ALEXANDRA','f','','','','','','','','','','','','','','','','','','','','','','','','','',NULL,NULL,NULL,NULL,311),('401','1088970895','1088970895','2','LOPEZ','CIFUENTES','DIANA','SOFIA','f','','','','','','','','','','','','','','','','','','','','','','','','','',NULL,NULL,NULL,NULL,312),('401','1088971041','1088971041','3','ZAMBRANO','LASSO','DIANA','LISSETH','f','','','','','','','','','','','','','','','','','','','','','','','','','',NULL,NULL,NULL,NULL,313),('401','1088970423','1088970423','2','HOYOS','ALBAN','ESTEFANI','VALENTINA','f','','','','','','','','','','','','','','','','','','','','','','','','','',NULL,NULL,NULL,NULL,314),('401','1088970029','1088970029','2','DIAZ','HURTADO','HERNAN','ALEJANDRO','m','','','','','','','','','','','','','','','','','','','','','','','','','',NULL,NULL,NULL,NULL,315),('401','38891596','38891596','3','HOYOS','GUERRERO','INGRID','CAMILA','f','','','','','','','','','','','','','','','','','','','','','','','','','',NULL,NULL,NULL,NULL,316),('401','1088970320','1088970320','2','GUERRERO','BOLAÑOS','JAIDER','ANDRES','m','','','','','','','','','','','','','','','','','','','','','','','','','',NULL,NULL,NULL,NULL,317),('401','1088970431','1088970431','2','BRAVO','MOLINA','JENIFER','ANDREA','f','','','','','','','','','','','','','','','','','','','','','','','','','',NULL,NULL,NULL,NULL,318),('401','1088970207','1088970207','2','PORTILLA','CERON','JHORDAN','ESTIVEN','m','','','','','','','','','','','','','','','','','','','','','','','','','',NULL,NULL,NULL,NULL,319),('401','1088970613','1088970613','2','BOLAÑOS','BOLAÑOS','JOAN','SEBASTIAN','m','','','','','','','','','','','','','','','','','','','','','','','','','',NULL,NULL,NULL,NULL,320),('401','1088970720','1088970720','2','MUÑOZ','HOYOS','JOHANA','ELIZABETH','f','','','','','','','','','','','','','','','','','','','','','','','','','',NULL,NULL,NULL,NULL,321),('401','1088970858','1088970858','2','ORDOÑEZ','CRUCES','JOHANA','STEFANY','f','','','','','','','','','','','','','','','','','','','','','','','','','',NULL,NULL,NULL,NULL,322),('401','1088970417','1088970417','2','CRIOLLO','HOYOS','JUAN','CAMILO','m','','','','','','','','','','','','','','','','','','','','','','','','','',NULL,NULL,NULL,NULL,323),('401','1088971177','1088971177','2','BOLAÑOS','DIAZ','KAREN','JULIANA','f','','','','','','','','','','','','','','','','','','','','','','','','','',NULL,NULL,NULL,NULL,324),('401','1088970690','1088970690','2','GUERRERO','MENESES','KAREN','PATRICIA','f','','','','','','','','','','','','','','','','','','','','','','','','','',NULL,NULL,NULL,NULL,325),('401','1088970240','1088970240','3','REALPE','REALPE','KAROL','NATHALIA','f','','','','','','','','','','','','','','','','','','','','','','','','','',NULL,NULL,NULL,NULL,326),('401','1088970456','1088970456','2','ALVARADO','ALVARADO','LINA','MARCELA','f','','','','','','','','','','','','','','','','','','','','','','','','','',NULL,NULL,NULL,NULL,327),('401','1088970748','1088970748','2','REALPE','PAZ','MARIA','SOFIA','f','','','','','','','','','','','','','','','','','','','','','','','','','',NULL,NULL,NULL,NULL,328),('401','1028660570','1028660570','2','OSUNA','BOLAÑOS','MIGUEL','ALEJANDRO','m','','','','','','','','','','','','','','','','','','','','','','','','','',NULL,NULL,NULL,NULL,329),('401','1088970010','1088970010','2','PORTILLA','BOLAÑOS','NATALIA','MELISA','f','','','','','','','','','','','','','','','','','','','','','','','','','',NULL,NULL,NULL,NULL,330),('401','1088970062','1088970062','2','FAJARDO','TULCAN','YEFERSON','ALEXANDER','m','','','','','','','','','','','','','','','','','','','','','','','','','',NULL,NULL,NULL,NULL,331),('401','1004710719','1004710719','2','BELTRAN','MUNOZ','YONATAN','JAVIER','m','','','','','','','','','','','','','','','','','','','','','','','','','',NULL,NULL,NULL,NULL,332),('401','1088970526','1088970526','2','CERON','GUERRERO','YULIANA','SOFIA','f','','','','','','','','','','','','','','','','','','','','','','','','','',NULL,NULL,NULL,NULL,333),('402','1088970517','1088970517','2','SANCHEZ','HIDALGO','ADRIAN','YESID','m','','','','','','','','','','','','','','','','','','','','','','','','','',NULL,NULL,NULL,NULL,334),('402','1084250546','1084250546','2','PALACIOS','GOMEZ','ADRIANA','LIZTH','f','','','','','','','','','','','','','','','','','','','','','','','','','',NULL,NULL,NULL,NULL,335),('402','1022329543','1022329543','2','PALACIOS','ERAZO','ANA','SOFIA','f','','','','','','','','','','','','','','','','','','','','','','','','','',NULL,NULL,NULL,NULL,336),('402','1137089179','1137089179','2','PAZ','REVELO','BRIGITTE','CAMILA','f','','','','','','','','','','','','','','','','','','','','','','','','','',NULL,NULL,NULL,NULL,337),('402','1088970519','1088970519','2','ORTEGA','MARTINEZ','CAROL','SOLANLLI','f','','','','','','','','','','','','','','','','','','','','','','','','','',NULL,NULL,NULL,NULL,338),('402','1088970208','1088970208','2','REBOLLEDO','LASSO','CESAR','ANDRES','m','','','','','','','','','','','','','','','','','','','','','','','','','',NULL,NULL,NULL,NULL,339),('402','1088970377','1088970377','2','OBANDO','BOLAÑOS','CRISTIAN','DAVID','m','','','','','','','','','','','','','','','','','','','','','','','','','',NULL,NULL,NULL,NULL,340),('402','1088970205','1088970205','2','RIVAS','SOSCUE','ESTEBAN','FERNANDO','m','','','','','','','','','','','','','','','','','','','','','','','','','',NULL,NULL,NULL,NULL,341),('402','36945421','36945421','3','MUÑOZ','SIMALES','JEFERSON','JESUS','m','','','','','','','','','','','','','','','','','','','','','','','','','',NULL,NULL,NULL,NULL,342),('402','1088970897','1088970897','3','ALVEAR','GAVIRIA','JESSICA','FERNANDA','f','','','','','','','','','','','','','','','','','','','','','','','','','',NULL,NULL,NULL,NULL,343),('402','1058963308','1058963308','2','SAMBONI','BUITRON','JEYDI','','f','','','','','','','','','','','','','','','','','','','','','','','','','',NULL,NULL,NULL,NULL,344),('402','1089970087','1089970087','2','ALBAN','ALBAN','JONATHAN','DAVID','m','','','','','','','','','','','','','','','','','','','','','','','','','',NULL,NULL,NULL,NULL,345),('402','1088970587','1088970587','3','ARCOS','PALACIOS','JUAN','DAVID','m','','','','','','','','','','','','','','','','','','','','','','','','','',NULL,NULL,NULL,NULL,346),('402','1088970191','1088970191','2','REALPE','TOVAR','JUAN','FELIPE','m','','','','','','','','','','','','','','','','','','','','','','','','','',NULL,NULL,NULL,NULL,347),('402','1088970271','1088970271','2','MUÑOZ','BURBANO','KAREN','YISELA','f','','','','','','','','','','','','','','','','','','','','','','','','','',NULL,NULL,NULL,NULL,348),('402','1088970575','1088970575','2','MUÑOZ','MUÑOZ','KATERIN','ANDREA','f','','','','','','','','','','','','','','','','','','','','','','','','','',NULL,NULL,NULL,NULL,349),('402','1088971036','1088971036','2','DIAZ','DIAZ','KHATIA','MITSHELL','f','','','','','','','','','','','','','','','','','','','','','','','','','',NULL,NULL,NULL,NULL,350),('402','1088970315','1088970315','3','REALPE','IMBACHI','LAURA','DANIELA','f','','','','','','','','','','','','','','','','','','','','','','','','','',NULL,NULL,NULL,NULL,351),('402','1088970600','1088970600','2','DELGADO','REALPE','LUIS','ORLANDO','m','','','','','','','','','','','','','','','','','','','','','','','','','',NULL,NULL,NULL,NULL,352),('402','1004711122','1004711122','2','TABORDA','LOPEZ','MARIA','SIRLEY','f','','','','','','','','','','','','','','','','','','','','','','','','','',NULL,NULL,NULL,NULL,353),('402','1088971023','1088971023','2','DIAZ','ORTIZ','NAZLY','DAYIBE','f','','','','','','','','','','','','','','','','','','','','','','','','','',NULL,NULL,NULL,NULL,354),('402','1088970724','1088970724','3','REALPE','CORDOBA','SANTIAGO','','m','','','','','','','','','','','','','','','','','','','','','','','','','',NULL,NULL,NULL,NULL,355),('402','1088970334','1088970334','2','REALPE','PETEVI','SERGIO','ANDRES','m','','','','','','','','','','','','','','','','','','','','','','','','','',NULL,NULL,NULL,NULL,356),('402','1089348042','1089348042','2','ORTIZ','VELASCO','WILMAR','ESTIVEN','m','','','','','','','','','','','','','','','','','','','','','','','','','',NULL,NULL,NULL,NULL,357),('403','1081592193','1081592193','3','CERON','GAVIRIA','ALVARO','DIONIDAS','m','','','','','','','','','','','','','','','','','','','','','','','','','',NULL,NULL,NULL,NULL,358),('403','1081273491','1081273491','2','MUÑOZ','PALACIOS','ANDRES','MAURICIO','m','','','','','','','','','','','','','','','','','','','','','','','','','',NULL,NULL,NULL,NULL,359),('403','1081273798','1081273798','2','TENGANAN','MUÑOZ','ANDRES','CAMILO','m','','','','','','','','','','','','','','','','','','','','','','','','','',NULL,NULL,NULL,NULL,360),('403','1088970098','1088970098','2','REALPE','DIAZ','CAMILO','ANDRES','m','','','','','','','','','','','','','','','','','','','','','','','','','',NULL,NULL,NULL,NULL,361),('403','1088970264','1088970264','2','BURBANO','GUERRERO','DERLY','YISETH','f','','','','','','','','','','','','','','','','','','','','','','','','','',NULL,NULL,NULL,NULL,362),('403','1088970474','1088970474','2','CHAVES','CERON','DISNEY','','f','','','','','','','','','','','','','','','','','','','','','','','','','',NULL,NULL,NULL,NULL,363),('403','1080690701','1080690701','3','ALVEAR','CARLOSAMA','EFRAIN','','m','','','','','','','','','','','','','','','','','','','','','','','','','',NULL,NULL,NULL,NULL,364),('403','1088970154','1088970154','2','MOLINA','MOLINA','ESTEBAN','NICOLAS','m','','','','','','','','','','','','','','','','','','','','','','','','','',NULL,NULL,NULL,NULL,365),('403','1004711178','1004711178','2','BOLANOS','MOLINA','GABY','CAMILA','f','','','','','','','','','','','','','','','','','','','','','','','','','',NULL,NULL,NULL,NULL,366),('403','1086548291','1086548291','3','MUNOZ','JURADO','GISSEL','ESTEFANIA','f','','','','','','','','','','','','','','','','','','','','','','','','','',NULL,NULL,NULL,NULL,367),('403','1088970322','1088970322','2','MOLINA','NARANJO','JUAN','PABLO','m','','','','','','','','','','','','','','','','','','','','','','','','','',NULL,NULL,NULL,NULL,368),('403','1108639392','1108639392','2','URBANO','PEREZ','JUAN','PABLO','m','','','','','','','','','','','','','','','','','','','','','','','','','',NULL,NULL,NULL,NULL,369),('403','1004711253','1004711253','2','MARTINEZ','PALACIOS','KAROL','TATIANA','f','','','','','','','','','','','','','','','','','','','','','','','','','',NULL,NULL,NULL,NULL,370),('403','1088970466','1088970466','2','VERNAZA','MUÑOZ','KEVIN','ALEXIS','m','','','','','','','','','','','','','','','','','','','','','','','','','',NULL,NULL,NULL,NULL,371),('403','36770034','36770034','3','ERAZO','MARTINEZ','MARIA','ISABELA','f','','','','','','','','','','','','','','','','','','','','','','','','','',NULL,NULL,NULL,NULL,372),('403','1058547057','1058547057','2','ORDOÑEZ','BOLAÑOS','MARÍA','JOSÉ','f','','','','','','','','','','','','','','','','','','','','','','','','','',NULL,NULL,NULL,NULL,373),('403','1004711251','1004711251','2','ERAZO','BOLANOS','NAYIBE','ELIZABETH','f','','','','','','','','','','','','','','','','','','','','','','','','','',NULL,NULL,NULL,NULL,374),('403','37155950','37155950','3','GOYES','BUESAQUILLO','NICOLAS','','m','','','','','','','','','','','','','','','','','','','','','','','','','',NULL,NULL,NULL,NULL,375),('403','1087408418','1087408418','2','GALLARDO','FLORES','PAULA','MELISSA','f','','','','','','','','','','','','','','','','','','','','','','','','','',NULL,NULL,NULL,NULL,376),('403','1088970480','1088970480','2','CHACON','BRAVO','SOFIA','CAMILA','f','','','','','','','','','','','','','','','','','','','','','','','','','',NULL,NULL,NULL,NULL,377),('403','1088971191','1088971191','3','LEDEZMA','MUÑOZ','VALENTINA','','f','','','','','','','','','','','','','','','','','','','','','','','','','',NULL,NULL,NULL,NULL,378),('403','1088970820','1088970820','3','MOLINA','MUÑOZ','XIOMARA','ESTEFANI','f','','','','','','','','','','','','','','','','','','','','','','','','','',NULL,NULL,NULL,NULL,379),('403','1004711252','1004711252','2','MOLINA','DIAZ','YAMISON','SANTIAGO','m','','','','','','','','','','','','','','','','','','','','','','','','','',NULL,NULL,NULL,NULL,380),('403','1004711226','1004711226','2','GUERRERO','BOLANOS','YONNY','FERNANDO','m','','','','','','','','','','','','','','','','','','','','','','','','','',NULL,NULL,NULL,NULL,381),('403','1004711003','1004711003','2','LOPEZ','RUIZ','YULIANA','YISED','f','','','','','','','','','','','','','','','','','','','','','','','','','',NULL,NULL,NULL,NULL,382),('403','1088970289','1088970289','2','MUÑOZ','BOLAÑOS','YURITSA','ESTEFANIA','f','','','','','','','','','','','','','','','','','','','','','','','','','',NULL,NULL,NULL,NULL,383),('501','1004711230','1004711230','2','ROSERO','TAPIA','ADRIANA','PATRICIA','f','','','','','','','','','','','','','','','','','','','','','','','','','',NULL,NULL,NULL,NULL,384),('501','1004710961','1004710961','2','ORDONEZ','OVIEDO','ANA','KARINA','f','','','','','','','','','','','','','','','','','','','','','','','','','',NULL,NULL,NULL,NULL,385),('501','1005967919','1005967919','2','SIMALES','MARTINEZ','ANGIE','VANESSA','f','','','','','','','','','','','','','','','','','','','','','','','','','',NULL,NULL,NULL,NULL,386),('501','1004598882','1004598882','2','VILLADA','PALADINES','DANIEL','DAVID','m','','','','','','','','','','','','','','','','','','','','','','','','','',NULL,NULL,NULL,NULL,387),('501','1004711273','1004711273','2','BRAVO','PEREZ','DANIELA','FERNANDA','f','','','','','','','','','','','','','','','','','','','','','','','','','',NULL,NULL,NULL,NULL,388),('501','1088970117','1088970117','2','BOLAÑOS','RODRIGUEZ','DANILO','','m','','','','','','','','','','','','','','','','','','','','','','','','','',NULL,NULL,NULL,NULL,389),('501','1088970158','1088970158','2','REALPE','MARTINEZ','DANNA','ALEXANDRA','f','','','','','','','','','','','','','','','','','','','','','','','','','',NULL,NULL,NULL,NULL,390),('501','1004711215','1004711215','2','VELASCO','DIAZ','ELKIN','SANTIAGO','m','','','','','','','','','','','','','','','','','','','','','','','','','',NULL,NULL,NULL,NULL,391),('501','1088970129','1088970129','2','BRAVO','MOLINA','JAN','CARLOS','m','','','','','','','','','','','','','','','','','','','','','','','','','',NULL,NULL,NULL,NULL,392),('501','1004711120','1004711120','2','BOLANOS','PALACIOS','JHANN','JAVIER','m','','','','','','','','','','','','','','','','','','','','','','','','','',NULL,NULL,NULL,NULL,393),('501','1004711192','1004711192','2','ENRIQUEZ','MARTINEZ','JHON','MARIO','m','','','','','','','','','','','','','','','','','','','','','','','','','',NULL,NULL,NULL,NULL,394),('501','1088970044','1088970044','2','URBANO','BARRIOS','JOHAN','DARIO','m','','','','','','','','','','','','','','','','','','','','','','','','','',NULL,NULL,NULL,NULL,395),('501','1193232892','1193232892','2','BRAVO','MUNOZ','JUAN','MANUEL','m','','','','','','','','','','','','','','','','','','','','','','','','','',NULL,NULL,NULL,NULL,396),('501','1004711185','1004711185','2','MARTINEZ','HERNANDEZ','KAREN','YISEL','f','','','','','','','','','','','','','','','','','','','','','','','','','',NULL,NULL,NULL,NULL,397),('501','1004711309','1004711309','2','REALPE','GARCES','KAREN','SOFIA','f','','','','','','','','','','','','','','','','','','','','','','','','','',NULL,NULL,NULL,NULL,398),('501','1005981486','1005981486','2','LOPEZ','BOLANOS','LEYDI','VANESSA','f','','','','','','','','','','','','','','','','','','','','','','','','','',NULL,NULL,NULL,NULL,399),('501','1088970084','1088970084','2','BOLANOS','SIMALES','MICHAEL','DAVID','m','','','','','','','','','','','','','','','','','','','','','','','','','',NULL,NULL,NULL,NULL,400),('501','1007311007','1007311007','2','INGUILAR','MUNOZ','SARA','ELIZABETH','f','','','','','','','','','','','','','','','','','','','','','','','','','',NULL,NULL,NULL,NULL,401),('501','1004711998','1004711998','2','REALPE','MARTINEZ','SERGIO','ANDRES','m','','','','','','','','','','','','','','','','','','','','','','','','','',NULL,NULL,NULL,NULL,402),('501','1004193350','1004193350','2','MORENO','MUNOZ','VALENTINA','','f','','','','','','','','','','','','','','','','','','','','','','','','','',NULL,NULL,NULL,NULL,403),('501','1004711004','1004711004','2','MEZA','ORDONEZ','YEISON','ALBERTO','m','','','','','','','','','','','','','','','','','','','','','','','','','',NULL,NULL,NULL,NULL,404),('502','1004711225','1004711225','2','LEITON','IMBACHI','ANDERSON','FELIPE','m','','','','','','','','','','','','','','','','','','','','','','','','','',NULL,NULL,NULL,NULL,405),('502','1004711286','1004711286','2','DIAZ','MUNOZ','ANDRES','DAVID','m','','','','','','','','','','','','','','','','','','','','','','','','','',NULL,NULL,NULL,NULL,406),('502','1088970161','1088970161','2','CORAL','ORTIZ','ASBREIDY','GERALDY','f','','','','','','','','','','','','','','','','','','','','','','','','','',NULL,NULL,NULL,NULL,407),('502','1004711204','1004711204','2','BRAVO','LEITON','CAMILO','ANDRES','m','','','','','','','','','','','','','','','','','','','','','','','','','',NULL,NULL,NULL,NULL,408),('502','1088970045','1088970045','2','CERON','MOLINA','CRISTIAN','ANDRES','m','','','','','','','','','','','','','','','','','','','','','','','','','',NULL,NULL,NULL,NULL,409),('502','1004711277','1004711277','2','MUNOZ','MUNOZ','DANIELA','ALEJANDRA','f','','','','','','','','','','','','','','','','','','','','','','','','','',NULL,NULL,NULL,NULL,410),('502','1004710990','1004710990','2','CRIOLLO','HOYOS','DAVID','ALEXANDER','m','','','','','','','','','','','','','','','','','','','','','','','','','',NULL,NULL,NULL,NULL,411),('502','1088970047','1088970047','2','ALVEAR','REALPE','ESTEBAN','ADRIAN','m','','','','','','','','','','','','','','','','','','','','','','','','','',NULL,NULL,NULL,NULL,412),('502','1004711131','1004711131','2','MUÑOZ','BRAVO','ESTEFANY','KATHERINE','f','','','','','','','','','','','','','','','','','','','','','','','','','',NULL,NULL,NULL,NULL,413),('502','1088970073','1088970073','2','DAVILA','POPAYAN','JENIFER','ALEJANDRA','f','','','','','','','','','','','','','','','','','','','','','','','','','',NULL,NULL,NULL,NULL,414),('502','1004711293','1004711293','2','PALACIOS','LEDEZMA','JENNIFER','MELISSA','f','','','','','','','','','','','','','','','','','','','','','','','','','',NULL,NULL,NULL,NULL,415),('502','1006103213','1006103213','2','BOLANOS','CERON','JHAMILTON','SEBASTIAN','m','','','','','','','','','','','','','','','','','','','','','','','','','',NULL,NULL,NULL,NULL,416),('502','1004711219','1004711219','2','PALACIOS','BOLANOS','JHON','ALEXANDER','m','','','','','','','','','','','','','','','','','','','','','','','','','',NULL,NULL,NULL,NULL,417),('502','1007310969','1007310969','2','DAVILA','FLORES','JONATHAN','MANUEL','m','','','','','','','','','','','','','','','','','','','','','','','','','',NULL,NULL,NULL,NULL,418),('502','1193582424','1193582424','2','REALPE','PAZ','JORGE','ALBERTO','m','','','','','','','','','','','','','','','','','','','','','','','','','',NULL,NULL,NULL,NULL,419),('502','1007311130','1007311130','2','MENESES','LEON','JUAN','PABLO','m','','','','','','','','','','','','','','','','','','','','','','','','','',NULL,NULL,NULL,NULL,420),('502','1088970118','1088970118','2','PALACIOS','BELTRAN','JULIAN','DAVID','m','','','','','','','','','','','','','','','','','','','','','','','','','',NULL,NULL,NULL,NULL,421),('502','1004711328','1004711328','2','BOLANOS','MUNOZ','JULIANA','SOFHIA','f','','','','','','','','','','','','','','','','','','','','','','','','','',NULL,NULL,NULL,NULL,422),('502','1004233618','1004233618','2','AGUIRRE','BRAVO','LAURA','SOFIA','f','','','','','','','','','','','','','','','','','','','','','','','','','',NULL,NULL,NULL,NULL,423),('502','1004710881','1004710881','2','MUÑOZ','MUÑOZ','LENY','TATIANA','f','','','','','','','','','','','','','','','','','','','','','','','','','',NULL,NULL,NULL,NULL,424),('502','34238750','34238750','3','ALBORNOZ','BOLAÑOS','MARIA','ESTEFANIA','f','','','','','','','','','','','','','','','','','','','','','','','','','',NULL,NULL,NULL,NULL,425),('502','1014656689','1014656689','3','ALBORNOZ','BOLAÑOS','MARIA','STEFANIA','f','','','','','','','','','','','','','','','','','','','','','','','','','',NULL,NULL,NULL,NULL,426),('502','1004711270','1004711270','2','IBARRA','ALVEAR','PAOLA','ANDREA','f','','','','','','','','','','','','','','','','','','','','','','','','','',NULL,NULL,NULL,NULL,427),('502','1004711066','1004711066','2','MUNOZ','BURBANO','PAULA','YULEIDY','f','','','','','','','','','','','','','','','','','','','','','','','','','',NULL,NULL,NULL,NULL,428),('502','1109541240','1109541240','2','MORENO','BOLAÑOS','SANTIAGO','','m','','','','','','','','','','','','','','','','','','','','','','','','','',NULL,NULL,NULL,NULL,429),('502','1088970016','1088970016','2','BUESAQUILLO','BOLANOS','SERGIO','ALEJANDRO','m','','','','','','','','','','','','','','','','','','','','','','','','','',NULL,NULL,NULL,NULL,430),('502','1088970177','1088970177','2','MUÑOZ','TRUJILLO','SILVIO','ALEJANDRO','m','','','','','','','','','','','','','','','','','','','','','','','','','',NULL,NULL,NULL,NULL,431),('502','1088970055','1088970055','2','ARCOS','ARCOS','TATIANA','VALENTINA','f','','','','','','','','','','','','','','','','','','','','','','','','','',NULL,NULL,NULL,NULL,432),('502','1088970337','1088970337','2','TORRES','MUNOZ','VANESSA','ALEXANDRA','f','','','','','','','','','','','','','','','','','','','','','','','','','',NULL,NULL,NULL,NULL,433),('502','1004711331','1004711331','2','BOLANOS','PANCHO','VICTOR','JULIAN','m','','','','','','','','','','','','','','','','','','','','','','','','','',NULL,NULL,NULL,NULL,434),('502','1088970093','1088970093','2','MUNOZ','MUNOZ','YULY','ELIZABETH','f','','','','','','','','','','','','','','','','','','','','','','','','','',NULL,NULL,NULL,NULL,435),('503','1004710541','1004710541','2','ERAZO','BOLANOS','CRISTIAN','JANER','m','','','','','','','','','','','','','','','','','','','','','','','','','',NULL,NULL,NULL,NULL,436),('503','1193082909','1193082909','2','SILVA','MUNOZ','DANIA','VALENTINA','f','','','','','','','','','','','','','','','','','','','','','','','','','',NULL,NULL,NULL,NULL,437),('503','1004711110','1004711110','2','BOLANOS','IMBACHI','DIANA','MARCELA','f','','','','','','','','','','','','','','','','','','','','','','','','','',NULL,NULL,NULL,NULL,438),('503','1004711175','1004711175','2','DIAZ','SOSCUE','GEOVANA','LISETH','f','','','','','','','','','','','','','','','','','','','','','','','','','',NULL,NULL,NULL,NULL,439),('503','31387969','31387969','3','MUNOZ','BOLANOS','JAIDER','ADRIAN','m','','','','','','','','','','','','','','','','','','','','','','','','','',NULL,NULL,NULL,NULL,440),('503','1125408438','1125408438','2','MURIEL','BOLANOS','JHOJAN','ESNEIDER','m','','','','','','','','','','','','','','','','','','','','','','','','','',NULL,NULL,NULL,NULL,441),('503','1004711288','1004711288','2','IMBACHI','BENAVIDES','JUAN','ESTEBAN','m','','','','','','','','','','','','','','','','','','','','','','','','','',NULL,NULL,NULL,NULL,442),('503','1004711327','1004711327','2','BOLAÑOS','ORTEGA','JULIANA','VALERIA','f','','','','','','','','','','','','','','','','','','','','','','','','','',NULL,NULL,NULL,NULL,443),('503','1088970051','1088970051','2','VELASCO','DIAZ','KATHERIN','TATIANNA','f','','','','','','','','','','','','','','','','','','','','','','','','','',NULL,NULL,NULL,NULL,444),('503','1004711191','1004711191','2','PARDO','BOLAÑOS','LIZETH','VALENTINA','f','','','','','','','','','','','','','','','','','','','','','','','','','',NULL,NULL,NULL,NULL,445),('503','1004711114','1004711114','2','ORDONEZ','BRAVO','LUIS','FELIPE','m','','','','','','','','','','','','','','','','','','','','','','','','','',NULL,NULL,NULL,NULL,446),('503','1193271707','1193271707','2','ANDRADE','UNIGARRO','LUZ','DARY','f','','','','','','','','','','','','','','','','','','','','','','','','','',NULL,NULL,NULL,NULL,447),('503','1004711324','1004711324','2','MUNOZ','MARTINEZ','NAYERLY','SOFIA','f','','','','','','','','','','','','','','','','','','','','','','','','','',NULL,NULL,NULL,NULL,448),('503','36770220','36770220','3','BRAVO','ORDOÑEZ','PAOLA','ANDREA','f','','','','','','','','','','','','','','','','','','','','','','','','','',NULL,NULL,NULL,NULL,449),('503','1004731543','1004731543','2','BURBANO','MUNOZ','ROMAN','ALEXIS','m','','','','','','','','','','','','','','','','','','','','','','','','','',NULL,NULL,NULL,NULL,450),('503','1004711323','1004711323','2','VALENCIA','SANCHEZ','SOFIA','VALENTINA','f','','','','','','','','','','','','','','','','','','','','','','','','','',NULL,NULL,NULL,NULL,451),('503','1006382077','1006382077','2','PALACIOS','ORDONEZ','SOLANY','MICHELLE','f','','','','','','','','','','','','','','','','','','','','','','','','','',NULL,NULL,NULL,NULL,452),('601','1004710954','1004710954','2','DIAZ','FIGUEROA','ANA','ELIZABETH','f','2002-08-28','52378','87246792','27276486','','CALLE 7 NO.11-31','','3117181397','20,84','DIAZ LEYTON','MILTON ARIEL','','','','','','FIGUEROA','NIDIA','','LA CRUZ','','','','','',NULL,NULL,NULL,NULL,453),('601','1089348015','1089348015','2','SAMBONI','','ANDRES','FELIPE','m','2003-12-06','13670','','27281753','','CRA 8 NO. 6-33','','3217170435','','','','','','','','','SAMBONI BUESAQUILLO','ALICIA VICTORIA','','SAN PABLO','','','','','',NULL,NULL,NULL,NULL,454),('601','1001285568','1001285568','2','CHACON','ALVARADO','ANDRES','MAURICIO','m','2002-04-28','11001','1085244490','1088971688','','CALLE 11 CRA 12 ESQ.','','3104541995','14,6','CHACON','EVER MAURICIO','','','','','','ALVARADO','NANCY AMPARO','','','','','','','',NULL,NULL,NULL,NULL,455),('601','1004711174','1004711174','2','ALBAN','BRAVO','ANGELA','JOHANA','f','2003-05-06','52378','87247227','27277348','','CRA 8 CALLE 5','','3148102939','35,40','ALBAN','MIGUEL ANGEL','','','','','','BRAVO CÓRDOBA','MIRTHA','','','','','','','',NULL,NULL,NULL,NULL,456),('601','1004731363','1004731363','2','BURBANO','VELASCO','ANYI','VANESA','f','2002-03-09','13670','87010043','27277896','','VDA./BELLA VISTA','','3207922005','17,06','BURBANO ','JORGE EMIRO','','','','','','VELASCO','LUZ MARY','','','','','','','',NULL,NULL,NULL,NULL,457),('601','1004710892','1004710892','2','DELGADO','BRAVO','BRAYAN','ESTIBEN','m','2002-08-04','52378','87246647','27277880','','B/SULTANA DEL MAYO','','3127781112','23,31','DELGADO','PABLO EMIRO','','','','','','BRAVO CARLOSAMA','YOLANDA','','','','','','','',NULL,NULL,NULL,NULL,458),('601','1004561338','1004561338','2','SALCEDO','BOLANOS','CLAUDIA','KATHERINE','f','2002-06-29','25649','5210212','27279579','','AV EL CEMENTERIO','','3128471017','41,15','SALCEDO','HECTOR AURELIO','','','','','','BOLAÑOS','OLGA MERY','','','','','','','',NULL,NULL,NULL,NULL,459),('601','1004710893','1004710893','2','MEDINA','MARTINEZ','CRISTIAN','JAVIER','m','2002-07-28','52378','79715617','40332809','','AV EL CEMENTERIO','','3128726889','12,40','MOLINA ','WILSON JAVIER','','','','','','MARTINEZ','ROSA STELLA','','','','','','','',NULL,NULL,NULL,NULL,460),('601','461','1004711079','2','MOLINA','DELGADO','CRISTIAN','CAMILO','m','2002-12-22','52378','87248681','36980185','','CALLE 12 A NO 12A-03','','3128591138','19,48','MOLINA ','JHON EDWIN','','','','','','DELGADO','VIVIANA','','','','','','','',NULL,NULL,NULL,NULL,461),('601','1004711081','1004711081','2','ORTEGA','LASSO','CRISTIAN','DAVID','m','2002-12-12','52378','87245167','52820099','','CRA 8 NO. 4-15','','3128977980','46,64','ORTEGA PEREZ','OSCAR RAUL','','','','','','LASSO REALPE','CARMEN','','LA CRUZ','','','','','',NULL,NULL,NULL,NULL,462),('601','1004771119','1004771119','2','MUNOZ','MUNOZ','EDWIN','SANTIAGO','m','2003-02-14','52378','87248251','27281576','','B/SAN ANTONIO','','3115241274','21,64','MUÑOZ','EDWIN ROLANDO','','','','','','MUÑOZ','LUCILA','','','','','','','',NULL,NULL,NULL,NULL,463),('601','464','1004711079','2','LEDEZMA','LEDEZMA','FABIAN','ERNESTO','m','2002-10-26','52378','87246897','27275972','','CALLE 6 NO 5-25','','3132693290','34,78','LEDEZMA IBARRA','GUIDO','','','','','','LEDEZMA ARCOS ','MA. DEL SOCORRO','','','','','','','',NULL,NULL,NULL,NULL,464),('601','1004710850','1004710850','2','GAVIRIA','BARCO','JAVIER','ALEJANDRO','m','2002-05-06','52378','87248420','36752748','','CALLE 4 NO. 5-20','','3216116526','16,30','GAVIRIA','ALVARO JAVIER','','','','','','BRAVO','MAGALY DEL PILAR','','','','','','','',NULL,NULL,NULL,NULL,465),('601','1004710888','1004710888','2','MOLINA','VELASCO','JESUS','ADRIAN','m','2002-08-01','52378','87246648','27277441','','CALLE 5 NO. 5-83','','3113019111','16,46','MOLINA BRAVO','ISIDRO','','','','','','VELASCO','CARMEN DEL SOCORRO','','','','','','','',NULL,NULL,NULL,NULL,466),('601','1004727610','1004727610','2','RANGEL','SOLARTE','JHONATAN','ANDRES','m','2002-04-15','52378','12984799','27276395','','CALLE 7 NO. 26-04','','3147557326','26,63','RANGEL','RAFAEL','','','','','','SOLARTE','SOCORRO','','','','','','','',NULL,NULL,NULL,NULL,467),('601','1004710978','1004710978','2','FIGUEROA','SANCHEZ','JOHN','ALEXANDER','m','2002-09-11','52378','87245837','27281347','','CALLE 8 NO. 8-40','','3116450213','16,95','FIGUEROA','ENRIQUE','','','','','','DSANCHEZ','ROSA DEL SOCORRO','','','','','','','',NULL,NULL,NULL,NULL,468),('601','1004190224','1004190224','2','RODRIGUEZ','ALVEAR','JUAN','JOSE','m','2002-04-24','52378','5216875','27277694','','CALLE 3 NO. 8-48','','3113899206','','RODRIGUEZ','FREDY ALBEIRO','','','','','','ALVEAR','YOLANDA CATALINA','','','','','','','',NULL,NULL,NULL,NULL,469),('601','1004711086','1004711086','2','CASTRO','INSUASTI','KAREN','JULIANA','f','2002-10-30','52378','13093197','27282449','','CALLE 8 NO. -75','','3148781313','6,21','CASRO','HELMAN','','','','','','INSUASTI','YULLI BIVIANA','','','','','','','',NULL,NULL,NULL,NULL,470),('601','1004711159','1004711159','2','CRUCES','BRAVO','KARENT','DANIELA','f','2003-01-09','52378','','1004710957','','CALLE 11 CASA 16','','3127095713','23,55','','','','','','','','CRUCES','DIANA ROCIO','','','','','','','',NULL,NULL,NULL,NULL,471),('601','1001281956','1001281956','2','SANCHEZ','BOLANOS','LAURA','MARIA','m','2001-09-21','11001','16595124','53013432','','CALLE 11 CRA 12 ESQ.','','3108414240','19,5','SANCHEZ','HERNAN','','','','','','BOLAÑOS','YENI AMPARO','','','','','','','',NULL,NULL,NULL,NULL,472),('601','1004710823','1004710823','2','BRAVO','MESA','LESLY','THALIA','f','2002-05-31','52378','','36980225','','CRA 6 NO. 3-115','','3126706399','50,89','','','','','','','','MESA','DEISY MIREYA','','','','','','','',NULL,NULL,NULL,NULL,473),('601','1007310999','1007310999','2','MUNOZ','BRAVO','LIZBETH','NATALIA','f','2002-10-23','52378','98383121','27282072','','CRA 6 NO. 2-11','','3127348542','21,32','MUÑOZ','IVAN','','','','','','BRAVO','PAOLA','','','','','','','',NULL,NULL,NULL,NULL,474),('601','1004711197','1004711197','2','NARVAEZ','','MARIA','JOSE','f','2002-07-28','52378','','27281597','','CRA 8 CALLE 6','','3104505149','42,18','','','','','','','','NARVAEZ','IVONN JOHANA','','','','','','','',NULL,NULL,NULL,NULL,475),('601','1004710902','1004710902','2','ORTEGA','MUNOZ','MARIA','FERNANDA','f','2003-04-11','52378','87248271','36980198','','MANZANA A CASA 4','','3147236320','27,40','ORTEGA','NICANOR','','','','','','MUÑOZ','DERLY MONICA','','','','','','','',NULL,NULL,NULL,NULL,476),('601','1004509013','1004509013','2','OSPINA','ORTIZ','SANTIAGO','','m','2002-11-19','99785','16546899','27276575','','CRA 9 NO. 7-42','','3136817989','51,54','OSPINA','OSCAR','','','','','','ORTIZ','SANDRA','','','','','','','',NULL,NULL,NULL,NULL,477),('601','1004517156','1004517156','2','MUNOZ','MUNOZ','SOLANDY','YISETH','m','2002-09-22','13670','87248622','37060187','','VDA/JUAN LOPEZ','','3146271998','10,44','SANCHEZ','SILVIO','','','','','','MUÑOZ','LUCY AMPARO','','','','','','','',NULL,NULL,NULL,NULL,478),('601','1004710906','1004710906','2','REALPE','BRAVO','STIVEN','NICOLAS','m','2002-06-27','52378','87247389','27281494','','CRA 13 NO. 12-29','','3216818830','40,69','REALPE','HERMES','','','','','','BRAVO','AYDE','','','','','','','',NULL,NULL,NULL,NULL,479),('601','1004710874','1004710874','2','CAIZA','BRAVO','VANESSA','ALEXANDRA','f','2002-07-08','52378','87248110','27281446','','CALLE 7 NO. 12-25','','3217417931','15,62','CAIZA','ROBER','','','','','','BRAVO','DORIS','','','','','','','',NULL,NULL,NULL,NULL,480),('601','1004711106','1004711106','2','VELASCO','ORTIZ','VANESSA','ALEXANDRA','f','2003-01-23','52378','87248477','27282130','','VDA/ LAS ARAAS','','3137988896','16,68','VELASCO','HECTOR','','','','','','ORTIZ','DELMY','','','','','','','',NULL,NULL,NULL,NULL,481),('601','1007311052','1007311052','3','IBARRA','BOLANOS','VICTOR','ANDRES','m','2001-02-10','52378','87247541','27281151','','CRA 7 NO. 5-70','','3117219654','24,26','IBAARA','EDGAR','','','','','','BOLAÑOS','AURA','','','','','','','',NULL,NULL,NULL,NULL,482),('602','1002835066','1002835066','2','CASTILLO','JURADO','ANDRI','TATIANA','f','2001-02-07','19075','25596490','25596490','','','','','14,91','RAMIREZ','GENTIL','','','','','','JURADO','MARGOTH','','','','','','','',NULL,NULL,NULL,NULL,483),('602','1004711100','1004711100','2','CHAVES','DIAZ','ARMANDO','','m','2003-01-06','52378','87245699','36980126','','','','','27,16','CHAVES','ARMANDO','','','','','','DIAZ DIAZ','EMILCE','','','','','','','',NULL,NULL,NULL,NULL,484),('602','1004710783','1004710783','2','GOMEZ','BOLANOS','DANIELA','FERNANDA','f','2002-02-09','52378','87246270','27281759','','','','','11,34','GÓMEZ','NEREO','','','','','','BOLAÑOS','LILIANA','','','','','','','',NULL,NULL,NULL,NULL,485),('602','1004710905','1004710905','2','MUNOZ','MUNOZ','DARLI','YOJHANA','f','2002-07-25','52378','87246124','27277903','','','','','22,80','MUÑOZ','GENTIL','','','','','','MUÑOZ','MARIA JESUS','','','','','','','',NULL,NULL,NULL,NULL,486),('602','1006183313','1006183313','2','GUERRERO','CASTILLO','DARLYN','YOJANA','f','2003-03-16','99823','94509908','','','','','','12,70','GUERRERO','PEDRO','','','','','','CASTILLO ','ANDREA','','','','','','','',NULL,NULL,NULL,NULL,487),('602','1004710842','1004710842','2','HIDALGO','ÑAÑEZ','DEIBY','JHULIANA','f','2002-05-15','52378','87248500','27281697','','','','','20,70','','','','','','','','','','','','','','','','',NULL,NULL,NULL,NULL,488),('602','1004710636','1004710636','2','MUNOZ','GAVIRIA','DIANA','MARCELA','f','2001-06-09','52378','','27282234','','','','','21,40','MUÑOZ','FABIO','','','','','','GAVIRIA','MERCY','','','','','','','',NULL,NULL,NULL,NULL,489),('602','1007310797','1007310797','3','DIAZ','MOLINA','DIEGO','MAURICIO','m','2000-12-23','52378','87247375','27277834','','','','','26,60','DIAZ','EDIVAR','','','','','','MOLINA','YOLANDA','','','','','','','',NULL,NULL,NULL,NULL,490),('602','1004710859','1004710859','2','GOMEZ','DIAZ','DUVAN','SANTIAGO','m','2002-05-22','52378','87246094','27275689','','','','','21,75','GÓMEZ','FULVIO ALBERTO','','','','','','DIAZ','LAURA','','','','','','','',NULL,NULL,NULL,NULL,491),('602','1007310996','1007310996','2','SOSCUE','ORTIZ','EDISON','ARLEY','m','2002-02-02','52378','87248157','27282283','','','','','12,06','SOSCUE','RODRIGO','','','','','','ORTIZ','MARIA HORTENCIA','','','','','','','',NULL,NULL,NULL,NULL,492),('602','1007310868','1007310868','2','IMBACHI','BOTINA','EDWIN','ALBEIRO','m','2000-08-07','52378','87365009','27277369','','','','','10,41','IMBACHI','ALBEIRO','','','','','','BOTINA','CONSUELO','','','','','','','',NULL,NULL,NULL,NULL,493),('602','97102319811','97102319811','2','CAICEDO','BASTIDAS','ELIA','ROCIO','f','1997-10-23','PUERTO CAICEDO','18186200','27124290','','','','','29,84','','','','','','','','','','','','','','','DIAZ','BENITA',NULL,NULL,NULL,NULL,494),('602','1004710813','1004710813','2','LEDEZMA','BRAVO','ESTEBAN','CAMILO','m','2002-04-17','52378','14839353','27282326','','','','','38,03','LEDEZMA','ADRIAN DAVID','','','','','','BRAVO','SANDRA MILENA','','','','','','','',NULL,NULL,NULL,NULL,495),('602','1004711180','1004711180','2','PALACIOS','IMBACHI','ESTEBAN','ALEJANDRO','m','2003-04-24','52378','12748257','27282232','','','','','50,10','PALACIOS','HAVER','','','','','','IMBACHI','CRISTINA','','','','','','','',NULL,NULL,NULL,NULL,496),('602','1004711012','1004711012','2','URBANO','SIMALES','JESICA','KATHERINE','f','2002-10-30','52378','98358758','36980262','','','','','','URBANO','FRANCISCO','','','','','','SIMALES','CLAUDIA','','','','','','','',NULL,NULL,NULL,NULL,497),('602','1004711043','1004711043','2','ORDONEZ','BOLANOS','JOSE','LUIS','m','2002-11-12','52378','87245926','27276027','','','','','','ORDOÑEZ','GERARDO','','','','','','BOLAÑOS','HILDA','','','','','','','',NULL,NULL,NULL,NULL,498),('602','1004711102','1004711102','2','GUERRERO','BOLANOS','KAREN','DANIELA','f','2002-12-19','52378','','27277594','','','','','','GUERRERO','HUGO','','','','','','BOLAÑOS','LIGIA','','','','','','','',NULL,NULL,NULL,NULL,499),('602','1007311133','1007311133','2','SOSCUE','BOLAÑOS','KAROLD','NAYELI','f','2001-12-16','52378','87248658','27281975','27276323','','','','39,94','SOSCUE','OSCAR','','','','','','IMBACHI','MARTHA','','','','','','IMBACHI','MARTHA',NULL,NULL,NULL,NULL,500),('602','1004710952','1004710952','2','MORALES','DIAZ','KEVIN','SANTIAGO','m','2002-09-02','52378','87827248','27281547','','','','','29,71','MORALES','JULIAN','','','','','','DIAZ','YENNY ','','','','','','','',NULL,NULL,NULL,NULL,501),('602','1004710856','1004710856','2','HOYOS','DIAZ','MARIA','DEL CARMEN','f','2002-05-23','52378','87248733','1088970660','','','','','8,92','HOYOS','EDUARDO','','','','','','DIAZ','NATHALIA','','','','','','','',NULL,NULL,NULL,NULL,502),('602','1004710750','1004710750','2','GUERRERO','MARTINEZ','MARYIT','ELIZABETH','f','2002-11-06','52378','16930382','','','','','','47,79','GUERRERO','DONEY FERNANDO','','','','','','MARTINEZ','VIVIANA','','','','','','','',NULL,NULL,NULL,NULL,503),('602','1007311003','1007311003','2','BURBANO','MUNOZ','NATHALIA','ANDREA','f','2003-03-21','52378','87246471','','','','','','39,97','BURBANO','JOSE','','','','','','MUÑOZ','LILIANA','','','','','','','',NULL,NULL,NULL,NULL,504),('602','1004711117','1004711117','2','LEITON','PAZ','OSCAR','FERNANDO','m','2000-07-19','52378','16598902','27274532','','','','','37,69','LEYTON','MANUEL ANTONIO','','','','','','PAZ BOLAÑOS','MARIA ELENA','','','','','','','',NULL,NULL,NULL,NULL,505),('602','1004710786','1004710786','2','ALVEAR','CERON','PAULA','VALERIA','f','2001-08-31','52378','87246045','27275948','','','','','27,16','ALVEAR','OMAR JESUS','','','','','','CERON','LENEY DEL SOCORRO','','','','','','','',NULL,NULL,NULL,NULL,506),('602','1004710692','1004710692','2','GAVIRIA','BOLANOS','PAULA','ANDREA','f','2002-03-04','52378','87246143','27281251','','','','','9,75','GAVIRIA','EVER','','','','','','BOLAÑOS','MARIA MARGOT','','','','','','','',NULL,NULL,NULL,NULL,507),('602','1004711146','1004711146','2','BRAVO','ORTIZ','YAIR','ALEJANDRO','m','2002-11-21','52378','','27281044','','','','','','BRAVO','ALEJO','','','','','','ORTIZ','NUBIA','','','','','','','',NULL,NULL,NULL,NULL,508),('602','1007310956','1007310956','2','POPAYAN','MOLINA','YEIMY','ROCIO','f','2001-02-24','52378','87245887','','','','','','','POPAYAN','CLAUDIO FRANCO','','','','','','MOLINA','CARMEN CIELO','','','','','','','',NULL,NULL,NULL,NULL,509),('602','1004710841','1004710841','2','SIMALES','ORTEGA','YENNY','LORENA','f','2002-05-18','52378','','27277993','','','','','','SIMALES','ARGEMIRO','','','','','','ORTEGA','MARIELA','','','','','','','',NULL,NULL,NULL,NULL,510),('602','99082909709','99082909709','2','GUERRERO','BRAVO','YOAN','SEBASTIAN','m','1999-08-29','52378','','272781206','','','','','','GUERRERO','ANGEL MARIA','','','','','','BRAVO ','YENNI SOCORRO','','','','','','','',NULL,NULL,NULL,NULL,511),('602','1004711169','1004711169','2','LOPEZ','BOLANOS','YURY','FABIANA','f','2003-04-17','52378','','27281843','','','','','','LOPEZ','RICARDO','','','','','','BOLAÑOS','CRISTINA','','','','','','','',NULL,NULL,NULL,NULL,512),('603','1004711488','1004711488','2','GUERRERO','MUNOZ','ANDRES','GERARDO','m','2000-04-18','52378','87247438','272781284','','','','','22,53','GUERRERO','LUIS GERARDO','','','','','','MUÑOZ','CARMEN NELLY','','','','','','','',NULL,NULL,NULL,NULL,513),('603','1004711008','1004711008','2','VELASCO','MOLINA','ANGI','VANESA','f','2002-11-08','52378','','27276832','','','','','27,88','VELASCO','SEGUNDO MIGUEL','','','','','','MOLINA','MARIA SOLEDAD','','','','','','','',NULL,NULL,NULL,NULL,514),('603','1004710953','1004710953','2','TORRES','CARLOSAMA','ANGIE','PAOLA','f','2002-09-06','52378','87247428','1088971122','','','','','7.12','TORRES','JUAN BAUTISTA','','','','','','CARLOSAMA','CARMENZA','','','','','','','',NULL,NULL,NULL,NULL,515),('603','1004711152','1004711152','2','GAVIRIA','CARLOSAMA','ARBEY','SEBASTIAN','m','2002-11-12','52378','87245324','27281313','','','','','36,52','GAVIRIA','CESAR ABEY','','','','','','CARLOSAMA','DUBY PATRICIA','','','','','','','',NULL,NULL,NULL,NULL,516),('603','1004711067','1004711067','2','OBANDO','MARTINEZ','AURA','LICETH','f','2002-11-17','52378','87248145','27281830','','','','','36,90','OBANDO','JOSE DEMETRIO','','','','','','MARTINEZ','PIEDAD','','','','','','','',NULL,NULL,NULL,NULL,517),('603','1007310981','1007310981','2','SOLARTE','MOLINA','BRAYAN','STIVEN','m','2003-01-11','52378','87249207','27282132','','','','','0,0','SOLARTE','ALBERT SAMIR','','','','','','MOLINA ','ANA LUCERO','','','','','','','',NULL,NULL,NULL,NULL,518),('603','1004710900','1004710900','2','BRAVO','RUIZ','CRISTIAN','ANDRES','m','2002-01-08','52378','97249171','','','','','','','BRAVO','WILLIAM','','','','','','RUIZ','LUZ DARY','','','','','','','',NULL,NULL,NULL,NULL,519),('603','1010058933','1010058933','2','GALINDEZ','SACANAMBOY','CRISTIAN','','m','2000-04-10','13670','87246363','27452267','','','','','28,50','GALINDEZ','EVER ANTONIO','','','','','','SACANAMBOY','DINORA','','','','','','','',NULL,NULL,NULL,NULL,520),('603','1004711104','1004711104','2','CALVACHE','ORTEGA','DAFNEP','JHULIANA','f','2003-01-14','52378','87249357','1088970887','','','','','12,71','CALVACHE','HUMBERTO','','','','','','ORTEGA','MARIA ESPERANZA','','','','','','','',NULL,NULL,NULL,NULL,521),('603','1004710717','1004710717','2','BRAVO','BRAVO','DANIA','XIMENA','f','2001-10-10','52378','','27281973','','','','','','','','','','','','','BRAVO','CLAUDIA MARLENY','','','','','','','',NULL,NULL,NULL,NULL,522),('603','1004711235','1004711235','2','HOYOS','MENESES','DAYANA','CRISTINA','f','2003-07-01','52378','87248923','36980289','','','','','21,53','HOYOS','CARLOS RENE','','','','','','MENESES','SANDRA','','','','','','','',NULL,NULL,NULL,NULL,523),('603','1007311064','1007311064','2','MOLINA','ARANGO','DIANA','ANGELIN','f','2001-02-13','52378','87246784','31435838','','','','','17,56','MOLINA','JESUS','','','','','','ARANGO RAMOS','DIANA MILENA','','','','','','','',NULL,NULL,NULL,NULL,524),('603','1004711059','1004711059','2','VELASCO','ORTIZ','EDISON','YAIR','m','2001-10-08','52378','','1088970461','','','','','10,09','VELASCO','GUIDO ORLANDO','','','','','','ORTIZ','LUZ CLAUDIA','','','','','','','',NULL,NULL,NULL,NULL,525),('603','1002805766','1002805766','2','ALVARADO','IMBACHI','EDWIN','ARMANDO','m','2001-08-18','19100','76219252','34639360','','','','','8,40','ALVARADO','OLIVER','','','','','','IMBACHI','OLIVIA','','','','','','','',NULL,NULL,NULL,NULL,526),('603','1004710835','1004710835','2','LOPEZ','BOLANOS','JEIDER','JULIAN','m','2001-11-13','52378','','27276591','','','','','13,80','','','','','','','','LOPEZ BOLAÑOS','ALABA LUCIA','','','','','','','',NULL,NULL,NULL,NULL,527),('603','1007310781','1007310781','2','TULCAN','CHAVEZ','JHON','JAIDER','m','2000-08-08','52378','87246980','27282168','','','','','26,30','TULCAN DIAZ','ARBEY','','','','','','CHAVEZ','NELLY','','','','','','','',NULL,NULL,NULL,NULL,528),('603','1004415220','1004415220','2','MUNOZ','CARLOSAMA','JORGE','ANDRES','m','2002-11-12','15087','87247271','27276706','','','','','10,18','MUÑOZ ','JORGE RUBIEL','','','','','','CARLOSAMA','MARIA EUGENIA','','','','','','','',NULL,NULL,NULL,NULL,529),('603','1007311001','1007311001','2','BRAVO','MUNOZ','JULIA','NAYELLY','f','2002-03-28','52378','87246011','31952696','','','','','9,97','BRAVO','EDGAR','','','','','','MUÑOZ','MARIA CONCHA','','','','','','','',NULL,NULL,NULL,NULL,530),('603','1004711168','1004711168','3','MUNOZ','IMBACHI','KAREN','SOFIA','f','2003-04-13','52378','87247379','27281414','','','','','19,08','MUÑOZ ','LIBARDO','','','','','','IMBACHI','BLANCA RUBIELA','','','','','','','',NULL,NULL,NULL,NULL,531),('603','1004711096','1004711096','2','DIAZ','DIAZ','KELLY','MARELLY','f','2002-11-28','52378','5277066','27277266','','','','','19,19','DIAZ','LEONEL','','','','','','DIAZ ','BLANCA NUBIA','','','','','','','',NULL,NULL,NULL,NULL,532),('603','1004710939','1004710939','2','BOLANOS','MUNOZ','LUIS','DAVID','m','2002-07-30','52378','','27281946','','','','','33,29','','','','','','','','BOLAÑOS','NANCY PATRICIA','','','','','','','',NULL,NULL,NULL,NULL,533),('603','1002901936','1002901936','2','MACIAS','MUÑOZ','MARCO','AURELIO','m','2001-09-23','19100','4632100','48608446','','','','','8,03','MACIAS','MARCO AURELIO','','','','','','MUÑOZ','ANA TILDE','','','','','','','',NULL,NULL,NULL,NULL,534),('603','1004710870','1004710870','2','MARTINEZ','CHAMORRO','OSBER','FERNANDO','m','2002-06-27','52378','','27281083','','','','','7,47','','','','','','','','MARTINEZ','NELLY AMPARO','','','','','','','',NULL,NULL,NULL,NULL,535),('603','1004711006','1004711006','2','ERAZO','BOLANOS','VALERIA','','f','2002-10-22','52378','87246340','27281637','','','','','31,10','ERAZO','ANGEL','','','','','','BOLAÑOS ','MILADY','','','','','','','',NULL,NULL,NULL,NULL,536),('603','1004711259','1004711259','2','MUNOZ','CRIOLLO','WENDY','TATIANA','f','2003-07-10','52378','87245815','27281457','','','','','5,50','MUÑOZ','OMAR RUTILIO','','','','','','CRIOLLO','NOHORA EUGENIA','','','','','','','',NULL,NULL,NULL,NULL,537),('603','1004710760','1004710760','2','BOLANOS','BRAVO','YENY','PAOLA','f','2001-11-16','52378','87249040','27281763','','','','','23,84','BOLAÑOS','MARCO TULIO','','','','','','BRAVO','MARIA DEL SOCORRO','','','','','','','',NULL,NULL,NULL,NULL,538),('603','1004710536','1004710536','2','MARIN','ARROYO','YERSON','ANDRES','m','2001-04-06','52378','16884548','59815148','','','','','6,23',' MARIN GALEANO','EDGAR ','','','','','','ARROYO','MARTHA CECILIA','','','','','','','',NULL,NULL,NULL,NULL,539),('603','1007310959','1007310959','2','MARTINEZ','MUNOZ','YOINER','FABIAN','m','2001-12-12','52378','87247391','27281282','','','','','8,51','MARTINEZ','JESUS ALIRIO','','','','','','MUÑOZ DIAZ','MARINA','','','','','','','',NULL,NULL,NULL,NULL,540),('603','1004710585','1004710585','2','BRAVO','MENESES','YORLENI','VANESA','f','2001-06-01','52378','87246323','272781255','','','','','26,80','BRAVO','MANUEL','','','','','','MENESES','GLORIA','','','','','','','',NULL,NULL,NULL,NULL,541),('603','1004710949','1004710949','2','BRAVO','PORTILLA','YULIANA','DORIBEL','f','2002-08-13','52378','87246069','27281041','','','','','5,19','BRAVO','JOSE ANTONIO','','','','','','PORTILLA','LUZ MARY','','','','','','','',NULL,NULL,NULL,NULL,542),('604','1004710986','1004710986','2','ROSERO','GUERRERO','ADRIANA','MARCELA','f','2002-10-04','52378','','1088970930','','','','','','ROSERO','GILDARDO','','','','','','GUERRERO','DERSY','','','','','','','',NULL,NULL,NULL,NULL,543),('604','1007311109','1007311109','2','MOLINA','MUNOZ','ANDRES','SEBASTIAN','m','1999-09-22','52378','87247587','27277614','','','','','33,45','MOLINA','SIMON BOLIVAR','','','','','','MUÑOZ','CARMEN','','','','','','','',NULL,NULL,NULL,NULL,544),('604','1004711144','1004711144','2','CERON','VELASCO','ANGIE','LORENA','f','2003-03-05','52378','87246773','1088970950','','','','','25,44','CERON','ESGARDO EUGENIO','','','','','','VELASCO GAVIRIA','LENEY','','','','','','','',NULL,NULL,NULL,NULL,545),('604','1007311011','1007311011','2','MARTINEZ','MARTINEZ','ANGIE','LICETH','f','2001-02-05','52378','27277853','27277853','','','','','4,90','','','','','','','','MARTINEZ MARTINEZ','MARLENY','','','','','','','',NULL,NULL,NULL,NULL,546),('604','1004710911','1004710911','2','MUNOZ','BOLANOS','ANYELA','TATIANA','f','2002-08-02','52378','87246630','27276730','','','','','11,87','MUÑOZ','EVER','','','','','','BOLAÑOS','JIMENA','','','','','','','',NULL,NULL,NULL,NULL,547),('604','1004710920','1004710920','2','BELTRAN','BRAVO','CARLOS','ADRIAN','m','2002-08-26','52378','5275729','27281640','','','','','24,51','BELTRAN','TEODULFO','','','','','','BRAVO','BLANCA RITHA','','','','','','','',NULL,NULL,NULL,NULL,548),('604','1004710806','1004710806','2','PORTILLA','ERAZO','DUBAN','','m','2002-03-12','52378','87247095','27277598','','','','','29,18','PORTILLA','EVER','','','','','','ERAZO','ERMILA','','','','','','','',NULL,NULL,NULL,NULL,549),('604','98112409610','98112409610','2','BRAVO','BRAVO','EDDY','ALEXANDRA','f','1998-11-24','52378','87246822','27277869','','','','','20,58','BRAVO','FRANCO','','','','','','BRAVO','AURA MARIA','','','','','','','',NULL,NULL,NULL,NULL,550),('604','551','1004711015','2','MUNOZ','IMBACHI','ELMERSON','DUVAN','m','2002-10-26','52378','94508249','27276888','','','','','37,0','MUÑOZ','HECTOR EVELIO','','','','','','IMBACHI','MARIELA','','','','','','','',NULL,NULL,NULL,NULL,551),('604','1004711092','1004711092','2','ROBAYO','CERON','EMERSON','FERNEY','m','2002-12-15','52378','','1088970941','','','','','','ROBAYO','RENSO FABIAN','','','','','','CERON ','YEIMY','','','','','','','',NULL,NULL,NULL,NULL,552),('604','1004710864','1004710864','2','IBARRA','MUNOZ','EVER','STIVEN','m','2002-05-15','52378','87247177','27277418','','','','','33,55','IBARRA','FRANCO ISISDRO','','','','','','MUÑOZ','AMPARO','','','','','','','',NULL,NULL,NULL,NULL,553),('604','1004711049','1004711049','2','ALVARADO','ALVARADO','FAIBER','ESTEBAN','m','2002-08-31','52378','87247808','27281453','','','','','39,96','ALVARADO','HUBEIMAR','','','','','','ALVARADO','NANCY','','','','','','','',NULL,NULL,NULL,NULL,554),('604','1004710693','1004710693','2','ERAZO','PANTOJA','FRANKI','DANIEL','m','2001-09-04','52378','','27480266','','','','','19,96','ERAZO','JUAN  GREGORIO','','','','','','PANTAJOA','GABY AMALIA','','','','','','','',NULL,NULL,NULL,NULL,555),('604','1004731364','1004731364','2','ALVARADO','BRAVO','HERNAN','DAVID','m','2002-04-24','13670','13040571','27453953','','','','','14,11','ALVARADO','WILDER HERNEAN','','','','','','BRAVO','JOVANNA','','','','','','','',NULL,NULL,NULL,NULL,556),('604','1002966040','1002966040','2','MUNOZ','VASQUEZ','IVAN','ANDRES','m','2002-09-28','99828','87247356','1061687254','','','','','24,5','MUÑOZ','LIZANDRO','','','','','','VASQUEZ','EDITH','','','','','','','',NULL,NULL,NULL,NULL,557),('604','1004711030','1004711030','3','CERON','NARVAEZ','JHOAN','ALEXIS','m','2002-11-15','52378','87248706','1088970303','','','','','31,8','CERON','ROLANDO AUGUSTO','','','','','','NARVAEZ','EDILMA','','','','','','','',NULL,NULL,NULL,NULL,558),('604','1007311134','1007311134','2','MUÑOZ','BOLAÑOS','JHONNIER','STIVEN','m','2001-06-18','52378','','36980166','','','','','','MUÑOZ','OWEIMAR ALEXANDER','','','','','','BOLAÑOS','CLAUDIA','','','','','','','',NULL,NULL,NULL,NULL,559),('604','1004710885','1004710885','2','MUNOZ','ALBAN','JIMMY','SANTIAGO','m','2002-07-30','52378','94060575','27280995','','','','','38,34','MUÑOZ','JIMMI ALFONSO','','','','','','ALBAN','BLANCA ARGENY','','','','','','','',NULL,NULL,NULL,NULL,560),('604','1004710682','1004710682','2','CRIOLLO','BRAVO','JOHANA','ANDREA','f','2001-09-12','52378','87248947','27282304','','','','','10,25','CRIOLLO ','LAURENCIO','','','','','','BRAVO ','BLANCA CECILIA','','','','','','','',NULL,NULL,NULL,NULL,561),('604','1004710701','1004710701','2','REALPE','REALPE','JOSE','LUIS','m','2001-10-02','52378','87246267','27277941','','','','','11,70','REALPE','JOSE ANIBAL','','','','','','REALPE','MARIA CARMELA','','','','','','','',NULL,NULL,NULL,NULL,562),('604','1004710999','1004710999','2','REALPE','GAMBOA','OSCAR','IVAN','m','2002-07-14','52378','87246731','27443080','','','','','32,30','REALPE','BERNANRDO','','','','','','GAMBOA','ADRIANA','','','','','','','',NULL,NULL,NULL,NULL,563),('604','1004711021','1004711021','2','ALBAN','URBANO','ROBERRT','ANDREY','m','2002-10-23','52378','87249322','1088970549','','','','','17,60','ALBAN','JULIAN ANDRES','','','','','','URBANO ','BETTY','','','','','','','',NULL,NULL,NULL,NULL,564),('604','1004710699','1004710699','2','ORDOÑEZ','CHAVES','RONAL','ANDRES','m','2001-08-24','52378','5277119','27282961','','','','','20,30','ORDOÑEZ','JAIRO HERNAN','','','','','','CHAVEZ','MAGOLA','','','','','','','',NULL,NULL,NULL,NULL,565),('604','1004710947','1004710947','2','GONZALES','MARTINEZ','VANESA','ALEXANDRA','f','2002-08-21','52378','87247064','27276491','','','','','13,87','GONZALEZ','LUIS ALONSO','','','','','','MARTÍNEZ','TERESA','','','','','','','',NULL,NULL,NULL,NULL,566),('604','1004710845','1004710845','2','GUERRERO','BOLANOS','VICTOR','FABIAN','m','2002-04-24','52378','87248938','36980117','','','','','37,07','GUERRERO MUÑOZ','BERNARDO','','','','','','BOLAÑOS','MARTHA LILIANA','','','','','','','',NULL,NULL,NULL,NULL,567),('604','1004517139','1004517139','2','BOLANOS','ERAZO','YADIRA','ELIZABETH','f','2002-07-09','13670','5777149','36980060','','','','','24.42','BOLAÑOS','CARLOS','','','','','','ERAZO BOLAÑOS','CARMEN','','','','','','','',NULL,NULL,NULL,NULL,568),('604','1004711076','1004711076','2','ERAZO','MUNOZ','YEIMER','HAMILTON','m','2002-12-06','52378','87248081','1088970258','','','','','30,10','ERAZO','EMIRO','','','','','','MUÑOZ ','YOLI YANIT','','','','','','','',NULL,NULL,NULL,NULL,569),('604','1004710878','1004710878','2','HOYOS','BELTRAN','YEIMY','PAOLA','f','2002-07-14','52378','87247504','27282051','','','','','34,30','HOYOS','ANSELMO','','','','','','BELTRAN BRAVO','LILIANA','','','','','','','',NULL,NULL,NULL,NULL,570),('604','1004711060','1004711060','2','CRIOLLO','BRAVO','YINA','MARCELA','f','2002-11-05','52378','87248947','27282304','','','','','10,20','CRIOLLO ','LAURENCIO','','','','','','BRAVO CERON','BLANCA CECILIA','','','','','','','',NULL,NULL,NULL,NULL,571),('604','1004710921','1004710921','2','URBANO','CERON','YULIANA','ANDREA','f','2002-08-21','52378','87248575','25707785','','','','','37,70','URBANO','TEOWALDO','','','','','','CERON ','MONICA','','','','','','','',NULL,NULL,NULL,NULL,572),('701','1007310894','1007310894','2','NAVIA','MUNOZ','ALEX','SEBASTIAN','m','2000-07-05','52378','87248171','27282447','','B/CENTRO','','3117818078','12,12','NAVIA','ALIRIO','','','','','','MUÑOZ','LEIDY','','','','','','','',NULL,NULL,NULL,NULL,573),('701','1004710594','1004710594','2','MUNOZ','DORADO','ANA','MARIA','f','2001-05-28','52378','87247939','27277920','','CARRERA 5 NO 2-28','','3113088385','34,6','MUÑOZ LEITON','OSCAR','','','','','','DORADO','LILIANA PATRICIA','','','','','','','',NULL,NULL,NULL,NULL,574),('701','1004675416','1004675416','2','ENRIQUEZ','CISNEROS','ANDRES','FELIPE','m','2001-03-06','52399','15816996','','','','','','','ENRIQUEZ CERON','ONIS OBEIMAR','','','','','','CISNEROS','CLAUDIA','','','','','','','',NULL,NULL,NULL,NULL,575),('701','1007310937','1007310937','2','DEJOY','ACOSTA','ANGIE','STEFANNY','f','2000-09-12','52378','87248197','36980232','','B/PABLO VI','','3202874441','19,93','DEJOY','RODRIGO','','','','','','ACOSTA','HELMA','','','','','','','',NULL,NULL,NULL,NULL,576),('701','1004710643','1004710643','2','LOPEZ','BOLANOS','BRAYAN','ALEXANDER','m','2001-06-14','52378','10661513','27281385','','B/LLANOGRANDE','','3147987760','22,89','LOPEZ','FREDY','','','','','','BOLAÑOS','EUNICE','','','','','','','',NULL,NULL,NULL,NULL,577),('701','1004710604','1004710604','2','GUERRERO','ALVARADO','CRISTIAN','DANILO','m','2001-05-09','52378','87247644','27097649','','B/FENELON ORDOÑEZ','','3117732189','25,02','GUERRERO','ALIRIO','','','','','','ALVARADO','CECILIA','','','','','','','',NULL,NULL,NULL,NULL,578),('701','1006359335','1006359335','2','SIMALES','HOYOS','DANIEL','FEDERICO','m','1993-11-15','76233','94419266','66909468','27276312','VDA/LA CUCHILLA','','','6,83','SIMALES','ENRIQUE','','','','','','HOYOS','LUZ PIEDAD','','','','','','SIMALES LEYTON','AMPARO',NULL,NULL,NULL,NULL,579),('701','97120317983','97120317983','2','MUNOZ','MUNOZ','DANNY','YANQUELLY','f','1997-12-03','52378','87246911','272811717','','EL HATICO','','','11,13','MUÑOZ LEITON','ALIRIO','','','','','','MUÑOZ SOSCUE','OMAIRA','','','','','','','',NULL,NULL,NULL,NULL,580),('701','98111660662','98111660662','2','CARLOSAMA','DELGADO','DAVINSON','','m','1998-11-16','52378','','27280941','','B/SULTANA DEL MAYO','','','','CARLOSAMA','ARNULFO','','','','','','DELGADO','SARAY','','','','','','','',NULL,NULL,NULL,NULL,581),('701','1004710726','1004710726','2','ORDONEZ','IBARRA','DEISY','TATIANA','f','2001-08-25','52378','87246123','27276783','','B/PRADOS DEL NORTE','','3116286827','38,41','ORDOÑEZ','EDER','','','','','','IBARRA','LIDA','','','','','','','',NULL,NULL,NULL,NULL,582),('701','99041003487','99041003487','2','MUNOZ','MESA','EDWIN','SAMIR','m','1999-04-10','52378','6249077','66887629','','LA CRUZ','','3184167166','48,94','MUÑOZ','MAURO','','','','','','MESA','MARIA ROSA','','','','','','','',NULL,NULL,NULL,NULL,583),('701','98102264126','98102264126','2','BOLANOS','REALPE','ESTEBAN','ANDRES','m','1998-10-22','52378','87246841','27281116','','B/CENTRO','','3146223652','37,8','BOLAÑOS','LUIS ANTONIO','','','','','','REALPE','BETTY YOLANDA','','','','','','','',NULL,NULL,NULL,NULL,584),('701','1007310917','1007310917','2','MOLINA','RUIZ','ESTEBAN','ADRIAN','m','2000-12-30','52378','87248832','','','B/LLANOGRANDE','','3137165900','10,12','MOLINA','ORLANDO','','','','','','RUIZ','KAROL','','','','','','','',NULL,NULL,NULL,NULL,585),('701','1004710655','1004710655','2','BELTRAN','MARTINEZ','FABIANA','ANDREA','f','2001-08-11','52378','87247357','27282002','','CARRERA 11 9-22','','3146210119','34,67','BELTRAN ','ANIBAL','','','','','','MATINEZ','MARTHA','','','','','','','',NULL,NULL,NULL,NULL,586),('701','1007311084','1007311084','2','BRAVO','MUNOZ','HUGO','ALEXANDER','m','2000-06-23','52378','87246444','27282162','','LA CRUZ','','','12,40','BRAVO','MAXIMO','','','','','','MUÑOZ URBANO','MARIA','','','','','','','',NULL,NULL,NULL,NULL,587),('701','1004710675','1004710675','2','LOPEZ','URBANO','JEFERSSON','STIVEN','m','2001-08-27','52378','87248280','36980251','','VDA/ESCANDOY','','3127505956','23,02','LOPEZ','YIMMI','','','','','','URBANO','YUDI','','','','','','','',NULL,NULL,NULL,NULL,588),('701','98010270880','98010270880','2','BRAVO','MOLINA','JHON','BAIRON','m','1998-01-02','52378','87248054','27282428','','B/FENELON ORDOÑEZ','','3217424008','23,14','BRAVO','ALVARO','','','','','','MOLINA','SANDRA PATRICIA','','','','','','','',NULL,NULL,NULL,NULL,589),('701','1004710678','1004710678','3','BRAVO','RODRIGUEZ','JHON','ALEXANDER','m','2001-08-07','52378','87245012','27276355','','VDA/PAZISARA','','3217927030','15.50','BRAVO','JESUS','','','','','JESUS','RODRIGUEZ','MARIA ','','','','','','','',NULL,NULL,NULL,NULL,590),('701','1007310848','1007310848','2','MUNOZ','BRAVO','JHON','STIVEN','m','1999-12-18','52378','87248872','27282235','','VDA/LA VEGA','','','13,05','MUÑOZ','ELMER','','','','','','BRAVO','MERINA','','','','','','','',NULL,NULL,NULL,NULL,591),('701','1004710721','1004710721','2','BRAVO','GUERRERO','JOHAN','SEBASTIAN','m','2001-09-26','52378','87247860','27282410','','LA CRUZ','','3108399390','54,69','BRAVO','PABLO EMILIO','','','','','','GUERRERO','NIDIA','','','','','','','',NULL,NULL,NULL,NULL,592),('701','1193383318','1193383318','2','ALBAN','BRAVO','JUAN','PABLO','m','2001-04-13','99785','87247227','27277348','','LA CRUZ','','3148102939','35,40','ALBAN','MIGUEL ANGEL','','','','','','BRAVO','MIRTHA','','','','','','','',NULL,NULL,NULL,NULL,593),('701','1004710710','1004710710','2','SOSCUE','LOPEZ','KAREN','TATIANA','f','2001-09-16','52378','87248519','27281156','','VDA/LA CIENEGA','','3103857316','34,87','SOSCUE','SEGUNDO','','','','','','LÓPEZ','LEONOR','','','','','','','',NULL,NULL,NULL,NULL,594),('701','1007310872','1007310872','2','LOPEZ','MOLINA','KEVIN','GILDARDO','m','2000-04-16','52378','87248825','27281987','','B/LLANOGRANDE','','3116007124','3,43','LOPEZ','GILDARDO','','','','','','MOLINA','CIELO','','','','','','','',NULL,NULL,NULL,NULL,595),('701','1004710784','1004710784','2','ENRIQUEZ','BRAVO','LEIDY','YULIANA','f','2002-02-04','52378','87246725','27276901','','B/MOROCHILLO','','3117413320','17,7','ENRIQUEZ','LIBARDO ARTURO','','','','','','BRAVO','GABBY','','','','','','','',NULL,NULL,NULL,NULL,596),('701','1004710584','1004710584','2','DIAZ','NANEZ','LIBARDO','VLADIMIR','m','2001-05-19','52378','87245410','27276527','','B/LLANOGRANDE','','3117772248','6,81','DIAZ','OSWALDO','','','','','','ÑAÑEZ','MARIA DEL SOCORRO','','','','','','','',NULL,NULL,NULL,NULL,597),('701','1004630623','1004630623','2','CALVACHE','CHASOY','LISBETH','DANIELA','f','2001-03-22','52258','','66923748','','B/SANTNADER','','3216159436','39,83','CALVACHE','WILLIAM','','','','','','CHASOY','MARIA ELVIRA','','','','','','','',NULL,NULL,NULL,NULL,598),('701','1004710805','1004710805','2','MUNOZ','MUNOZ','LIZBETH','JHULIANA','f','2002-02-12','52378','','27281927','','B/PABLO SEXTO','','3218285057','36,09','MUÑOZ','ISNARDO','','','','','','MUÑOZ','CLAUDIA','','','','','','','',NULL,NULL,NULL,NULL,599),('701','1004710753','1004710753','2','MUNOZ','LEYTON','MARIA','CAMILA','f','2001-06-08','52378','','27276037','','B/BELEN','','3117887183','11,47','','','','','','','','MUÑOZ LEITON','GLADYS','','','','','','','',NULL,NULL,NULL,NULL,600),('701','1007310916','1007310916','2','ORTIZ','MUNOZ','MARLY','TATIANA','f','2000-12-04','52378','87248298','36980129','','B/PRADOS DEL NORTE','','3105266275','','ORTIZ','YOBANY','','','','','','MUÑOZ','MARIA REINA','','','','','','','',NULL,NULL,NULL,NULL,601),('701','1004517113','1004517113','2','ORTIZ','ORDOÑEZ','MAYERLY','LISBETH','f','2001-06-27','13670','98323776','27282159','','','','','19,57','ORTIZ','JHONY ALEXANDER','','','','','','ORDOÑEZ','CLAUDIA','','','','','','','',NULL,NULL,NULL,NULL,602),('701','1004710657','1004710657','2','IBARRA','PORTILLA','NATALIA','ELIZABETH','f','2001-06-24','52378','87248289','27277745','','VDA/ SAN FRANCISCO','','3146735266','29,42','IBARRA','NELSON','','','','','','PORTILLA','OMAIRA','','','','','','','',NULL,NULL,NULL,NULL,603),('701','1192719935','1192719935','2','GOMEZ','BRAVO','NAYELLY','VALENTINA','f','2001-08-16','52378','','1088970465','','VDA/ SAN FRANCISCO','','3118784388','12,32','GOMEZ','JUAN','','','','','','BRAVO','LILI ORTENCIA','','','','','','','',NULL,NULL,NULL,NULL,604),('701','1004710578','1004710578','2','CRUZ','MUNOZ','OMAR','SANTIAGO','m','2001-05-09','52378','87248072','1088971823','','B/VILLA DEL NORTE','','3113143854','13,98','CRUZ ORDOÑEZ','OMAR','','','','','','MUÑOZ LASSO','GRACIELA','','','','','','','',NULL,NULL,NULL,NULL,605),('701','1007311020','1007311020','2','BRAVO','CERON','OSCAR','DAVID','m','2001-01-05','52378','','27282143','','B/SAN ANTONIO','','3217188642','28,77','BRAVO','ALVARO','','','','','','CERON','SANDRA VIVIANA','','','','','','','',NULL,NULL,NULL,NULL,606),('701','1002820320','1002820320','2','BOLANOS','PANCHO','WILMER','ANDRES','m','2002-06-04','99828','87247828','25274314','','B/LLANOGRANDE','','3128780861','9,89','BOLAÑOS','WILMAN','','','','','','PANCHO','BETTY ','','','','','','','',NULL,NULL,NULL,NULL,607),('701','1007310822','1007310822','2','NANEZ','MUNOZ','YANCI','PATRICIA','f','2001-01-21','52378','98323679','27281179','','B/FENELON ORDOÑEZ','','3136722419','12,83','ÑAÑEZ','LEONIBAL','','','','','','MUÑOZ','DELBY','','','','','','','',NULL,NULL,NULL,NULL,608),('701','1007310846','1007310846','2','GOMEZ','REALPE','YENNY','PAOLA','f','1999-11-09','52378','87248781','27282108','','VDA/LA PLANTA','','3216130714','','GOMEZ','JOSE','','','','','','REALPE','NIDIA','','','','','','','',NULL,NULL,NULL,NULL,609),('701','1004710936','1004710936','2','DELGADO','MOLINA','YUDI','CRISTINA','f','2002-08-24','52378','87246066','27277071','','VDA/ SAN RAFAEL','','3122604380','27,70','DELGADO','EVER GENTIL','','','','','','MOLINA','AMPARO','','','','','','','',NULL,NULL,NULL,NULL,610),('701','1004710521','1004710521','2','BURBANO','MOLINA','YULIANA','','f','2001-03-26','52378','87245662','27277110','','B/PRADOS DEL NORTE','','3205526841','31,35','BURBANO','GERARDO','','','','','','MOLINA','NORA','','','','','','','',NULL,NULL,NULL,NULL,611),('701','1004710688','1004710688','2','GOMEZ','MUNOZ','YULIANA','MARIANITA','f','2001-08-25','52378','5351007','27275268','','B/CHORRILLO','','3128580481','10,88','GOMEZ','RAUL ANTONIO','','','','','','MUÑOZ','MARIA FIDELINA','','','','','','','',NULL,NULL,NULL,NULL,612),('702','1004710707','1004710707','2','MUÑOZ','GOMEZ','ANA','MARIA','f','2001-09-10','52378','87247348','27277502','','B/CENTRO','','3117627889','60,25','MUÑOZ MUÑOZ','JUVER HERNEY','','','','','','GOMEZ ORDÓÑEZ ','ELIANA','','','','','','','',NULL,NULL,NULL,NULL,613),('702','1007310967','1007310967','2','HOYOS','GUERRERO','ANDERSON','','m','2002-01-01','52378','','36980326','','B/MOROXCHILLO','','3148318299','39,57','HOYOS','JAVIER','','','','','','GUERREREO','ZULLY LORENA','','','','','','','',NULL,NULL,NULL,NULL,614),('702','9906211208','9906211208','2','ALBAN','PORTILLA','ANDRES','FELIPE','m','1999-06-21','52378','87246755','27281041','','B/PORTALES DEL NORTE','','','5,19','ALBAN','LEONARDO','','','','','','PORTILLA','LUZ MARY','','','','','','','',NULL,NULL,NULL,NULL,615),('702','1007310889','1007310889','2','CHAVEZ','MUNOZ','ANYI','LORENA','f','2000-09-23','52378','87247544','27281750','','VDA/COFRADIA','','','9,05','CHAVEZ','LORENZO','','','','','','MUÑOZ','CECILIA','','','','','','','',NULL,NULL,NULL,NULL,616),('702','98083168021','98083168021','2','CARLOSAMA','MENESES','BRAYAN','DAVID','m','1998-08-31','52378','87247212','27282076','','B/MOROXCHILLO','','3127897820','25,07','CARLOSAMA','HERMES','','','','','','MENESES','OMAIRA','','','','','','','',NULL,NULL,NULL,NULL,617),('702','1004710639','1004710639','2','CERON','MOLINA','CARLOS','SANTIAGO','m','2001-08-01','52378','87246944','27277136','','B/MOROXCHILLO','','3206561799','39,66','CERON','HOOVER','','','','','','MOLINA','MARLENY','','','','','','','',NULL,NULL,NULL,NULL,618),('702','1002806142','1002806142','2','SAMBONI','PERAFAN','CLAUDIA','','f','2001-06-08','19100','4632732','27277908','','VDA/LLANOGRANDE','','3206242298','10,56','SAMBONI','RUBER','','','','','','POPAYAN','DORIS','','','','','','','',NULL,NULL,NULL,NULL,619),('702','1004710642','1004710642','2','MOLINA','MUNOZ','CRISTIAN','ANDRES','m','2001-05-06','52378','87245175','27277325','','B/MOROXCHILLO','','3117206253','20,1','MOLINA','PEDRO','','','','','','MUÑOZ','ODILA LUCIA','','','','','','','',NULL,NULL,NULL,NULL,620),('702','1004711498','1004711498','2','BOLANOS','ORDONEZ','DANIA','ANDREA CATERINE','f','2000-06-30','52378','48604039','48604039','','VDA/LLANOGRANDE','','3207491038','5,27','BOLAÑOS','MARINO','','','','','','ORDOÑEZ','SEGUNDA','','','','','','','',NULL,NULL,NULL,NULL,621),('702','1004710601','1004710601','2','BOLAÑOS','MUÑOZ','DANIELA','LISSETH','f','2001-05-11','52378','87248468','36980288','','B/MOROXCHILLO','','3117981819','18,19','BOLAÑOS','FREDY MARIN','','','','','','MUÑOZ','YURI VIVIANA','','','','','','','',NULL,NULL,NULL,NULL,622),('702','1007311023','1007311023','2','ERAZO','ORDONEZ','DAYANA','VANESSA','f','2000-12-25','52378','87245992','27281929','','VDA/VEGA','','3147706067','','ERAZO','FRANCO','','','','','','ORDOÑEZ HOYOS','DORIS','','','','','','','',NULL,NULL,NULL,NULL,623),('702','1004711445','1004711445','2','MOLINA','MOLINA','ELIANA','MARIA','f','2000-04-23','52378','87247161','27281785','','VDA/LAS ARADAS','','3105495887','29,62','MOLINA MUÑOZ','EVER','','','','','','MOLINA','MARIA','','','','','','','',NULL,NULL,NULL,NULL,624),('702','1002807280','1002807280','2','SAMBONI','PERAFAN','ESTIVEN','','m','2003-02-22','19100','4632732','27277908','','VDA/LLANOGRANDE','','3206242299','10,56','SAMBONI','RUBER','','','','','','PERAFAN','DORIS','','','','','','','',NULL,NULL,NULL,NULL,625),('702','1004710569','1004710569','2','POPAYAN','MUNOZ','FABIO','ALEJANDRO','m','2001-04-11','52378','87246165','27281299','','VDA/LLANOGRANDE','','3136593408','34,04','POPAYAN','FAVIO','','','','','','MUÑOZ','DORIS','','','','','','','',NULL,NULL,NULL,NULL,626),('702','1007779732','1007779732','2','GALLARDO','MUNOZ','HAROLD','','m','1999-08-11','19050','5281971','36855003','','B/SAN ANTONIO','','3108712985','36,41','GALLARDO','RUTILIO','','','','','','MUÑOZ','ADELINA','','','','','','','',NULL,NULL,NULL,NULL,627),('702','1007310820','1007310820','2','CERON','ALVEAR','IBETH','FERNANDA','f','2001-05-04','52378','87248085','36980219','','B/SAN ANTONIO','','3117981819','37,13','CERON','JAIRO','','','','','','ALVEAR','LEIDY','','','','','','','',NULL,NULL,NULL,NULL,628),('702','1007310998','1007310998','2','BOLANOS','MUNOZ','JENNIFER','ANDREA','f','2002-02-07','52378','87247121','27277106','','B/SANTANDER','','3127380277','5,00','BOLAÑOS','JOSE ANTONIO','','','','','','MUÑOZ ORTIZ','MARIA','','','','','','','',NULL,NULL,NULL,NULL,629),('702','1007797122','1007797122','2','CHAVEZ','JURADO','JHON','ESTIVEN','m','2000-04-11','52378','87247809','25593897','','B/FENELON ORDOÑEZ','','3116064067','19,51','CHAVEZ','JORGE LINO','','','','','','JURADO','NUBIA','','','','','','','',NULL,NULL,NULL,NULL,630),('702','97122023242','97122023242','2','CHAVEZ','ALBAN','JONATHAN','ANDRES','m','1997-12-20','52378','87247922','27276320','','B/EL CHORRILLO','','3116197538','11,15','CHAVES','GEOVANY','','','','','','ALBAN','GLADIS AMPARO','','','','','','','',NULL,NULL,NULL,NULL,631),('702','1007310985','1007310985','2','CIFUENTES','GAVIRIA','JONATHAN','ALEJANDRO','m','2002-02-13','52378','14635596','27281268','','B/FENELON ORDOÑEZ','','3116442059','20,75','CIFUENTES','RUBEN','','','','','','GAVIRIA','SANDRA','','','','','','','',NULL,NULL,NULL,NULL,632),('702','1004710739','1004710739','2','BRAVO','MUNOZ','JUAN','CAMILO','m','2001-09-15','52378','','27282015','','B/PORTALES DEL NORTE','','3207555833','52,9','BRAVO','ALVARO','','','','','','MUÑOZ','MAGNOLIA','','','','','','','',NULL,NULL,NULL,NULL,633),('702','1007310958','1007310958','2','HOYOS','MUNOZ','KAREN','DORIBEY','f','2001-12-23','52378','87249039','27282368','','VDA/LA VEGA','','3217065249','27,62','HOYOS','JAIRO','','','','','','MUÑOZ','MARY MILENA','','','','','','','',NULL,NULL,NULL,NULL,634),('702','1007310886','1007310886','2','BOLANOS','CALAMBAS','LISBETH','MARYORI','f','2000-08-22','52378','87248520','','','VDA/COFRADIA','','3105482781','','BOLAÑOS','ALBEIRO','','','','','','CALAMBAS','LUZ MARINA','','','','','','','',NULL,NULL,NULL,NULL,635),('702','1004710619','1004710619','2','VARGAS','MUNOZ','LIZBETH','TATIANA','f','2001-06-11','52378','13072889','27281951','','B/MADRIGAL','','3146350321','34,03','QUINTERO','JAMES','','','','','','MUÑOZ','BETHY','','','','','','','',NULL,NULL,NULL,NULL,636),('702','1007310984','1007310984','2','CASTRO','REALPE','MARIANA','','f','2000-05-18','52378','27281015','76271127','','B/SAN ANTONIO','','3158001359','9,73','CASTRO','ALDEMAR','','','','','','REALPE','NOHORA','','','','','','','',NULL,NULL,NULL,NULL,637),('702','1004710618','1004710618','2','MOLINA','REALPE','MAYERLY','','f','2001-06-08','52378','87247452','27277282','','B/CENTRO','','3148928976','47,08','MOLINA HOYOS','OSCAR','','','','','','REALPE','MAGALY','','','','','','','',NULL,NULL,NULL,NULL,638),('702','99100809997','99100809997','2','GUERRERO','MUNOZ','MILEIDY','SORANI','f','1999-10-08','52378','87248368','27277303','','VDA/LA VEGA','','3207352685','30,4','GUERRERO','EIVAR','','','','','','MUÑOZ','MARIA','','','','','','','',NULL,NULL,NULL,NULL,639),('702','1004710663','1004710663','2','CARLOSAMA','BRAVO','OSCAR','JAVIER','m','1999-08-14','52378','87248295','','','B/CENTRO','','3105434786','18,80','CARLOSAMA','ROLANDO','','','','','','BRAVO','YOLIMA','','','','','','','',NULL,NULL,NULL,NULL,640),('702','1007310896','1007310896','2','MOLINA','BOLANOS','OSCAR','ALEJANDRO','m','2001-08-05','52378','87248537','35980150','','VDA/LAS ANIMAS','','3117893243','12,94','MOLINA','GUIDO','','','','','','BOLAÑOS','CAROLINA','','','','','','','',NULL,NULL,NULL,NULL,641),('702','1004710735','1004710735','2','MUNOZ','REALPE','PAULA','NALLELI','f','2001-07-25','52378','87249018','1088970980','','VDA/LAS ANIMAS','','3117107580','10,39','MUÑOZ','MARINO','','','','','','REALPE','YULY','','','','','','','',NULL,NULL,NULL,NULL,642),('702','1007310949','1007310949','2','MARTINEZ','HOYOS','PAULO','ANDRES','m','2001-05-11','52378','87246926','27277005','','B/SAN ANTONIO','','3117663787','30,82','MARTINEZ','PAULO','','','','','','HOYOS','LUZ DANY','','','','','','','',NULL,NULL,NULL,NULL,643),('702','1004710732','1004710732','2','MUNOZ','MOLINA','RONALD','ALEJANDRO','m','2001-10-09','52378','87248130','27277802','','B/VILLA DEL NORTE','','3117122393','42,07','MUÑOZ','JAIME','','','','','','MOLINA','ANA RUBIELA','','','','','','','',NULL,NULL,NULL,NULL,644),('702','1004710645','1004710645','2','DELGADO','TORRES','SANTIAGO','RAFAEL','m','2001-06-04','52378','98387396','27277764','','B/VILLA DEL NORTE','','3216168877','15,34','DELGADO','JOSE RAFAEL','','','','','','TORRES','SANDRA','','','','','','','',NULL,NULL,NULL,NULL,645),('702','1004710807','1004710807','2','SANTACRUZ','ALVEAR','SERGIO','JAVIER','m','2002-01-19','52378','12993996','27281628','','B/LA POLA','','3117674387','36,03','SANTACRUZ','GULLERMO JAVIER','','','','','','ALVEAR','ANDREA MARITZA','','','','','','','',NULL,NULL,NULL,NULL,646),('702','1007310993','1007310993','2','TOBAR','BOLANOS','VALERIA','FERNANDA','f','2002-01-28','52378','76329522','27281153','','B/SAN ANTONIO','','3136064766','40,63','TOBAR','CARLOS','','','','','','BOLAÑOS','JEANETHE','','','','','','','',NULL,NULL,NULL,NULL,647),('702','1003103066','1003103066','2','ALBAN','ACOSTA','YIMI','MIGUEL','m','2002-02-01','19807','','34659920','','B/SULTANA DEL MAYO','','3218141304','30,84','ALBAN','MIGUEL','','','','','','ACOSTA','MARULANDA','','','','','','','',NULL,NULL,NULL,NULL,648),('702','99100308807','99100308807','2','ORTIZ','REALPE','YUNAN','DAVID','m','1999-10-03','52378','','27277573','','B/SAN ANTONIO','','3113578937','15,51','','','','','','','','ORTIZ','MARIA CECILIA','','','','','','','',NULL,NULL,NULL,NULL,649),('703','1004711397','1004711397','2','MUNOZ','CARLOSAMA','ALBERT','SANTIAGO','m','2000-01-16','52378','87249077','27281313','','B/MOROCHILLO','','3128279461','36,52','MUÑOZ','FABIAN ALEN ','','','','','','CARLOSAMA','DUBY PATRCIA','','','','','','','',NULL,NULL,NULL,NULL,650),('703','1004255374','1004255374','2','PALACIOS','TORO','ANDRES','FELIPE','m','2001-11-12','99779','87248682','30743952','','B/LA POLA','','3122957149','15,19','PALACIOS','HAROLD','','','','','','TORO','MILLERLANDY','','','','','','','',NULL,NULL,NULL,NULL,651),('703','1004675529','1004675529','2','ZAMBRANO','CERON','ANDRES','FELIPE','m','2002-05-31','52399','87245332','59311348','','B/SULTANA DEL MAYO','','3104668120','51,37','ZAMBRANO','JULIO RAUL','','','','','','CERON','ELIANA','','','','','','','',NULL,NULL,NULL,NULL,652),('703','1004710650','1004710650','2','ALVEAR','CERON','ANGIE','YULIETH','f','2001-07-05','52378','87247429','27281396','','B/SANTANDER','','3104522024','27,70','ALVEAR','OSCAR FERNANDO','','','','','','CERON','MARGOT DEL CARMEN','','','','','','','',NULL,NULL,NULL,NULL,653),('703','1004710763','1004710763','2','AULLON','MOLINA','BAYRON','ESTIBEN','m','2001-07-12','52378','87247848','27277486','','B/SULTANA DEL MAYO','','3113639820','6,45','AULLON','EIDER','','','','','','MOLINA','OMAIRA','','','','','','','',NULL,NULL,NULL,NULL,654),('703','99022402605','99022402605','2','ERAZO','DIAZ','BRAYAN','ANDRES','m','1991-02-24','52378','87248202','','','VDA/SAN FRANCISCO','','3216075499','10,41','SIMALES','MANUEL','','','','','','DIAZ','LENEY','','','','','','','',NULL,NULL,NULL,NULL,655),('703','656','1004711015','2','HOYOS','MOLINA','CAMILA','ALEXANDRA','f','2000-02-03','52378','87249137','27282081','','B/SAN ANTONIO','','3206239498','19,90','HOYOS','ALEXANDER','','','','','','MOLINA','MARIA EUGENIA','','','','','','','',NULL,NULL,NULL,NULL,656),('703','1004727611','1004727611','2','BURBANO','MOLINA','DANNY','VANESSA','f','2002-05-20','52378','87302710','27282200','','VDA/COFRADIA','','3127246492','12,71','BURBANO','TITO','','','','','','MOLINA','JUANA DARY','','','','','','','',NULL,NULL,NULL,NULL,657),('703','100471068','100471068','2','LOPEZ','BOLANOS','DUBAN','RICARDO','m','2001-08-23','52378','87247656','27281843','','B/VILLA DEL NORTE','','3137658548','35,28','LÓPEZ','RICARDO','','','','','','BOLAÑOS','CRISTINA','','','','','','','',NULL,NULL,NULL,NULL,658),('703','1004711367','1004711367','2','GUERRERO','ORTEGA','EMIR','DANIELA','f','2000-02-10','52378','5275125','27277227','','VDA/COFRADIA','','3104877583','','GUERRERO','JOSE OSWALDO','','','','','','ORTEGA','SOCORRO','','','','','','','',NULL,NULL,NULL,NULL,659),('703','1004710762','1004710762','2','BOTINA','DIAZ','ERIKA','DAYANNA','f','2001-10-30','52378','87248867','1088970169','','B/VILLA DEL NORTE','','3146192630','24,89','BOTINA','MILVER','','','','','','DIAZ','NORALBA','','','','','','','',NULL,NULL,NULL,NULL,660),('703','99100111701','99100111701','2','ERASO','DELGADO','ERMES','FRANCISCO','m','1999-10-01','52378','87246225','27277245','','VDA/EL TROJE','','3206082176','28,14','ERAZO','RAMIRO','','','','','','DELGADO','FANY','','','','','','','',NULL,NULL,NULL,NULL,661),('703','98092416720','98092416720','2','HOYOS','MOLINA','ESTEBAN','ALEXANDER','m','1998-09-14','52378','87249137','27282081','','B/SAN ANTONIO','','3206239898','19,95','HOYOS','ALEXANDER','','','','','','MOLINA','MARIA EUGENIA','','','','','','','',NULL,NULL,NULL,NULL,662),('703','99082902216','99082902216','2','OSPINA','PEREZ','GERALDINE','','m','1999-08-29','76520','16540378','66767469','','B/SULTANA DEL MAYO','','3208871015','35,00','OSPINA','JOSE','','','','','','P+EREZ','PATRICIA','','','','','','','',NULL,NULL,NULL,NULL,663),('703','1004415170','1004415170','2','CHATES','MUNOZ','JARVIN','SANTIAGO','m','2002-05-27','15087','','27279869','','VDA/LA LAGUNA','','3122384405','','CHATES','FAVIO','','','','','','MUÑOZ','ARGENIS','','','','','','','',NULL,NULL,NULL,NULL,664),('703','1007310974','1007310974','2','MUNOZ','IMBACHI','INGRID','VANESSA','f','2002-01-01','52378','87246589','27281961','','B/PRADOS  DEL NORTE','','3146683185','','MUÑOZ','ALVARO','','','','','','IMBACHI','MARY','','','','','','','',NULL,NULL,NULL,NULL,665),('703','99031008626','99031008626','2','NOPAN','GAVIRIA','JHON','FABIO','m','1999-05-03','52399','','27275926','','B/FENELON ORDOÑEZ','','3217630450','25,70','NOPAN','PEDRO','','','','','','GAVIRIA','MARIA  CONSUELO','','','','','','','',NULL,NULL,NULL,NULL,666),('703','96122223806','96122223806','2','ERAZO','BOLANOS','JHONATAN','','m','1996-12-22','52378','87245963','27277785','','','','','6,14','ERAZO','AGUSTIN','','','','','','BOLAÑOS','INES','','','','','','','',NULL,NULL,NULL,NULL,667),('703','1010110595','1010110595','2','DIAZ','RAMOS','JONATHAN','FIDEL','m','2000-08-29','99785','87245704','27096940','','B/LA POLA','','3127480262','49,96','DIAZ','FIDELINO','','','','','','RAMOS','LUZ MARIA','','','','','','','',NULL,NULL,NULL,NULL,668),('703','98120317407','98120317407','2','BOLANOS','TULCAN','JUAN','CARLOS','m','1998-12-03','52378','87247021','27281312','','B/SAN ANTONIO','','3137918776','15,79','BOLAÑOS','ALBEIRO','','','','','','TULCAN','MILVIA','','','','','','','',NULL,NULL,NULL,NULL,669),('703','1004711371','1004711371','2','RANGEL','PERAFAN','KAREN','FERNANDA','f','2000-01-30','52378','','27281390','','B/LA POLA','','3125927956','3,90','RANGEL','ANTONIO','','','','','','PERAFAN','ANA LUCIA','','','','','','','',NULL,NULL,NULL,NULL,670),('703','1004711361','1004711361','2','BOLANOS','IMBACHI','MARIA','CAMILA','f','2000-01-14','52378','87246206','67015567','','B/PRADOS  DEL NORTE','','3128663033','37,20','BOLAÑOS','ALVARO','','','','','','IMBACHI','SOCORRO','','','','','','','',NULL,NULL,NULL,NULL,671),('703','1004710700','1004710700','2','MOLINA','ORTEGA','MARIA','ALEJANDRA','f','2001-09-22','52378','87246829','27281015','','B/PRADOS  DEL NORTE','','','27,92','MOLINA','JESUS','','','','','','ORTEGA','MARTHA','','','','','','','',NULL,NULL,NULL,NULL,672),('703','1004711057','1004711057','2','URBANO','ALBAN','MARIA','CRISTINA','f','2002-11-09','52378','87246856','27277478','','VDA/EL PALMAL','','3116072419','9,83','URBANO','FREDY','','','','','','ALBAN','SONIA','','','','','','','',NULL,NULL,NULL,NULL,673),('703','1007310990','1007310990','2','SIMALES','BOLAÑOS','MAYERLY','MARCELA','f','2001-12-30','52378','87247702','27281265','','VDA/EL TROJE','','3128426083','','SIMALES','WILTON','','','','','','BOLAÑOS','ANA MIRIAM','','','','','','','',NULL,NULL,NULL,NULL,674),('703','1004710638','1004710638','2','MOLINA','BOLANOS','NATALIA','LIZETH','f','2001-07-18','52378','','27277579','','VDA/COFRADIA','','3113695499','','MOLINA','SIMON','','','','','','BOLAÑOS','PRAXIDES','','','','','','','',NULL,NULL,NULL,NULL,675),('703','1004710640','1004710640','2','CERON','ORDONEZ','OSCAR','RICARDO','m','2001-07-13','52378','87247471','27277309','','B/SANTANDER','','3122896504','2,63','CERON','OSCAR','','','','','','ORDOÑEZ','MARIA CELMIRA','','','','','','','',NULL,NULL,NULL,NULL,676),('703','1004710508','1004710508','2','CERON','DIAZ','RONALD','YEFERSON','m','1998-02-23','52378','87248735','27282082','','VDA/LA CAÑADA','','3105143313','26,97','CERON','ENAR','','','','','','DIAZ','MARA EDITH','','','','','','','',NULL,NULL,NULL,NULL,677),('703','1004419116','1004419116','2','SALAZAR','ORDONEZ','SANTIAGO','ALEJANDRO','m','2000-12-08','52378','16822318','27277546','','B/LA POLA','','3156890797','6,51','','','','','','','','ORDOÑEZ','NORALBA','','','','','','','',NULL,NULL,NULL,NULL,678),('703','1004710637','1004710637','2','MOLINA','BOLANOS','TANIA','VALENTINA','f','2001-07-18','52378','','27277579','','VDA/COFRADIA','','3113695499','','MOLINA','SIMON','','','','','','BOLAÑOS','PRAXIDES','','','','','','','',NULL,NULL,NULL,NULL,679),('703','1004710787','1004710787','2','BOLANOS','CERON','TATIANA','MELIZA','f','2002-02-06','52378','94430379','27281271','','B/SAN ANTONIO','','3148176161','35,10','BOLAÑOS','JAIME','','','','','','PANTOJA','ELVA','','','','','','','',NULL,NULL,NULL,NULL,680),('703','1005965461','1005965461','2','MUNOZ','NARANJO','VALENTINA','','f','2000-10-25','99823','87247103','67017372','','B/SULTANA DEL MAYO','','3104659089','32,10','MUÑOZ','MARIO','','','','','','NARANJO','FRANCIA','','','','','','','',NULL,NULL,NULL,NULL,681),('703','1007310934','1007310934','2','BOLANOS','HOYOS','YIBY','DANIELA','f','2001-02-14','52378','16772105','27277945','','B/PRADOS  DEL NORTE','','3148558279','10,23','BOLAÑOS','GUIDO','','','','','','HOYOS','GLORIA ESPERANZA','','','','','','','',NULL,NULL,NULL,NULL,682),('703','99120603139','99120603139','2','GOMEZ','MARTINEZ','YINA','KATERINE','f','1999-12-06','25649','1808127','59588917','','B/LA POLA','','3106951051','','GOMEZ','JESUS','','','','','','MARTINEZ','FABIOLA','','','','','','','',NULL,NULL,NULL,NULL,683),('703','99080110282','99080110282','2','RODRIGUEZ','CHATES','YOHAN','ANDRES','m','1999-08-01','52378','87248506','27281036','','VDA/EL HATICO','','3122068573','7,22','RODRIGUEZ','JOSE EMIR','','','','','','CHATES','LUZ MARINA','','','','','','','',NULL,NULL,NULL,NULL,684),('703','99091713647','99091713647','2','DORADO','ORDONEZ','YORLY','ALEXIS','m','1999-09-17','52378','87247897','27282225','','VDA/LAS ARADAS','','3113142956','6,40','DORADO','SEGUNDO FIDEL','','','','','','ORDOÑEZ','MARIA FANY','','','','','','','',NULL,NULL,NULL,NULL,685),('703','1006435484','1006435484','2','MUNOZ','SOSCUE','YULIETH','TATIANA','f','2001-03-22','76892','87247566','1088970876','','B/CENTRO','','3146712297','13,40','MUÑOZ','ALIRIO','','','','','','SOSCUE','GLADIS','','','','','','','',NULL,NULL,NULL,NULL,686),('703','98082867090','98082867090','2','CHAVEZ','MUNOZ','YURANI','TATIANA','f','1998-08-28','52378','87247544','27281750','','VDA/COFRADIA','','3206209994','11,37','CHAVEZ','LORENZO','','','','','','MUÑOZ','CECILIA','','','','','','','',NULL,NULL,NULL,NULL,687),('801','1192770373','1192770373','2','MUNOZ','IMBACHI','ALEX','HERNEY','m','2000-01-04','52378','87246963','27276215','','B/PRADOS  DEL NORTE','','3105097353','24,47','MUÑOZ','HERNEY','','','','','','IMBACHI','MARTHA','','','','','','','',NULL,NULL,NULL,NULL,688),('801','99040211175','99040211175','2','IMBACHI','MUNOZ','ANGELA','DAYANA','f','1999-04-02','52378','87247294','27282265','','VDA/EL TABOR','','3108925860','34,92','IMBACHI','HENRY HERNAN','','','','','','MUÑOZ','YOLANDA','','','','','','','',NULL,NULL,NULL,NULL,689),('801','1193049728','1193049728','2','BRAVO','LEITON','ANGIE','SOFIA','f','2000-08-19','52378','14409259','59240036','','B/PRADOS  DEL NORTE','','3147325319','49,83','LEITON','FRANCO','','','','','','BRAVO','FLOR','','','','','','','',NULL,NULL,NULL,NULL,690),('801','1024565459','1024565459','1','BRAVO','MUÑOZ','ANGUIE','PAOLA','f','1995-10-25','52378','','27281748','','VDA/SAN FRANCISCO','','3112735095','','BRAVO','JAIR','','','','','','MUÑOZ','ALBA','','','','','','','',NULL,NULL,NULL,NULL,691),('801','99011312180','99011312180','2','ERAZO','MUNOZ','BRAYAN','ANDREY','m','1999-01-19','52378','','38553360','','VDA/SAN FRANCISCO','','3116878166','30,02','ERAZO','ERIBERTO','','','','','','MUÑOZ','AURA','','','','','','','',NULL,NULL,NULL,NULL,692),('801','98102870000','98102870000','2','RUIZ','BOLANOS','CARLOS','ANDRES','m','1998-10-28','52378','10521814','','','B/SULTANA DEL MAYO','','3128439242','27,59','RUIZ','HERNAN','','','','','','BOLAÑOS','AMPARO','','','','','','','',NULL,NULL,NULL,NULL,693),('801','1004710510','1004710510','2','CERON','DIAZ','DAYANA','YISETH','f','1999-08-20','52378','87248735','27282082','','VDA/LA CAÑADA','','3207894214','10,16','CERON','RNAR','','','','','','DIAZ','MARA EDITH','','','','','','','',NULL,NULL,NULL,NULL,694),('801','1007708348','1007708348','2','PEREZ','BUESAQUILLO','DEBORA','ALEJANDRA','f','2000-07-22','19100','10315655','34341205','','VDA/LLANOGRANDE','','3146061440','11,95','PEREZ','YOVANI','','','','','','BUESAQUILLO','MARELVI','','','','','','','',NULL,NULL,NULL,NULL,695),('801','1007310928','1007310928','2','REALPE','VALENCIA','DEIVY','FABIAN','m','2001-01-28','52378','87247707','27277488','','B/MADRIGAL','','3103991309','42,80','REALPE','SANDRO','','','','','','VALENCIA','MONICA','','','','','','','',NULL,NULL,NULL,NULL,696),('801','1007311019','1007311019','2','IMBACHI','GOMEZ','EDISON','FELIPE','m','2000-11-20','52378','','27279269','','B/MOROCHILLO','','3104957481','29,64','IMBACHI','JOSE','','','','','','GÓMEZ','MARINA','','','','','','','',NULL,NULL,NULL,NULL,697),('801','1004711362','1004711362','2','IMBACHI','MUNOZ','EIVAR','SANTIAGO','m','1999-12-22','52378','87247296','27281314','','VDA/EL TABOR','','3116335990','17,94','IMBACHI','EIVAR','','','','','','MUÑOZ','NORA','','','','','','','',NULL,NULL,NULL,NULL,698),('801','1192770381','1192770381','2','PALACIOS','MUNOZ','JESUS','SANTIAGO','m','2000-01-18','52378','87245729','','','B/GRANADA','','3117734777','14,96','PALACIOS','LUIS ALBERTO','','','','','','MUÑOZ','SANDRA','','','','','','','',NULL,NULL,NULL,NULL,699),('801','1007452963','1007452963','2','ORTIZ','GAVIRIA','JHON','EDILBERTO','m','2000-05-10','76130','87247043','27277699','','B/MOROCHILLO','','3127358126','16,98','ORTIZ','PEDRO','','','','','','GAVIRIA','AMPARO','','','','','','','',NULL,NULL,NULL,NULL,700),('801','99090616320','99090616320','2','MUÑOZ','ORTEGA','JONATAN','ARMANDO','m','1999-09-06','52378','87248092','27282175','','B/SULTANA DEL MAYO','','3128196507','','MUÑOZ','JESUS','','','','','','ORTEGA','AMALFI','','','','','','','',NULL,NULL,NULL,NULL,701),('801','99050612941','99050612941','2','MUNOZ','MUNOZ','JORDAN','STIVEN','m','1999-05-06','52378','87248251','27281576','','B/SAN ANTONIO','','3137154453','21,84','MUÑOZ','EDWIN','','','','','','MUÑOZ','LUCILA','','','','','','','',NULL,NULL,NULL,NULL,702),('801','1002807841','1002807841','2','ALVARADO','BUESAQUILLO','JUAN','CAMILO','m','2000-06-16','52378','4632450','27281055','','VDA/LA ESTANCIA','','3148370145','23,50','ALVARADO','DIEGO','','','','','','BUESAQUILLO','TRINIDAD','','','','','','','',NULL,NULL,NULL,NULL,703),('801','1004711454','1004711454','2','MUNOZ','HERNANDEZ','JUAN','CARLOS','m','2000-04-23','52378','87246510','27276765','','B/MOROCHILLO','','3137060513','37,54','MUÑOZ','OSWALDO','','','','','','HERNANDEZ','DORIS','','','','','','','',NULL,NULL,NULL,NULL,704),('801','1007282145','1007282145','2','RODRIGUEZ','ROSAS','JUAN','JOSE','','2000-04-23','','','59396712','','B/MOROCHILLO','','3122724746','','','','','','','','','','','','','','','','','',NULL,NULL,NULL,NULL,705),('801','1004711451','1004711451','2','GUERRERO','ORDONEZ','JUDY','DAYANA','f','','','87246949','27281074','','LA CRUZ ','','','18,71','','','','','','','','','','','','','','','','',NULL,NULL,NULL,NULL,706),('801','1007310812','1007310812','2','BOLANOS','MUNOZ','KAROL','ALEXANDRA','f','2000-06-25','52378','87248125','27281627','','B/PRADOS  DEL NORTE','','3136941478','','BOLAÑOS','ALBEIRO','','','','','','MUÑOZ','RUBY','','','','','','','',NULL,NULL,NULL,NULL,707),('801','1193029553','1193029553','2','RUEDA','MUNOZ','KAROL','ANDREA','f','2000-11-06','52378','12987410','27281328','','B/SANTANDER','','3207447516','42,13','RUEDA','JULIO','','','','','','MUÑOZ','CAROLINA','','','','','','','',NULL,NULL,NULL,NULL,708),('801','1007310838','1007310838','2','VELASCO','BRAVO','KELLY','JOHANA','f','1999-05-06','52378','87247770','27282490','','VDA/LAS ANIMAS','','3117107580','11,59','VELASCO','ARLEY','','','','','','BRAVO','VIVIANA','','','','','','','',NULL,NULL,NULL,NULL,709),('801','1004710800','1004710800','2','MUNOZ','PORTILLA','KEVIN','JAVIER','m','1999-12-19','52378','87249016','27281578','','B/FENELON ORDOÑEZ','','3117148111','33,34','MUÑOZ','BOLIVAR','','','','','','PORTILLA','LILIANA','','','','','','','',NULL,NULL,NULL,NULL,710),('801','1007310844','1007310844','2','BURBANO','ALBAN','LEIDI','TATIANA','f','2000-05-12','52378','5275028','27281848','','VDA/EL CARMEN','','3117644678','29,93','BURBANO','MIGUEL','','','','','','ALBAN','LUZ MARY','','','','','','','',NULL,NULL,NULL,NULL,711),('801','1004710641','1004710641','2','LEYTON','BOLANOS','LESLY','MAYERLY','f','2001-07-16','52378','52903444','52903444','','B/PABLO VI','','3148705320','42,39','LEYTON','JHON','','','','','','BOLAÑOS','JOHANA','','','','','','','',NULL,NULL,NULL,NULL,712),('801','1004731681','1004731681','2','GRIJALBA','ORDOÑEZ','LIZETH','TATIANA','f','2001-02-05','13670','12241306','36980090','','B/PRADOS  DEL NORTE','','3117987810','19,80','GRIJALBA','EDISSON','','','','','','ORDOÑEZ','LORENA','','','','','','','',NULL,NULL,NULL,NULL,713),('801','1004711401','1004711401','2','MUNOZ','GUERRERO','MARIO','ALEXANDER','m','2000-01-10','52378','87245962','27276605','','B/PRADOS  DEL NORTE','','','27,09','MUÑOZ','MARIO','','','','','','GUERRERO','MARIA','','','','','','','',NULL,NULL,NULL,NULL,714),('801','1010147302','1010147302','2','ORTEGA','HERNANDEZ','MICHAEL','','m','2000-12-31','52378','87248004','27282261','','B/SAN ANTONIO','','3175518899','25,52','ORTEGA','LEONARDO','','','','','','HERNANDEZ','MARIA','','','','','','','',NULL,NULL,NULL,NULL,715),('801','1193522728','1193522728','2','ORDONEZ','MUNOZ','NATALIA','','m','2000-08-15','52378','','27281732','','B/PRADOS  DEL NORTE','','3217828226','','ORDOÑEZ','MARIN','','','','','','MUÑOZ','NORA','','','','','','','',NULL,NULL,NULL,NULL,716),('801','1007311083','1007311083','2','VELASCO','RODRIGUEZ','PABLO','ANDRES','m','2000-08-13','52378','94297164','27277631','','B/CENTRO','','3113535349','32,74','VELASCO','SEGUNDO','','','','','','RODRIGUEZ','ARGENIS','','','','','','','',NULL,NULL,NULL,NULL,717),('801','1007311032','1007311032','2','GUERRERO','ORDONEZ','PAOLA','ANDREA','f','2000-09-20','52378','87246662','27275999','','B/PABLO VI','','3127987940','','GUERRERO','HERMAN','','','','','','ORDOÑEZ','ARGENIS','','','','','','','',NULL,NULL,NULL,NULL,718),('801','1007310982','1007310982','2','DIAZ','CERON','SARA','LUCIA','f','2001-01-26','52378','','27282255','','B/LA POLA','','3122243453','29,31','DIAZ','MELVI','','','','','','CERON','ROSA','','','','','','','',NULL,NULL,NULL,NULL,719),('801','1007311093','1007311093','2','CERON','MOLINA','YOJANA','ALEXANDRA','f','2000-04-22','52378','87247031','27276895','','B/MOROCHILLO','','3137350217','34,9','CERON','MARINO','','','','','','MOLINA','MARIA','','','','','','','',NULL,NULL,NULL,NULL,720),('802','1003102461','1003102461','2','ALBAN','ACOSTA','DAYANA','ESTRELLITA','f','2001-02-02','52378','87248071','34.659.920','','','','3100407839','30,84','ALBAN','MIGUEL','','','','','','ACOSTA','MARULANDA','','','','','','','',NULL,NULL,NULL,NULL,721),('802','117310926','117310926','2','MUNOZ','MOLINA','DAYANA','MELISSA','f','2000-08-26','52378','5275471','27276571','','Calle 7 No. 8 – 64','','3218512836','34,81','MUÑOZ','JESUS','','','','','','MOLINA','MARTHA','','','','','','','',NULL,NULL,NULL,NULL,722),('802','1007311017','1007311017','2','BOLANOS','BRAVO','DIEGO','FERNANDO','m','2000-10-05','52378','87247404','27281859','','Cra. 2','','3113172729','42,39','BOLAÑOS','JAVIER','','','','','','BRAVO','MARIA','','','','','','','',NULL,NULL,NULL,NULL,723),('802','1007310908','1007310908','2','BOLANOS','REALPE','DUVAN','YAMMYT','m','2000-03-01','52378','87246841','27281116','','Cra. 8 No. 5 – 58','','3146223652','37,8','BOLAÑOS','LUIS','','','','','','REALPE','BETTY','','','','','','','',NULL,NULL,NULL,NULL,724),('802','1004711476','1004711476','2','ALVEAR','GAVIRIA','EDWIN','ANDRES','m','2000-06-01','52378','87248033','27281741','','Calle 8 No. 12 – 56','','3117623587','19','ALVEAR','JHON EDISON','','','','','','GAVIRIA','MARTHA','','','','','','','',NULL,NULL,NULL,NULL,725),('802','99103108361','99103108361','2','DAVILA','FLOREZ','FABIAN','ANDRES','m','1999-10-31','52378','87248018','27281808','','Mz. K Casa No. 3','','3148473847','29,66','DAVILA','SEGUNDO','','','','','','FLOREZ','DIANA','','','','','','','',NULL,NULL,NULL,NULL,726),('802','1007310900','1007310900','2','SAMBONY','LEDEZMA','GERMAN','CAMILO','m','2000-07-26','52378','87247677','27276800','','Cra. 6 No. 5-43','','3137612090','7,15','SAMBONY','EVER','','','','','','LEDEZMA','GLORIA','','','','','','','',NULL,NULL,NULL,NULL,727),('802','1007311025','1007311025','2','DELGADO','RUIZ','JAVIER','ANDRES','m','2000-06-14','52378','87247377','27277274','','Calle 11 No. 9 -70','','3148976671','34,73','DELGADO','JESUS','','','','','','RUIZ','MARLENY','','','','','','','',NULL,NULL,NULL,NULL,728),('802','1007311073','1007311073','2','ZUNIGA','DELDAGO','JUAN','CARLOS','m','2001-01-08','52378','76336362','27281258','','Cra. 3 A No. 3C – 90C','','3122763895','20,38','ZUÑIGA','EFRAIN','','','','','','DELGADO','AMALFI','','','','','','','',NULL,NULL,NULL,NULL,729),('802','1007310915','1007310915','2','DAZA','ORTEGA','JULIAN','DAVID','m','2000-12-21','52378','16457770','27281303','','Cra. 5 No. 2 - 41','','3217075164','27,07','DAZA','MARCO','','','','','','ORTEGA','NAYIBE','','','','','','','',NULL,NULL,NULL,NULL,730),('802','1007310920','1007310920','2','MUNOZ','NARVAEZ','JULIAN','STIVEN','m','2000-01-20','52378','87248847','36980093','','Calle. 4 No. 4 – 24','','3118249681','36,75','MUÑOZ','MILTON','','','','','','NARVAEZ','DIVA','','','','','','','',NULL,NULL,NULL,NULL,731),('802','1007310938','1007310938','2','GOMEZ','ORDONEZ','JULIANA','SOFIA','f','2000-09-06','52378','98386951','27277318','','Calle. 8 No. 8 – 69','','3128503875','25,14','GOMEZ','JULIO','','','','','','ORDOÑEZ','ANDREA','','','','','','','',NULL,NULL,NULL,NULL,732),('802','1007310930','1007310930','2','GUALGUAN','BOLANOS','KAREN','VANESSA','f','2000-12-28','52378','87247122','27277637','','Calle. 2 Av. B/ Belén','','3116103571','28,05','GUALGUAN','CLIMACO','','','','','','BOLAÑOS','JHANETH','','','','','','','',NULL,NULL,NULL,NULL,733),('802','1004711492','1004711492','2','BRAVO','MESA','KEVIN','ALBEIRO','m','2000-06-17','52378','','36980225','','Cra. 6 No. 3 – 105','','3126704963','','BRAVO','JOSE','','','','','','MEZA','DEYSI','','','','','','','',NULL,NULL,NULL,NULL,734),('802','1004731021','1004731021','2','MUNOZ','SAMBONI','KEVIN','ANDERSON','m','2000-02-20','13670','87840027','25320709','','Calle 11 No. 9','','3138691760','5,78','MUÑOZ','EMIRO','','','','','','SAMBONI','MARIA','','','','','','','',NULL,NULL,NULL,NULL,735),('802','1193233400','1193233400','2','MUNOZ','MUNOZ','MARIA','JOSE','f','2000-03-26','52378','87245178','27276159','','Calle. 7 No. 10 - 51','','3217326822','34,4','MUÑOZ','JESUS','','','','','','MUÑOZ','CLAUDIA','','','','','','','',NULL,NULL,NULL,NULL,736),('802','1007310948','1007310948','2','REALPE','CISNEROS','MICHEL','VALENTINA','f','2000-10-31','52378','87247685','36980274','','Cra. 12 No. 7 – 32','','3147655249','18,21','REALPE','JIMMY','','','','','','CISNEROS','YURI','','','','','','','',NULL,NULL,NULL,NULL,737),('802','1007310947','1007310947','2','BRAVO','GOMEZ','NATHALY','FERNANDA','f','2001-02-11','52378','5274193','27274262','','Cra. 11 Calle 9 No.8 -38','','3212439805','32,0','','','','','','','','','','','','','','','','',NULL,NULL,NULL,NULL,738),('802','98121107066','98121107066','2','ALBAN','CERON','NELSON','STEBEN','m','1998-12-11','52378','87247688','27277070','','Vereda La Cañada','','3117611660','','ALBAN','CIPRIANO','','','','','','CERON','GLORIA','','','','','','','',NULL,NULL,NULL,NULL,739),('802','1004711376','1004711376','2','MUNOZ','REBOLLEDO','NICOLAS','ALEJANDRO','m','2000-02-22','52378','87247350','27277539','','Calle 6 No. 8 – 109','','3146673719','46,5','MUÑOZ','EDGAR','','','','','','REBOLLEDO','ROSSANA','','','','','','','',NULL,NULL,NULL,NULL,740),('802','99033103464','99033103464','2','MUNOZ','ALBAN','OSCAR','JAVIER','m','1999-03-31','52378','87247941','27277695','','Cra. 5 No. 3 – 47','','3206921154','45,98','MUÑOZ','ALVARO','','','','','','ALBAN','LIDA','','','','','','','',NULL,NULL,NULL,NULL,741),('802','98111510989','98111510989','2','GALLARDO','MOLINA','RAFAEL','ANDRES','m','1998-11-15','52378','87247617','27281286','','Cra. 5 No. 4 – 81','','3146105010','38,64','GALLARDO','RAFAEL','','','','','','MOLINA','FABIOLA','','','','','','','',NULL,NULL,NULL,NULL,742),('802','99100410539','99100410539','2','MUNOZ','REBOLLEDO','VALENTINA','','f','1999-10-04','52378','87246271','27276708','','Calle 8 No. 12 – 43','','3113393453','42,8','MUÑOZ','OSCAR','','','','','','REBOLLEDO','FERNANDA','','','','','','','',NULL,NULL,NULL,NULL,743),('802','1004711370','1004711370','2','BOLANOS','BRAVO','VALERIA','','f','1999-11-25','52378','87245920','27277396','','Cra. 6 No. 2 – 11','','3146534141','45,47','BOLAÑOS','JESUS','','','','','','BRAVO','ROCIO','','','','','','','',NULL,NULL,NULL,NULL,744),('802','98092765888','98092765888','2','ENRIQUEZ','PAZ','VICTOR','ANDRES','m','1998-09-27','52378','98379676','27281959','','Cra. 11 No. 9 -34','','3128336760','19,6','ENRIQUEZ','VICTOR','','','','','','PAZ','CARMENZA','','','','','','','',NULL,NULL,NULL,NULL,745),('802','1004711460','1004711460','2','MOLINA','BOLANOS','YAZMIN','ANDREINA','f','2000-05-11','52378','87247182','27276707','','Cra. 5 con Calle 2','','3207855115','6,01','MOLINA','ULPIANO','','','','','','BOLAÑOS','EMIR','','','','','','','',NULL,NULL,NULL,NULL,746),('802','1007310777','1007310777','2','IBARRA','MUNOZ','YOHANA','KATERINE','f','2000-02-02','52378','87247177','27277418','','Calle 11 con Cra 9','','3104149366','','IBARRA','FRANCO','','','','','','MUÑOZ','AMPARO','','','','','','','',NULL,NULL,NULL,NULL,747),('802','99041310410','99041310410','2','MARTINEZ','MEZA','YULIET','PAOLA','f','1999-04-13','52378','','36980336','','LA CRUZ ','','','','MARTINEZ','RODOLFO','','','','','','MEZA','JANETH','','','','','','','',NULL,NULL,NULL,NULL,748),('803','1007311043','1007311043','2','REALPE','PETEVI','ANA','MILENA','f','2000-11-20','52378','87246524','25560184','','B/GRANADA','','3217494775','41,63','REALPE','JOSE','','','','','','PETEVI','EVANGELINA','','','','','','','',NULL,NULL,NULL,NULL,749),('803','1002901953','1002901953','2','SAMBONI','SAMBONI','ANYI','PAOLA','f','2001-03-17','19100','76221960','48560044','','VDA/LLANOGRANDE','','3116385398','19,52','SAMBONI','EMIRO','','','','','','SAMBINI','ALBA','','','','','','','',NULL,NULL,NULL,NULL,750),('803','1004711424','1004711424','2','MORALES','MUNOZ','BRAYAN','HARVEY','m','2000-04-19','52378','','27282267','','VDA/JUAN LOPEZ','','3147515071','7,73','MORALES','ARMANDO','','','','','','MUÑOZ','MARIA','','','','','','','',NULL,NULL,NULL,NULL,751),('803','1004710588','1004710588','2','CARLOSAMA','MOLINA','CAMILA','CAROLINA','f','2001-02-02','52378','5276523','27282066','','B/MOROCHILLO','','3137319450','12,49','CARLOSAMA','LUIS','','','','','','MOLINA','YENY','','','','','','','',NULL,NULL,NULL,NULL,752),('803','1004711392','1004711392','2','BOLANOS','DELGADO','CARLOS','ANDRES','m','2000-02-12','52378','','1088970926','','B/SULTANA DEL MAYO','','3117777715','31,79','BOLAÑOS','ELVES','','','','','','DELGADO','MARIA','','','','','','','',NULL,NULL,NULL,NULL,753),('803','1004710547','1004710547','2','MUNOZ','MUNOZ','DANGELY','FERNANDA','f','2000-04-04','52378','87247186','1088970877','','VDA/LA LAGUNA','','3147684316','12,48','MUÑOZ','SEGUNDO','','','','','','MUÑOZ','DELEY','','','','','','','',NULL,NULL,NULL,NULL,754),('803','1007310902','1007310902','2','ORTIZ','BRAVO','DAYANA','CAROLINA','f','2000-10-10','52378','87247823','27281783','','VDA/LA VEGA','','3206497983','10,45','ORTIZ','MAURO','','','','','','BRAVO','EVITALIA','','','','','','','',NULL,NULL,NULL,NULL,755),('803','98120407961','98120407961','2','MUNOZ','NANEZ','DIEGO','FERNANDO','m','1998-12-04','52378','','27276473','','B/LA POLA','','3122054684','','MUÑOZ','HERNANDO','','','','','','ÑAÑEZ','DARY','','','','','','','',NULL,NULL,NULL,NULL,756),('803','97082614242','97082614242','2','MARTINEZ','ORTIZ','DUBAN','FELIPE','m','1997-08-26','52378','','27281727','','VDA/JUAN LOPEZ','','3153659195','12,75','MARTINEZ','JOSE','','','','','','ORTIZ','AYDA','','','','','','','',NULL,NULL,NULL,NULL,757),('803','1004711048','1004711048','2','ALVARADO','ALVARADO','FABIAN','ANDRES','m','1998-09-26','52378','87247808','27281453','','B/FENELON ORDOÑEZ','','3116592581','39,86','ALVARADO','HUVEIBAR','','','','','','ALVARADO','NANCY','','','','','','','',NULL,NULL,NULL,NULL,758),('803','1004711381','1004711381','2','MOLINA','MARTINEZ','FERNANDO','ANDRES','m','2000-02-13','52378','87246472','27276162','','B/PORTALES DE LLANOGRANDE','','3137350055','','MOLINA','JUAN','','','','','','MARTINEZ','MARIA','','','','','','','',NULL,NULL,NULL,NULL,759),('803','760','','1','ALBAN','SIMALES','GERSON','STIVEN','m','1996-02-13','52378','','27281607','','B/FENELON ORDOÑEZ','','3105238749','','ALBAN','JESUS','','','','','','SIMALES','LUZ','','','','','','','',NULL,NULL,NULL,NULL,760),('803','1004711496','1004711496','2','HOYOS','MARTINEZ','HELIAN','DAVID','m','2000-03-23','52378','87248683','10115379','','VDA/LA VEGA','','3147542645','37,48','HOYOS','HERNAN','','','','','','MARTINEZ','SULEIMA','','','','','','','',NULL,NULL,NULL,NULL,761),('803','98110863608','98110863608','2','GALLARDO','ORTIZ','JEFERSON','ESTIVEN','m','1998-11-08','86219','','27149852','','VDA/LLANOGRANDE','','3108996268','27,16','GALLARDO','ALVARO','','','','','','ORTIZ','LUZ','','','','','','','',NULL,NULL,NULL,NULL,762),('803','98082670220','98082670220','2','PARRA','BRAVO','JEISON','JAIR','m','1998-08-26','86219','87247039','','','VDA/LLANOGRANDE','','3128362018','35,5','PARRA','JHON','','','','','','BRAVO','DORA','','','','','','','',NULL,NULL,NULL,NULL,763),('803','1002970940','1002970940','2','GUERRERO','BOLANOS','JENIFER','YORLANY','f','2000-05-15','99828','87247399','34659396','','VDA/LA VEGA','','3122393138','20,97','GUERRERO','GENTIL','','','','','','BOLAÑOS','AURA','','','','','','','',NULL,NULL,NULL,NULL,764),('803','1007310808','1007310808','2','ERAZO','BOLANOS','JORGE','ANDRES','m','2000-06-17','52378','15250583','27276557','','VDA/LLANOGRANDE','','3113920177','22,69','ERAZO','ELIECER','','','','','','BOLAÑOS','MARIA','','','','','','','',NULL,NULL,NULL,NULL,765),('803','1007310849','1007310849','2','GUERRERO','HOYOS','JUAN','CARLOS','m','2000-04-01','52378','87247934','27277560','','VDA/LA VEGA','','3108417088','8,65','GUERRERO','SEGUNDO','','','','','','HOYOS','AMPARO','','','','','','','',NULL,NULL,NULL,NULL,766),('803','1007310904','1007310904','2','ENRIQUEZ','MOLINA','KAREN','ANDREA','f','2000-09-21','52378','98338775','27277955','','B/SULTANA DEL MAYO','','3146743178','31,79','ENRIQUEZ','ARMANDO','','','','','','MOLINA','RUBY','','','','','','','',NULL,NULL,NULL,NULL,767),('803','1004710674','1004710674','2','MUNOZ','CHATEZ','KAREN','VIVIANA','f','2001-08-16','52378','87248208','27282310','','VDA/EL HATICO','','3215495752','12,01','MUÑOZ','LUIS','','','','','','CHATES','MARIA','','','','','','','',NULL,NULL,NULL,NULL,768),('803','1007310873','1007310873','2','RUIZ','BOLANOS','KEVIN','STIVEN','m','2000-06-13','52378','13054740','27277594','','VDA/LLANOGRANDE','','3147691414','27,08','RUIZ','JORGE','','','','','','BOLAÑOS','MARIA','','','','','','','',NULL,NULL,NULL,NULL,769),('803','1007310880','1007310880','2','RODRIGUEZ','MUNOZ','OSCAR','FERNANDO','m','2000-09-09','52378','87248489','27281719','','VDA/EL HATICO','','3206251911','9,81','RODRIGUEZ','EDGAR','','','','','','MUÑOZ','MARIA','','','','','','','',NULL,NULL,NULL,NULL,770),('803','1004710658','1004710658','2','CARLOSAMA','MUNOZ','TANIA','VANESSA','f','2001-06-22','52378','87247615','27281957','','B/PRADOS DEL NORTE','','3217697332','25,8','CARLOSAMA','ARNULFO','','','','','','MUÑOZ','EMIR','','','','','','','',NULL,NULL,NULL,NULL,771),('803','1007311111','1007311111','2','BURBANO','RUIZ','YAN','CARLOS','m','1999-10-14','52378','','36980141','','VDA/EL PALMAL','','3103744633','6,86','BURBANO','MIGUEL','','','','','','RUIZ','MIRTHA','','','','','','','',NULL,NULL,NULL,NULL,772),('803','1004711437','1004711437','2','GUERRERO','LOPEZ','YAN','EDIBER','m','2000-04-03','52378','87248263','','','VDA/ESCANDOY','','3116197395','29,68','GUERRERO','SEGUNDO','','','','','','LOPEZ','CLAUDIA','','','','','','','',NULL,NULL,NULL,NULL,773),('803','10402280','10402280','2','GUERRERO','REALPE','YONATHAN','FERNEY','m','2000-01-04','52378','87247335','27281516','','VDA/LA VEGA','','3218670597','11,62','GUERRERO','LUIS','','','','','','REALPE','NELLY','','','','','','','',NULL,NULL,NULL,NULL,774),('803','1007310786','1007310786','2','SOSCUE','ORTIZ','YUDI','ALEXANDRA','f','2001-02-03','52378','87247835','','87247670','','','3153659195','8,19','SOSCUE','SEGUNDO','','','','','','ORTIZ','DARY','','','','','','','',NULL,NULL,NULL,NULL,775),('804','1007529732','1007529732','2','IMBACHI','IMBACHI','ANYI','ALEJANDRA','f','2000-08-11','19100','76336100','34639513','','B/FENELON ORDOÑEZ','','3112689621','','IMBACHI','EDILSON','','','','','','IMBACHI','NURY','','','','','','','',NULL,NULL,NULL,NULL,776),('804','1007310923','1007310923','2','DIAZ','MUNOZ','ANGIE','PAOLA','f','2000-11-06','52378','','27277211','','B/SAN ANTONIO','','3116409506','','DIAZ','LUIS','','','','','SI','MUÑOZ','IRMA','','','','','SI','','',NULL,NULL,NULL,NULL,777),('804','1005976183','1005976183','2','AGUILAR','CERON','CAROL','FERNANDA','f','2000-03-27','99823','87247936','38560467','','B/LA FLORESTA','','3146912800','','AGUILAR','ALONSO','','','','','SI','CERON','DERLY','','','','','SI','','',NULL,NULL,NULL,NULL,778),('804','98103064180','98103064180','2','SANCHEZ','MESIAS','CRISTIAN','DAVID','m','1998-10-30','52378','87247610','27281954','','B/GRANADA','','3128237019','31,23','SANCHEZ','JOSE','','','','','','MESIAS','SANDRA','','','','','SI','','',NULL,NULL,NULL,NULL,779),('804','98071772179','98071772179','2','ZUNIGA','ZUNIGA','DANIELA','','f','1998-07-17','19100','76218932','31530947','','B/PORTALES DE LLANOGRANDE','','3127316074','','ZUÑIGA','NACOR','','','','','SI','ZUÑIGA','EUMELIA','','','','','SI','','',NULL,NULL,NULL,NULL,780),('804','1004710766','1004710766','2','GOMEZ','GUERRERO','DAYANNA','JULIETH','f','1998-09-14','52378','87249051','27281543','','B/GRANADA','','3147331855','','GÓMEZ','JAIRO','','','','','SI','GUERRERO','CIELO','','','','','SI','','',NULL,NULL,NULL,NULL,781),('804','1007310997','1007310997','2','ZUNIGA','ZUNIGA','ELIZABETH','CRISTINA','f','2001-01-12','52378','87247006','34639383','','B/PRADOS DEL NORTE','','3125088524','31,23','ZUÑIGA','GILBERTO','','','','','','ZUÑIGA','YOLANDA','','','','','SI','','',NULL,NULL,NULL,NULL,782),('804','99120407534','99120407534','2','IBARRA','DIAZ','INGRID','DAYANA','f','1999-12-04','52378','','27281123','','LA CRUZ ','','3116332248','','IBARRA','DARIO','','','','','','DIAZ','ROCIO','','','','','','','',NULL,NULL,NULL,NULL,783),('804','1002806828','1002806828','2','IMBACHI','CORDOBA','JAIDER','MARIN','m','2000-08-26','19100','4632567','48560111','','B/FENELON ORDOÑEZ','','3123210950','','IMBACHI','SEBASTIAN','','','','','','CORDOBA','FIDELINA','','','','','','','',NULL,NULL,NULL,NULL,784),('804','99020105220','99020105220','2','BRAVO','MUNOZ','JAMES','YAIR','m','1999-02-01','52378','','27281539','','VDA/LA LOMA','','3136895891','','','','','','','','','BRAVO','MARIA','','','','','','','',NULL,NULL,NULL,NULL,785),('804','1004711410','1004711410','2','HOYOS','GUERRERO','JAVIER','','m','2000-02-02','52378','87147799','36980326','','B/FENELON ORDOÑEZ','','3137121690','33,71','HOYOS','JAVIER','','','','','SI','GUERRERO','ZULLY','','','','','','','',NULL,NULL,NULL,NULL,786),('804','1007310890','1007310890','2','CHATES','BRAVO','JHOAN','SEBASTIAN','m','2000-10-26','52378','','27282460','','LA CRUZ ','','','','CHATES','LUIS','','','','','','BRAVO','YUDY','','','','','','','',NULL,NULL,NULL,NULL,787),('804','1004710620','1004710620','2','ALBAN','ORDONEZ','JHON','FREYDER','m','2001-04-28','52378','87248538','','','VDA/COFRADIA','','3128021014','26,4','ALBAN','SEGUNDO','','','','','SI','ORDOÑEZ','SANDRA','','','','','SI','','',NULL,NULL,NULL,NULL,788),('804','1004133407','1004133407','2','ORDOÑEZ','BRAVO','LEIDY','JOHANA','f','2000-05-25','99785','94503078','27276790','','VDA/CABUYALES','','3136059905','','ORDOLÑEZ','JOSE','','','','','SI','BRAVO','LIBIA','','','','','SI','','',NULL,NULL,NULL,NULL,789),('804','1007529674','1007529674','2','SAMBONI','ZUÑIGA','LEIDY','','f','1999-09-02','19100','','34639821','','B/PORTALES DE LLANOGRANDE','','3104748698','','','','','','','','','SAMBONI','ADELINA','','','','','','','',NULL,NULL,NULL,NULL,790),('804','1002805392','1002805392','2','IMBACHI','SAMBONI','LILIANA','','f','2000-11-02','19100','4632605','34538364','','B/PRADOS DEL NORTE','','3203175097','','IMBACHI','DANILO','','','','','SI','SAMBONI','ELVIA','','','','','SI','','',NULL,NULL,NULL,NULL,791),('804','1007310845','1007310845','2','MUNOZ','ERAZO','LISBETH','FERNANDA','f','2000-05-02','52378','','27282212','','B/SAN ANTONIO','','3214192876','','MUÑOZ','WILSON','','','','','','ERAZO','LUCY','','','','','SI','','',NULL,NULL,NULL,NULL,792),('804','1004710901','1004710901','2','ALVEAR','ORDONEZ','MARIA','ALEJANDRA','f','2000-06-03','52378','','27281899','','B/SANTANDER ALTO','','3116661098','','ALVEAR','MARCO','','','','','','ORDOÑEZ','OLGA','','','','','','','',NULL,NULL,NULL,NULL,793),('804','1004710694','1004710694','2','PORTILLA','ORDONEZ','MARIA','EUGENIA','f','2001-09-30','52378','','27277646','','B/PORTALES DE LLANOGRANDE','','3218866639','','MOLINA','REGULO','','','','','','ORDOÑEZ','MARINA','','','','','','','',NULL,NULL,NULL,NULL,794),('804','1007310803','1007310803','2','ORTEGA','TORRES','PAOLA','ANDREA','f','2000-07-27','52378','','27277957','','B/FENELON ORDOÑEZ','','3143152556','','ORTEGA','HUGO','','','','','','TORRES','SONIA','','','','','','','',NULL,NULL,NULL,NULL,795),('804','97100121941','97100121941','2','REALPE','BRAVO','RICARDO','EFRAIN','m','1997-10-01','52378','87245065','27281233','','B/SANTANDER ALTO','','3204805718','','BOLAÑOS','YESID','','','','','','REALPE','LIDA FABIOLA','','','','','','','',NULL,NULL,NULL,NULL,796),('804','1004710592','1004710592','2','BRAVO','ALVEAR','VALERIA','STEPHANIA','f','2001-02-06','52378','87247764','36980114','','B/SAN ANTONIO','','3118601505','25,53','BRAVO','MARCO','','','','','','ALVEAR','MARY','','','','','','','',NULL,NULL,NULL,NULL,797),('804','1007310824','1007310824','2','MOLINA','ERAZO','WILMER','JAVIER','m','2000-11-15','52378','87247277','','','VDA/COFRADIA','','3136691601','26,00','MOLINA','JAVIER','','','','','','ERAZO','DORA','','','','','','','',NULL,NULL,NULL,NULL,798),('804','99052602599','99052602599','2','MENDEZ','ORTEGA','YANCY','LISBETH','f','1999-03-26','52378','87010010','27275904','','B/SANTANDER ','','3137579578','','MENDEZ','MANUEL','','','','','','ORTEGA','RUBITALIA','','','','','','','',NULL,NULL,NULL,NULL,799),('804','99020514910','99020514910','2','GUERRERO','DAVILA','YEIMI','DAYANA','f','1999-02-05','52378','','27280983','','VDA/COFRADIA','','3117799381','','GUERRERO','VICTOR','','','','','','DAVILA','BLANCA','','','','','','','',NULL,NULL,NULL,NULL,800),('804','1007311016','1007311016','2','SAMBONI','BRAVO','YULIANA','ANDREA','f','2000-12-10','52378','87248337','27282121','','B/CENTRO','','3122160183','','SAMBONI','ANTIDIO','','','','','','BRAVO','LILIANA','','','','','','','',NULL,NULL,NULL,NULL,801),('901','98100470039','98100470039','2','MUNOZ','NANEZ','ALBA','LILIANA','f','1998-10-04','52378','5277054','27281353','','VDA/LLANOGRANDE','','3147468752','12,34','','','','','','','','ÑAÑEZ ÑAÑEZ','MARGARITA','','','','','','','',NULL,NULL,NULL,NULL,802),('901','1003103075','1003103075','2','MUNOZ','LOSADA','ANDRES','CAMILO','m','1999-01-31','19807','','25434404','','B/CENTRO','','3113205398','66,0','MUÑOZ','HUGO','','','','','','LOSADA','MARTHA','','','','','','','',NULL,NULL,NULL,NULL,803),('901','1004711434','1004711434','2','NOGUERA','BOLANOS','ANDRES','FELIPE','m','2000-03-13','52378','87248057','27277992','','B/SULTANA DEL MAYO','','3117367543','17,27','NOGUERA','CESAR','','','','','','BOLAÑOS','SOCORRO','','','','','','','',NULL,NULL,NULL,NULL,804),('901','1007310878','1007310878','2','BOLANOS','BOLANOS','ANDRES','SEBASTIAN','m','1999-09-29','52378','','27277579','','VDA/COFRADIA','','3113695499','','','','','','','','','BOLAÑOS','PRAXEDES','','','','','','','',NULL,NULL,NULL,NULL,805),('901','97021000896','97021000896','2','GUERRERO','CHAVES','ANGELA','MAYURY','f','1997-02-10','52378','','30714394','','VDA/LLANOGRANDE','','3137416023','12,52','GUERRERO','MARINO','','','','','','CHAVES','LIGIA','','','','','','','',NULL,NULL,NULL,NULL,806),('901','98111214883','98111214883','2','ORDONEZ','ORDONEZ','BRAYAN','ESTEFAN','m','1998-11-12','52378','87247410','','','VDA/EL PARAMITO','','3125680362','20,43','ORDOÑEZ','LUIS','','','','','','ORDOÑEZ','MARIA ROCIO','','','','','','','',NULL,NULL,NULL,NULL,807),('901','1004711418','1004711418','2','MUNOZ','HOYOS','BRYAN','JHULIAN','m','2000-03-25','52378','','27281215','','B/SANTANDER','','3217348905','35,43','MUÑOZ','JULIO CESAR','','','','','','HOYOS ','SANDRA','','','','','','','',NULL,NULL,NULL,NULL,808),('901','99051013766','99051013766','2','ORTEGA','ORTIZ','CARLOS','DANILO','m','1999-05-10','52378','16676530','27277980','','VDA/LLANOGRANDE','','3113604082','16,8','ORTEGA','RUBIO MARINO','','','','','','ONEIDA','ILSA','','','','','','','',NULL,NULL,NULL,NULL,809),('901','1004711372','1004711372','2','ORDONEZ','MOLINA','CAROLY','MARICELA','f','1999-05-07','52378','','27281526','','B/GRANADA','','3206728478','37,25','ORDOÑEZ','SEGUNDO','','','','','','MOLINA','RUBIELA','','','','','','','',NULL,NULL,NULL,NULL,810),('901','98072666445','98072666445','2','BOLANOS','ORDONEZ','CESAR','DUBAN','m','1998-07-26','52378','','27282150','','B/PABLO VI','','3212117250','13,8','','','','','','','','BOLAÑOS','ANGELA','','','','','','','',NULL,NULL,NULL,NULL,811),('901','1088975276','1088975276','1','BRAVO','DIAZ','CRISTIAN','ALDAIR','m','1995-10-09','52378','','27277256','','VDA/LLANOGRANDE','','3117653428','11,87','BRAVO','ELVIO','','','','','','MUÑOZ','BLANCA','','','','','','','',NULL,NULL,NULL,NULL,812),('901','1193565931','1193565931','2','MARTINEZ','GIRALDO','CRISTIAN','DAVID','m','2001-02-16','11001','87247333','32797320','','B/SANTANDER','','3147958393','','MARTINEZ','JAIRO','','','','','','GIRALDO','LUZ','','','','','','','',NULL,NULL,NULL,NULL,813),('901','98092467015','98092467015','2','CRUCES','ALBAN','DARLI','DAYANA','f','1998-09-24','52378','87247084','27275525','','B/SANN ANTONIO','','3147546088','11,89','','','','','','','','ALBAN','AURA CECILIA','','','','','','','',NULL,NULL,NULL,NULL,814),('901','1004710540','1004710540','2','URBANO','GARCIA','DAYANA','JIMENA','f','1998-07-02','52378','','27281079','','VDA/CABUYALES','','3122951427','12,45','','','','','','','','URBANO ','ADELA','','','','','','','',NULL,NULL,NULL,NULL,815),('901','1002805913','1002805913','2','SAMBONI','GALINDEZ','DEISY','MAYERLY','f','2000-08-02','19100','87247649','34639695','','B/PABLO VI','','3217546113','9,26','SAMBONI','LUIS GERARDO','','','','','','HGALINDEZ','AMPARO','','','','','','','',NULL,NULL,NULL,NULL,816),('901','99061212376','99061212376','2','ORTEGA','ARCOS','DIANNA','MILE','','1999-06-12','','','27281232','','B/CENTRO','','3122623061','','ORTEGA','FRANCO','','','','','','ARCOS','MARIA','','','','','','','',NULL,NULL,NULL,NULL,817),('901','98040958169','98040958169','2','GUERRA','BRAVO','DIEGO','ARMANDO','m','1998-04-09','11001','98333551','31832362','','B/PRADOS DEL NORTE','','3148455752','33','GUERRA','GUILLERMO','','','','','','BRAVO','OLGA MARINA','','','','','','','',NULL,NULL,NULL,NULL,818),('901','98071568660','98071568660','2','MOLINA','RESTREPO','DILAN','ANDREY','m','1998-07-15','52378','','29105113','','VDA/LA CAÑADA','','3104703430','20,86','MOLINA','SEGUNDO','','','','','','RETREPO','MARIA','','','','','','','',NULL,NULL,NULL,NULL,819),('901','96080912762','96080912762','2','GUERRERO','CERON','DUVAN','FELIPE','m','1996-08-09','19807','87245584','','','VDA/SAN FRANCISCO','','3113966639','','GUERRERO','JOSE','','','','','','CERON','MARIA','','','','','','','',NULL,NULL,NULL,NULL,820),('901','1007472258','1007472258','2','ORTIZ','ESPINOSA','EDINSON','ALEJANDRO','m','1999-12-19','19050','','34329633','','B/SAN ANTONIO','','3108712985','10,83','','','','','','','','ESPINOSA','ELIDIA','','','','','','','',NULL,NULL,NULL,NULL,821),('901','99061815585','99061815585','2','SOMERA','MUNOZ','GABRIEL','DAVID','m','1999-06-18','52399','16673385','27276739','','B/CENTRO','','7266344','42,52','','','','','','','','TOBAR','GABBY ESTHER','','','','','','','',NULL,NULL,NULL,NULL,822),('901','97080416648','97080416648','2','MUNOZ','MUNOZ','JAMES','ANDRES','m','1997-08-04','52378','87248113','27281046','','B/SAN ANTONIO','','3216127267','16,79','MUÑOZ','JAMES','','','','','','MUÑOZ','ARGENIS','','','','','','','',NULL,NULL,NULL,NULL,823),('901','1088974577','1088974577','1','YELA','TORRES','JHON','EYDER','m','1994-04-05','52378','98145173','27275812','','B/FENELON ORDOÑEZ','','3116538193','29,85','YELA','FRANCO','','','','','','TORRES','MAURA','','','','','','','',NULL,NULL,NULL,NULL,824),('901','1004711369','1004711369','2','GUERRERO','BOLANOS','LUIS','FERNANDO','m','2000-02-20','52378','87248230','','','VDA/SAN FRANCISCO','','3136803756','10,74','GUERRERO','AMADO','','','','','','BOLAÑOS','MARIA','','','','','','','',NULL,NULL,NULL,NULL,825),('901','99031204042','99031204042','2','MENESES','BRAVO','MAICOL','ESTIVEN','m','1999-03-12','52378','87246290','27277409','','B/SAN ANTONIO','','3206918381','31,59','MENESES','LUIS','','','','','','BRAVO','MAGALY','','','','','','','',NULL,NULL,NULL,NULL,826),('901','96100702280','96100702280','2','CERON','CRUCES','NICOLAS','SANTIAGO','m','1996-10-07','52378','87245720','','','B/SANTANDER','','3123763886','6,22','CERON','JESUS','','','','','','CRUCES','MARIA','','','','','','','',NULL,NULL,NULL,NULL,827),('901','828','','1','MARTINEZ','ALBAN','NORY','MIRLEY','f','1996-05-13','52378','87245354','36980053','','VDA/ESCANDOY','','3104721003','22,36','MARTINEZ','LEON','','','','','','ALBAN','ELSA','','','','','','','',NULL,NULL,NULL,NULL,828),('901','99011307864','99011307864','2','GOMEZ','DELGADO','OSCAR','ANDRES','m','1999-01-13','52378','87248363','27281506','','VDA/COFRADIA','','3117003350','10,57','GOMEZ','OSCAR','','','','','','DELGADO','NELLY','','','','','','','',NULL,NULL,NULL,NULL,829),('901','98042268372','98042268372','2','ORDONEZ','MOLINA','PAOLA','ANDREA','f','1998-04-22','52378','87248381','27281526','','B/LA FLORESTA','','3116389384','37,25','ORDOÑEZ','SEGUNDO','','','','','','MOLINA','RUBIELA','','','','','','','',NULL,NULL,NULL,NULL,830),('901','1002835637','1002835637','2','PEREZ','MESA','PAULA','CRISTINA','f','2001-06-04','19100','76285205','25594244','','B/PRADOS DEL NORTE','','3186641109','16,73','PEREZ','MIYER','','','','','','MESA','ROCIO','','','','','','','',NULL,NULL,NULL,NULL,831),('901','1004677969','1004677969','2','RAMIREZ','CORTES','SHARON','DANIELA','','2001-01-31','','15816996','','','B/CENTRO','','3127231153','','ENRIQUEZ','ONIS','','','','','','CISNEROS','CLAUDIA','','','','','','','',NULL,NULL,NULL,NULL,832),('901','1007311104','1007311104','2','SOLARTE','MUNOZ','SNOW','JEREMY','m','2000-08-31','52378','87248326','34327980','','B/FENELON ORDOÑEZ','','3207554190','10,49','SOLARTE','NEVAR','','','','','','MUÑOZ','MARLY','','','','','','','',NULL,NULL,NULL,NULL,833),('901','98111617996','98111617996','2','BARRIONUEVO','ROSERO','VALENTINA','ESTEFANI','f','1998-11-16','52378','6248545','27276865','','B/PORTALES DE LLANOGRANDE','','3118824042','44,46','BARRIONUEVO','SEGUNDO','','','','','','ROSERO','EDY','','','','','','','',NULL,NULL,NULL,NULL,834),('901','1004711417','1004711417','2','BRAVO','BRAVO','YENI','CAMILA','f','2000-02-20','52378','87247282','27281973','','VDA/COFRADIA','','3136625357','12,15','BRAVO','BOLIVAR','','','','','','BRAVO','MARLENY','','','','','','','',NULL,NULL,NULL,NULL,835),('901','1002791558','1002791558','2','RODRIGUEZ','RODRIGUEZ','YENSI','LILIANA','f','1999-06-14','11001','','59862182','','B/PORTALES DE LLANOGRANDE','','3207201710','16,01','','','','','','','','RODRIGIEZ','MAGNOLIA','','','','','','','',NULL,NULL,NULL,NULL,836),('902','98121263823','98121263823','2','CERON','RIOS','ANDRES','CAMILO','m','1998-12-12','52378','87245663','66809134','','B/PORTALES DE LLANOGRANDE','','3148528585','','CERON','CAMILO','','','','','','RIOS','MARICEL','','','','','','','',NULL,NULL,NULL,NULL,837),('902','1004561586','1004561586','2','NOPAN','GUERRERO','ANYI','CAROLINA','f','2000-05-11','25649','87246468','27276948','','B/PORTALES DE LLANOGRANDE','','3122975340','32,61','NOPAN','JOSE','','','','','','GUERERO','MARIA','','','','','','','',NULL,NULL,NULL,NULL,838),('902','99031412990','99031412990','2','CHAVES','VELASCO','DANIA','YADIRA','f','1999-01-14','52378','','27282483','','VDA/EL PALMAL','','3116388357','31,38','CHAVES','LUIS ','','','','','','VELASCO','SANDRA','','','','','','','',NULL,NULL,NULL,NULL,839),('902','840','1010102531','2','GALINDEZ','MUNOZ','DANIELA','ALEJANDRA','f','2000-08-21','','','','','B/PORTALES DE LLANOGRANDE','','','15,66','GALINDEZ','JHON','','','','','','MUÑOZ','ANA','','','','','','','',NULL,NULL,NULL,NULL,840),('902','841','1010102531','2','DELGADO','BRAVO','DIANA','MARCELA','f','1999-12-26','52378','87248552','27281029','','VDA/SAN RAFAEL','','3116194917','12,11','DELGADO','SALOMON','','','','','','BRAVO','AMANDA','','','','','','','',NULL,NULL,NULL,NULL,841),('902','1007708485','1007708485','2','ALVARADO','IMBACHI','DIANEY','','f','1997-06-21','19100','76219252','34639360','','B/FENELON ORDOÑEZ','','','8,04','ALVARADO','OLIVER','','','','','','IMBACHI','OLIVIA','','','','','','','',NULL,NULL,NULL,NULL,842),('902','98081867771','98081867771','2','ERAZO','BOLANOS','DINA','NURIS','f','1998-08-18','52378','87245963','','','B/SAN ANTONIO','','3217715223','6,14','ERAZO','AGUSTIN','','','','','','BOLAÑOS','INES','','','','','','','',NULL,NULL,NULL,NULL,843),('902','99051903621','99051903621','2','IBARRA','GOMEZ','EIDER','SANTIAGO','m','1999-05-19','52378','','272778222','','B/LAPOLA','','3127300884','45,13','IBARRA','RICARDO','','','','','','GÓMEZ','ANGELA','','','','','','','',NULL,NULL,NULL,NULL,844),('902','98061415033','98061415033','2','CARLOSAMA','BOLAÑOS','ELSI','JULIETH','f','1998-06-14','52378','87247050','27276599','','B/PABLO VI','','3147143479','36,05','CARLOSAMA','GEOVEL','','','','','','BOLAÑOS','OLGA','','','','','','','',NULL,NULL,NULL,NULL,845),('902','99052510356','99052510356','2','URBANO','FERNANDEZ','EVELIN','SOFIA','f','1999-05-25','15087','98358758','27279236','','B/GRANADA','','3216046417','9,56','URBANO','RODRIGO','','','','','','FERNANDEZ','MAGALY','','','','','','','',NULL,NULL,NULL,NULL,846),('902','99012115942','99012115942','2','ORDONEZ','ORDONEZ','HANUAR','ISMAEL','m','1999-01-21','52378','87248296','27281456','','B/SAN ANTONIO','','3146732056','18,17','ORDOÑEZ','OSCAR','','','','','','ORDOÑEZ','YENY','','','','','','','',NULL,NULL,NULL,NULL,847),('902','96110302247','96110302247','2','BARRIOS','SANTACRUZ','HENRY','SANTIAGO','','1996-11-03','','87245747','','','B/MOROHILLO','','3122549933','','BARRIOS','HENRY','','','','','HENRY','SANTACRUZ','AMPARO','','','','','','','',NULL,NULL,NULL,NULL,848),('902','99012717381','99012717381','2','BOLAÑOS','MUÑOZ','HEYDER','ALEJANDRO','m','1999-01-27','99823','87247025','67001740','','VDA/SAN RAFAEL','','3128710584','','BOLAÑOS','HEYDER','','','','','','MUÑOZ','MARIA','','','','','','','',NULL,NULL,NULL,NULL,849),('902','1004711438','1004711438','2','GALINDEZ','VELASCO','JHAN','CARLOS','m','1998-02-22','52378','','27281894','','B/GRANADA','','3148944843','3,39','GALINDEZ','BREDIO','','','','','','VELASCO','DAMARIS','','','','','','','',NULL,NULL,NULL,NULL,850),('902','96071612462','96071612462','2','OSPINA','PEREZ','JOHAN','FERNANDO','m','1996-07-16','76520','16540378','66767469','','VDA/LLANOGRANDE','','3104349890','35','OSPINA','JOSE','','','','','','PEREZ','PATRICIA','','','','','','','',NULL,NULL,NULL,NULL,851),('902','98011970249','98011970249','2','MUNOZ','NAVIA','JORGE','ARMANDO','m','1998-01-19','52378','87247852','27281594','','VDA/TAJUMBINA','','3117509676','36,14','MUÑOZ','ROGER','','','','','','NAVIA','ALICIA','','','','','','','',NULL,NULL,NULL,NULL,852),('902','9808166708','9808166708','2','ZUNIGA','ZUNIGA','JORGE','LUIS','m','1998-08-16','19100','87247006','34639383','','B/PORTALES DE LLANOGRANDE','','3125088824','9,12','ZUÑIGA','GILBERTO','','','','','','ZUÑIGA','YOLANDA','','','','','','','',NULL,NULL,NULL,NULL,853),('902','99062411909','99062411909','2','GAVIRIA','RANGEL','JUAN','FELIPE','m','1999-06-24','52378','87246096','27276229','','B/MOROHILLO','','3148921941','5,45','GAVIRIA','RUBIO','','','','','','RANGEL','ESPERANZA','','','','','','','',NULL,NULL,NULL,NULL,854),('902','99090710598','99090710598','2','NANEZ','ALBAN','KARELI','ALEJANDRA','f','1999-09-07','52378','15813268','27277487','','b/SULTANA DEL MAYO','','3113758573','30,17','ÑAÑEZ','ARBEY','','','','','','ALBAN','ISMENIA','','','','','','','',NULL,NULL,NULL,NULL,855),('902','98100366835','98100366835','2','GOMEZ','DIAZ','KELLY','JOHANA','f','1998-10-03','15087','','27279992','','VDA/LLANOGRANDE','','3143388005','15,64','GÓMEZ','LIZANDRO','','','','','','DIAZ','BLANCA','','','','','','','',NULL,NULL,NULL,NULL,856),('902','1007310885','1007310885','2','DEJOY','MUNOZ','LEIDER','ESTEBAN','m','2000-07-07','52378','87247402','27277596','','VDA/CAMPOBELLO','','3145016251','','DEJOY','NABOR','','','','','','MUÑOZ','ROCIO','','','','','','','',NULL,NULL,NULL,NULL,857),('902','858','','1','NANEZ','MUNOZ','LEIDY','VANESSA','f','1996-03-27','52378','98323037','27281420','','VDA/LAS ARADAS','','3104234971','12,04','ÑAÑEZ','GILDARDO','','','','','','MUÑOZ','MARIA','','','','','','','',NULL,NULL,NULL,NULL,858),('902','1088974832','1088974832','1','GUERRERO','BRAVO','LIZANDRO','','m','1994-10-09','52378','5275684','27277295','','VDA/LAS ARADAS','','3104234971','','GUERRERO','LEON','','','','','','BRAVO','FAUSTINA','','','','','','','',NULL,NULL,NULL,NULL,859),('902','1004711360','1004711360','2','BOLANOS','GALLARDO','MARINELA','CRISTINA','f','1999-11-26','52378','98358646','27279554','','LA CRUZ ','','3108497307','','BOLAÑOS','OTONIEL','','','','','','GALALRDO','SONIA','','','','','','','',NULL,NULL,NULL,NULL,860),('902','98101113558','98101113558','2','BOLANOS','GUERRERO','MARLY','YANETH','f','1998-10-11','52378','87245981','27277479','','VDA/COFRADIA','','3137511994','33,52','BOLAÑOS','OMAR','','','','','','GUERRERO','DAMARIS','','','','','','','',NULL,NULL,NULL,NULL,861),('902','97030824060','97030824060','2','RODRIGUEZ','SOSCUE','OSWALDO','','m','1997-03-08','52378','87245980','27281653','','VDA/EL HATICO','','3103951598','16,39','RODRIGUEZ','ALGEMIRO','','','','','','SOSCUE','MARIA','','','','','','','',NULL,NULL,NULL,NULL,862),('902','97121124720','97121124720','2','TOSNE','BRAVO','RONALD','ANDRES','m','1997-12-11','99823','87245230','25285074','','B/SAN ANTONIO','','3133247832','','TOSNE','JOSE','','','','','','DIAZ','MARIA','','','','','','','',NULL,NULL,NULL,NULL,863),('902','990602129333','990602129333','2','DIAZ','MUNOZ','SEGUNDO','RODRIGO','m','1999-06-02','52378','87245705','27281019','','VDA/JUAN LOPEZ','','','6,35','DIAZ','SILVIO','','','','','','MUÑOZ','EMMA','','','','','','','',NULL,NULL,NULL,NULL,864),('902','99060212933','99060212933','2','ORDONEZ','RUIZ','VIVIANA','ESTEFANIA','f','1999-06-02','52378','','36980282','','B/SAN ANTONIO','','3107899224','18,92','ORDOÑEZ','WILLIAN','','','','','','RUIZ ','NELSY','','','','','','','',NULL,NULL,NULL,NULL,865),('902','99040502560','99040502560','2','ERAZO','ORDONEZ','WILLIAM','HERNANDO','m','1999-04-05','52378','87245992','','','VDA/LA VEGA','','3206131729','10,6','ERAZO','FRANCO','','','','','','ORDOÑEZ','DORIS','','','','','','','',NULL,NULL,NULL,NULL,866),('902','1004711449','1004711449','2','BOLAÑOS','MARTINEZ','WILSON','ALEJANDRO','m','1999-10-05','52378','','27277213','','LA CRUZ ','','3127380277','','BOLAÑOS','JOSIAS','','','','','','MARTINEZ','MARIA','','','','','','','',NULL,NULL,NULL,NULL,867),('902','10029001855','10029001855','2','SAMBONI','SAMBONI','WILSON','','m','1998-12-01','19100','76221960','48560044','','VDA/LLANOGRANDE','','3116385398','19,52','SAMBONI','EMIRO','','','','','','SAMBONI','ALBA ','','','','','','','',NULL,NULL,NULL,NULL,868),('902','1010074857','1010074857','2','ORTEGA','BURBANO','YEIMY','TATIANA','f','1998-03-23','52378','87246710','27281144','','B/SAN ANTONIO','','3128129385','15,62','ORTEGA','ALIRIO','','','','','','BURBANO','ONEIDA','','','','','','','',NULL,NULL,NULL,NULL,869),('902','97090614855','97090614855','2','MUNOZ','BRAVO','YESSICA','ALEJANDRA','f','1997-09-06','52378','87247969','27282024','','B/SAN ANTONIO','','3122002629','30,26','MUÑOZ','ANGEL','','','','','','BRAVO','RAQUEL','','','','','','','',NULL,NULL,NULL,NULL,870),('902','99021702958','99021702958','2','URBANO','ORTEGA','YINA','PAOLA','f','1999-02-17','52378','','27275802','','B/SAN ANTONIO','','3136202960','26,89','URBANO','OSCAR','','','','','','ORTEGA','AURA','','','','','','','',NULL,NULL,NULL,NULL,871),('902','970603018949','970603018949','2','DELGADO','GUERRERO','YONNY','ARMANDO','m','1997-06-30','52378','','27276319','','VDA/COFRADIA','','3105006880','4,04','','','','','','','','DELGADO','ANA CECILIA','','','','','','','',NULL,NULL,NULL,NULL,872),('903','1004711394','1004711394','2','IMBACHI','DIAZ','ALIZ','ALEXANDRA','f','2000-02-19','52378','87245165','27276099','','B/GRANADA','','3137474621','14,72','IMBACHI','ASDRUBAL','','','','','','DIAZ','NELLY','','','','','','','',NULL,NULL,NULL,NULL,873),('903','99031513010','99031513010','2','GOMEZ','REALPE','ANA','MARIA','f','1999-03-15','52378','','27275631','','B/LA POLA','','3128035876','19,36','GÓMEZ','EDER','','','','','','REALPE','YOLANDA','','','','','','','',NULL,NULL,NULL,NULL,874),('903','98041767570','98041767570','2','CERON','GUERRERO','ANGELA','VIVIANA','f','1998-04-17','52378','87245846','27281509','','VDA/CAMPO ALEGRE','','3215656925','39,84','CERON','IMAR','','','','','','GUERRERO','SANDRA','','','','','','','',NULL,NULL,NULL,NULL,875),('903','99092416760','99092416760','2','CIFUENTES','BRAVO','CESAR','ALFREDO','m','1999-09-24','85162','','67016495','','VDA/LLANOGRANDE','','3148809493','28,61','CESAR','CIFUENTES','','','','','','BRAVO','DORA','','','','','','','',NULL,NULL,NULL,NULL,876),('903','99123101436','99123101436','2','SIMALES','ORDOÑEZ','CYNDY','NATALIA','f','1999-12-31','52378','87248226','27277720','','B/PRADOS DEL NORTE','','3122962172','39,64','SIMALES','JAIRO','','','','','','ORDOÑEZ','MARIA','','','','','','','',NULL,NULL,NULL,NULL,877),('903','99080212875','99080212875','2','BOLANOS','MARTINEZ','DALILA','VIVIANA','f','1999-08-02','52378','87245065','27277901','','VDA/LA LOMA','','3108319559','40,42','BOLAÑOS','YEXIL','','','','','','MARTINEZ','MELBA','','','','','','','',NULL,NULL,NULL,NULL,878),('903','98072168089','98072168089','2','BURBANO','FERNANDEZ','DANI','ESTEBAN','m','1998-07-21','13670','87010072','37060116','','B/FENELON ORDOÑEZ','','3146210052','19,9','BURBANO','JESUS ','','','','','','FERNANDEZ','ZENAIDA','','','','','','','',NULL,NULL,NULL,NULL,879),('903','880','99030614816','2','MUNOZ','MUNOZ','DANIELA','','f','1999-09-29','52378','87247186','1088970877','','VDA/LA LAGUNA','','3147684316','12,47','MIÑOZ','SEGUNDO','','','','','','MUÑOZ','DEICY','','','','','','','',NULL,NULL,NULL,NULL,880),('903','881','99030614816','2','TULCAN','BRAVO','DANIELA','ELIZABETH','f','1999-03-06','52378','87247856','27281945','','B/GRANADA','','3137106261','25,00','TULCAN','WILSON','','','','','','BRAVO','HEYDA','','','','','','','',NULL,NULL,NULL,NULL,881),('903','1007311074','1007311074','2','SANCHEZ','','DIANA','SOFIA','f','1999-05-09','52378','','27276968','','B/LA POLA','','3146382413','10,41','','','','','','','','SANCHEZ','CECILIA','','','','','','','',NULL,NULL,NULL,NULL,882),('903','99060813740','99060813740','2','PALACIOS','IMBACHI','DIEGO','ARMANDO','m','1999-06-08','52378','87245164','27284377','','B/GRANADA','','3104297823','26,98','PALACIOS','ALFONSO','','','','','','IMBACHI','REINA','','','','','','','',NULL,NULL,NULL,NULL,883),('903','99020203176','99020203176','2','BOLANOS','GUERRERO','DORIS','CRISTINA','f','1999-02-02','52378','87245819','27277554','','VDA/EL TABOR','','3148770055','20,00','BOLAÑOS','SEGUNDO','','','','','','GUERRERO','GLORIA','','','','','','','',NULL,NULL,NULL,NULL,884),('903','1004731003','1004731003','2','BURBANO','MUNOZ','ELIANA','MARCELA','f','2000-07-09','13670','87246471','27453939','','B/PRADOS DEL NORTE','','3105964419','39,97','BURBANO','JOSE','','','','','','MUÑOZ','LILIANA','','','','','','','',NULL,NULL,NULL,NULL,885),('903','1007310647','1007310647','2','OBANDO','ZAMBRANO','ESTEFAN','IVETD DAYANA','f','1998-06-28','52378','87248145','27282191','','B/MOROCHILLO','','3217240829','20,93','OBANDO','JOSE','','','','','','ZAMBRANO','EIRA','','','','','','','',NULL,NULL,NULL,NULL,886),('903','98082767711','98082767711','2','MUNOZ','RODRIGUEZ','INGRI','TATIANA','f','1998-08-27','52378','87246503','27281533','','VDA/JUAN LOPEZ','','3117279619','9,33','MUÑOZ','MANUEL','','','','','','RODRIGUEZ','SANDRA','','','','','','','',NULL,NULL,NULL,NULL,887),('903','99123108589','99123108589','2','ORDOÑEZ','BARON','JAVER','YALIL','m','1999-12-31','18001','','','','B/GRANADA','','7266441','8,21','ORDOÑEZ','JAVER','','','','','','TRUJILLO','AMANDA','','','','','','','',NULL,NULL,NULL,NULL,888),('903','1004711389','1004711389','2','CARLOSAMA','IMBACHI','JEFERSON','STIVEN','m','2000-02-12','52378','87247811','27281585','','VDA/JUAN LOPEZ','','3212081734','35,07','CARLOSAMA','ALIRIO','','','','','','IMBACHI','MONICA','','','','','','','',NULL,NULL,NULL,NULL,889),('903','97022613182','97022613182','2','IMBACHI','IMBACHI','JEFREY','','m','1997-02-26','99823','','27277118','5274790','VDA/JUAN LOPEZ','','3148383594','16,5','','','','','','','','IMBACHI','BLANA','','','','','','','',NULL,NULL,NULL,NULL,890),('903','1144188032','1144188032','1','BLANDON','NARANJO','JHON','ANDERSON','m','1995-08-06','99823','','66960125','','VDA/LLANOGRANDE','','3148300776','','','','','','','','','NARANJO','LUZ','','','','','','','',NULL,NULL,NULL,NULL,891),('903','97021620703','97021620703','2','CERON','MUNOZ','JHON','FREDY','m','1997-02-16','52378','87246613','27276095','','B/SAN ANTONIO','','3113211006','35,67','CERON','HENRY','','','','','','MUÑOZ','FANNY','','','','','','','',NULL,NULL,NULL,NULL,892),('903','893','','1','MORILLO','REALPE','JULIETH','TATIANA','f','1995-06-10','52378','','27277166','','B/GRANADA','','3122212409','11,74','MORILLO','OSCAR','','','','','','REALPE','LUZ','','','','','','','',NULL,NULL,NULL,NULL,893),('903','1007310825','1007310825','2','NAVIA','SIMALES','JULIETH','ALEJANDRA','f','2000-05-02','52378','87249006','27277712','','VDA/LA CUCHILLA','','3128277272','31,2','NAVIA','WILMER','','','','','','SIMALES','GLADY','','','','','','','',NULL,NULL,NULL,NULL,894),('903','98032951198','98032951198','2','ARBOLEDA','ORDONEZ','KAREN','FERNANDA','f','1998-03-29','52378','','27277184','','B/LA FLORESTA','','3146068849','41,96','ARBOLEDA','FRANCISCO','','','','','','ORDOÑEZ','DELMY','','','','','','','',NULL,NULL,NULL,NULL,895),('903','98110215738','98110215738','2','PALACIOS','MARTINEZ','KAREN','FERNANDA','f','1998-11-02','52378','87246074','27277956','','B/LA POLA','','3206261270','30,19','PALACIOS','ARTEMIO','','','','','','MARTINEZ','LIBIA','','','','','','','',NULL,NULL,NULL,NULL,896),('903','99120502774','99120502774','2','ALVEAR','BRAVO','LAURA','SOFIA','f','1999-12-05','52378','87248119','27281368','','B/SAN ANTONIO','','3117316010','10,01','ALVEAR','WILLIAN','','','','','','BRAVO','NELCY','','','','','','','',NULL,NULL,NULL,NULL,897),('903','99100711377','99100711377','2','MUNOZ','VELASCO','LEIDI','CATERINE','f','1997-10-07','52378','87247715','27281605','','VDA/CAMPO BELLO','','3137347510','','MUÑOZ','NILSON','','','','','','VELASCO','NANCY','','','','','','','',NULL,NULL,NULL,NULL,898),('903','99012606202','99012606202','2','VILLADA','PALADINES','LUIS','ESTEBAN','m','1999-01-26','52378','87027871','27149644','','B/SAN ANTONIO','','3147157340','17,25','VILLADA','LUIS','','','','','','PALADINES','LUCERO','','','','','','','',NULL,NULL,NULL,NULL,899),('903','1004710968','1004710968','2','REALPE','RIVAS','MARIA','ALEJANDRA','f','1997-10-01','52378','','27277775','','B/PRADOS DEL NORTE','','3105116009','29,41','REALPE','PRÓPERO','','','','','','RIVAS','MARIA','','','','','','','',NULL,NULL,NULL,NULL,900),('903','1007310796','1007310796','2','MOLINA','','OSCAR','DAVID','m','1998-11-02','52378','','27277279','','B/BELEN','','3148863180','4,67','','','','','','','','MOLINA','MARIA','','','','','','','',NULL,NULL,NULL,NULL,901),('903','99070913700','99070913700','2','BRAVO','MOLINA','SANTIAGO','ORLANDO','m','1997-05-31','52378','87245134','27275476','','B/GRANADA','','3148013415','9,75','BRAVO','MARCO','','','','','','TRUJILLO','GABY','','','','','','','',NULL,NULL,NULL,NULL,902),('903','97053120087','97053120087','2','PALACIOS','IMBACHI','SANTIAGO','NICOLAS','m','1999-07-09','52378','87245164','27276377','','B/GRANADA','','3104297823','26,98','PALACIOS','ALFONSO','','','','','','IMACHI','REINA','','','','','','','',NULL,NULL,NULL,NULL,903),('903','99011814170','99011814170','2','BARAJAS','BENAVIDES','TANIA','CAMILA','f','1999-01-18','52378','3195348','27277264','','B/LA POLA','','3136195445','36,44','BARAJAS','WILLIAN','','','','','','BENAVIDES','CLAUDIA','','','','','','','',NULL,NULL,NULL,NULL,904),('903','98022869370','98022869370','2','MUNOZ','MUNOZ','YALILE','','f','1998-02-28','52378','87247186','1088970877','','VDA/LA LAGUNA','','3147684316','12,47','MUÑOZ','SEGUNDO','','','','','','MUÑOZ','DELCY','','','','','','','',NULL,NULL,NULL,NULL,905),('903','99042203536','99042203536','2','ALVEAR','LEITON','YENNIFER','VANESSA','f','1999-04-22','52378','87245465','27276221','','B/MOROCHILLO','','3105122850','51,09','ALVEAR','LUIS','','','','','','LEITON','MARIA','','','','','','','',NULL,NULL,NULL,NULL,906),('903','98081469814','98081469814','2','SOLARTE','REALPE','YURANI','YICELA','f','1998-08-14','52378','87247878','','','VDA/LA PLANTA','','3116240834','9,32','SOLARTE','DIEGO','','','','','','REALPE','SANDRA','','','','','','','',NULL,NULL,NULL,NULL,907),('1001','98021652849','98021652849','2','PALACIOS','ORDONEZ','ADRIAN','EDUARDO','m','1998-02-16','52378','87245476','','','B/SANTANDER','','3146143696','57,96','PALACIOS','EDUARDO','','','','','','ORDOÑEZ','MARIA','','','','','','','',NULL,NULL,NULL,NULL,908),('1001','97111822275','97111822275','2','MOLINA','REALPE','ANGELA','DANIELA','f','1997-11-18','52378','','27276292','','VDA/LA VEGA','','3137966288','31,86','MOLINA','JOSE','','','','','','REALPE ','MARIA ROSA','','','','','','','',NULL,NULL,NULL,NULL,909),('1001','97031001599','97031001599','2','FIGUEROA','ARCOS','ANGIE','ROCIO','f','1997-03-10','52378','87245946','36980128','','B/CENTRO','','3217063051','2,92','FIGUEROA','LIBARDO','','','','','','ARCOS','MILENA','','','','','','','',NULL,NULL,NULL,NULL,910),('1001','1088974763','1088974763','1','ORTEGA','GOMEZ','ANYELA','VANESSA','f','1994-07-22','99823','','27275353','','B/FENELON ORDOÑEZ','','3104438288','','ORTEGA','GUILLERMO','','','','','','GÓMEZ','LUCÍA','','','','','','','',NULL,NULL,NULL,NULL,911),('1001','96071024358','96071024358','2','ORTEGA','GOMEZ','CAREN','SOFIA','f','1996-07-10','52378','98322276','27275353','','B/FENELON ORDOÑEZ','','3104438288','','ORTEGA','JOSE','','','','','','GÓMEZ','BETTY','','','','','','','',NULL,NULL,NULL,NULL,912),('1001','98062369167','98062369167','2','CERON','GUERRERO','CARLOS','MAURICIO','m','1998-06-23','52378','87247180','27281099','','B/LA FLORESTA','','3216239475','36,67','CERON','SEGISMUNDO','','','','','','GUERRERO','MARIA','','','','','','','',NULL,NULL,NULL,NULL,913),('1001','97102723833','97102723833','2','BRAVO','PALACIOS','CAROL','DANIELA','f','1997-10-27','52378','13070304','','','B/SAN ANTONIO','','3137586615','18,55','BRAVO','FELIX','','','','','','PALACIOS','MOLINA','','','','','','','',NULL,NULL,NULL,NULL,914),('1001','97122203399','97122203399','3','TORRES','MOLINA','CLAUDIA','SOFIA','f','1997-12-22','52378','','27281337','','B/GRANADA','','3127262649','48,31','TORRES','FABIO','','','','','','MOLINA','CLAUDIA','','','','','','','',NULL,NULL,NULL,NULL,915),('1001','97041812960','97041812960','2','JIMENEZ','BAMBAGUE','CRISTIAN','CAMILO','m','1997-04-18','41668','25274896','25274896','','B/SAN ANTONIO','','3202866838','','','','','','','','','JIMENEZ','GLORIA','','','','','','','',NULL,NULL,NULL,NULL,916),('1001','99032702399','99032702399','2','CHAVEZ','MARTINEZ','DANIELA','STEFANIA','f','1999-05-27','52378','','27276320','','B/SULTANA DEL MAYO','','3136350304','28,52','CHAVEZ','ISRAEL','','','','','','MARTINEZ','ROSA','','','','','','','',NULL,NULL,NULL,NULL,917),('1001','980319699875','980319699875','2','PORTILLA','BOLANOS','DARLY','ZULENY','f','1998-03-19','52378','','27277553','','B/SAN ANTONIO','','3117192403','','PORTILLA','ALVARO','','','','','','BOLAÑOS ','LUCERO','','','','','','','',NULL,NULL,NULL,NULL,918),('1001','99020814833','99020814833','2','BELTRAN','CHAVES','DAYANA','ALEXANDRA','f','1999-02-08','52378','87247478','27281069','','B/MOROCHILLO','','3157875163','10,75','BELTRAN','NELSON','','','','','','CHAVEZ','MIRTA','','','','','','','',NULL,NULL,NULL,NULL,919),('1001','99022603210','99022603210','2','LEITON','CRUZ','DAYANA','YORLADY','','1999-02-26','','87247004','27277981','','VDA/LA ESTANCIA','','3122549368','7,02','LEITON','HUBER','','','','','','CRUZ','CLAUDIA','','','','','','','',NULL,NULL,NULL,NULL,920),('1001','96091924576','96091924576','2','ORDOÑEZ','BRAVO','DEICY','PATRICIA','f','1996-09-19','52378','','27281298','','VDA/LA VEGA','','3217689229','','ORDOÑEZ','MANUEL','','','','','','BRAVO','NUBIA','','','','','','','',NULL,NULL,NULL,NULL,921),('1001','1004711448','1004711448','2','BOLANOS','MUNOZ','DEISY','CAMILA','f','1998-07-22','52378','','27276882','','B/VILLA DEL NORTE','','3127975347','12,78','BOLAÑOS','REINEL','','','','','','MUÑOZ','DORIS','','','','','','','',NULL,NULL,NULL,NULL,922),('1001','96032314985','96032314985','2','HOYOS','HOYOS','EDISSON','ESTEBAN','m','1996-03-23','52378','','27277560','','VDA/LA VEGA','','3136988713','8,56','','','','','','','','HOYOS','AMPARO','','','','','','','',NULL,NULL,NULL,NULL,923),('1001','98022668838','98022668838','2','LOPEZ','ÑAÑEZ','ELI','YORYINA','f','1998-02-26','13670','5340241','27452115','','B/GRANADA','','3148829859','18,1','LÓPEZ','ALIRIO','','','','','','ÑAÑEZ','CARMEN','','','','','','','',NULL,NULL,NULL,NULL,924),('1001','925','98012567723','2','BELTRAN','BRAVO','IVAN','DARIO','m','1998-07-22','52378','87245528','','','B/SAN ANTONIO','','3108835764','1,91','BELTRAN','ENUAR','','','','','','BRAVO','EMMA','','','','','','','',NULL,NULL,NULL,NULL,925),('1001','926','98012567723','3','HOYOS','ALBAN','IVAN','ANDRES','m','1998-01-25','52378','','36980342','','B/SAN ANTONIO','','3143002859','18,5','HOYOS','IVAN','','','','','','ALBAN','SANDRA','','','','','','','',NULL,NULL,NULL,NULL,926),('1001','98082166718','98082166718','2','IMBACHI','ERAZO','JHON','ANDRES','m','1998-08-21','52378','','27277319','','B/SAN ANTONIO','','3113604726','57,52','IMBACHI','ALBERTO','','','','','','ERAZO','LUZ ANGELICA','','','','','','','',NULL,NULL,NULL,NULL,927),('1001','99040512710','99040512710','2','VELASCO','DIAZ','JOHANA','NATALI','f','1999-04-05','52378','','27277117','','B/LA POLA','','3117885915','29,43','VELASCO','GUILLERMO','','','','','','DIAZ','LIBIA','','','','','','','',NULL,NULL,NULL,NULL,928),('1001','97050921623','97050921623','2','ORDONEZ','MUNOZ','JUAN','CARLOS','m','1997-05-09','52378','10592172','','','VDA/LA VEGA','','3205748220','20,98','ORDOÑEZ','MARIN','','','','','','MUÑOZ','NORA','','','','','','','',NULL,NULL,NULL,NULL,929),('1001','1084221720','1084221720','2','SACANAMBUY','BUESAQUILLO','JULIANA','MARCELA','f','1995-12-29','52110','','','1084222768','B/SANTANDER','','3148556225','','','','','','','','','SACANAMBUY','OMAIRA','','','','','','','',NULL,NULL,NULL,NULL,930),('1001','97103010210','97103010210','2','ERAZO','BRAVO','KAROL','LISSETH','f','1997-10-30','52378','','27276165','','B/SAN ANTONIO','','3104700281','40,22','ERAZO','PEDRO','','','','','','BRAVO','ROSANA','','','','','','','',NULL,NULL,NULL,NULL,931),('1001','97111911812','97111911812','2','REALPE','RODRIGUEZ','KAROL','TATIANA','f','1997-11-19','52378','','27276254','','B/CENTRO','','3112432997','26,83','REALPE','LUIS','','','','','','RODRIGUEZ','MARIA','','','','','','','',NULL,NULL,NULL,NULL,932),('1001','98041167041','98041167041','2','GUAICAL','CERON','KEVIN','ALEXANDER','m','1998-04-11','52378','87247052','','','B/SANTANDER','','3146249053','20,24','GUAICAL','PABLO','','','','','','CERON','DORIS','','','','','','','',NULL,NULL,NULL,NULL,933),('1001','97101002032','97101002032','2','ORTEGA','MUNOZ','MARIA','ISABEL','f','1997-10-10','52378','87247447','27276430','','B/SULTANA DEL MAYO','','3206899757','15,13','ORTEGA','HECTOR','','','','','','MUÑOZ','ROSA','','','','','','','',NULL,NULL,NULL,NULL,934),('1001','99012306829','99012306829','2','MUNOZ','REALPE','NICOLAS','ANDRES','m','1999-01-23','52378','87245536','27275859','','B/CENTRO','','3128344244','','MUÑOZ','JOSE','','','','','','REALPE ','GRACIELA','','','','','','','',NULL,NULL,NULL,NULL,935),('1001','97111122680','97111122680','2','HOYOS','ORDONEZ','NILSON','ESTEBAN','m','1998-11-11','52378','87246463','27281552','','VDA/LA VEGA','','3105279675','8,14','HOYOS','ORLANDO','','','','','','ORDOÑEZ','NUBIA','','','','','','','',NULL,NULL,NULL,NULL,936),('1001','1088974967','1088974967','1','ORDONEZ','BRAVO','ROBINSON','','m','1995-02-20','52378','5274913','27275974','','VDA/LA ESTANCIA','','3215899402','10,12','ORDOÑEZ','AUGUSTO','','','','','','BRAVO','ROSAURA','','','','','','','',NULL,NULL,NULL,NULL,937),('1001','99080964919','99080964919','2','NAVIA','HOYOS','VIVIANA','KATERINE','f','1998-08-09','52378','87247772','27277958','','VDA/LA VEGA','','3108228781','5,65','NAVIA','JESUS','','','','','','HOYOS','MARLENY','','','','','','','',NULL,NULL,NULL,NULL,938),('1001','98123003705','98123003705','2','CISNEROS','MELENDEZ','WILLINGTON','ANDRES','m','1998-12-30','52378','87247938','27281672','','B/LA POLA','','3117429474','36,66','CISNEROS','WILLINGNTON','','','','','','MELENDEZ','CLAUDIA','','','','','','','',NULL,NULL,NULL,NULL,939),('1001','98040720596','98040720596','2','REALPE','MUÑOZ','YEIMY','JULIETH','','1998-04-07','','','27282381','','VDA/LA ESTANCIA','','3127019979','','REALPE','JAIRO','','','','','','MUÑOZ','LUCY','','','','','','','',NULL,NULL,NULL,NULL,940),('1001','98110216998','98110216998','2','ARCOS','BOLANOS','YULIETH','DANIELA','f','1998-11-02','52378','87246547','27277099','','B/SULTANA DEL MAYO','','3128649880','19,34','ARCOS','JESUS','','','','','','BOLAÑOS ','MARY','','','','','','','',NULL,NULL,NULL,NULL,941),('1001','942','','1','MUÑOZ','CARLOSAMA','YURY','PATRICIA','f','1995-07-15','52378','87247083','27281774','','B/CENTRO','','3147351409','27,93','MUÑOZ','URIBE','','','','','','CARLOSAMA','ANA','','','','','','','',NULL,NULL,NULL,NULL,942),('','98042453633','98042453633','2','SAMBONI','ZUNIGA','AIDE','ZURELI','f','1998-04-24','19100','','25320984','','B/FENELON ORDOÑEZ','','3117739259','18,99','SAMBONI','GUILLERMO','','','','','','ZUÑIGA','LUZ ANGELICA','','','','','','','',NULL,NULL,NULL,NULL,944),('1002','97051818540','97051818540','2','MUNOZ','BRAVO','ALEX','ARMANDO','m','1997-05-18','52378','87247197','27281729','','VDA/LLANOGRANDE','','3206394954','22,5','MUÑOZ','LEONARDO','','','','','','BOLAÑOS','ROBIRA','','','','','','','',NULL,NULL,NULL,NULL,945),('1002','97110622663','97110622663','2','SAMBONY','ZUNIGA','ALEXANDER','','m','1997-11-06','19100','87247305','27277892','','B/VILLA DEL NORTE','','3108376427','18,93','SAMBONI','ALISANDE','','','','','','ZUÑIGA','ANA CELIA','','','','','','','',NULL,NULL,NULL,NULL,946),('1002','98100865718','98100865718','2','CERON','DIAZ','ANYI','ALEXANDRA','f','1998-10-08','52378','87247268','27277014','','VDA/MONCAYO','','3206593648','29,86','CERON','ISACC','','','','','','DIAZ','IMELDA','','','','','','','',NULL,NULL,NULL,NULL,947),('1002','97072318629','97072318629','2','MUNOZ','DIAZ','BAIRON','','m','1997-07-23','52378','5275325','27277782','','B/CENTRO','','3113914261','48,4','MUÑOZ','LUIS','','','','','','DIAZ','GLADYS','','','','','','','',NULL,NULL,NULL,NULL,948),('1002','99010102720','99010102720','2','CORTES','BRAVO','CARLOS','ALBERTO','m','1999-01-01','52378','94453751','27281018','','B/VILLA DEL NORTE','','3147685583','37,16','CORTES','CANCIO','','','','','','BRAVO','LUZ','','','','','','','',NULL,NULL,NULL,NULL,949),('1002','98050570649','98050570649','2','MOLINA','REBOLLEDO','CARLOS','DAVID','m','1998-05-05','52378','','27276506','','B/LA POLA','','3128660700','15,31','MOLINA','PEDRO','','','','','','REBOLLEDO','ORLANDA','','','','','','','',NULL,NULL,NULL,NULL,950),('1002','98081820600','98081820600','2','MUNOZ','DELGADO','CARLOS','DANIEL','m','1998-08-18','52378','','27276860','','B/GRANADA','','3122334350','24,57','MUÑOZ','RODRIGO','','','','','','DELGADO','CAROLINA','','','','','','','',NULL,NULL,NULL,NULL,951),('1002','98112519181','98112519181','2','SAMBONY','LEDEZMA','CARLOS','ANDRES','m','1998-11-25','52378','','27276800','','B/SANTANDER','','3122787326','7,76','SAMBONY','EVER','','','','','','LEDEZMA','GLORIA','','','','','','','',NULL,NULL,NULL,NULL,952),('1002','98110565836','98110565836','2','MUNOZ','GOMEZ','DAISSY','CATHERINE','f','1998-11-05','99785','87245774','27275792','','B/VILLA DEL NORTE','','3117306512','13,40','MUÑOZ','OLIDEN','','','','','','GÓMEZ','MERY','','','','','','','',NULL,NULL,NULL,NULL,953),('1002','98122502856','98122502856','2','CRUCES','CARLOSAMA','DANIELA','FERNANDA','f','1998-12-25','52378','87247662','27277729','','B/CENTRO','','3207925737','8,20','CRUCES','OSCAR','','','','','','CARLOSAMA','MARIA','','','','','','','',NULL,NULL,NULL,NULL,954),('1002','955','99061211639','3','MUNOZ','GUERRERO','DAYANA','LIZETH','f','1999-06-12','52399','98322274','27281654','','B/PABO VI','','3113074201','18,79','MUÑOZ','LEONARDO','','','','','','GUERRERO','ESTHER','','','','','','','',NULL,NULL,NULL,NULL,955),('1002','956','99061211639','2','ORDONEZ','IBARRA','DAYANA','ALEXANDRA','f','1999-01-23','52378','','27276783','','B/VILLA DEL NORTE','','3136335764','11,86','ORDOÑEZ','EDER','','','','','','IBARRA','LIDA','','','','','','','',NULL,NULL,NULL,NULL,956),('1002','96112604607','96112604607','2','CERON','MARTINEZ','DUBAN','ANDRES','m','1996-11-26','52378','','27276148','','B/FENELON ORDOÑEZ','','3206299221','44,47','CERON','LUIS','','','','','','MARTINEZ','MARIA','','','','','','','',NULL,NULL,NULL,NULL,957),('1002','98120166883','98120166883','2','TORRES','MUNOZ','EDISON','SANTIAGO','m','1998-12-01','52378','','27282185','','B/VILLA DEL NORTE','','3102779618','11,17','TORRES','PEDRO','','','','','','MUÑOZ','MARIA','','','','','','','',NULL,NULL,NULL,NULL,958),('1002','98062570024','98062570024','2','ENRIQUEZ','BRAVO','EDWIN','ALEXANDER','m','1998-06-23','52378','87246725','27276901','','B/EL CHORRILLO','','3117413320','17,70','ENRIQUEZ','LIBARDO','','','','','','BRAVO','GABY','','','','','','','',NULL,NULL,NULL,NULL,959),('1002','99041302581','99041302581','2','BOLANOS','RODRIGUEZ','ESTEVAN','CAMILO','m','1999-04-13','52378','87247705','','','B/VILLA DEL NORTE','','3113194836','37,27','BOLAÑOS','EDGAR','','','','','','RODRIGUEZ','AURA','','','','','','','',NULL,NULL,NULL,NULL,960),('1002','97030222168','97030222168','2','MUNOZ','','FABIAN','ANDRES','m','1997-03-02','52378','','27281853','','VDA/LLANOGRANDE','','3147290239','35,30','','','','','','','','MUÑOZ','ANA LUCIA','','','','','','','',NULL,NULL,NULL,NULL,961),('1002','97091519201','97091519201','2','MONCAYO','MOLINA','HERNEY','ESTIVEN','m','1997-09-15','52378','98391017','27281987','','VDA/LLANOGRANDE','','3104245235','3,42','LOPEZ','GILDARDO','','','','','','MOLINA','CIELO','','','','','','','',NULL,NULL,NULL,NULL,962),('1002','99080611443','99080611443','2','MUNOZ','LEDEZMA','JULIAN','DAVID','m','1999-08-06','52378','87246881','27281511','','B/GRANADA','','3113783788','35,02','MUÑOZ','ROGER','','','','','','LEDEZMA','CELINA','','','','','','','',NULL,NULL,NULL,NULL,963),('1002','98090818171','98090818171','2','CALVACHE','MOLINA','LAURA','MARIA','f','1998-09-08','52378','','27276149','','VDA/LLANOGRANDE','','3127388513','12,41','CALVACHE','EDGAR','','','','','','MOLINA','AURA','','','','','','','',NULL,NULL,NULL,NULL,964),('1002','98030551877','98030551877','3','IMBACHI','REBOLLEDO','LAURA','MARIA','f','1998-03-05','52378','','27276652','','B/LA POLA','','3113910374','27,23','IMBACHI','EVER','','','','','','REBOLLEDO','ANA','','','','','','','',NULL,NULL,NULL,NULL,965),('1002','98092366073','98092366073','3','REALPE','MOLINA','LEYDI','JOHANA','f','1998-09-23','52378','87246570','','','B/CENTRO','','3136323425','41,83','REALPE','GUIDO','','','','','','MOLINA','ROSA','','','','','','','',NULL,NULL,NULL,NULL,966),('1002','1007520412','1007520412','2','VILLOTA','TORO','LINA','MARIA','f','1998-04-08','52258','','27089776','','B/PRADOS DEL NORTE','','3217861847','30,00','','','','','','','','VILLOTA','ROSA','','','','','','','',NULL,NULL,NULL,NULL,967),('1002','99030202690','99030202690','2','FIGUEROA','MOLINA','LISBETH','ELIANA','f','1999-03-02','','','27281274','','B/CENTRO','','3108300080','','FIGUEROA','CIRO','','','','','','MOLINA','ANA','','','','','','','',NULL,NULL,NULL,NULL,968),('1002','99031202880','99031202880','2','ALVEAR','PALACIOS','MANUEL','ALEJANDRO','m','1999-03-12','52378','','27276349','','B/LA POLA','','3116197205','20,69','ALVEAR','MANUAL','','','','','','BRAVO','LUCIA','','','','','','','',NULL,NULL,NULL,NULL,969),('1002','98080768613','98080768613','2','RANGEL','DELGADO','MARIA','FERNANDA','f','1998-08-07','52378','','27276752','','B/GRANADA','','3103517849','12,26','RANGEL','HUGO','','','','','','DELGADO','DORA','','','','','','','',NULL,NULL,NULL,NULL,970),('1002','98030168399','98030168399','2','MUTIS','ÑAÑEZ','MARLY','SOFIA','f','1998-03-01','52378','87246892','','','B/MOROCHILLO','','3147549780','10,8','MUTIS','ARIEL','','','','','','ÑAÑEZ','ROSA','','','','','','','',NULL,NULL,NULL,NULL,971),('1002','98042421669','98042421669','2','DIAZ','SOLARTE','RICHARD','LEANDRO','','1998-04-24','','','27275775','','B/SAN ANTONIO','','3137117505','','DIAZ','LEANDRO','','','','','','SOLARTE','MERY','','','','','','','',NULL,NULL,NULL,NULL,972),('1002','98110918348','98110918348','2','CABRERA','ORDONEZ','SERGIO','ESTEBAN','m','1998-11-09','52378','87245222','','','B/LA POLA','','3167582338','18,24','CABRERA','EDGARDO','','','','','','ORDOÑEZ','TRINIDAD','','','','','','','',NULL,NULL,NULL,NULL,973),('1002','98080216998','98080216998','2','CERON','LOPEZ','TANIA','MARCELA','f','1998-08-02','52378','87247262','27281296','','VDA/ESCANDOY','','3128218061','21,68','CERON','NILBIO','','','','','','LOPEZ','JANETH','','','','','','','',NULL,NULL,NULL,NULL,974),('1002','98080569246','98080569246','2','MUNOZ','MUNOZ','VICTOR','DANIEL','m','1998-08-05','52378','','27276151','','B/CENTRO','','3104208866','46,19','MUÑOZ','JESUS','','','','','','MUÑOZ','CLAUDIA','','','','','','','',NULL,NULL,NULL,NULL,975),('1002','98092169367','98092169367','2','MOLINA','ARANGO','YEISON','BRANDO','m','1998-09-21','52378','87246784','31438238','','VDA/LLANOGRANDE','','3146911457','17,4','MOLINA','JESUS','','','','','','ARANGO','DIANA','','','','','','','',NULL,NULL,NULL,NULL,976),('1002','98080769342','98080769342','3','GUTIERREZ','MOLINA','YONATAN','','m','1998-08-07','52378','15612375','27277636','','B/GRANADA','','3136495918','34,19','GUTIERRES','GERARDO','','','','','','MOLINA','GLADIS','','','','','','','',NULL,NULL,NULL,NULL,977),('1003','96100201426','96100201426','2','ORDOÑEZ','VILLAMUEZ','ALEX','DUVAN','m','1996-10-02','52378','87246755','27277360','','VDA/JUAN LOPEZ','','3116034370','46,4','ORDOÑEZ','MIGUEL','','','','','','VILLAMUEZ','ROBIRA','','','','','','','',NULL,NULL,NULL,NULL,978),('1003','97051812267','97051812267','2','PARDO','DELGADO','ANDERSON','EMILIO','m','1997-05-12','41359','79895562','27097511','','B/LLANOGRANDE','','3206738868','19,38','PARDO','EMILIO','','','','','','DELGADO','NORA','','','','','','','',NULL,NULL,NULL,NULL,979),('1003','1002791762','1002791762','2','MONTERO','GUTIERREZ','ANDRES','FELIPE','m','1999-12-05','19050','','25285065','','B/PRADOS DEL NORTE','','3127202538','33,8','','','','','','','','MONTERO','MARIA','','','','','','','',NULL,NULL,NULL,NULL,980),('1003','98111154538','98111154538','2','PARDO','DELGADO','ANGIE','DANIELA','f','1998-11-11','41359','79895562','27097511','','B/LLANOGRANDE','','','33,8','PARDO','EMILIO','','','','','','DELGADO','NORA','','','','','','','',NULL,NULL,NULL,NULL,981),('1003','1084258418','1084258418','1','SAMBONI','CHILITO','ANTONIO','FABIAN','m','1994-12-04','41359','12169463','36112440','','B/PRADOS DEL NORTE','','3147236320','14,04','SAMBONI','EDIL','','','','','','CHILITO','LIGIA','','','','','','','',NULL,NULL,NULL,NULL,982),('1003','1004710631','1004710631','2','ERAZO','MUÑOZ','BRAYAN','EDILSO','m','1996-04-13','52378','','27282329','','VDA/LLANOGRANDE','','3137771636','6,7','','','','','','','','ERAZO','LUZ MARINA','','','','','','','',NULL,NULL,NULL,NULL,983),('1003','1088975201','1088975201','1','MUÑOZ','MOLINA','CRISTIAN','DAVID','m','05/08/1995','52378','87246538','27281281','','B/MOROCHILLO','','3218570483','','','','','','','','','MOLINA','MARIA','','','','','','','',NULL,NULL,NULL,NULL,984),('1003','96112028622','96112028622','2','ORDONEZ','OBANDO','CRISTIAN','BOLIVAR','m','1996-11-20','52378','','66705482','','B/SAN ANTONIO','','3105297775','29,78','ORDOÑEZ','BOLIVAR','','','','','','OBANDO','ELVIRA','','','','','','','',NULL,NULL,NULL,NULL,985),('1003','97121512355','97121512355','2','ALBAN','ALBAN','DEICY','YOHANA','f','1997-12-15','52378','87246937','27280989','','VDA/LLANOGRANDE','','3127867213','27,88','ALBAN','VICTOR','','','','','','ALBAN','MARGOTH','','','','','','','',NULL,NULL,NULL,NULL,986),('1003','97062217484','97062217484','2','CHAVES','CERON','EIVER','','m','1997-06-22','52378','','27282956','','VDA/LLANOGRANDE','','','','CHAVES','JESUS','','','','','','CERON','ROSALBINA','','','','','','','',NULL,NULL,NULL,NULL,987),('','100471165','100471165','1','GUERRERO','CERON','EYBER','GEOVANY','','1995-06-10','','','27277645','','VDA/LLANOGRANDE','','3103767955','','GUTIERRES','ADGEMIRO','','','','','','','','','','','','','','',NULL,NULL,NULL,NULL,988),('1003','989','','1','ORTIZ','RUIZ','ESTEBAN','ANDRES','m','1996-01-27','52378','87246602','27277090','','B/SAN ANTONIO','','3217574393','','ORTIZ','EDGAR','','','','','','RUIZ','NUBIA','','','','','','','',NULL,NULL,NULL,NULL,989),('1003','990','','1','BOLANOS','VELASCO','HERNANDO','DAVID','m','1995-05-14','52378','87245981','','','LA CRUZ ','','3117511994','32,91','BOLAÑOS','OMAR','','','','','','VELASCO','NATIVIDAD','','','','','','','',NULL,NULL,NULL,NULL,990),('1003','991','','1','BRAVO','MENESES','HUGO','ALEXANDER','m','1994-01-11','52378','','27281255','','VDA/COFRADIA','','3127847256','29,62','BRAVO','MANUEL','','','','','','MENESES','GLORIA','','','','','','','',NULL,NULL,NULL,NULL,991),('1003','99060910916','99060910916','2','SAMBONI','CATUCHE','INGRITH','LORENA','f','1999-06-09','19100','4633419','','','B/PRADOS DEL NORTE','','3128379161','','SAMBONI','JHON','','','','','','CATUCHE','EREDIA','','','','','','','',NULL,NULL,NULL,NULL,992),('1003','1002793022','1002793022','2','MONTERO','GUTIERREZ','JOHNY','ALEJANDRO','m','1998-06-23','19050','','34326574','','B/PRADOS DEL NORTE','','3218936588','24,77','','','','','','','','MONTERO','LUZ MIREYA','','','','','','','',NULL,NULL,NULL,NULL,993),('1003','1088975075','1088975075','1','CRIOLLO','MENDEZ','JUAN','CARLOS','m','1995-04-30','52378','87247118','27281670','','VDA/LAS ARADAS','','3128071313','26,41','CRIOLLO','ENAR','','','','','','MENDEZ','EDILMA','','','','','','','',NULL,NULL,NULL,NULL,994),('1003','1002805698','1002805698','2','SAMBONI','IMBACHI','KAREN','DAYANA','f','1998-07-12','19100','76221954','66990274','','B/PRADOS DEL NORTE','','3147945612','12,00','SAMBONI','GENTIL','','','','','','IMBACHI','ONEIDA','','','','','','','',NULL,NULL,NULL,NULL,995),('1003','99080113613','99080113613','2','PEREZ','IMBACHI','LEIDY','YULIET','f','1999-08-01','52378','16054432','27281961','','B/PRADOS DEL NORTE','','3146683185','47,99','PEREZ','HERNEY','','','','','','IMBACHI','MARY','','','','','','','',NULL,NULL,NULL,NULL,996),('1003','997','97080419337','2','CIFUENTES','BRAVO','MARIA','DANIELA','f','1998-10-30','25019','','67016495','','B/FENELON ORDOÑEZ','','3148809493','28,61','CIFUENTES','CESAR','','','','','','BRAVO','DORA','','','','','','','',NULL,NULL,NULL,NULL,997),('1003','998','97080419337','2','GUERRERO','ALVARADO','MARIA','CAMILA','f','1997-08-04','99823','','27097649','','B/FENELON ORDOÑEZ','','3117732189','25,02','GUERRERO','SILVIO','','','','','','ALVARADO','CECILIA','','','','','','','',NULL,NULL,NULL,NULL,998),('1003','1085662398','1085662398','1','BOLAÑOS','TORRES','SERGIO','ALEJANDRO','m','1992-09-18','13670','','27277697','','VDA/BRICEÑO','','3137642771','23,02','BOLAÑOS','SEGUNDO','','','','','','TORRES','DANILA','','','','','','','',NULL,NULL,NULL,NULL,999),('1003','98061516115','98061516115','2','ORTIZ','RUIZ','SINDIA','ELIZABETH','f','1998-06-15','52378','87246602','27277090','','B/SAN ANTONIO','','3217574349','12,42','ORTIZ','EDGAR','','','','','','RUIZ','NUBIA','','','','','','','',NULL,NULL,NULL,NULL,1000),('1003','1007310772','1007310772','1','BUESAQUILLO','BUESAQUILLO','WILLIAM','ALEXANDER','m','1995-07-06','52378','','25320629','','VDA/LA ESTANCIA','','3108439380','12,30','','','','','','','','BUESAQUILLO','ECILDA','','','','','','','',NULL,NULL,NULL,NULL,1001),('1004','98050967565','98050967565','2','IMBACHI','RUIZ','ADRIAN','DAVID','m','1998-05-09','52378','','27282497','','LA ESTANCIA','','3117909917','36,00','IMBACHI','HERNEY','','','','','SI','RUIZ','EMILCE','LA ESTANCIA','','','','SI','','',NULL,NULL,NULL,NULL,1002),('1004','98070269880','98070269880','2','BOLANOS','BOLANOS','ANDRES','DAVID','m','1998-07-02','52378','87247448','27282538','','B/MOROCHILLO','','3127730272','28,23','BOLAÑOS','EFRAIN','','','','','SI','BOLAÑOS','LINY','LA CRUZ','','','','SI','','',NULL,NULL,NULL,NULL,1003),('1004','98082469370','98082469370','2','MUNOZ','IMBACHI','ANGIE','PAOLA','f','1998-08-24','52378','87247511','27281621','','VDA/CABUYALES','','3206821609','25,79','MUÑOZ','ADONAY','','','','','SI','IMBACHI','RUBY','CABUYALES','','','','SI','','',NULL,NULL,NULL,NULL,1004),('1004','97101719352','97101719352','2','ORDONEZ','MUNOZ','ANGIE','ESTEFANIA','f','1997-10-17','52378','87247181','','','VDA/CABUYALES','','3146606099','27,08','ORDOÑEZ','ELSON','','','','','SI','MUÑOZ','JANETH','CABUYALES','','','','SI','','',NULL,NULL,NULL,NULL,1005),('1004','98031551595','98031551595','2','ORTIZ','MUNOZ','ANGIE','PAOLA','f','1998-03-15','52378','87247276','','','VDA/CABUYALES','','3137254242','21,69','ORTIZ','GUILLERMO','','','','','NO','MUÑOZ','SANDRA','CABUYALES','','','','SI','','',NULL,NULL,NULL,NULL,1006),('1004','98012670672','98012670672','2','RUIZ','MOLINA','ANGYE','PAOLA','f','1998-01-26','52378','97245960','27276525','','B/FENELON ORDOÑEZ','','3127718648','26,57','RUIZ','SEGUNDO','','','','','SI','MOLINA','BERTHA','LLANOGRANDE','','','','SI','','',NULL,NULL,NULL,NULL,1007),('1004','98110612796','98110612796','2','PAZ','DELGADO','ANYI','PAOLA','f','1998-11-06','52378','87246070','27281171','','SAN RAFAEL','','3148690569','10,21','PAZ','SEGUNDO','','','','','SI','DELGADO','ELVIA','SAN RAFAEL','','','','SI','','',NULL,NULL,NULL,NULL,1008),('1004','96112519715','96112519715','2','ÑAÑEZ','CAICEDO','ANYI','PAOLA','f','1996-11-25','13670','','27282254','','LA POLA','','3136058088','19,70','ÑAÑEZ','JESUS','','','','','NO','CAICEDO','LUCY','','','','','NO','','',NULL,NULL,NULL,NULL,1009),('1004','1010','','1','ORTEGA','TORRES','ARNOLD','DAVID','m','1995-05-10','','','','','B/FENELON ORDOÑEZ','','3116276343','47,05','ORTEGA','HUGO','','','','','','TORRES','SONIA','','','','','','','',NULL,NULL,NULL,NULL,1010),('1004','98032667376','98032667376','2','GUERRERO','ORDONEZ','AURA','LORENA','f','1998-03-26','52378','87246662','','','B/PABLO VI','','3137987940','18,81','GUERRERO','HERMAN','','','','','','ORDOÑEZ','ARGENIS','','','','','','','',NULL,NULL,NULL,NULL,1011),('1004','98032151485','98032151485','3','ORDONEZ','NANEZ','BAIRON','GERMAN','m','1998-03-21','52378','','27277669','','B/SANTANDER','','3113067839','41,76','ORDOÑEZ','MADIAN','','','','','','ÑAÑEZ','NELLY','','','','','','','',NULL,NULL,NULL,NULL,1012),('1004','1058674618','1058674618','1','YELA','ZUNIGA','BRAYAN','FERNANDO','m','1995-09-17','19050','','48604050','','LA CRUZ ','','3126110648','18,44','YELA','JOSE','','','','','','ZUÑIGA','PIEDAD','','','','','','','',NULL,NULL,NULL,NULL,1013),('1004','1014','','1','GUERRERO','DEJOY','CRISTINA','ELIZABETH','f','1996-01-15','52378','','27276906','','LLANOGRANDE','','3116526005','8,59','GUERRERO','JAIRO','','','','','','DEJOY','MARIA','','','','','','','',NULL,NULL,NULL,NULL,1014),('1004','97110620385','97110620385','2','MUNOZ','ORDONEZ','DEISON','ULDIVER','m','1997-11-06','52378','87247489','','','B/SANANTONIO','','3122669986','12,70','MUÑOZ','OMAR','','','','','','ORDOÑEZ','DOLORES','','','','','','','',NULL,NULL,NULL,NULL,1015),('1004','98061667938','98061667938','2','ORTEGA','BRAVO','DIANA','MARCELA','f','1998-06-16','52378','','27281112','','VDA/LLANOGRANDE','','3205840294','5,81','ORTEGA','MARCO','','','','','','BRABO','LUZ ANGELICA','','','','','','','',NULL,NULL,NULL,NULL,1016),('1004','1088975309','1088975309','1','NAVIA','DIAZ','EDWIN','FERNANDO','m','1995-11-10','52378','','','','VDA/ ESCANDOY','','3122449481','','','','','','','','','NAVIA','YOLANDA','','','','','','','',NULL,NULL,NULL,NULL,1017),('1004','97072218969','97072218969','2','SIMALES','ORTEGA','EDWIN','ALEXANDER','m','1997-07-22','52378','','','','VDA/ LA CUCHILLA','','3116417940','2,34','SIMALES','ARGEMIRO','','','','','','ORTEGA','MARIA','','','','','','','',NULL,NULL,NULL,NULL,1018),('1004','98020754150','98020754150','2','GRIJALBA','BRAVO','ELIANA','','f','1998-02-07','52378','87247331','','','VDA/ LLANOGRANDE','','3218855332','25,93','GRIJALBA','JAIRO','','','','','','BRAVO','BLANCA','','','','','','','',NULL,NULL,NULL,NULL,1019),('1004','98102462912','98102462912','2','BRAVO','BOLANOS','INGRID','YULIETH','f','1998-10-24','52378','','27281227','','VDA/TAJUMBINA','','3136854157','14,20','BRAVO','OLGUER','','','','','','BOLAÑOS','CIELO','','','','','','','',NULL,NULL,NULL,NULL,1020),('1004','1088975340','1088975340','1','ALBAN','CERON','JAMES','FERNEY','m','1995-10-27','52378','15800049','','','VDA/LLANOGRANDE','','3147452603','30,87','ALBAN','SEGUNDO','','','','','','CERON','ZOILA','','','','','','','',NULL,NULL,NULL,NULL,1021),('1004','98102413709','98102413709','2','BOLANOS','QUINTERO','JHARVIN','DAYAN','m','1998-10-24','52378','','67015044','','B/GRANADA','','3215144062','5,36','BOLAÑOS','LUIS','','','','','','QUINTERO','OLGA','','','','','','','',NULL,NULL,NULL,NULL,1022),('1004','97102122104','97102122104','2','GALLARDO ','MOLINA','JORGE','ALFREDO','','1997-10-21','','','27281286','','B/MOROCHILLO','','3146105010','','GALLARDO ','RAFAEL','','','','','','MOLINA','FABIOLA','','','','','','','',NULL,NULL,NULL,NULL,1023),('1004','1088975254','1088975254','1','SAMBONI','ROSERO','JOSE','ESTEBAN','','1995-09-20','','','','','B/LA POLA','','','','SAMBONI','GENTIL','','','','','','ROSERO','DORA','','','','','','','',NULL,NULL,NULL,NULL,1024),('1004','1007311103','1007311103','2','SOLARTE','MUNOZ','KATHERINE','ELIZABETH','f','1999-09-09','52378','','','','B/FENELON ORDOÑEZ','','3164470763','','SOLARTE','NEVAR','','','','','','MUÑOZ','MARLY','','','','','','','',NULL,NULL,NULL,NULL,1025),('1004','98072269934','98072269934','3','TACURY','MUNOZ','LEIDY','VIVIANA','f','1998-07-22','52378','','27277009','','B/SANTANDER','','3125704683','19,82','TACURI','CARLOS','','','','','','MUÑOZ','JANETH','','','','','','','',NULL,NULL,NULL,NULL,1026),('1004','1027','','1','BRAVO','MUNOZ','LINA','MARCELA','f','1996-05-24','52378','','27281206','','LLANOGRANDE','','3148929857','14,76','','','','','','','','BRAVO','YENY','','','','','','','',NULL,NULL,NULL,NULL,1027),('1004','1085308730','1085308730','1','BOLANOS','REALPE','LUIS','ANDERSON','m','1993-11-15','52378','','27281116','','B/CENTRO','','3146223632','37,8','BOLAÑOS','LUIS','','','','','','REALPE','BETY','','','','','','','',NULL,NULL,NULL,NULL,1028),('1004','99011517567','99011517567','2','BENAVIDES','BRAVO','OSCAR','ALEJANDRO','m','1999-01-15','52378','','27282072','','CARRERA 6 NO 2-11','','3127348542','2,84','BENAVIDES','JAMILTON','','','','','','BRAVO','PAOLA','','','','','','','',NULL,NULL,NULL,NULL,1029),('1004','98042469939','98042469939','2','ORTIZ','ORTEGA','TANIA','CAMILA','f','1998-04-24','52378','','65719483','','VDA/CABUYALES','','3127631603','31,03','ORTIZ','JOSE','','','','','','ORTEGA','SONIA','','','','','','','',NULL,NULL,NULL,NULL,1030),('1004','1031','','1','GRIJALBA','ORDONEZ','YEIRON','ALDUBAR','m','1996-06-02','99785','','27277654','','B/PRADOS DEL NORTE','','3127027463','9,25','GRIJALBA','ALDUBAR','','','','','','ORDOÑEZ','ERLITA','','','','','','','',NULL,NULL,NULL,NULL,1031),('1004','98062368489','98062368489','3','GUERRERO','MUNOZ','YEISON','ESTIVEN','m','1998-06-23','52378','','27281538','','B/BELEN','','3148423605','33,73','GUERRERO','RODRIGO','','','','','','MUÑOZ','LUZ ANGELICA','','','','','','','',NULL,NULL,NULL,NULL,1032),('1004','97090508893','97090508893','2','MUNOZ','MOLINA','YIVI','CONSTANZA','f','1997-09-05','52378','','27281281','','VDA/TAJUMBINA','','3133186739','6,6','MUÑOZ','ERBEY','','','','','','MOLINA','MARIA','','','','','','','',NULL,NULL,NULL,NULL,1033),('1004','98042667056','98042667056','2','IMBACHI','GOMEZ','YOHANA','ANDREA','f','1998-04-26','52378','','27279269','','B/MOROCHILLO','','3104957481','29,64','IMBACHI','JOSE','','','','','','GOMEZ','MARINA','','','','','','','',NULL,NULL,NULL,NULL,1034),('1005','98030568095','98030568095','2','GOMEZ','ARCOS','ADRIANA','LISSETH','f','1998-03-05','52378','87247320','27281030','','VDA/ COFRADIA','','3136735866','29,3','GOMEZ','OMAR','','','','','','ARCOS','GLORIA','','','','','','','',NULL,NULL,NULL,NULL,1035),('1005','99050102684','99050102684','2','CABRERA','ZAMBRANO','ALEXANDER','','m','1999-05-01','52378','5209863','27096552','','B/MADRIGAL','','3135823695','15,7','CABRERA','ERMEL','','','','','','ZAMBRANO','JULIA','','','','','','','',NULL,NULL,NULL,NULL,1036),('1005','98042665797','98042665797','2','NANEZ','MUNOZ','ALEXANDRA','','f','1998-04-26','52378','4709461','','','B/FENELON ORDOÑEZ','','3136722419','18,0','ÑAÑEZ','FIDENCIO','','','','','','MUÑOZ','LORENA','','','','','','','',NULL,NULL,NULL,NULL,1037),('1005','1088975295','1088975295','1','IBARRA','LOPEZ','ANYI','YOHANA','f','1995-09-16','52378','','27276591','','B/LLANOGRANDE','','3137466581','13,89','IBARRA','HAROLD','','','','','','LOPEZ','ALBA','','','','','','','',NULL,NULL,NULL,NULL,1038),('1005','1039','','1','SOLARTE','REALPE','BRAYAN','STIVEN','m','1995-07-04','52378','5275678','','','B/SAN ANTONIO','','3117199621','24,87','SOLARTE','EDGAR','','','','','','GUERRERO','ROSA','','','','','','','',NULL,NULL,NULL,NULL,1039),('1005','99052403541','99052403541','2','BOLANOS','REALPE','CARLOS','ALBERTO','m','1999-05-24','SANTANDER D Q','87246903','','','VDA /TAJUMBINA','','3122586109','27,34','BOLAÑOS','ERMES','','','','','','REALPE','DARLY','','','','','','','',NULL,NULL,NULL,NULL,1040),('1005','98070467097','98070467097','2','NANEZ','MUNOZ','CLAUDIA','LISETH','f','1998-07-04','13670','87245897','','','VDA/ESCANDOY','','3207481238','26,09','ÑAÑEZ','RAMIRO','','','','','','MUÑOZ','URSULINA','','','','','','','',NULL,NULL,NULL,NULL,1041),('1005','1007708486','1007708486','2','ALVARADO','IMBACHI','DANYELI','','f','1999-04-25','19100','76219252','34639360','','B/LLANOGRANDE','','3218012370','8,04','ALVARADO','OLIVER','','','','','','IMBACHI','OLIVIA','','','','','','','',NULL,NULL,NULL,NULL,1042),('1005','1043','','1','ORTIZ','GONZALES','DEISY','PATRICIA','f','1996-02-08','52378','','','5275474','LA CRUZ ','','','12,12','','','','','','','','GONZALES','BLANCA','','','','','','','',NULL,NULL,NULL,NULL,1043),('1005','97040123753','97040123753','2','BRAVO','BELTRAN','ELIANA','VANESSA','f','1997-04-01','','87246172','27281652','','B/SAN ANTONIO','','3206640077','28,82','BRAVO','ALBEIRO','','','','','','BELTRAN','AMANDA','','','','','','','',NULL,NULL,NULL,NULL,1044),('1005','97041123323','97041123323','2','SAMBONY','MUNOZ','ESTIVEN','','m','1997-04-11','52378','76221945','27277713','','B/FENELON ORDOÑEZ','','3217008278','10,08','SAMBONI','NOVARINO','','','','','','MUÑOZ','ANYELA','','','','','','','',NULL,NULL,NULL,NULL,1045),('1005','1002805542','1002805542','2','DAZA','CAICEDO','FREDDY','ALEXIS','m','1997-03-17','19100','76334700','25312918','','B/MOROCHILLO','','3103181073','47,2','DAZA','FREDY','','','','','','CAICEDO','BETSABE','','','','','','','',NULL,NULL,NULL,NULL,1046),('1005','1047','','1','MOLINA','MOLINA','GEOVANNY','ERNEY','m','1995-10-23','52378','87247161','27281785','','VDA/LAS ARADAS','','3105495889','35,64','MOLINA','EVER','','','','','','MOLINA','CARMEN','','','','','','','',NULL,NULL,NULL,NULL,1047),('1005','97052917860','97052917860','2','CORDOBA','MOLINA','IVAN','RENE','m','1997-05-29','52378','87247734','27280910','87248201','VDA /TAJUMBINA','','3137648074','7,54','CORDOBA','ROGER','','','','','','MOLINA','MERCEDES','','','','','','','',NULL,NULL,NULL,NULL,1048),('1005','1049','','1','GOMEZ','MARTINEZ','JESUS','ANTONIO','m','1996-06-03','25649','1808127','','','B/SANTANDER','','3122422626','8,55','GOMEZ','JESUS','','','','','','MARTINEZ','FABIOLA','','','','','','','',NULL,NULL,NULL,NULL,1049),('1005','1086550290','1086550290','1','ROSERO','BASTIDAS','JUDY','YASMIN','f','1994-05-04','99785','','59794063','','B/PRADOS DEL NORTE','','3137865742','','ROSERO','JOSE','','','','','','BASTIDAS','GLORIA','','','','','','','',NULL,NULL,NULL,NULL,1050),('1005','98110265344','98110265344','2','DELGADO','HERNANDEZ','JULIAN','ANDRES','m','1998-11-02','52378','87248357','','','VDA/TAJUMBINA','','3117367538','','DELGADO','MILMAR','','','','','','HERNANDEZ','NILGEN','','','','','','','',NULL,NULL,NULL,NULL,1051),('1005','1002901756','1002901756','2','IMBACHI','BENAVIDES','KELLY','ALEXANDRA','f','1998-01-11','52378','','48560037','','B/FENELON ORDOÑEZ','','3146855897','65,37','','','','','','','','IMBACHI','ADIELA','','','','','','','',NULL,NULL,NULL,NULL,1052),('1005','98071869504','98071869504','2','PARDO','GOMEZ','KEVIN','SANTIAGO','m','1998-07-18','15087','94429203','','','B/PABLO VI','','3122601983','','PARDO','ELVIO','','','','','','GOMEZ','MARITZA','','','','','','','',NULL,NULL,NULL,NULL,1053),('1005','97121512339','97121512339','2','ORTEGA','MENESES','LISA','FERNANDA','f','1997-12-15','52378','8745869','27275503','','VDA/COFRADIA','','3147372454','20,00','ORTEGA','MARCO','','','','','','MENESES','MARIA','','','','','','','',NULL,NULL,NULL,NULL,1054),('1005','1004710662','1004710662','2','SAMBONI','SAMBONI','LUIS','FERNANDO','m','1996-12-17','52378','76221960','','','B/LLANOGRANDE','','3116885398','19,52','SAMBONI','EMIRO','','','','','','SAMBONI','ALBA','','','','','','','',NULL,NULL,NULL,NULL,1055),('1005','98101111733','98101111733','2','PEREZ','CORDOBA','MAGALY','','f','1998-10-11','19100','76334457','','','B/FENELON ORDOÑEZ','','3148131037','9,22','PEREZ','ELIGIO','','','','','','CORDOBA','SONIA','','','','','','','',NULL,NULL,NULL,NULL,1056),('1005','1057','','1','MUNOZ','CERON','MANUELA','','f','1995-02-21','52378','87246545','27277381','','B/MOROCHILLO','','3217934217','45,2','MUÑOZ','HERMES','','','','','','CERON','ROCIO','','','','','','','',NULL,NULL,NULL,NULL,1057),('1005','99021314273','99021314273','2','RODRIGUEZ','OJEDA','MARIA','GIMENA','f','1999-02-13','52786','87028068','27481289','','B/PRADOS DEL NORTE','','3206845906','37,23','RODRIGUEZ','CARLOS','','','','','','OJEDA','BLANCA','','','','','','','',NULL,NULL,NULL,NULL,1058),('1005','96121215753','96121215753','2','BRAVO','GOMEZ','NEIRY','KATHERINE','f','1996-12-12','99823','87246290','27276465','','VDA/COFRADIA','','3113552100','16,04','BRAVO','SEGUNDO','','','','','','GOMEZ','MATILDE','','','','','','','',NULL,NULL,NULL,NULL,1059),('1005','1002805912','1002805912','1','BENAVIDES','IMBACHI','OSCAR','DANNY','m','1995-11-30','19100','76221403','36282070','','B/FENELON ORDOÑEZ','','3138649696','26,81','BENAVIDES','FRANCO','','','','','','IMBACHI','CORDULA','','','','','','','',NULL,NULL,NULL,NULL,1060),('1005','99111210183','99111210183','2','BRAVO','BOLANOS','WILLIAM','ANCIZAR','m','1999-11-12','52378','10144447','27277638','','VDA/SAN RAFA EL','','3128710584','7,82','BRAVO','ANCIZAR','','','','','','BOLAÑOS','ZULLY','','','','','','','',NULL,NULL,NULL,NULL,1061),('1005','1004711377','1004711377','2','PEREZ','GALLARDO','WILMER','ANDRES','m','1999-08-16','52378','','27277947','','VDA/LLANOGRANDE','','','11,12','PEREZ','WILMER','','','','','','GALLARDO','LUZ MILA','','','','','','','',NULL,NULL,NULL,NULL,1062),('1005','1088975342','1088975342','1','SAMBONI','ZUNIGA','WILMER','JAVIER','m','1995-09-10','19100','','48608437','','B/LAPOLA','','3138788560','11,11','SAMBONI','LUIS','','','','','','ZUÑIGA','MINERVA','','','','','','','',NULL,NULL,NULL,NULL,1063),('1005','1059362413','1059362413','1','ZUNIGA','MENESES','YASMIN','ADIELA','f','1996-02-09','19050','10660577','25593251','','B/GRANADA','','3158144547','27,96','ZUÑIGA','LUIS','','','','','','MENESES','VERÓNICA','','','','','','','',NULL,NULL,NULL,NULL,1064),('1005','1002793577','1002793577','2','ZUNIGA','MENESES','YUDI','ALEXANDRA','f','1998-12-08','19050','','25593251','','B/GRANADA','','3158144547','27,96','ZUÑIGA','LUIS','','','','','','MENESES','VERÓNICA','','','','','','','',NULL,NULL,NULL,NULL,1065),('1005','1088975541','1088975541','1','CARLOSAMA','CHATEZ','YUDY','VANESSA','f','1996-06-23','52378','87247811','27281036','','VDA/EL HATICO','','3122068573','7,00','CARLOSAMA','ALIRIO','','','','','','CHATES','LUZ MARINA','','','','','','','',NULL,NULL,NULL,NULL,1066),('1005','97062715131','97062715131','3','TORRES','BOLANOS','YULIANA','ANDREA','f','1997-06-27','52378','87248410','27281677','','PRADOS DEL NORTE','','3216168877','37,28','TORRES','PAULO','','','','','','BOLAÑOS','LUZ NELLY','','','','','','','',NULL,NULL,NULL,NULL,1067),('1101','97063011901','97063011901','2','CARLOSAMA','MUNOZ','ADRIAN','MAURICIO','m','1997-06-30','99785','87246286','27276738','','B/CENTRO','','3205003135','42,52','CARLOSAMA','SEGUNDO','','','','','','MUÑOZ','GABBY','','','','','','','',NULL,NULL,NULL,NULL,1068),('1101','97101520793','97101520793','2','ORDONEZ','MUNOZ','ANA','MARIA','f','1997-10-15','52378','87247540','27277995','','B/CENTRO','','3113222978','21','ORDOÑEZ','FERNANDO','','','','','','MUÑOZ','MONICA','','','','','','','',NULL,NULL,NULL,NULL,1069),('1101','98020454296','98020454296','2','BOLANOS','DELGADO','ANDREA','JOHANA','f','1998-02-04','52378','','27277876','','B/LA POLA','','3206088785','43','BOLAÑOS','FERNANDO','','','','','','DELGADO','ADRIANA','','','','','','','',NULL,NULL,NULL,NULL,1070),('1101','97051920108','97051920108','2','CHINCHA','MUNOZ','ANDRES','DAVID','m','1997-05-19','52378','12997597','27277305','','B/FENELON ORDOÑEZ','','3137755774','54,88','CHINCHA','SEGUNDO','','','','','','MUÑOZ','SOLEDAD','','','','','','','',NULL,NULL,NULL,NULL,1071),('1101','97040719699','97040719699','2','MUNOZ','BRAVO','CLAUDIA','PAOLA','f','1997-04-07','52378','87245679','27275439','','B/LA POLA','','3117701008','','MUÑOZ','JOSE','','','','','','BRAVO','LUZ','','','','','','','',NULL,NULL,NULL,NULL,1072),('1101','97072616450','97072616450','2','MUNOZ','REBOLLEDO','DANIELA','','f','1997-07-26','52378','87246271','','','B/LA POLA','','7266832','14,04','MUÑOZ','OSCAR','','','','','','REBOLLEDO','FERNANDA','','','','','','','',NULL,NULL,NULL,NULL,1073),('1101','96123102360','96123102360','2','ORTEGA','GAVIRIA','ELVER','ESNEYDER','m','1996-12-31','25649','87301072','59588915','','B/LA POLA','','3136002557','45,59','ORTEGA','ELVER','','','','','','GAVIRIA','GLORIA','','','','','','','',NULL,NULL,NULL,NULL,1074),('1101','98010657032','98010657032','2','LEITON','BOLANOS','GHERALDYNN','ALEXA','f','1998-01-06','11001','79572209','27277421','','B/MOROCHILLO','','3206917834','19,55','LEITON','JOSE','','','','','','BOLAÑOS','MARIA','','','','','','','',NULL,NULL,NULL,NULL,1075),('1101','96082801941','96082801941','2','GOMEZ','REALPE','HERNAN','DARIO','m','1996-08-01','52378','87246270','27277485','','VDA/ LA VEGA','','3164709798','9,8','GOMEZ','NEREO','','','','','','REALPE','MAGOLA','','','','','','','',NULL,NULL,NULL,NULL,1076),('1101','97032622848','97032622848','2','MUÑOZ','HOYOS','JAIME','ANDRES','m','1997-03-26','52378','4709419','27277388','','VDA/LA VEGA','','3147935953','','MUÑOZ','JAIME','','','','','','HOYOS','ANA','','','','','','','',NULL,NULL,NULL,NULL,1077),('1101','97062612804','97062612804','2','DIAZ','BRAVO','JESUS','ADRIAN','m','1997-06-26','52378','','27277311','','B/LA POLA','','3177331722','52,34','DIAZ','JESUS','','','','','','BRAVO','MARGARITA','','','','','','','',NULL,NULL,NULL,NULL,1078),('1101','1002807871','1002807871','2','ALVARADO','GALINDEZ','JOHAN','ANDRES','m','1997-01-02','19100','87247806','34639315','','B/MOROCHILLO','','3116472635','9,49','ALVARADO','TULIO','','','','','','GALINDEZ','LILIANA','','','','','','','',NULL,NULL,NULL,NULL,1079),('1101','1088975439','1088975439','1','MOLINA','BRAVO','JORGE','ARMANDO','m','1996-03-12','52378','','27275785','','B/CENTRO','','3207091579','24,73','MOLINA','JOSE','','','','','','BRAVO','FLOR','','','','','','','',NULL,NULL,NULL,NULL,1080),('1101','98010761506','98010761506','2','GOMEZ','ORDONEZ','JUAN','CAMILO','m','1998-01-07','52378','87247067','27277275','','B/CENTRO','','3113249718','25,87','GOMEZ','CARLOS','','','','','','ORDOÑEZ','ANA','','','','','','','',NULL,NULL,NULL,NULL,1081),('1101','97031501680','97031501680','2','MARTINEZ','REALPE','JUAN','PABLO','m','1997-03-15','52378','','27272372','','B/LA POLA','','3103856357','31,43','MARTINEZ','HECTOR','','','','','','REALPE','BLANCA','','','','','','','',NULL,NULL,NULL,NULL,1082),('1101','98011171524','98011171524','2','RANGEL','TORRES','JUAN','JOSE','m','1998-01-11','52378','87245798','27276403','','B/LA POLA','','3116390009','13,7','RANGEL','FRANCISCO','','','','','','TORRES','ANA','','','','','','','',NULL,NULL,NULL,NULL,1083),('1101','97091523659','97091523659','2','MUTIS','ORTEGA','KAREN','ANDREA','f','1997-09-15','52378','','27275867','','B/MOROCHILLO','','3122715752','30,73','MUTIS','SEGUNDO','','','','','','ORTEGA','AMPARO','','','','','','','',NULL,NULL,NULL,NULL,1084),('1101','97061819057','97061819057','2','MUNOZ','MUNOZ','LAURA','','f','1997-06-18','52378','87245506','','','B/LA POLA','','3136571544','','MUÑOZ','JAIRO','','','','','','MUÑOZ','LUZ','','','','','','','',NULL,NULL,NULL,NULL,1085),('1101','98011659810','98011659810','2','MUNOZ','GUERRERO','LIDA','DAYANA','f','1998-01-16','','','27281796','','LA CRUZ ','','3136511071','12,83','','','','','','','','GUERRERO','NILSA','','','','','','','',NULL,NULL,NULL,NULL,1086),('1101','97101316355','97101316355','2','GARCES','DIAZ','LILIANA','FIORELA','f','1997-10-13','52378','87245499','27277687','','B/CENTRO','','7266391','','GARCES','ALVARO','','','','','','DIAZ','AMALFI','','','','','','','',NULL,NULL,NULL,NULL,1087),('1101','98030167457','98030167457','2','GARCIA','ACOSTA','LISETH','KATHERINE','f','1998-03-01','52378','10592463','27277035','','B/GRANADA','','3113783646','11,3','GARCIA','LUIS','','','','','','ACOSTA','LILIANA','','','','','','','',NULL,NULL,NULL,NULL,1088),('1101','97071315456','97071315456','2','SANTOS','MUTIS','MARIA','ISABEL','f','1997-07-13','52378','','27276757','','B/MOROCHILLO','','7266018','','SANTOS','GEOVANNY','','','','','','MUTIS','DILIA','','','','','','','',NULL,NULL,NULL,NULL,1089),('1101','97021022083','97021022083','2','MUNOZ','REALPE','MIGUEL','ANGEL','m','1997-02-10','52378','87246796','27281207','','B/GRANADA','','3116379950','29,2','MUÑOZ','MIGUEL','','','','','','REALPE','NELCY','','','','','','','',NULL,NULL,NULL,NULL,1090),('1101','97051419964','97051419964','2','MUNOZ','MOLINA','NICOLAS','','m','1997-05-14','52378','87245335','','','B/LA POLA','','7266078','','MUÑOZ','PABLO','','','','','','MOLINA','LUZ','','','','','','','',NULL,NULL,NULL,NULL,1091),('1101','97041220680','97041220680','3','ARCOS','SIMALES','OSCAR','FERNANDO','m','1997-04-12','52378','87246284','27276609','','B/LA FLORESTA','','3147785396','','ARCOS','ADGEMIRO','','','','','','SIMALES','SOCORRO','','','','','','','',NULL,NULL,NULL,NULL,1092),('1101','98031351529','98031351529','2','BRAVO','ORTIZ','OSCAR','IVAN','m','1998-03-13','52378','87246591','27281567','','B/CENTRO','','3146908262','40,13','BRAVO','GERARDO','','','','','','ORTIZ','YOLANDA','','','','','','','',NULL,NULL,NULL,NULL,1093),('1101','97091122140','97091122140','2','DIAZ','MUNOZ','OSCAR','FERNANDO','m','1997-09-11','52378','','27276416','','B/CENTRO','','','9,64','DIAZ','LUIS','','','','','','MUÑOZ','DORIS','','','','','','','',NULL,NULL,NULL,NULL,1094),('1101','97101604504','97101604504','2','ORTIZ','SOTELO','OSCAR','DAVID','m','1997-10-16','99785','','59832456','','B/CENTRO','','','52,94','ORTIZ','OSCAR','','','','','','SOTELO','MATILDE','','','','','','','',NULL,NULL,NULL,NULL,1095),('1101','97032901356','97032901356','2','HOYOS','LEITON','PAULA','ANDREA','f','1997-03-29','52378','5275439','27275578','','VDA/LA VEGA','','3128802997','33,77','HOYOS','GUILLERMO','','','','','','LEITON','MARIA','','','','','','','',NULL,NULL,NULL,NULL,1096),('1101','97031216315','97031216315','2','REY','VELA','VALERIA','','f','1997-03-12','52378','87245917','27451175','','B/CENTRO','','3113406040','55,34','REY','LUIS','','','','','','VELA','CARMEN','','','','','','','',NULL,NULL,NULL,NULL,1097),('1102','1002806817','1002806817','2','IMBACHI','CORDOBA','ADIELA','','f','1997-03-31','19100','4632567','48560111','','B/PRADOS DEL NORTE','','3123210950','24,53','IMBACHI','SEBASTIAN','','','','','','CORDOBA','FIDELINA','','','','','','','',NULL,NULL,NULL,NULL,1098),('1102','1058974708','1058974708','1','ZUNIGA','BUESAQUILLO','ALEIDA','','f','1995-10-22','LOS MILAGROS','76218955','48608467','','B/PRADOS DEL NORTE','','3106733656','5,72','ZUÑIGA','ARMANDO','','','','','','BUESAQUILLO','DINA','','','','','','','',NULL,NULL,NULL,NULL,1099),('1102','97030615950','97030615950','2','VILLADA','PALADINES','ANA','LUCELI','f','1997-03-06','52786','87027871','27149644','','B/SAN ANTONIO','','3147157340','17,25','VILLADA','LUIS','','','','','','PALADINES','LUCERO','','','','','','','',NULL,NULL,NULL,NULL,1100),('1102','1002807964','1002807964','1','MACIAS','SAMBONI','ARMILDO','ALFREDO','m','1995-03-27','19100','4632307','48669309','','B/FENELON ORDOÑEZ','','3213893549','9,15','MACIAS','AMBROCIO','','','','','','SAMBONI','CARMEN','','','','','','','',NULL,NULL,NULL,NULL,1101),('1102','1088975256','1088975256','1','MUNOZ','ORDONEZ','CLAUDIA','AMANDA','f','1995-10-08','52378','','27277221','','B/LLANOGRANDE','','3112309312','25,45','MUÑOZ','PLINIO','','','','','','ORDOÑEZ','INES','','','','','','','',NULL,NULL,NULL,NULL,1102),('1102','1088970354','1088970354','2','RUIZ','CARLOSAMA','CONSTANZA','JACKELINE','f','1997-08-25','52378','87245524','27281313','','B/MOROCHILLO','','3128279471','36,52','RUIZ','CONSTANZA','','','','','','CARLOSAMA','DUBY','','','','','','','',NULL,NULL,NULL,NULL,1103),('1102','97080201323','97080201323','2','MARTINEZ','BRAVO','CRISTIAN','DAVID','m','1997-08-02','52378','12960609','','','B/CHORRILLO','','3132805335','15,74','MARTINEZ','JESUS','','','','','','BRAVO','YENNY','','','','','','','',NULL,NULL,NULL,NULL,1104),('1102','96081302038','96081302038','2','MUNOZ','MOLINA','DERLY','VANESSA','f','1996-08-13','52378','','27276868','','B/FENELON ORDOÑEZ','','3166387903','31,16','','','','','','','','MUÑOZ','AYDA','','','','','','','',NULL,NULL,NULL,NULL,1105),('1102','97101915879','97101915879','2','MUNOZ','IMBACHI','DIANA','ELIZABETH','f','1997-10-19','52378','87247379','27281414','','B/SANTANDER','','3218834258','19,08','MUÑOZ','LIBARDO','','','','','','IMBACHI','BLANCA','','','','','','','',NULL,NULL,NULL,NULL,1106),('1102','1058974433','1058974433','1','SAMBONI','DAZA','DIANA','LIZETH','f','1995-07-25','19100','76218907','48608465','','B/LLANOGRANDE','','3122785674','7,29','SAMBONI','DIMAS','','','','','','DAZA','BLANCA','','','','','','','',NULL,NULL,NULL,NULL,1107),('1102','1088974813','1088974813','1','MUNOZ','ORDONEZ','DIDIER','ARMANDO','m','1994-09-30','52378','','27277372','','B/SAN ANTONIO','','3122669926','12,7','MUÑOZ','OMAR','','','','','','ORDOÑEZ','MARIA','','','','','','','',NULL,NULL,NULL,NULL,1108),('1102','98040472037','98040472037','2','IMBACHI','ACOSTA','EDITH','JOHANA','f','1998-04-04','19050','76215088','','','LA CRUZ ','','3117565771','27,33','IMBACHI','ERALDO','','','','','','ACOSTA','YOSLANY','','','','','','','',NULL,NULL,NULL,NULL,1109),('1102','98041369469','98041369469','2','ALVARADO','ANACONA','ELDER','ANTIMO','m','1998-04-13','19100','','34639352','','B/PRADOS DEL NORTE','','3122645665','8,91','ALVARADO','IDER','','','','','','ANACONA','ERLEDY','','','','','','','',NULL,NULL,NULL,NULL,1110),('1102','1088974949','1088974949','1','BRAVO','MUNOZ','FABIAN','ALEXANDER','m','1995-01-11','52378','','27276469','','B/MOROCHILLO','','7266269','34,51','BRAVO','ALIRIO','','','','','','MUÑOZ','MARCELA','','','','','','','',NULL,NULL,NULL,NULL,1111),('1102','96102503748','96102503748','2','FIGUEROA','SANCHEZ','FABIO','HERNEY','m','1996-10-25','52378','','27281347','','B/CENTRO','','3116450213','16,96','FIGUEROA','ORLANDO','','','','','','SANCHEZ','ROSA','','','','','','','',NULL,NULL,NULL,NULL,1112),('1102','96081410140','96081410140','2','ENRIQUEZ','BRAVO','FRANCO','','m','1996-08-14','99823','87246558','27277679','','B/LA FLORESTA','','3113642985','37,36','ENRIQUEZ','FRANCO','','','','','','BRAVO','RUBIELA','','','','','','','',NULL,NULL,NULL,NULL,1113),('1102','1002792773','1002792773','2','QUINAYAS','RODRIGUEZ','GABRIELA','','f','1998-08-25','19050','76215662','25592519','','B/SANTANDER','','3108215175','17,2','QUINAYAS','JAIRO','','','','','','RODRIGUEZ','ADELINA','','','','','','','',NULL,NULL,NULL,NULL,1114),('1102','97012316783','97012316783','2','MUNOZ','DAZA','HAMINTON','DANILO','m','1997-01-23','19050','4739568','34573659','','B/PRADOS DEL NORTE','','3127202538','12,1','MUÑOZ','ROBERTO','','','','','','DAZA','YOLANDA','','','','','','','',NULL,NULL,NULL,NULL,1115),('1102','1088975563','1088975563','2','SIMALES','PERAFAN','JEISON','','m','1996-06-20','52378','48560107','27281380','','LA CRUZ ','','3217898033','27,6','SIMALES','GUILLERMO','','','','','','PERAFAN','FRANCY','','','','','','','',NULL,NULL,NULL,NULL,1116),('1102','98111818916','98111818916','2','SAMBONI','SAMBONI','JELEN','DINETH','f','1998-11-18','19100','4633457','34639655','','LA CRUZ ','','3117465302','','SAMBONI','SILINO','','','','','','SAMBONI','LIDA','','','','','','','',NULL,NULL,NULL,NULL,1117),('1102','1088975504','1088975504','1','GONZALEZ','BURBANO','JERSON','ANDRES','m','1996-05-25','99785','87246825','59834730','','VDA/LLANOGRANDE','','3104222244','25,47','GONZALES','ADELMO','','','','','','BURBANO','ANGELITA','','','','','','','',NULL,NULL,NULL,NULL,1118),('1102','1088975195','1088975195','4','MUNOZ','BRAVO','JESSICA','NATALIA','f','1995-08-28','52378','5275971','27277732','','B/FENELON ORDOÑEZ','','3148277707','40,7','MUÑOZ','SILINO','','','','','','BRAVO','DORA','','','','','','','',NULL,NULL,NULL,NULL,1119),('1102','97101218949','97101218949','2','GUERRERO','MARTINEZ','JOSE','LUIS','m','1997-10-12','52378','87247007','','','VDA/CABUYALES','','3148336491','30,42','GUERRERO','MANUEL','','','','','','MARTINEZ','JANETH','','','','','','','',NULL,NULL,NULL,NULL,1120),('1102','1002834982','1002834982','2','GUTIERREZ','PIZARES','JULIAN','DAVID','m','1997-11-04','19075','','48604541','25285065','LA CRUZ ','','3147688217','26,6','','','','','','','','','','','','','','','','',NULL,NULL,NULL,NULL,1121),('1102','98070570076','98070570076','2','FRANCO','OHMEN','LAURA','CRISTINA','f','1998-07-05','19050','76331316','34573941','4734472','B/MOROCHILLO','','3147819274','48,3','FRANCO','SAMIR','','','','','','OHMEN','SIRLEY','','','','','','','',NULL,NULL,NULL,NULL,1122),('1102','1002792126','1002792126','2','GOMEZ','GUTIERREZ','LINA','FERNANDA','f','1998-11-17','19050','','34574325','','LA CRUZ ','','3192182342','28,65','','','','','','','','GOMEZ','NINA','','','','','','','',NULL,NULL,NULL,NULL,1123),('1102','1004711024','1004711024','2','SACANAMBOY','SAPUYES','LINET','YURANI','f','1998-04-05','52378','10315508','25312908','','B/PRADOS DEL NORTE','','3206862799','12,25','SACANAMBOY','JOSE','','','','','','SAPUYES','SANDRA','','','','','','','',NULL,NULL,NULL,NULL,1124),('1102','1088974719','1088974719','1','ANGULO','MUNOZ','MARIA','ALEJANDRA','f','1994-07-26','52378','','27276931','','B/GRANADA','','3102355717','','ANGULO','MIGUEL','','','','','','MUÑOZ','LUCIA','','','','','','','',NULL,NULL,NULL,NULL,1125),('1102','97060414630','97060414630','2','ERAZO','BOLANOS','MARIA','FERNANDA','f','1997-06-04','52378','16793433','27281278','','B/FENELON ORDOÑEZ','','3207772260','37,38','ERAZO','HENRY','','','','','','BOLAÑOS','NIDIA','','','','','','','',NULL,NULL,NULL,NULL,1126),('1102','1088973044','1088973044','1','MUNOZ','CERON','MARIA','FERNANDA','f','1990-10-03','52378','','','','LA CRUZ ','','3122678242','19,99','','','','','','','','MUÑOZ','NEIVER','','','','','','','',NULL,NULL,NULL,NULL,1127),('1102','97012101736','97012101736','2','MUNOZ','ARCOS','MARIBEL','','f','1997-01-21','52378','97435053','27277293','','B/PABLO VI','','3113592505','18,8','MUÑOZ','ANTIMIO','','','','','','ARCOS','MARTHA','','','','','','','',NULL,NULL,NULL,NULL,1128),('1102','1088975183','1088975183','1','MUNOZ','BOLANOS','MARLY','CIPRIANA','f','1995-08-13','52378','','27277208','','B/PRADOS DEL NORTE','','3122362411','29,17','MUÑOZ','EMERGILDO','','','','','','BOLAÑOS','MERY','','','','','','','',NULL,NULL,NULL,NULL,1129),('1102','97083009636','97083009636','2','RUIZ','MUÑOZ','NORA','LILIANA','f','1997-08-30','19050','','34573452','','B/SANTANDER','','3146940498','41','','','','','','','','MUÑOZ','EMERITA','','','','','','','',NULL,NULL,NULL,NULL,1130),('1102','98073170001','98073170001','2','PEREZ','SAMBONI','OSCAR','JOAQUIN','m','1998-07-31','19100','4632688','48560041','','B/FENELON ORDOÑEZ','','3216286626','7,24','PEREZ','EDUARDO','','','','','','SAMBONI','ALDIA','','','','','','','',NULL,NULL,NULL,NULL,1131),('1102','10317235','10317235','1','MUÑOZ','ZUÑIGA','REINEL','ELIAS','m','1985-07-08','19100','12168188','48608442','','B/SANTANDER','','3127507218','18,62','','','','','','','','ZUÑIGA','VIANEY','','','','','','','',NULL,NULL,NULL,NULL,1132),('1102','96120702782','96120702782','2','CARLOSAMA','MUNOZ','YAHIR','ORLANDO','m','1996-12-07','52378','87247366','27277911','','B/SULTANA DEL MAYO','','3217851686','22,39','CARLOSAMA','FREDY','','','','','','MUÑOZ','NANCY','','','','','','','',NULL,NULL,NULL,NULL,1133),('1102','97123014018','97123014018','2','MUNOZ','RUIZ','YESENIA','','f','1997-12-30','19075','76215987','25593736','','B/GRANADA','','3183032648','11,38','MUÑOZ','CARLOS','','','','','','RUIZ','YENY','','','','','','','',NULL,NULL,NULL,NULL,1134),('1102','1002807162','1002807162','2','SAMBONI','ALVARADO','YONIER','','m','1996-07-08','19100','4632773','34639524','','B/LA POLA','','3104411348','10,2','SAMBONI','MILEIDA','','','','','','ALVARADO','LUZ','','','','','','','',NULL,NULL,NULL,NULL,1135),('1103','96090723011','96090723011','2','ORDONEZ','ORDONEZ','AIDE','LORENA','f','1996-09-07','52378','87247410','','','VDA/EL PARAMITO','','3125680362','20,43','ORDOÑEZ','LUIS','','','','','','ORDOÑEZ','MARIA','','','','','','','',NULL,NULL,NULL,NULL,1136),('1103','97051218454','97051218454','2','CERON','ORDONEZ','ANGIE','KATERINE','f','1997-05-12','52378','87246433','27275347','','B/PRADOS DEL NORTE','','3218777706','26,84','CERON','LIEVANO','','','','','','ORDOÑEZ','ANA','','','','','','','',NULL,NULL,NULL,NULL,1137),('1103','97052120130','97052120130','2','GOMEZ','CARLOSAMA','ANYI','','f','1997-05-21','52378','87247170','27281306','','VDA/LA LOMA','','3136024714','31,4','GOMEZ','LUVIANO','','','','','','CARLOSAMA','NORA','','','','','','','',NULL,NULL,NULL,NULL,1138),('1103','97032201370','97032201370','2','ROSERO','TAPIA','CAROLINA','ANDREA','f','1997-03-22','52378','','27281212','','B/LA POLA','','3137202145','20,5','ROSERO','EDGAR','','','','','','TAPIA','SANDRA','','','','','','','',NULL,NULL,NULL,NULL,1139),('1103','98091174022','98091174022','2','ORTEGA','ORTEGA','CRISTHIAN','ANDRES','m','1998-09-11','19807','6208542','27276922','','B/SAN ANTONIO','','3113206221','12,52','ORTEGA','PEDRO','','','','','','ORTEGA','MARIELA','','','','','','','',NULL,NULL,NULL,NULL,1140),('1103','98051369564','98051369564','2','HIDALGO','GOMEZ','CRISTIAN','JULIAN','m','1997-10-24','52378','87247761','27281371','','B/LA POLA','','3117391039','24,51','HIDALGO','JAIRO','','','','','','GOMEZ','NILSA','','','','','','','',NULL,NULL,NULL,NULL,1141),('1103','97102420342','97102420342','2','NANEZ','DAVILA','CRISTIAN','ALIRIO','m','1998-05-13','52378','','27276261','','B/PRADOS DEL NORTE','','','','ÑAÑEZ','JOSE ALIRIO','','','','','','DAVILA','MA. INES','','','','','','','',NULL,NULL,NULL,NULL,1142),('1103','97101119967','97101119967','2','PEREZ','MUNOZ','EDUAR','ENRIQUE','m','1997-10-11','52378','','27276341','','B/LA POLA','','3113931865','31,18','PEREZ','SANDRO','','','','','','MUÑOZ','NIDIA','','','','','','','',NULL,NULL,NULL,NULL,1143),('1103','1088975417','1088975417','1','URBANO','ALBAN','FREDY','FERNANDO','m','1996-02-21','52378','','27282511','','VDA/COFRADIA','','3122554834','9,83','URBANO','FREDY','','','','','','ALBAN','DEYA','','','','','','','',NULL,NULL,NULL,NULL,1144),('1103','97052720595','97052720595','2','IMBACHI','HIDALGO','GABY','ANDREA','f','1997-05-27','52378','87247190','','','B/MOROCHILLO','','3126903921','21,9','IMBACHI','ANGEL','','','','','','HIDALGO','ROCIO','','','','','','','',NULL,NULL,NULL,NULL,1145),('1103','98051520165','98051520165','2','CALVACHE','CHASOY','HARINSON','','m','1998-05-15','52258','','66923748','','B/CENTRO','','3216159436','39,83','','','','','','','','CHASOY','MA. ELVIRA','','','','','','','',NULL,NULL,NULL,NULL,1146),('1103','98011969330','98011969330','2','MOLINA','LOPEZ','INGRI','YORDALY','f','1998-01-19','52378','87247210','27281156','','VDA/LA CIENEGA','','3216102835','34,87','MOLINA','PEDRO','','','','','','LOPEZ','LIOMAR','','','','','','','',NULL,NULL,NULL,NULL,1147),('1103','1088975423','1088975423','1','ORTIZ','GAVIRIA','IVAN','SANTIAGO','m','1995-09-21','52378','','27276411','','B/SAN ANTONIO','','3113645973','46,43','ORTIZ','OMAR','','','','','','GAVIRIA','ANA ISABEL','','','','','','','',NULL,NULL,NULL,NULL,1148),('1103','96110705260','96110705260','2','ORDONEZ','ORDONEZ','JAVIER','FELIPE','m','1996-11-07','41359','','36114011','','B/LA POLA','','3137881847','19,41','MARTINEZ','JAVIER','','','','','','ORDOÑEZ','','','','','','MARLENY','','',NULL,NULL,NULL,NULL,1149),('1103','97111804811','97111804811','2','ESCOBAR','ALVEAR','JESSICA','FERNANDA','f','1997-11-18','19693','4753071','27275639','','B/GRANADA','','3136062536','','ESCOBAR','JAIRO','','','','','','ALVEAR','ANITA','','','','','','','',NULL,NULL,NULL,NULL,1150),('','1151','','2','MUÑOZ','MUÑOZ','JUAN','PABLO','','1995-06-08','','','4734826','','LA CRUZ ','','3207795914','','MUÑOZ','ALIRIO','','','','','','MUÑOZ','MARYULI','','','','','','','',NULL,NULL,NULL,NULL,1151),('1103','97021301071','97021301071','2','BRAVO','BRAVO','KARINA','ANDREA','f','1997-02-13','52378','','27281874','','B/GRANADA','','3148560320','3,55','BRAVO','SATURNINO','','','','','','BRAVO','ASTRID','','','','','','','',NULL,NULL,NULL,NULL,1152),('1103','1004711380','1004711380','2','MUNOZ','LEITON','KATERIN','VIVIANA','f','1998-09-22','52378','','27277935','','B/MOROCHILLO','','3137110136','24,4','MUÑOZ','ROGER','','','','','','LEITTON','LIDA','','','','','','','',NULL,NULL,NULL,NULL,1153),('1103','1088974669','1088974669','1','MOLINA','RESTREPO','KEVIN','DURLEY','m','1994-06-10','99823','','29105113','','VDA/LA CAÑADA','','3104703430','20,86','MOLINA','SEGUNDO','','','','','','RESTREPO','MARIA','','','','','','','',NULL,NULL,NULL,NULL,1154),('1103','97123115655','97123115655','2','SAMBONI','GALINDEZ','LUISA','FERNANDA','f','1997-12-31','19100','','34639695','','LA CRUZ ','','3217546113','9,26','SAMBONI','LUIS','','','','','','GALINDEZ','AMPARAO','','','','','','','',NULL,NULL,NULL,NULL,1155),('1103','1088975303','1088975303','1','IMBACHI','HIDALGO','LUZ','DARY','f','1995-11-08','52378','87247190','','','B/MOROCHILLO','','3126903921','27,9','IMBACHI','ANGEL','','','','','','HIDALFO','ROCIO','','','','','','','',NULL,NULL,NULL,NULL,1156),('1103','96090320138','96090320138','2','ARCOS','GUERRERO','MARIA','ALEJANDRA','f','1996-09-03','52378','87247755','27276606','','B/PABLO VI','','3147587851','19,68','ARCOS','HOSCAR','','','','','','GUERRERO','MA. DORYS','','','','','','','',NULL,NULL,NULL,NULL,1157),('1103','97081013199','97081013199','2','CARLOSAMA','GUERRERO','MARIA','ALEXANDRA','f','1997-08-10','52378','','','27277763','B/SAN ANTONIO','','3122109710','16,05','CARLOSAMA','LUIS','','','','','','GUERRERO','ODILA','','','','','','','',NULL,NULL,NULL,NULL,1158),('1103','97032110782','97032110782','2','DELGADO','CERON','MARISOL','','f','1997-03-21','76892','14939870','','','B/CENTRO','','3103771234','50,1','DELGADO','LUCIO','','','','','','CERON','SANDRA','','','','','','','',NULL,NULL,NULL,NULL,1159),('1103','1088975369','1088975369','1','BRAVO','LEDEZMA','MARY','JENNIFER','f','1996-01-21','52378','5275380','','','B/GRANADA','','3113175456','34,8','BRAVO','LUIS','','','','','','LEDEZMA','MARIA','','','','','','','',NULL,NULL,NULL,NULL,1160),('1103','1088975405','1088975405','1','MOLINA','MOLINA','OMAIRA','CRISTINA','f','1996-02-23','52378','','27276912','','VDA/LLANOGRANDE','','3146934965','18,64','MOLINA','EVARISTO','','','','','','MOLINA','OMAIRA','','','','','','','',NULL,NULL,NULL,NULL,1161),('1103','98022468669','98022468669','2','QUINTERO','BOLAÑOS','OSCAR','DAVID','m','1998-02-24','52378','76332430','27277810','','B/MOROCHILLO','','3217462526','11,6','QUINTERO','OSCAR','','','','','','BOLAÑOS','EMIR','','','','','','','',NULL,NULL,NULL,NULL,1162),('1103','1088975266','1088975266','1','VELASCO','IMBACHI','ROBINSON','ARNUBIO','m','1995-10-26','52378','','27277240','','VDA/LAS ARADAS','','3137053983','35,8','VELASCO','ARNULFO','','','','','','IMBACHI','MATILDE','','','','','','','',NULL,NULL,NULL,NULL,1163),('1103','97040602031','97040602031','2','MUNOZ','GUERRERO','SANDRA','NATALIA','f','1998-11-22','52378','87245962','27276605','','B/PRADOS DEL NORTE','','3127395707','27,09','MUÑOZ','MARIO','','','','','','GUERRERO','MA. EDILMA','','','','','','','',NULL,NULL,NULL,NULL,1164),('1103','98112267751','98112267751','2','MUÑOZ','GALINDEZ','SANDRA','CECILIA','f','1997-04-06','52378','','27277902','','VDA/EL APOSENTO','','3103740126','29,34','MUÑOZ','OMAR','','','','','','GALINDEZ','LUZ MARY','','','','','','','',NULL,NULL,NULL,NULL,1165),('1103','97062512168','97062512168','2','ALVEAR','IMBACHI','SEBASTIAN','','m','1997-06-25','99823','87246380','27276346','','B/BELEN','','3113565803','30,16','ALVEAR','GERARDO','','','','','','IMBACHI','DELIA','','','','','','','',NULL,NULL,NULL,NULL,1166),('1103','98022352075','98022352075','2','BOLAÑOS','BOLAÑOS','SILENY','ALEJANDRA','f','1998-02-23','52378','87247555','','','VDA/LAS ARADAS','','3147478665','31,47','BOLAÑOS','JAVIER','','','','','','BOLAÑOS','ANA','','','','','','','',NULL,NULL,NULL,NULL,1167),('1103','98040470174','98040470174','2','LASSO','ORTEGA','SILVIA','FERNANDA','f','1998-04-04','52378','87246838','','','B/PRADOS DEL NORTE','','3116255626','12,4','LASSO','GERARDO','','','','','','ORTEGA','MARIA','','','','','','','',NULL,NULL,NULL,NULL,1168),('1103','97102423996','97102423996','2','BRAVO','DELGADO','VIVIANA','CONSTANZA','f','1997-10-24','52378','87247328','27281297','','VDA/SAN RAFA EL','','3218595127','20,62','MUÑOZ','GEOVANY','','','','','','DELGADO','HILDA','','','','','','','',NULL,NULL,NULL,NULL,1169),('1103','99092211173','99092211173','2','ERAZO','NAVIA','YOHANA','VANESSA','f','1999-09-22','52378','87248405','27281816','','VDA/TAJUMBINA','','3146896593','8,92','ERAZO','YAMID','','','','','','NAVIA','NIBIA','','','','','','','',NULL,NULL,NULL,NULL,1170),('1103','1088974946','1088974946','4','BRAVO','GUERRERO','YURI','VANESSA','f','1995-01-25','52378','87247737','','','VDA/ALTOSANO','','3105419135','28,85','BRAVO','ARCADIO','','','','','','GUERRERO','MAYRA','','','','','','','',NULL,NULL,NULL,NULL,1171),('1104','97043002094','97043002094','2','AGUILAR','ERAZO','ADRIANA','PAOLA','f','1997-04-30','52378','','27274887','','B/FENELON ORDOÑEZ','','3156588483','45,69','AGUILAR','CARLOS','','','','','','ERAZO','CLAUDIA','','','','','','','',NULL,NULL,NULL,NULL,1172),('1104','97060718893','97060718893','2','CERON','LEITON','ANDREA','CAROLINA','f','1997-06-07','52378','','','35496834','B/CENTRO','','3207742437','26,7','CERON','JAVER','','','','','','LEITON','PATRICIA','','','','','','','',NULL,NULL,NULL,NULL,1173),('1104','98030860985','98030860985','2','MESIAS','CASTILLO','ANDRES','FELIPE','m','1998-03-08','SAN JOSE ALBAN','5217055','27097891','','B/PRADOS  DEL NORTE','','3105280403','31,02','MESIAS','LUCIANO','','','','','','CASTILLO','MA. INES','','','','','','','',NULL,NULL,NULL,NULL,1174),('1104','97031420559','97031420559','2','BRAVO','REALPE','ANYI','PAOLA','f','1997-03-14','52378','','27276164','','B/SAN ANTONIO','','3146907363','15,48','BRAVO','HECTOR','','','','','','REALPE','ANA','','','','','','','',NULL,NULL,NULL,NULL,1175),('1104','1088975406','1088975406','1','NANEZ','ORTIZ','ANYI','YELINE','f','1996-01-02','52378','','27276957','','B/PORTALES DEL NORTE','','3178093196','','ÑAÑEZ','AUDELO','','','','','','ORTIZ','EMILCEN','','','','','','','',NULL,NULL,NULL,NULL,1176),('1104','97071619404','97071619404','2','GUERRERO','DELGADO','CARLOS','ANDRES','m','1997-07-16','52378','','27277086','','B/SANTANDER','','3147111301','15,71','GUERRERO','JOSE','','','','','','DELGADO','ORLABY','','','','','','','',NULL,NULL,NULL,NULL,1177),('1104','98021253766','98021253766','2','HIDALGO','ORDOÑEZ','CRISTIAN','ADRIAN','m','1998-02-12','52378','87246114','27276758','','VDA/SAN RAFAEL','','3137953634','38,2','HIDALG','DUBERNEY','','','','','','ORDOÑEZ','EMMA','','','','','','','',NULL,NULL,NULL,NULL,1178),('1104','1088975507','1088975507','1','VELASCO','OTAYA','CRISTIAN','RICARDO','m','1996-05-23','52378','87245909','27277048','','VDA/CABUYALES','','3122158191','28,49','VELASCO','EIBER','','','','','','OTAYA','PILAR','','','','','','','',NULL,NULL,NULL,NULL,1179),('1104','98020270136','98020270136','2','ORDONEZ','CHAVEZ','DAYANA','LIZETH','f','1998-02-02','52378','10543643','27276308','','B/PRADOS  DEL NORTE','','3122991524','39,38','ORDOÑEZ','RICHAR','','','','','','CHAVEZ','MARIA','','','','','','','',NULL,NULL,NULL,NULL,1180),('1104','98011152074','98011152074','2','CERON','GOMEZ','DIANA','MARITZA','f','1998-01-11','52378','5275949','27276756','','B/SANTANDER','','3106684520','18,39','','','','','','','','GOMEZ','AIDE','','','','','','','',NULL,NULL,NULL,NULL,1181),('1104','97050920635','97050920635','2','DELGADO','RUIZ','DIANA','ELIZABETH','f','1997-05-09','52378','87247377','','','CALLE 11 9-70','','3148976671','34,78','DELGADO','JESUS','','','','','','RUIZ','MARLENY','','','','','','','',NULL,NULL,NULL,NULL,1182),('1104','97090414937','97090414937','2','MARTINEZ','NANEZ','DIANA','CAROLINA','f','1997-09-04','52378','5275949','','','CENTRO','','3127841985','30,46','MARTINEZ','ALVARO','','','','','','ÑAÑEZ','LUZ','','','','','','','',NULL,NULL,NULL,NULL,1183),('1104','1088974825','1088974825','1','MUNOZ','ALVEAR','DIEGO','ARMANDO','m','1994-04-27','52378','87245448','','','CRA 5 NO 4-73','','3122988357','28,73','MUÑOZ','CARLOS','','','','','','ALVEAR','CECILIA','','','','','','','',NULL,NULL,NULL,NULL,1184),('1104','97031923780','97031923780','2','BURBANO','GRIJALBA','EIVAR','JESUS','m','1997-03-19','13670','98323345','','87247293','B/PRADOS  DEL NORTE','','3156407238','','','','','','','','','GRIJALBA','YOLANDA','','','','','','','',NULL,NULL,NULL,NULL,1185),('1104','97012502145','97012502145','2','ENRIQUEZ','PAZ','IVAN','DARIO','m','1997-01-25','52378','98358753','27281959','','B/LA POLA','','3147340982','7,79','ENRIQUEZ','VICTOR','','','','','','PAZ','CARMENZA','','','','','','','',NULL,NULL,NULL,NULL,1186),('1104','98011360521','98011360521','2','MORALES','MUÑOZ','IVAN','DARIO','m','1998-01-13','52378','98358753','27282267','','VDA/JUAN LOPEZ','','3147525071','','MORALES','ARMANDO','','','','','','MUÑOZ','MARIA','','','','','','','',NULL,NULL,NULL,NULL,1187),('1104','97052001963','97052001963','2','MUÑOZ','SOSCUE','JAMES','','m','1997-05-20','52378','87247186','27281449','','VDA/JUAN LOPEZ','','3218471514','20','','','','','','','','SOSCUE','NANCY','','','','','','','',NULL,NULL,NULL,NULL,1188),('1104','97093020786','97093020786','2','REALPE','ERAZO','JHON','ESTIVEN','m','1997-09-30','52378','87284886','','','VDA/SAN FRANCISCO','','3137111766','28,58','REALPE','JOSE','','','','','','ERAZO','AMANCIA','','','','','','','',NULL,NULL,NULL,NULL,1189),('1104','1088975211','1088975211IND','4','HOYOS','NANEZ','JOHANA','ALEJANDRA','f','1995-08-20','52378','87246703','27277871','','B/SAN ANTONIO','','3205918777','8,76','HOYOS','PEDRO','','','','','','ÑAÑEZ','CLEOTILDE','','','','','','','',NULL,NULL,NULL,NULL,1190),('1104','1088975018','1088975018','4','DIAZ','MUÑOZ','JOSE','BERNARDO','m','1995-04-08','52378','','27281019','','VDA/EL HATICO','','3136395419','','DIAZ','SILVIA','','','','','','MUÑOZ','LOPEZ','','','','','','','',NULL,NULL,NULL,NULL,1191),('1104','97120602946','97120602946','2','BUESAQUILLO','ZUÑIGA','JUAN','CARLOS','m','1997-12-06','52378','87010032','48608401','','VDA/SAN RAFAEL','','3148811501','19,02','BUESAQUILLO','PEDRO','','','','','','ZUÑIGA','FANNY','','','','','','','',NULL,NULL,NULL,NULL,1192),('1104','98041268085','98041268085','2','MUÑOZ','BOLAÑOS','JUAN','CARLOS','m','1998-04-12','52378','87247496','27281459','','VDA/SAN FRANCISCO','','3113055337','18,01','MUÑOZ','NILVIO','','','','','','BOLAÑOS','ONEIDA','','','','','','','',NULL,NULL,NULL,NULL,1193),('1104','1088975392','1088975392','1','MARTINEZ','ORTIZ','LEIDY','YURANY','f','1995-12-26','52378','87247670','','','VDA/JUAN LOPEZ','','3127659021','12,75','MARTINEZ','JOSE','','','','','','ORTIZ','AYDA','','','','','','','',NULL,NULL,NULL,NULL,1194),('1104','1088975449','1088975449','1','IBARRA','MUNOZ','LUIS','DAVID','m','1996-01-28','52378','','27281694','','VDA/SAN FRANCISCO','','3128732911','41,31','IBARRA','OSCAR','','','','','','MUÑOZ','DORYS','','','','','','','',NULL,NULL,NULL,NULL,1195),('1104','1088975062','1088975062','1','MARTINEZ','VELASCO','MAYELI','DEL SOCORRO','f','1995-01-28','52378','5275704','','','VDA/ESCANDOY','','3122614202','6,83','MARTINEZ','SALVADOR','','','','','','VELASCO','GLORIA','','','','','','','',NULL,NULL,NULL,NULL,1196),('1104','1088975329','1088975329','4','BUESAQUILLO','ZUÑIGA','PEDRO','NEL','m','1996-01-06','52378','48608401','','','VDA/SAN RAFAEL','','3127242004','19,02','BUESAQUILLO','PEDRO','','','','','','ZUÑIGA','FANY','','','','','','','',NULL,NULL,NULL,NULL,1197),('1104','97081812393','97081812393','2','MUNOZ','MUNOZ','ROXANA','','f','1997-08-18','52378','87245653','','','B/LA POLA','','3117131875','51,45','MUÑOZ','JAIRO','','','','','','MUÑOZ','ELVIA','','','','','','','',NULL,NULL,NULL,NULL,1198),('1104','98022351974','98022351974','2','QUIROZ','LEITON','RUTH','EVELIN','f','1998-02-23','52378','','27277768','','B/SANTANDER','','3117749778','48,45','QUIROZ','LUIS','','','','','','LEITON','JEANETH','','','','','','','',NULL,NULL,NULL,NULL,1199),('1104','97121612805','97121612805','2','RANGEL','PALACIOS','SANTIAGO','ANDRES','m','1997-12-16','52378','','27281366','','B/GRANADA','','3207913876','46,32','RANGEL','JOSE','','','','','','PALACIOS','MARICELA','','','','','','','',NULL,NULL,NULL,NULL,1200),('1104','1004710644','1004710644','4','SAMBONI','PERAFAN','SHAYDER','NICHELLY','f','1995-03-02','52378','87247241','','87247241','B/PRADOS  DEL NORTE','','3127032704','20,79','SAMBONI','FELIX','','','','','','PERAFAN','ROCIO','','','','','','','',NULL,NULL,NULL,NULL,1201),('1104','1202','','4','CHAVES','ORTIZ','TANIA','ANDREA','f','1996-06-03','52378','','27452289','','B/SANTANDER','','3116197588','11,47','CHAVEZ','GEOVANNY','','','','','','ORTIZ','SONIA','','','','','','','',NULL,NULL,NULL,NULL,1202),('1104','1203','','4','ORDONEZ','MUNOZ','TANIA','LIZETH','f','1996-04-24','52378','87245271','27274999','','B/FENELON ORDOÑEZ','','3137003575','','ORDOMEZ','SEGUNDO','','','','','','MUÑOZ','MARIA','','','','','','','',NULL,NULL,NULL,NULL,1203),('1104','96090702235','96090702235','2','ROSERO','CERON','TANIA','ELIZABETH','f','1996-09-07','52378','87249484','27281111','','B/SANTANDER','','3136003681','28,31','ROSERO','HECTOR','','','','','','CERON','YOLANDA','','','','','','','',NULL,NULL,NULL,NULL,1204),('1104','97030918995','97030918995','2','GUERRERO','SOSCUE','YASMIN','ADRIANA','f','1997-03-09','52378','87246324','27276974','','B/PORTALES DE LLANOGRANDE','','3104346190','11,25','GUERRERO','AURELIO','','','','','','SOSCUE','MARGARITA','','','','','','','',NULL,NULL,NULL,NULL,1205),('1104','97032120834','97032120834','2','IBARRA','MUNOZ','YESICA','MARIA','f','1997-03-21','52378','','27277418','','B/FENELON ORDOÑEZ','','3146627217','33,46','IBARRA','FRANCO','','','','','','MUÑOZ','AMPARO','','','','','','','',NULL,NULL,NULL,NULL,1206),('1104','96090726975','96090726975','2','MOARI','MARTINEZ','ZULMA','BEATRIZ','f','1996-09-07','99823','','','','B/CENTRO','','3218150704','29,15','MOARI','JOSE','','','','','','MARTINEZ','GLORIA','','','','','','','',NULL,NULL,NULL,NULL,1207),('1201','1088974342','1088974342','1','BELTRAN','BRAVO','ALEX','TEODULFO','m','1996-01-31','52378','','27281640','','B/PRADOS DEL NORTE','','3127122159','24,51','BELTRAN','TEODULFO','','','','','','BRAVO','BLANCA','','','','','','','',NULL,NULL,NULL,NULL,1208),('1201','1209','','1','PORTILLA','MUNOZ','ANGIE','NIYIRETH','f','1995-07-06','52378','','27277491','','B/MADRIGAL','','3151015559','32,1','PORTILLA','ALVARO','','','','','','MUÑOZ','BLANCA','','','','','','','',NULL,NULL,NULL,NULL,1209),('1201','1210','','1','MUNOZ','LOPEZ','BAYRON','','m','1996-05-15','52378','','27281305','','LA CRUZ ','','3136887075','28,46','MUÑOZ','ANTONIO','','','','','','LOPEZ','NIDIA','','','','','','','',NULL,NULL,NULL,NULL,1210),('1201','1088975388','1088975388','1','ORTIZ','ORTEGA','BRAYAN','ARLEY','m','1996-02-11','52378','','65719483','','VDA/CABUYALES','','3103960206','23','ORTIZ','JOSE','','','','','','ORTEGA','SONIA','','','','','','','',NULL,NULL,NULL,NULL,1211),('1201','1058670617','1058670617','1','GALLARDO','MUNOZ','CARMENZA','','f','1989-04-23','86219','','36855003','','B/FENELON ORDOÑEZ','','','27,33','GALLARDO','RUTILIO','','','','','','MUÑOZ','ADELINA','','','','','','','',NULL,NULL,NULL,NULL,1212),('1201','31575065','31575065','1','BOLAÑOS','MORALES','CLAUDIA','PATRICIA','f','1980-12-01','99823','','38435991','','CRA 8 NO. 5-82 B','','3102229156','14','BOLAÑOS','SALVADOR','','','','','','MORALES','RUBIELA','','','','','','','',NULL,NULL,NULL,NULL,1213),('1201','1063807091','1063807091','1','RUIZ','MOLINA','CLAUDIA','LILIANA','f','1986-01-06','52378','','','','B/PRADOS DEL NORTE','','3116064781','27,6','','','','','','','','','','','','','','','','',NULL,NULL,NULL,NULL,1214),('1201','1088975228','1088975228','3','DELGADO','BOLANOS','DAYANA','MARCELA','f','1995-07-15','52378','','27276120','','B/MOROCHILLO','','3136113598','36','DELGADO','CAYO','','','','','','BOLAÑOS','MIREYA','','','','','','','',NULL,NULL,NULL,NULL,1215),('1201','1088974725','1088974725','1','REALPE','BRAVO','EDIXON','JAVIER','m','1994-05-12','52378','','','','LA CRUZ ','','','','','','','','','','','','','','','','','','','',NULL,NULL,NULL,NULL,1216),('1201','96101901596','96101901596','2','BOLANOS','REALPE','EDY','ALEXANDRA','f','1996-10-19','52378','','27277682','','B/SULTANA DEL MAYO','','3148514996','18,12','BOLAÑOS','JOSE','','','','','','REALPE','YOLANDA','','','','','','','',NULL,NULL,NULL,NULL,1217),('1201','1058673972','1058673972','1','LEITON','RENGIFO','ELSA','YURLETH','f','1994-10-25','19050','','','','B/PRADOS DEL NORTE','','3207779545','41,2','LEITON','RAMIRO','','','','','','RENGIFO','AUDELINA','','','','','','','',NULL,NULL,NULL,NULL,1218),('1201','1058968867','1058968867','1','DAZA','ZUÑIGA','JAIRO','ADALBERTO','m','1990-07-04','19100','','25320708','','B/SANTANDER','','3137816800','9,91','DAZA','EUDORO','','','','','','ZUÑIGA','REBECA','','','','','','','',NULL,NULL,NULL,NULL,1219),('1201','97070518159','97070518159','2','SAMBONI','CHILITO','JESSICA','FERNANDA','f','1997-07-05','19100','','67014475','','B/PORTALES DE LLANOGRANDE','','','','SAMBONI','JHON','','','','','','CATUCHE ','EREDIA','','','','','','','',NULL,NULL,NULL,NULL,1220),('1201','1088974772','1088974772','1','ALBORNOZ','BOLAÑOS','JHON','EDISON','m','1994-09-11','11001','','','','B/PRADOS DEL NORTE','','3175510550','28,91','ALBORNOZ','JUAN','','','','','','BOLAÑOS','ELSA','','','','','','','',NULL,NULL,NULL,NULL,1221),('1201','1088970648','1088970648','1','HOYOS','ÑAÑEZ','JHONY','GEOVANNY','m','1994-05-31','52378','','','','LA CRUZ ','','','','HOYOS','SEGUNDO','','','','','','ÑAÑEZ','JOSEFINA','','','','','','','',NULL,NULL,NULL,NULL,1222),('1201','97011918496','97011918496','2','BARRIOS','MEZA','JOBANA','PAOLA','f','1997-01-19','52378','','','','B/LA POLA','','3143253989','20,21','BARRIOS','ANTONIO','','','','','','MEZA','TEODOLINA','','','','','','','',NULL,NULL,NULL,NULL,1223),('1201','96082504181','96082504181','2','GUERRA','BRAVO','JONATHAN','ESTIVEN','m','1996-08-25','52378','','31832362','','LA CRUZ ','','','','GUERRA','GUILLERMO','','','','','','BRAVO','OLGA ','','','','','','','',NULL,NULL,NULL,NULL,1224),('1201','1088973807','1088973807','1','MUÑOZ','MOLINA','LEIDY','YAMILE','f','','','','','','B/SAN ANTONIO','','3104687661','8,43','','','','','','','','','','','','','','','','',NULL,NULL,NULL,NULL,1225),('1201','1058972564','1058972564','1','PIAMBA','MAJE','LEIDY','CONSUELO','f','1993-09-02','19100','','34637908','','VDA/LLANOGRANDE','','3128067225','12,4','','','','','','','','PIAMBA','MARIA','','','','','','','',NULL,NULL,NULL,NULL,1226),('1201','1088974161','1088974161','1','ZUNIGA','','LEIDY','KATERINE','f','1992-02-20','52378','','','1088971011','CALLE 5 NO 5-54','','3118015355','12,18','','','','','','','','','','','','','','','','',NULL,NULL,NULL,NULL,1227),('1201','1088974657','1088974657','1','BOLANOS','VEGA','LISY','VANESSA','f','1994-04-24','52378','','27276336','','CALLE 4NO. 4-29','','3127730272','16,93','','','','','','','','BOLAÑOS','LINY','','','','','','','',NULL,NULL,NULL,NULL,1228),('1201','1229','','1','MUNOZ','BRAVO','MELANY','CONSTANZA','f','1996-03-08','52378','','','','B/SAN ANTONIO','','3128409923','23,2','MUÑOZ','AMERICO','','','','','','BRAVO','DORA','','','','','','','',NULL,NULL,NULL,NULL,1229),('1201','1088974391','1088974391','1','BOLANOS','ALBAN','NANYHIVER','JHOANNA','f','1993-07-31','99823','','27276990','','CALLE  7 NO. 11-73','','3105052232','35,18','BOLAÑOS','ALBEIRO','','','','','','VELASCO','BLANCA','','','','','','','',NULL,NULL,NULL,NULL,1230),('1201','1058967426','1058967426','1','MACIAS','MUÑOZ','OMAR','ERNANDO','m','1989-02-23','19100','','48608446','','CALLE 11 NO, 8-105','','3116190116','8,03','MACIAS','MARCOS','','','','','','MUÑOZ','MATILDE','','','','','','','',NULL,NULL,NULL,NULL,1231),('1201','1088974630','1088974630','1','MARTINEZ','SALCEDO','ROBINSON','FERNANDO','m','1994-04-12','TABLON','','','','CRA 11 NO 8-105','','3113092051','9,35','','','','','','','','','','','','','','','','',NULL,NULL,NULL,NULL,1232),('1201','96040326909','96040326909','2','ERAZO','MENESES','RONNY','LEODAN','m','','','','','','B/PRADOS DEL NORTE','','3128633769','8,61','','','','','','','','','','','','','','','','',NULL,NULL,NULL,NULL,1233),('1201','27281627','27281627','1','MUÑOZ','MUÑOZ','RUBI','ARGENIS','f','1980-06-15','52378','','27275667','','B/PRADOS DEL NORTE','','3136941478','14,76','','','','','','','','MUÑOZ','GILMA','','','','','','','',NULL,NULL,NULL,NULL,1234),('1201','97032918372','97032918372','2','LOPEZ','MUNOZ','WELDRY','JHULIETH','f','1997-03-29','52378','','','','LA CRUZ ','','','','LOPEZ','AURELIO','','','','','','MUÑOZ','ANA','','','','','','','',NULL,NULL,NULL,NULL,1235),('1201','1085662806','1085662806','1','BURBANO','VELASCO','YEINI','PAOLA','f','1994-07-24','13670','','','','B/PRADOS DEL NORTE','','3116397257','17,06','BURBANO','JORGE','','','','','','VELASCO','MARY','','','','','','','',NULL,NULL,NULL,NULL,1236),('1201','1088973615','1088973615','1','MUNOZ','ALBAN','YEISON','ANDRES','m','1991-08-08','52378','','','','B/SULTANA DEL MAYO','','','9,78','MUÑOZ','JOSE','','','','','','ALBAN','MARIA','','','','','','','',NULL,NULL,NULL,NULL,1237),('1201','1107090879','1107090879','1','ORDOÑEZ','BRAVO','YENNY','VANESSA','f','1995-09-25','52378','','27276172','','B/SULTANA DEL MAYO','','3105499770','40,19','ORDOÑEZ','HEMERGILDO','','','','','','BRAVO','MA. INES','','','','','','','',NULL,NULL,NULL,NULL,1238),('1201','1058673094','1058673094','1','LEITON','RENGIFO','YIMMI','','m','1993-08-02','19050','','48604005','','B/PRADOS DEL NORTE','','3147703586','43,4','LEITON','RAMIRO','','','','','','RENGIFO','AUDELINA','','','','','','','',NULL,NULL,NULL,NULL,1239),('1201','1088975285','1088975285','1','MENESES','BOLANOS','YISELLI','','f','1995-11-21','52378','','27451750','','B/PRADOS DEL NORTE','','3188114106','21,64','MENESES','SEGUNDO','','','','','','BOLAÑOS','OMAIRA','','','','','','','',NULL,NULL,NULL,NULL,1240),('1301','1088973333','1088973333','1','BRAVO','BELTRAN','ADRIANA','MARCELA','f','1991-04-26','52378','','','','B/VILLA DEL NORTE','','3206042661','8,41','','','','','','','','BELTRAN','MARIA','','','','','','','',NULL,NULL,NULL,NULL,1241),('1301','1088975113','1088975113','1','BOLANOS','CARLOSAMA','ANDRES','FELIPE','m','1995-06-04','52378','4709461','','','B/CENTRO','','3217323677','','BOLAÑOS','JOSIAS','','','','','','CARLOSAMA','ELVIA','','','','','','','',NULL,NULL,NULL,NULL,1242),('1301','1088974812','1088974812','1','GOMEZ','REALPE','ANGIE','CRISTINA','f','1994-10-24','52378','','27277929','','VDA/LA VEGA','','3136844286','29,7','GOMEZ','JORGE','','','','','','REALPE','CLAUDIA','','','','','','','',NULL,NULL,NULL,NULL,1243),('1301','1088974773','1088974773','3','GALINDEZ','VELASCO','ANYI','VANESSA','f','1994-05-08','52378','87248634','27281894','','B/GRANADA','','3147035274','','GALINDEZ','BREDIO','','','','','','VELASCO','DAMARIS','','','','','','','',NULL,NULL,NULL,NULL,1244),('1301','1088975169','1088975169','1','LEDEZMA','SOLARTE','CARLOS','STEVEN','m','1995-07-28','52378','87247431','','','b/SAN ANTONIO','','3127755836','','LEDEZMA','EDGAR','','','','','','SOLARTE','FABIOLA','','','','','','','',NULL,NULL,NULL,NULL,1245),('1301','1088975110','1088975110','1','DIAZ','RUIZ','CESAR','FERNEY','m','1995-06-03','99785','5275109','','','B/FENELON ORDOÑEZ','','3135534529','','DIAZ','LUIS','','','','','','RUIZ','TRANSITO','','','','','','','',NULL,NULL,NULL,NULL,1246),('1301','1088975164','1088975164','1','DIAZ','MUNOZ','CLAUDIA','JANETH','f','1995-07-28','52378','87246924','27277674','','B/SAN ANTONIO','','3104409692','17,67','DIAZ','MARINO','','','','','','MÑOZ','MARTHA','','','','','','','',NULL,NULL,NULL,NULL,1247),('1301','1088974489','1088974489','1','MOLINA','MOLINA','CRISTIAN','ANDRES','m','1993-09-17','52378','87246936','27276912','','B/LLANOGRANDE','','3116007124','18,64','MOLINA','EVARISTO','','','','','','MOLINA','OMAIRA','','','','','','','',NULL,NULL,NULL,NULL,1248),('1301','1088974997','1088974997','1','ESCOBAR','ALVEAR','DEICY','JULIANA','f','1995-03-23','25649','4753071','25275639','','B/GRANADA','','3215586956','','ESCOBAR','JAIRO','','','','','','ALVEAR','ANITA','','','','','','','',NULL,NULL,NULL,NULL,1249),('1301','1088975580','1088975580','1','BURBANO','ALBAN','DIANA','CAROLINA','f','1996-07-24','52378','87010074','27282903','','B/PRADOS DEL NORTE','','3117644678','29,92','BURBANO','MIGUEL','','','','','','ALBAN','MARIA','','','','','','','',NULL,NULL,NULL,NULL,1250),('1301','1088974713','1088974713','1','MUNOZ','MUNOZ','DIANA','MARCELA','f','1994-07-16','52378','87246771','27277228','','B/BELEN','','3116693424','','MUÑOZ','EVELIO','','','','','','MUÑOZ','SALOME','','','','','','','',NULL,NULL,NULL,NULL,1251),('1301','1252','1088975230','1','SAMBONI','NANEZ','GABY','ROCIO','f','1995-09-16','52378','','27277296','','B/LLANOGRANDE','','3113044063','11,88','ÑAÑEZ','EDELMIRA','','','','','','SAMBONI','ALDEMR','','','','','','','',NULL,NULL,NULL,NULL,1252),('1301','1085662769','1085662769','1','BOLANOS','ORDONEZ','HERMES','GILDARDO','m','1994-10-30','13670','5340387','','','B/FENELON ORDOÑEZ','','3103472739','15,3','BOLAÑOS','JOSE','','','','','','ORDOÑRZ','AURORA','','','','','','','',NULL,NULL,NULL,NULL,1253),('1301','1088974385','1088974385','1','ORTIZ','VELASCO','ILMER','FERNANDO','m','1993-07-22','52378','5340232','27277462','','B/FENELON ORDOÑEZ','','3113151895','12,4','','','','','','','','VELASCO','MARLENY','','','','','','','',NULL,NULL,NULL,NULL,1254),('1301','1088975384','1088975384','1','MUNOZ','BURBANO','JARDDEL','','m','1995-12-26','52378','87246571','27277931','','CALLE 11 No 8 -42','','3108003059','','MUÑOZ','HERMES','','','','','','BURBANO','CECILIA','','','','','','','',NULL,NULL,NULL,NULL,1255),('1301','1088975569','1088975569','2','ALVARADO','ANACONA','JEISON','SANTIAGO','m','1996-07-25','19100','12238643','12238643','','B/PORTALES DEL NORTE','','3122645665','8,91','ALVARADO','IDER','','','','','','ANACONA','ERLEDY','','','','','','','',NULL,NULL,NULL,NULL,1256),('1301','1088975545','1088975545','1','ALBORNOZ','BOLANOS','JENNIFER','TATIANA','f','1996-06-18','11001','79799798','52377342','','B/PRADOS DEL NORTE','','3203691344','','ALBORNOZ','JUAN','','','','','','BOLAÑOS','ELSA','','','','','','','',NULL,NULL,NULL,NULL,1257),('1301','87247310','87247310','1','DIAZ','BOLAÑOS','JESUS','ALBERTO','m','1973-10-09','52378','5275712','','','','','','14,6','DIAZ','JESUS','','','','','','BOLAÑOS','ELVIA','','','','','','','',NULL,NULL,NULL,NULL,1258),('1301','1088971190','1088971190','1','RENGIFO','BOLANOS','JESUS','ENRIQUE','m','1987-06-01','52378','','','','B/SULTANA DEL MAYO','','3217767160','18,12','ORTEGA','HECTOR','','','','','','BOLAÑOS','ESTHER','','','','','','','',NULL,NULL,NULL,NULL,1259),('1301','1088974574','1088974574','1','BELTRAN','BRAVO','JHON','HANER','m','1993-03-08','52378','','27282415','','LA CRUZ ','','','16,72','BELTRAN ','MEDARDO','','','','','','BRAVO','JACKELINE','','','','','','','',NULL,NULL,NULL,NULL,1260),('1301','1088973271','1088973271','1','BOLANOS','GONZALEZ','JHON','JAMES','m','1991-03-18','52378','','','','B/MOROCHILLO','','3206663635','','','','','','','','','BOLAÑOS','ORLAVI','','','','','','','',NULL,NULL,NULL,NULL,1261),('1301','1088974767','1088974767','1','SAMBONI','SAMBONI','JHON','WILMAR','m','1994-08-08','19100','','','','B/LLANOGRANDE','','3113178587','','SAMBONI','EMIRO','','','','','','SAMBONI','ALBA','','','','','','','',NULL,NULL,NULL,NULL,1262),('1301','1088975206','1088975206','1','GRIIJALBA','BRAVO','KAROL','DANIELA','f','1995-09-01','52378','87247331','27277300','','LA CRUZ ','','3216918860','9,59','GRIJALBA','JAIRO','','','','','','BRAVO','BLANCA','','','','','','','',NULL,NULL,NULL,NULL,1263),('1301','1088974927','1088974927','1','BENAVIDES','BENAVIDES','LEIDY','CRISTINA','f','1995-01-16','52378','','27277265','','LA CRUZ ','','','','BENAVIDES','GILBERTO','','','','','','BENAVIDES','RITA','','','','','','','',NULL,NULL,NULL,NULL,1264),('1301','1088975367','1088975367','1','BOLANOS','SERNA','LEIDY','JULIETH','f','1995-11-05','99823','87245822','','','B/SULTANA DEL MAYO','','3185039256','28,87','BOLAÑOS','JORGE','','','','','','SERNA','CECILIA','','','','','','','',NULL,NULL,NULL,NULL,1265),('1301','1088974885','1088974885','1','SOLARTE','CERON','MARIA','ALEJANDRA','f','1994-12-10','52378','87247106','66910969','','B/PRADOS DEL NORTE','','3122275700','','SOLARTE','ANIBAL','','','','','','CERONana','','','','','','','','',NULL,NULL,NULL,NULL,1266),('1301','1088974193','1088974193','1','ERAZO','ERAZO','MARINEYA','','f','1993-02-26','52378','','36980063','','VDA/LA CAÑADA','','3104891582','','ERAZO','MARCO','','','','','','ERAZO','BLANCA','','','','','','','',NULL,NULL,NULL,NULL,1267),('1301','1088975190','1088975190','1','BEDOYA','ORTEGA','MARISOL','','f','1995-08-16','52378','','27275836','','VDA/CABUYALES','','3146668632','','','','','','','','','ORTEGA','ROSALBA','','','','','','','',NULL,NULL,NULL,NULL,1268),('1301','1088975108','1088975108','1','DAVILA','RANGEL','MARTHA','LUCIA','f','1995-06-23','52378','87246988','27277799','','B/PRADOS DEL NORTE','','3138523494','','DAVILA','LIBARDO','','','','','','RANGEL','MARTHA','','','','','','','',NULL,NULL,NULL,NULL,1269),('1301','95102919115','95102919115','2','ORTEGA','MARTINEZ','MARYNELLA','','f','1995-10-29','52378','19301466','27277294','','B/PRADOS DEL NORTE','','3148875823','','ORTEGA','GILBERTO','','','','','','MARTINEZ','NUBIA','','','','','','','',NULL,NULL,NULL,NULL,1270),('1301','27281844','27281844','1','VALENZUELA','BRAVO','MARYNELLA','','f','1981-05-19','52378','4391980','','','B/GRANADA','','3206621846','','VAENZUELA','FABIAN','','','','','','BRAVO','FANY','','','','','','','',NULL,NULL,NULL,NULL,1271),('1301','1088975327','1088975327','1','OBANDO','DIAZ','MILLER','ALEXIS','m','1995-12-14','52378','87245638','','','B/PRADOS DEL NORTE','','','31,02','OBANDO','ANTIDIO','','','','','','','','','','','','','','',NULL,NULL,NULL,NULL,1272),('1301','1088974731','1088974731','1','MEZA','URBANO','MIREYA','','f','1994-03-11','52378','','59240054','','LA CRUZ ','','','13,6','MEZA','TOBIA','','','','','','URBANO','MARIANA','','','','','','','',NULL,NULL,NULL,NULL,1273),('1301','27282206','27282206','1','URBANO','MOLINA','NUBIA','STELLA','f','1983-02-01','52378','','','','B/MOROCHILLO','','3117142853','','URBANO','AGUSTIN','','','','','','','','','','','','','','',NULL,NULL,NULL,NULL,1274),('1301','1088974044','1088974044','1','BELTRAN','BRAVO','OLVER','DARIO','m','1992-11-03','52378','5275729','27281640','','B/VILLA DEL NORTE','','3103648457','24,51','BELTRAN','TEODULFO','','','','','','BRAVO','RITA','','','','','','','',NULL,NULL,NULL,NULL,1275),('1301','1085662652','1085662652','1','DAZA','NANEZ','ORVEIN','','m','1994-01-30','13670','76284905','','','B/VILLA DEL NORTE','','3148537724','','DAZA','EIDER','','','','','','ÑAÑEZ','SONAIRA','','','','','','','',NULL,NULL,NULL,NULL,1276),('1301','1088970875','1088970875','1','CARLOSAMA','MARTINEZ','ROBERT','GILDARDO','m','1987-03-07','52378','87245082','','','B/CENTRO','','3147252573','','CARLOSAMA','SEGUNDO','','','','','','MARTINEZ','MARIA','','','','','','','',NULL,NULL,NULL,NULL,1277),('1301','1004731525','1004731525','1','ORTIZ','MUNOZ','ROCIO','YAMILE','f','1991-12-23','13670','','','','B/LLANOGRANDE','','3146101402','','ORTIZ','GABRIEL','','','','','','ÑAÑEZ','HILDA','','','','','','','',NULL,NULL,NULL,NULL,1278),('1301','1059912861','1059912861','1','BENITEZ','GOMEZ','SINDY','YULIANA','f','1994-09-13','19075','7628570','48604858','','B/LA POLA','','3105166132','17,2','BENITES','JAVIER','','','','','','GOMEZ','DERLY','','','','','','','',NULL,NULL,NULL,NULL,1279),('1301','1061750474','1061750474','1','ANACONA','','VICTOR','DARIO','m','1992-08-08','19100','','48560075','','B/LA POLA','','3148075846','','','','','','','','','ANACONA','ISMAELINA','','','','','','','',NULL,NULL,NULL,NULL,1280),('1301','1088971849','1088971849','1','ORDOÑEZ','HOYOS','VICTOR','GEOVANNY','m','1988-09-05','52378','87245880','','','B/VILLA DEL NORTE','','3113605359','','ORDOÑEZ','VICTOR','','','','','','HOYOS','MARIA','','','','','','','',NULL,NULL,NULL,NULL,1281),('1301','1059912224','1059912224','1','BURBANO','GARCES','YEIN','YEDY','f','1993-08-28','19075','4737289','','','B/VILLA DEL NORTE','','3133958593','','BURBANO','LIONSO','','','','','','GARCES','BRIDES','','','','','','','',NULL,NULL,NULL,NULL,1282),('1301','1088975346','1088975346','1','MUNOZ','MUNOZ','YENNY','ALEXANDRA','f','1995-12-13','52378','87246791','','','B/BELEN','','3137499656','','MUÑOZ','EVELIO','','','','','','MUÑOZ','SALOME','','','','','','','',NULL,NULL,NULL,NULL,1283),('1301','1010013829','1010013829','1','MUNOZ','MOLINA','YENY','ROCIO','f','1988-04-05','52378','','','','B/BELEN','','','','','','','','','','','MOLINA','MIRYAM','','','','','','','',NULL,NULL,NULL,NULL,1284),('1301','1285','1088975230','1','REALPE','RODRIGUEZ','YESSIKA','KORINA','f','1996-03-17','52378','87245671','27276254','','B/SAN ANTONIO','','3126257953','','REALPE','LUIS','','','','','','RODRIGUEZ','MARIA','','','','','','','',NULL,NULL,NULL,NULL,1285);

--
