-- Table structure for table `alumno_egresado`
--

CREATE TABLE `alumno_egresado` (
  `id_alu` bigint(20) NOT NULL,
  `ape_per` varchar(40) COLLATE utf8_spanish_ci DEFAULT NULL,
  `nom_per` varchar(40) COLLATE utf8_spanish_ci DEFAULT NULL
) ENGINE=MyISAM DEFAULT CHARSET=utf8 COLLATE=utf8_spanish_ci;

--
-- Dumping data for table `alumno_egresado`
--


--
-- Table structure for table `alumno_hermanos`
--

CREATE TABLE `alumno_hermanos` (
  `id_alu` bigint(20) NOT NULL,
  `id_alu_h` bigint(20) NOT NULL,
  PRIMARY KEY (`id_alu`,`id_alu_h`)
) ENGINE=MyISAM DEFAULT CHARSET=utf8 COLLATE=utf8_spanish_ci;

--
-- Dumping data for table `alumno_hermanos`
--


--
-- Table structure for table `anexos`
--

CREATE TABLE `anexos` (
  `cod_ane` int(3) unsigned zerofill NOT NULL AUTO_INCREMENT,
  `des_ane` varchar(100) COLLATE utf8_spanish_ci NOT NULL,
  `gru_ane` varchar(10) COLLATE utf8_spanish_ci NOT NULL,
  `cla_ane` enum('estud','insti') COLLATE utf8_spanish_ci NOT NULL DEFAULT 'estud',
  PRIMARY KEY (`cod_ane`),
  KEY `cod_ane` (`cod_ane`)
) ENGINE=MyISAM DEFAULT CHARSET=utf8 COLLATE=utf8_spanish_ci;

--
-- Dumping data for table `anexos`
--


--
-- Table structure for table `anolectivo`
--

CREATE TABLE `anolectivo` (
  `id_ano` int(10) unsigned NOT NULL AUTO_INCREMENT,
  `ano` varchar(20) COLLATE utf8_spanish_ci NOT NULL,
  `actual` enum('s','n') COLLATE utf8_spanish_ci NOT NULL DEFAULT 's',
  `fec_cam` date DEFAULT NULL,
  `max_des` int(10) unsigned NOT NULL DEFAULT '0',
  `rev_car` int(10) unsigned NOT NULL DEFAULT '0',
  `lon_ser` int(10) unsigned NOT NULL DEFAULT '12',
  `maxi_area_perd` int(6) unsigned DEFAULT NULL,
  `vlr_repo_docu` decimal(10,0) DEFAULT NULL,
  `tem_ano` enum('s','n') COLLATE utf8_spanish_ci DEFAULT 'n' COMMENT 'si se usan tematicas',
  `cri_ano` enum('s','n') COLLATE utf8_spanish_ci DEFAULT 'n' COMMENT 'si se usan criterios de evaluacion',
  `pon_ano` enum('s','n') COLLATE utf8_spanish_ci DEFAULT 'n' COMMENT 'si se usan ponderados',
  `exa_per` decimal(5,2) DEFAULT '0.00' COMMENT 'ponderado del examen final por periodo: 0 indica q no aplica,-1 el ponderado es asignado por el usuario; si > 0 es el valor del ponderado para todas las evaluaciones finales de periodo',
  `max_mat_perd` tinyint(3) unsigned DEFAULT '0',
  PRIMARY KEY (`id_ano`)
) ENGINE=MyISAM AUTO_INCREMENT=3 DEFAULT CHARSET=utf8 COLLATE=utf8_spanish_ci;

--
-- Dumping data for table `anolectivo`
--

INSERT INTO `anolectivo` VALUES (1,'2014','s','2014-02-17',0,0,12,2,NULL,'n','n','n',0.00,2),(2,'2015','n','2014-02-17',0,0,12,2,0,'n','n','n',0.00,2);

--
-- Table structure for table `ant_alumnos`
--

CREATE TABLE `ant_alumnos` (
  `ape_per` varchar(40) COLLATE utf8_spanish_ci NOT NULL,
  `nom_per` varchar(40) COLLATE utf8_spanish_ci NOT NULL,
  `cod_alu` bigint(6) NOT NULL AUTO_INCREMENT,
  `codigo_est` varchar(60) COLLATE utf8_spanish_ci DEFAULT NULL,
  `valida1` varchar(50) COLLATE utf8_spanish_ci DEFAULT NULL,
  `valida2` varchar(50) COLLATE utf8_spanish_ci DEFAULT NULL,
  `valida3` varchar(50) COLLATE utf8_spanish_ci DEFAULT NULL,
  PRIMARY KEY (`cod_alu`)
) ENGINE=MyISAM DEFAULT CHARSET=utf8 COLLATE=utf8_spanish_ci PACK_KEYS=0 ROW_FORMAT=DYNAMIC COMMENT='Tabla que almacena datos basicos de alumnos anteriores';

--
-- Dumping data for table `ant_alumnos`
--


--
-- Table structure for table `ant_anios`
--

CREATE TABLE `ant_anios` (
  `cod_anio` bigint(6) unsigned NOT NULL AUTO_INCREMENT,
  `des_anio` varchar(60) COLLATE utf8_spanish_ci DEFAULT NULL,
  `num_per` int(3) unsigned DEFAULT NULL,
  `tip_aca` enum('a','m') COLLATE utf8_spanish_ci DEFAULT 'a',
  PRIMARY KEY (`cod_anio`),
  UNIQUE KEY `anio_unq` (`des_anio`)
) ENGINE=MyISAM DEFAULT CHARSET=utf8 COLLATE=utf8_spanish_ci PACK_KEYS=0 ROW_FORMAT=DYNAMIC COMMENT='Tabla que contiene datos de anios lectivos anteriores';

--
-- Dumping data for table `ant_anios`
--


--
-- Table structure for table `ant_asignaturas`
--

CREATE TABLE `ant_asignaturas` (
  `cod_asi` bigint(6) unsigned NOT NULL AUTO_INCREMENT,
  `des_asi` varchar(60) COLLATE utf8_spanish_ci DEFAULT NULL,
  `tip_aca` enum('a','m') COLLATE utf8_spanish_ci NOT NULL DEFAULT 'a',
  `nom_cor` varchar(6) COLLATE utf8_spanish_ci DEFAULT NULL,
  PRIMARY KEY (`cod_asi`,`tip_aca`)
) ENGINE=MyISAM DEFAULT CHARSET=utf8 COLLATE=utf8_spanish_ci PACK_KEYS=0 ROW_FORMAT=DYNAMIC COMMENT='Tabla que contiene las asignaturas de los aÃ±os anteriores';

--
-- Dumping data for table `ant_asignaturas`
--


--
-- Table structure for table `ant_cursos`
--

CREATE TABLE `ant_cursos` (
  `cod_cur` int(6) unsigned zerofill NOT NULL AUTO_INCREMENT,
  `des_cur` varchar(60) COLLATE utf8_spanish_ci DEFAULT NULL,
  `des_cor_cur` varchar(10) COLLATE utf8_spanish_ci DEFAULT NULL,
  `cod_gra` bigint(6) unsigned zerofill NOT NULL,
  PRIMARY KEY (`cod_cur`),
  UNIQUE KEY `des_cor_cur` (`des_cor_cur`)
) ENGINE=MyISAM DEFAULT CHARSET=utf8 COLLATE=utf8_spanish_ci PACK_KEYS=0 ROW_FORMAT=DYNAMIC COMMENT='Tabla que contiene datos de los cursos de anios anteriores';

--
-- Dumping data for table `ant_cursos`
--


--
-- Table structure for table `ant_plan`
--

CREATE TABLE `ant_plan` (
  `cod_anio` bigint(6) NOT NULL DEFAULT '0',
  `cod_cur` int(6) NOT NULL DEFAULT '0',
  `cod_asi` bigint(6) NOT NULL DEFAULT '0',
  `int_hr` int(10) unsigned NOT NULL DEFAULT '0',
  PRIMARY KEY (`cod_anio`,`cod_cur`,`cod_asi`)
) ENGINE=MyISAM DEFAULT CHARSET=utf8 COLLATE=utf8_spanish_ci PACK_KEYS=0 ROW_FORMAT=FIXED COMMENT='Tabla que almacena el plan curricular de anteriores aÃ±os';

--
-- Dumping data for table `ant_plan`
--


--
-- Table structure for table `ant_valoracion`
--

CREATE TABLE `ant_valoracion` (
  `cod_anio` bigint(6) NOT NULL DEFAULT '0',
  `cod_cur` int(6) NOT NULL DEFAULT '0',
  `cod_asi` bigint(6) NOT NULL DEFAULT '0',
  `cod_alu` bigint(6) NOT NULL DEFAULT '0',
  `val_aca` varchar(7) COLLATE utf8_spanish_ci DEFAULT NULL,
  `rec_aca` varchar(7) COLLATE utf8_spanish_ci DEFAULT NULL,
  PRIMARY KEY (`cod_anio`,`cod_cur`,`cod_asi`,`cod_alu`)
) ENGINE=MyISAM DEFAULT CHARSET=utf8 COLLATE=utf8_spanish_ci PACK_KEYS=0 ROW_FORMAT=DYNAMIC COMMENT='Tabla que almacena las notas relacionando plan y estudiantes';

--
-- Dumping data for table `ant_valoracion`
--


--
-- Table structure for table `apoyodocs_documento`
--

CREATE TABLE `apoyodocs_documento` (
  `id_apo` bigint(5) unsigned NOT NULL AUTO_INCREMENT,
  `des_apo` varchar(250) COLLATE utf8_spanish_ci DEFAULT NULL,
  `id_usu` bigint(20) unsigned DEFAULT NULL,
  `fpub_apo` date DEFAULT NULL,
  `fmod_apo` date DEFAULT NULL,
  `ffin_apo` date DEFAULT NULL,
  `nom_dad` varchar(250) COLLATE utf8_spanish_ci DEFAULT NULL,
  `url_dad` varchar(1000) COLLATE utf8_spanish_ci DEFAULT NULL,
  `cod_gra` bigint(20) DEFAULT '0',
  `cod_cur` bigint(20) DEFAULT '0',
  `cod_mat` bigint(20) DEFAULT '0',
  `priv_apo` char(1) COLLATE utf8_spanish_ci DEFAULT 't',
  `est_apo` char(1) COLLATE utf8_spanish_ci DEFAULT NULL,
  PRIMARY KEY (`id_apo`)
) ENGINE=MyISAM DEFAULT CHARSET=utf8 COLLATE=utf8_spanish_ci COMMENT='res';

--
-- Dumping data for table `apoyodocs_documento`
--


--
-- Table structure for table `area`
--

CREATE TABLE `area` (
  `cod_are` bigint(3) unsigned NOT NULL AUTO_INCREMENT,
  `des_are` varchar(60) COLLATE utf8_spanish_ci NOT NULL,
  `des_cor_are` varchar(5) COLLATE utf8_spanish_ci NOT NULL,
  `eva_are` enum('s','n') COLLATE utf8_spanish_ci NOT NULL DEFAULT 's',
  `id_per` varchar(20) COLLATE utf8_spanish_ci DEFAULT NULL,
  `nor_are` enum('s','n') COLLATE utf8_spanish_ci DEFAULT 'n',
  `max_repro` int(3) unsigned NOT NULL DEFAULT '1',
  PRIMARY KEY (`des_are`),
  UNIQUE KEY `cod_are` (`cod_are`)
) ENGINE=MyISAM AUTO_INCREMENT=49 DEFAULT CHARSET=utf8 COLLATE=utf8_spanish_ci;

--
-- Dumping data for table `area`
--

INSERT INTO `area` VALUES (33,'LENGUA CASTELLANA','CASTE','s',NULL,'n',1),(32,'EDUCACIÓN RELIGIOSA Y MORAL','RELIG','s',NULL,'n',1),(31,'EDUCACIÓN ETICA Y EN VALORES','ETICA','s',NULL,'n',1),(30,'CIENCIAS SOCIALES ','SOCIA','s',NULL,'n',1),(29,'MATEMÁTICAS ','MATEM','s',NULL,'n',1),(28,'CIENCIAS NATURALES Y EDUCACIÓN AMBIENTAL FISICA','FISC','s',NULL,'n',1),(27,'CIENCIAS NATURALES Y EDUCACIÓN AMBIENTAL QUIMICA','QUIM','s',NULL,'n',1),(26,'CIENCIAS NATURALES Y EDUCACIÓN AMBIENTAL','NATUR','s',NULL,'n',1),(25,'DIMENSIÓN ESTETICA','DESTE','s',NULL,'n',1),(24,'DIMENSIÓN COMUNICATIVA','DCOMU','s',NULL,'n',1),(23,'DIMENSÓN GOCNITIVA','DCOGN','s',NULL,'n',1),(22,'DIMENSIÓN CORPORAL','DCORP','s',NULL,'n',1),(21,'DIMENSIÓN SOCIOAFECTIVA','DSOCI','s',NULL,'n',1),(34,'INGLES','ING','s',NULL,'n',1),(35,'TECNOLOGÍA E INFORMÁTICA','INFOR','s',NULL,'n',1),(36,'EDUCACIÓN ARTÍSTICA ARTES PLASTICAS','ARTES','s',NULL,'n',1),(37,'EDUCACIÓN ARTÍSTICA MÚSICA','MUSI','s',NULL,'n',1),(38,'EDUCACIÓN ARTÍSTICA DANZAS','DANZ','s',NULL,'n',1),(39,'EDUCACIÓN FÍSICA RECREACIÓN Y DEPORTE','E. FI','s',NULL,'n',1),(40,'PEDAG+OGICAS INVESTIGACIÓN EDUCATIVA','INVES','s',NULL,'n',1),(41,'PEDAGÓGICAS PSICOLOGÍA EDUCTAIVA','PSICO','s',NULL,'n',1),(42,'FILOSOFIA','FILOS','s',NULL,'n',1),(43,'PEDAGÓGICAS GESTIÓN EDUCATIVA','GEST','s',NULL,'n',1),(44,'TENDECIAS PEDAG+OGICAS','T.PED','s',NULL,'n',1),(45,'PRACTICA DOCENTE','P.P.I','s',NULL,'n',1),(46,'DIDACTICA PREESCOALR','D.PRE','n',NULL,'s',1),(47,'AYUDAS EDUCATIVAS','A. ED','s',NULL,'n',1),(48,'COMPORTAMIENTO','COMP','n',NULL,'s',1);

--
-- Table structure for table `aregra`
--

CREATE TABLE `aregra` (
  `cod_cur` int(6) unsigned zerofill NOT NULL DEFAULT '000001',
  `cod_are` bigint(6) unsigned zerofill NOT NULL DEFAULT '000001',
  `id_per` varchar(20) COLLATE utf8_spanish_ci NOT NULL,
  `id_ano` int(10) unsigned NOT NULL DEFAULT '2',
  PRIMARY KEY (`cod_are`,`cod_cur`,`id_per`,`id_ano`)
) ENGINE=MyISAM DEFAULT CHARSET=utf8 COLLATE=utf8_spanish_ci;

--
-- Dumping data for table `aregra`
--

INSERT INTO `aregra` VALUES (002152,000026,'',2),(001161,000030,'',2),(002152,000046,'',2);

--
-- Table structure for table `backup`
--

CREATE TABLE `backup` (
  `id_bac` int(10) NOT NULL AUTO_INCREMENT,
  `nom_bac` varchar(250) COLLATE utf8_spanish_ci NOT NULL DEFAULT '0' COMMENT 'Nombre de archivo de copia de seguridad',
  `con_bac` varchar(250) COLLATE utf8_spanish_ci NOT NULL DEFAULT '0' COMMENT 'Contenido Archivo y datos o solo datos',
  `fec_bac` datetime NOT NULL,
  PRIMARY KEY (`id_bac`)
) ENGINE=MyISAM DEFAULT CHARSET=utf8 COLLATE=utf8_spanish_ci;

--
-- Dumping data for table `backup`
--


--
-- Table structure for table `barrio`
--

CREATE TABLE `barrio` (
  `cod_bar` bigint(6) unsigned zerofill NOT NULL AUTO_INCREMENT,
  `des_bar` varchar(50) COLLATE utf8_spanish_ci NOT NULL,
  `cod_ciu` bigint(3) unsigned zerofill NOT NULL DEFAULT '000',
  PRIMARY KEY (`cod_ciu`,`des_bar`),
  UNIQUE KEY `cod_bar` (`cod_bar`)
) ENGINE=MyISAM DEFAULT CHARSET=utf8 COLLATE=utf8_spanish_ci;

--
-- Dumping data for table `barrio`
--


--
-- Table structure for table `bienestar_alumfallas`
--

CREATE TABLE `bienestar_alumfallas` (
  `id_fall` bigint(12) unsigned NOT NULL AUTO_INCREMENT,
  `id_alu` bigint(20) NOT NULL,
  `id_pros` int(6) unsigned NOT NULL,
  `est_fall` enum('h','n') COLLATE utf8_spanish_ci NOT NULL DEFAULT 'h',
  `fec_fall` date NOT NULL,
  `obs_fall` text COLLATE utf8_spanish_ci,
  `id_usu` bigint(6) unsigned NOT NULL,
  `fec_mod` date NOT NULL,
  PRIMARY KEY (`id_fall`),
  KEY `id_fall` (`id_fall`)
) ENGINE=MyISAM DEFAULT CHARSET=utf8 COLLATE=utf8_spanish_ci PACK_KEYS=0 ROW_FORMAT=DYNAMIC;

--
-- Dumping data for table `bienestar_alumfallas`
--


--
-- Table structure for table `bienestar_alumpaso`
--

CREATE TABLE `bienestar_alumpaso` (
  `id_alu` bigint(20) NOT NULL,
  `id_paso` bigint(9) unsigned NOT NULL,
  `fec_paso` date NOT NULL,
  `id_usu` bigint(6) unsigned NOT NULL,
  `fec_mod` date NOT NULL,
  PRIMARY KEY (`id_alu`,`id_paso`)
) ENGINE=MyISAM DEFAULT CHARSET=utf8 COLLATE=utf8_spanish_ci PACK_KEYS=0 ROW_FORMAT=FIXED;

--
-- Dumping data for table `bienestar_alumpaso`
--


--
-- Table structure for table `bienestar_alumpros`
--

CREATE TABLE `bienestar_alumpros` (
  `id_alu` bigint(20) NOT NULL,
  `id_pros` int(6) unsigned NOT NULL,
  `fec_pros` date NOT NULL,
  `obs_pros` text COLLATE utf8_spanish_ci,
  `id_usu` bigint(6) unsigned NOT NULL,
  `fec_mod` date NOT NULL,
  `id_ano` int(10) unsigned NOT NULL DEFAULT '2',
  PRIMARY KEY (`id_alu`,`id_pros`)
) ENGINE=MyISAM DEFAULT CHARSET=utf8 COLLATE=utf8_spanish_ci PACK_KEYS=0 ROW_FORMAT=DYNAMIC;

--
-- Dumping data for table `bienestar_alumpros`
--


--
-- Table structure for table `bienestar_pasos`
--

CREATE TABLE `bienestar_pasos` (
  `id_paso` bigint(9) unsigned NOT NULL AUTO_INCREMENT,
  `id_pros` int(6) unsigned NOT NULL,
  `des_paso` varchar(150) COLLATE utf8_spanish_ci NOT NULL,
  `ord_paso` int(6) unsigned NOT NULL,
  `can_paso` tinyint(3) unsigned NOT NULL,
  `doc_paso` text COLLATE utf8_spanish_ci,
  PRIMARY KEY (`id_paso`),
  KEY `id_paso` (`id_paso`)
) ENGINE=MyISAM DEFAULT CHARSET=utf8 COLLATE=utf8_spanish_ci PACK_KEYS=0 ROW_FORMAT=DYNAMIC;

--
-- Dumping data for table `bienestar_pasos`
--


--
-- Table structure for table `bienestar_procesos`
--

CREATE TABLE `bienestar_procesos` (
  `id_pros` int(6) unsigned NOT NULL AUTO_INCREMENT,
  `nom_pros` varchar(150) COLLATE utf8_spanish_ci NOT NULL,
  `des_pros` text COLLATE utf8_spanish_ci,
  `est_pros` enum('h','n') COLLATE utf8_spanish_ci NOT NULL DEFAULT 'h',
  `tip_pros` enum('p','n') COLLATE utf8_spanish_ci NOT NULL DEFAULT 'p',
  `sql_pros` text COLLATE utf8_spanish_ci,
  PRIMARY KEY (`id_pros`),
  UNIQUE KEY `nom_pros` (`nom_pros`),
  KEY `id_pros` (`id_pros`)
) ENGINE=MyISAM DEFAULT CHARSET=utf8 COLLATE=utf8_spanish_ci PACK_KEYS=0 ROW_FORMAT=DYNAMIC;

--
-- Dumping data for table `bienestar_procesos`
--


--
-- Table structure for table `capexc_dane`
--

CREATE TABLE `capexc_dane` (
  `cod_cap` bigint(3) unsigned zerofill NOT NULL AUTO_INCREMENT,
  `des_capdane` varchar(100) COLLATE utf8_spanish_ci NOT NULL,
  `cod_cap_DANE` varchar(4) COLLATE utf8_spanish_ci NOT NULL,
  PRIMARY KEY (`cod_cap`),
  UNIQUE KEY `cod_disdane` (`cod_cap`),
  KEY `cod_disdane_2` (`cod_cap`)
) ENGINE=MyISAM DEFAULT CHARSET=utf8 COLLATE=utf8_spanish_ci;

--
-- Dumping data for table `capexc_dane`
--


--
-- Table structure for table `cartera`
--

CREATE TABLE `cartera` (
  `id_car` int(10) unsigned NOT NULL AUTO_INCREMENT,
  `id_ano` int(10) unsigned NOT NULL DEFAULT '1',
  `id_mes` int(10) unsigned NOT NULL,
  `id_alu` bigint(20) NOT NULL,
  `valor` decimal(10,0) DEFAULT NULL,
  `pagada` enum('s','n') COLLATE utf8_spanish_ci DEFAULT NULL,
  `fec_ing` date DEFAULT NULL,
  `fec_sal` date DEFAULT NULL,
  PRIMARY KEY (`id_car`,`id_ano`,`id_mes`,`id_alu`),
  KEY `cartera_FKIndex2` (`id_ano`),
  KEY `cartera_FKIndex3` (`id_mes`),
  KEY `cartera_FKIndex4` (`id_alu`)
) ENGINE=MyISAM DEFAULT CHARSET=utf8 COLLATE=utf8_spanish_ci;

--
-- Dumping data for table `cartera`
--


--
-- Table structure for table `cd_enlace`
--

CREATE TABLE `cd_enlace` (
  `id_enl` bigint(20) NOT NULL AUTO_INCREMENT,
  `des_enl` varchar(100) COLLATE utf8_spanish_ci NOT NULL,
  `url_enl` varchar(250) COLLATE utf8_spanish_ci NOT NULL,
  `tip_enl` enum('YOUTUBE','VIDEO','ENLACE','AUDIO','IMAGEN') COLLATE utf8_spanish_ci NOT NULL,
  `id_cdtem` bigint(20) NOT NULL,
  PRIMARY KEY (`id_enl`)
) ENGINE=MyISAM DEFAULT CHARSET=utf8 COLLATE=utf8_spanish_ci;

--
-- Dumping data for table `cd_enlace`
--


--
-- Table structure for table `cd_resp`
--

CREATE TABLE `cd_resp` (
  `cod_gra` int(11) NOT NULL,
  `cod_mat` int(11) NOT NULL,
  `id_per` bigint(20) NOT NULL,
  `aprueba` enum('s','n') COLLATE utf8_spanish_ci NOT NULL,
  `reg_tema` enum('s','n') COLLATE utf8_spanish_ci NOT NULL,
  `reg_cont` enum('s','n') COLLATE utf8_spanish_ci NOT NULL,
  `fec_reg` timestamp NOT NULL DEFAULT CURRENT_TIMESTAMP,
  `id_usu` int(11) NOT NULL,
  PRIMARY KEY (`cod_gra`,`cod_mat`,`id_per`)
) ENGINE=MyISAM DEFAULT CHARSET=utf8 COLLATE=utf8_spanish_ci;

--
-- Dumping data for table `cd_resp`
--


--
-- Table structure for table `cd_tema`
--

CREATE TABLE `cd_tema` (
  `id_cdtem` bigint(20) NOT NULL AUTO_INCREMENT,
  `pad_cdtem` bigint(20) NOT NULL,
  `tit_cdtem` text COLLATE utf8_spanish_ci NOT NULL,
  `des_cdtem` text COLLATE utf8_spanish_ci,
  `tip_cdtem` enum('t','c') COLLATE utf8_spanish_ci NOT NULL,
  `est_cdtem` enum('a','i') COLLATE utf8_spanish_ci NOT NULL,
  `cod_gra` int(11) NOT NULL,
  `cod_mat` int(11) NOT NULL,
  `id_usu_cre` int(11) NOT NULL,
  `fec_cre` timestamp NOT NULL DEFAULT CURRENT_TIMESTAMP,
  `cla_cdtem` text COLLATE utf8_spanish_ci,
  `est_enl` enum('a','i') COLLATE utf8_spanish_ci NOT NULL DEFAULT 'a',
  PRIMARY KEY (`id_cdtem`),
  FULLTEXT KEY `tit_cdtem` (`tit_cdtem`,`cla_cdtem`),
  FULLTEXT KEY `des_cdtem` (`des_cdtem`)
) ENGINE=MyISAM DEFAULT CHARSET=utf8 COLLATE=utf8_spanish_ci;

--
-- Dumping data for table `cd_tema`
--


--
-- Table structure for table `cd_tema_adj`
--

CREATE TABLE `cd_tema_adj` (
  `id_cdadj` bigint(20) NOT NULL AUTO_INCREMENT,
  `id_cdtem` bigint(20) DEFAULT NULL,
  `nom_cdadj` varchar(50) COLLATE utf8_spanish_ci DEFAULT NULL COMMENT 'nombre_original',
  `url_cdadj` varchar(50) COLLATE utf8_spanish_ci DEFAULT NULL COMMENT 'ruta del archivo en el serv desde la carpeta',
  `tipo_cdadj` varchar(10) COLLATE utf8_spanish_ci DEFAULT NULL COMMENT 'tipo de archivo',
  PRIMARY KEY (`id_cdadj`)
) ENGINE=MyISAM DEFAULT CHARSET=utf8 COLLATE=utf8_spanish_ci;

--
-- Dumping data for table `cd_tema_adj`
--


--
-- Table structure for table `cd_tema_curso`
--

CREATE TABLE `cd_tema_curso` (
  `id_cdtem` bigint(20) NOT NULL DEFAULT '0',
  `cod_cur` bigint(20) NOT NULL DEFAULT '0',
  `fini_cdtemc` date DEFAULT NULL,
  `ffin_cdtemc` date DEFAULT NULL,
  `est_cdtemc` enum('a','i') COLLATE utf8_spanish_ci NOT NULL DEFAULT 'i',
  `pub_cdtemc` enum('s','n') COLLATE utf8_spanish_ci NOT NULL DEFAULT 'n',
  PRIMARY KEY (`id_cdtem`,`cod_cur`)
) ENGINE=MyISAM DEFAULT CHARSET=utf8 COLLATE=utf8_spanish_ci;

--
-- Dumping data for table `cd_tema_curso`
--


--
-- Table structure for table `cd_tema_instancia`
--

CREATE TABLE `cd_tema_instancia` (
  `id_cdtem` bigint(20) NOT NULL,
  `cod_ins` bigint(20) NOT NULL,
  PRIMARY KEY (`id_cdtem`,`cod_ins`)
) ENGINE=MyISAM DEFAULT CHARSET=utf8 COLLATE=utf8_spanish_ci;

--
-- Dumping data for table `cd_tema_instancia`
--


--
-- Table structure for table `cd_tema_plan`
--

CREATE TABLE `cd_tema_plan` (
  `id_cdtem` bigint(20) NOT NULL,
  `id_plan` bigint(20) NOT NULL,
  `tip_plan` int(11) NOT NULL COMMENT '1 nivel 0, 2, log_are_gra,3 indicadores_seg, 4 tematica',
  PRIMARY KEY (`id_cdtem`,`id_plan`,`tip_plan`)
) ENGINE=MyISAM DEFAULT CHARSET=utf8 COLLATE=utf8_spanish_ci COMMENT='relacional de temas de contenido con la planeacion academica';

--
-- Dumping data for table `cd_tema_plan`
--


--
-- Table structure for table `citacion`
--

CREATE TABLE `citacion` (
  `id_alu` bigint(20) NOT NULL,
  `fec_crea` date NOT NULL DEFAULT '0000-00-00',
  `txt_cit` blob NOT NULL,
  `fec_cit` date NOT NULL DEFAULT '0000-00-00',
  `hor_cit` time NOT NULL DEFAULT '00:00:00',
  `lug_cit` blob NOT NULL,
  `id_per` varchar(20) COLLATE utf8_spanish_ci NOT NULL DEFAULT '0',
  `est_cit` enum('cit','cum','inc') COLLATE utf8_spanish_ci NOT NULL DEFAULT 'cit',
  `cod_mat` bigint(6) NOT NULL DEFAULT '0',
  PRIMARY KEY (`id_alu`,`fec_cit`)
) ENGINE=MyISAM DEFAULT CHARSET=utf8 COLLATE=utf8_spanish_ci;

--
-- Dumping data for table `citacion`
--


--
-- Table structure for table `ciudad`
--

CREATE TABLE `ciudad` (
  `nom_ciu` varchar(40) COLLATE utf8_spanish_ci NOT NULL,
  `cod_dep` bigint(3) NOT NULL DEFAULT '0',
  `cod_ciu` bigint(3) NOT NULL AUTO_INCREMENT,
  `cod_ciu_DANE` varchar(4) COLLATE utf8_spanish_ci DEFAULT NULL,
  PRIMARY KEY (`nom_ciu`,`cod_dep`),
  KEY `cod_ciu` (`cod_ciu`)
) ENGINE=MyISAM AUTO_INCREMENT=99839 DEFAULT CHARSET=utf8 COLLATE=utf8_spanish_ci;

--
-- Dumping data for table `ciudad`
--

INSERT INTO `ciudad` VALUES ('MEDELLIN',50,5001,'5001'),('ABEJORRAL',50,5002,'5002'),('ABRIAQUI',50,5004,'5004'),('ALEJANDRIA',50,5021,'5021'),('AMAGA',50,5030,'5030'),('AMALFI',50,5031,'5031'),('ANDES',50,5034,'5034'),('ANGELOPOLIS',50,5036,'5036'),('ANGOSTURA',50,5038,'5038'),('ANORI',50,5040,'5040'),('ANTIOQUIA',50,5042,'5042'),('ANZA',50,5044,'5044'),('APARTADO',50,5045,'5045'),('ARBOLETES',50,5051,'5051'),('ARGELIA',50,5055,'5055'),('ARMENIA',50,5059,'5059'),('BARBOSA',50,5079,'5079'),('BELMIRA',50,5086,'5086'),('BELLO',50,5088,'5088'),('BETANIA',50,5091,'5091'),('BETULIA',50,5093,'5093'),('CIUDAD BOLIVAR',51,5101,'5101'),('BRICEÃ‘O',51,5107,'5107'),('BURITICA',51,5113,'5113'),('CACERES',51,5120,'5120'),('CAICEDO',51,5125,'5125'),('CALDAS',51,5129,'5129'),('CAMPAMENTO',51,5134,'5134'),('CAÃ‘ASGORDAS',51,5138,'5138'),('CARACOLI',51,5142,'5142'),('CARAMANTA',51,5145,'5145'),('CAREPA',51,5147,'5147'),('CARMEN DE VIBORAL',51,5148,'5148'),('CAROLINA',51,5150,'5150'),('CAUCASIA',51,5154,'5154'),('CHIGORODO',51,5172,'5172'),('CISNEROS',51,5190,'5190'),('COCORNA',51,5197,'5197'),('CONCEPCION',52,5206,'5206'),('CONCORDIA',52,5209,'5209'),('COPACABANA',52,5212,'5212'),('DABEIBA',52,5234,'5234'),('DON MATIAS',52,5237,'5237'),('EBEJICO',52,5240,'5240'),('EL BAGRE',52,5250,'5250'),('ENTRERRIOS',52,5264,'5264'),('ENVIGADO',52,5266,'5266'),('FREDONIA',52,5282,'5282'),('FRONTINO',52,5284,'5284'),('GIRALDO',53,5306,'5306'),('GIRARDOTA',53,5308,'5308'),('GOMEZ PLATA',53,5310,'5310'),('GRANADA',53,5313,'5313'),('GUADALUPE',53,5315,'5315'),('GUARNE',53,5318,'5318'),('GUATAPE',53,5321,'5321'),('HELICONIA',53,5347,'5347'),('HISPANIA',53,5353,'5353'),('ITAGUI',53,5360,'5360'),('ITUANGO',53,5361,'5361'),('JARDIN',53,5364,'5364'),('JERICO',53,5368,'5368'),('LA CEJA',53,5376,'5376'),('LA ESTRELLA',53,5380,'5380'),('LA PINTADA',53,5390,'5390'),('LA UNION',54,5400,'5400'),('LIBORINA',54,5411,'5411'),('MACEO',54,5425,'5425'),('MARINILLA',54,5440,'5440'),('MONTEBELLO',54,5467,'5467'),('MURINDO',54,5475,'5475'),('MUTATA',54,5480,'5480'),('NARIÃ‘O',54,5483,'5483'),('NECOCLI',54,5490,'5490'),('NECHI',54,5495,'5495'),('OLAYA',55,5501,'5501'),('PEÃ‘OL',55,5541,'5541'),('PEQUE',55,5543,'5543'),('PUEBLORRICO',55,5576,'5576'),('PUERTO BERRIO',55,5579,'5579'),('PUERTO NARE',55,5585,'5585'),('PUERTO TRIUNFO',55,5591,'5591'),('REMEDIOS',56,5604,'5604'),('RETIRO',56,5607,'5607'),('RIONEGRO',56,5615,'5615'),('SABANALARGA',56,5628,'5628'),('SABANETA',56,5631,'5631'),('SALGAR',56,5642,'5642'),('SAN ANDRES',56,5647,'5647'),('SAN CARLOS',56,5649,'5649'),('SAN FRANCISCO',56,5652,'5652'),('SAN JERONIMO',56,5656,'5656'),('SAN JOSE DE LA MONTAÃ‘A',56,5658,'5658'),('SAN JUAN DE URABA',56,5659,'5659'),('SAN LUIS',56,5660,'5660'),('SAN PEDRO',56,5664,'5664'),('SAN PEDRO DE URABA',56,5665,'5665'),('SAN RAFAEL',56,5667,'5667'),('SAN ROQUE',56,5670,'5670'),('SAN VICENTE',56,5674,'5674'),('SANTA BARBARA',56,5679,'5679'),('SANTA ROSA DE OSOS',56,5686,'5686'),('SANTO DOMINGO',56,5690,'5690'),('SANTUARIO',56,5697,'5697'),('SEGOVIA',57,5736,'5736'),('SONSON',57,5756,'5756'),('SOPETRAN',57,5761,'5761'),('TAMESIS',57,5789,'5789'),('TARAZA',57,5790,'5790'),('TARSO',57,5792,'5792'),('TITIRIBI',58,5809,'5809'),('TOLEDO',58,5819,'5819'),('TURBO',58,5837,'5837'),('URAMITA',58,5842,'5842'),('URRAO',58,5847,'5847'),('VALDIVIA',58,5854,'5854'),('VALPARAISO',58,5856,'5856'),('VEGACHI',58,5858,'5858'),('VENECIA',58,5861,'5861'),('VIGIA DEL FUERTE',58,5873,'5873'),('YALI',58,5885,'5885'),('YARUMAL',58,5887,'5887'),('YOLOMBO',58,5890,'5890'),('YONDO',58,5893,'5893'),('ZARAGOZA',58,5895,'5895'),('BARRANQUILLA',80,8001,'8001'),('BARANOA',80,8078,'8078'),('CAMPO DE LA CRUZ',81,8137,'8137'),('CANDELARIA',81,8141,'8141'),('GALAPA',82,8296,'8296'),('JUAN DE ACOSTA',83,8372,'8372'),('LURUACO',84,8421,'8421'),('MALAMBO',84,8433,'8433'),('MANATI',84,8436,'8436'),('PALMAR DE VARELA',85,8520,'8520'),('PIOJO',85,8549,'8549'),('POLO NUEVO',85,8558,'8558'),('PONEDERA',85,8560,'8560'),('PUERTO COLOMBIA',85,8573,'8573'),('REPELON',86,8606,'8606'),('SABANAGRANDE',86,8634,'8634'),('SABANALARGA',86,8638,'8638'),('SANTA LUCIA',86,8675,'8675'),('SANTO TOMAS',86,8685,'8685'),('SOLEDAD',87,8758,'8758'),('SUAN',87,8770,'8770'),('TUBARA',88,8832,'8832'),('USIACURI',88,8849,'8849'),('BOGOTA',11,11001,'1100'),('CARTAGENA',13,13001,'1300'),('ACHI',13,13006,'1300'),('ALTOS DEL ROSARIO',13,13030,'1303'),('ARENAL',13,13042,'1304'),('ARJONA',13,13052,'1305'),('ARROYOHONDO',13,13062,'1306'),('BARRANCO DE LOBA',13,13074,'1307'),('CALAMAR',13,13140,'1314'),('CANTAGALLO',13,13160,'1316'),('CICUCO',13,13188,'1318'),('CORDOBA',13,13212,'1321'),('CLEMENCIA',13,13222,'1322'),('EL CARMEN DE BOLIVAR',13,13244,'1324'),('EL GUAMO',13,13248,'1324'),('EL PEÃ‘ON',13,13268,'1326'),('HATILLO DE LOBA',13,13300,'1330'),('MAGANGUE',13,13430,'1343'),('MAHATES',13,13433,'1343'),('MARGARITA',13,13440,'1344'),('MARIA LA BAJA',13,13442,'1344'),('MONTECRISTO',13,13458,'1345'),('MOMPOS',13,13468,'1346'),('MORALES',13,13473,'1347'),('PINILLOS',13,13549,'1354'),('REGIDOR',13,13580,'1358'),('RIO VIEJO',13,13600,'1360'),('SAN CRISTOBAL',13,13620,'1362'),('SAN ESTANISLAO',13,13647,'1364'),('SAN FERNANDO',13,13650,'1365'),('SAN JACINTO',13,13654,'1365'),('SAN JACINTO DEL CAUCA',13,13655,'1365'),('SAN JUAN NEPOMUCENO',13,13657,'1365'),('SAN MARTIN DE LOBA',13,13667,'1366'),('SAN PABLO',13,13670,'1367'),('SANTA CATALINA',13,13673,'1367'),('SANTA ROSA',13,13683,'1368'),('SANTA ROSA DEL SUR',13,13688,'1368'),('SIMITI',13,13744,'1374'),('SOPLAVIENTO',13,13760,'1376'),('TALAIGUA NUEVO',13,13780,'1378'),('TIQUISIO',13,13810,'1381'),('TURBACO',13,13836,'1383'),('TURBANA',13,13838,'1383'),('VILLANUEVA',13,13873,'1387'),('ZAMBRANO',13,13894,'1389'),('TUNJA',15,15001,'1500'),('ALMEIDA',15,15022,'1502'),('AQUITANIA',15,15047,'1504'),('ARCABUCO',15,15051,'1505'),('BELEN',15,15087,'1508'),('BERBEO',15,15090,'1509'),('BETEITIVA',15,15092,'1509'),('BOAVITA',15,15097,'1509'),('BOYACA',15,15104,'1510'),('BRICEÃ‘O',15,15106,'1510'),('BUENAVISTA',15,15109,'1510'),('BUSBANZA',15,15114,'1511'),('CALDAS',15,15131,'1513'),('CAMPOHERMOSO',15,15135,'1513'),('CERINZA',15,15162,'1516'),('CHINAVITA',15,15172,'1517'),('CHIQUINQUIRA',15,15176,'1517'),('CHISCAS',15,15180,'1518'),('CHITA',15,15183,'1518'),('CHITARAQUE',15,15185,'1518'),('CHIVATA',15,15187,'1518'),('CIENEGA',15,15189,'1518'),('COMBITA',15,15204,'1520'),('COPER',15,15212,'1521'),('CORRALES',15,15215,'1521'),('COVARACHIA',15,15218,'1521'),('CUBARA',15,15223,'1522'),('CUCAITA',15,15224,'1522'),('CUITIVA',15,15226,'1522'),('CHIQUIZA',15,15232,'1523'),('CHIVOR',15,15236,'1523'),('DUITAMA',15,15238,'1523'),('EL COCUY',15,15244,'1524'),('EL ESPINO',15,15248,'1524'),('FIRAVITOBA',15,15272,'1527'),('FLORESTA',15,15276,'1527'),('GACHANTIVA',15,15293,'1529'),('GAMEZA',15,15296,'1529'),('GARAGOA',15,15299,'1529'),('GUACAMAYAS',15,15317,'1531'),('GUATEQUE',15,15322,'1532'),('GUAYATA',15,15325,'1532'),('GUICAN',15,15332,'1533'),('IZA',15,15362,'1536'),('JENESANO',15,15367,'1536'),('JERICO',15,15368,'1536'),('LABRANZAGRANDE',15,15377,'1537'),('LA CAPILLA',15,15380,'1538'),('LA VICTORIA',15,15401,'1540'),('LA UVITA',15,15403,'1540'),('LEIVA',15,15407,'1540'),('MACANAL',15,15425,'1542'),('MARIPI',15,15442,'1544'),('MIRAFLORES',15,15455,'1545'),('MONGUA',15,15464,'1546'),('MONGUI',15,15466,'1546'),('MONIQUIRA',15,15469,'1546'),('MOTAVITA',15,15476,'1547'),('MUZO',15,15480,'1548'),('NOBSA',15,15491,'1549'),('NUEVO COLON',15,15494,'1549'),('OICATA',15,15500,'1550'),('OTANCHE',15,15507,'1550'),('PACHAVITA',15,15511,'1551'),('PAEZ',15,15514,'1551'),('PAIPA',15,15516,'1551'),('PAJARITO',15,15518,'1551'),('PANQUEBA',15,15522,'1552'),('PAUNA',15,15531,'1553'),('PAYA',15,15533,'1553'),('PAZ DEL RIO',15,15537,'1553'),('PESCA',15,15542,'1554'),('PISBA',15,15550,'1555'),('PUERTO BOYACA',15,15572,'1557'),('QUIPAMA',15,15580,'1558'),('RAMIRIQUI',15,15599,'1559'),('RAQUIRA',15,15600,'1560'),('RONDON',15,15621,'1562'),('SABOYA',15,15632,'1563'),('SACHICA',15,15638,'1563'),('SAMACA',15,15646,'1564'),('SAN EDUARDO',15,15660,'1566'),('SAN JOSE DE PARE',15,15664,'1566'),('SAN LUIS DE GACENO',15,15667,'1566'),('SAN MATEO',15,15673,'1567'),('SAN MIGUEL DE SEMA',15,15676,'1567'),('SAN PABLO DE BORBUR',15,15681,'1568'),('SANTANA',15,15686,'1568'),('SANTA MARIA',15,15690,'1569'),('SANTA ROSA DE VITERBO',15,15693,'1569'),('SANTA SOFIA',15,15696,'1569'),('SATIVANORTE',15,15720,'1572'),('SATIVASUR',15,15723,'1572'),('SIACHOQUE',15,15740,'1574'),('SOATA',15,15753,'1575'),('SOCOTA',15,15755,'1575'),('SOCHA',15,15757,'1575'),('SOGAMOSO',15,15759,'1575'),('SOMONDOCO',15,15761,'1576'),('SORA',15,15762,'1576'),('SOTAQUIRA',15,15763,'1576'),('SORACA',15,15764,'1576'),('SUSACON',15,15774,'1577'),('SUTAMARCHAN',15,15776,'1577'),('SUTATENZA',15,15778,'1577'),('TASCO',15,15790,'1579'),('TENZA',15,15798,'1579'),('TIBANA',15,15804,'1580'),('TIBASOSA',15,15806,'1580'),('TINJACA',15,15808,'1580'),('TIPACOQUE',15,15810,'1581'),('TOCA',15,15814,'1581'),('TOGUI',15,15816,'1581'),('TOPAGA',15,15820,'1582'),('TOTA',15,15822,'1582'),('TUNUNGUA',15,15832,'1583'),('TURMEQUE',15,15835,'1583'),('TUTA',15,15837,'1583'),('TUTASA',15,15839,'1583'),('UMBITA',15,15842,'1584'),('VENTAQUEMADA',15,15861,'1586'),('VIRACACHA',15,15879,'1587'),('ZETAQUIRA',15,15897,'1589'),('MANIZALES',17,17001,'1700'),('AGUADAS',17,17013,'1701'),('ANSERMA',17,17042,'1704'),('ARANZAZU',17,17050,'1705'),('BELALCAZAR',17,17088,'1708'),('CHINCHINA',17,17174,'1717'),('FILADELFIA',17,17272,'1727'),('LA DORADA',17,17380,'1738'),('LA MERCED',17,17388,'1738'),('MANZANARES',17,17433,'1743'),('MARMATO',17,17442,'1744'),('MARQUETALIA',17,17444,'1744'),('MARULANDA',17,17446,'1744'),('NEIRA',17,17486,'1748'),('NORCASIA',17,17495,'1749'),('PACORA',17,17513,'1751'),('PALESTINA',17,17524,'1752'),('PENSILVANIA',17,17541,'1754'),('RIOSUCIO',17,17614,'1761'),('RISARALDA',17,17616,'1761'),('SALAMINA',17,17653,'1765'),('SAMANA',17,17662,'1766'),('SAN JOSE',17,17665,'1766'),('SUPIA',17,17777,'1777'),('VICTORIA',17,17867,'1786'),('VILLAMARIA',17,17873,'1787'),('VITERBO',17,17877,'1787'),('FLORENCIA',18,18001,'1800'),('ALBANIA',18,18029,'1802'),('BELEN ANDAQUIES',18,18094,'1809'),('CARTAGENA DEL CHAIRA',18,18150,'1815'),('CURILLO',18,18205,'1820'),('EL DONCELLO',18,18247,'1824'),('EL PAUJIL',18,18256,'1825'),('LA MONTAÃ‘ITA',18,18410,'1841'),('MILAN',18,18460,'1846'),('MORELIA',18,18479,'1847'),('PUERTO RICO',18,18592,'1859'),('SAN JOSE DE FRAGUA',18,18610,'1861'),('SAN  VICENTE DEL CAGUAN',18,18753,'1875'),('SOLANO',18,18756,'1875'),('SOLITA',18,18785,'1878'),('VALPARAISO',18,18860,'1886'),('POPAYAN',19,19001,'1900'),('ALMAGUER',19,19022,'1902'),('ARGELIA',19,19050,'1905'),('BALBOA',19,19075,'1907'),('BOLIVAR',19,19100,'1910'),('BUENOS AIRES',19,19110,'1911'),('CAJIBIO',19,19130,'1913'),('CALDONO',19,19137,'1913'),('CALOTO',19,19142,'1914'),('CORINTO',19,19212,'1921'),('EL TAMBO',19,19256,'1925'),('FLORENCIA',19,19290,'1929'),('GUAPI',19,19318,'1931'),('INZA',19,19355,'1935'),('JAMBALO',19,19364,'1936'),('LA SIERRA',19,19392,'1939'),('LA VEGA',19,19397,'1939'),('LOPEZ',19,19418,'1941'),('MERCADERES',19,19450,'1945'),('MIRANDA',19,19455,'1945'),('MORALES',19,19473,'1947'),('PADILLA',19,19513,'1951'),('PAEZ',19,19517,'1951'),('PATIA(EL BORDO)',19,19532,'1953'),('PIAMONTE',19,19533,'1953'),('PIENDAMO',19,19548,'1954'),('PUERTO TEJADA',19,19573,'1957'),('PURACE',19,19585,'1958'),('ROSAS',19,19622,'1962'),('SAN SEBASTIAN',19,19693,'1969'),('SANTANDER DE QUILICHAO',19,19698,'1969'),('STA ROSA',19,19701,'1970'),('SILVIA',19,19743,'1974'),('SOTARA',19,19760,'1976'),('SUAREZ',19,19780,'1978'),('SUCRE',19,19785,'1978'),('TIMBIO',19,19807,'1980'),('TIMBIQUI',19,19809,'1980'),('TORIBIO',19,19821,'1982'),('TOTORO',19,19824,'1982'),('VILLA RICA',19,19845,'1984'),('VALLEDUPAR',20,20001,'2000'),('AGUACHICA',20,20011,'2001'),('AGUSTIN CODAZZI',20,20013,'2001'),('ASTREA',20,20032,'2003'),('BECERRIL',20,20045,'2004'),('BOSCONIA',20,20060,'2006'),('CHIMICHAGUA',20,20175,'2017'),('CHIRIGUANA',20,20178,'2017'),('CURUMANI',20,20228,'2022'),('EL COPEY',20,20238,'2023'),('EL PASO',20,20250,'2025'),('GAMARRA',20,20295,'2029'),('GONZALEZ',20,20310,'2031'),('LA GLORIA',20,20383,'2038'),('LA JAGUA IBIRICO',20,20400,'2040'),('MANAURE BALCON DEL CESAR',20,20443,'2044'),('PAILITAS',20,20517,'2051'),('PELAYA',20,20550,'2055'),('PUEBLO BELLO',20,20570,'2057'),('RIO DE ORO',20,20614,'2061'),('ROBLES (LA PAZ)',20,20621,'2062'),('SAN ALBERTO',20,20710,'2071'),('SAN DIEGO',20,20750,'2075'),('SAN MARTIN',20,20770,'2077'),('TAMALAMEQUE',20,20787,'2078'),('MONTERIA',23,23001,'2300'),('AYAPEL',23,23068,'2306'),('BUENAVISTA',23,23079,'2307'),('CANALETE',23,23090,'2309'),('CERETE',23,23162,'2316'),('CHIMA',23,23168,'2316'),('CHINU',23,23182,'2318'),('CIENAGA DE ORO',23,23189,'2318'),('COTORRA',23,23300,'2330'),('LA APARTADA',23,23350,'2335'),('LORICA',23,23417,'2341'),('LOS CORDOBAS',23,23419,'2341'),('MOMIL',23,23464,'2346'),('MONTELIBANO',23,23466,'2346'),('MOÃ‘ITOS',23,23500,'2350'),('PLANETA RICA',23,23555,'2355'),('PUEBLO NUEVO',23,23570,'2357'),('PUERTO ESCONDIDO',23,23574,'2357'),('PUERTO LIBERTADOR',23,23580,'2358'),('PURISIMA',23,23586,'2358'),('SAHAGUN',23,23660,'2366'),('SAN ANDRES SOTAVENTO',23,23670,'2367'),('SAN ANTERO',23,23672,'2367'),('SAN BERNARDO VIENTO',23,23675,'2367'),('SAN CARLOS',23,23678,'2367'),('SAN PELAYO',23,23686,'2368'),('TIERRALTA',23,23807,'2380'),('VALENCIA',23,23855,'2385'),('AGUA DE DIOS',25,25001,'2500'),('ALBAN',25,25019,'2501'),('ANAPOIMA',25,25035,'2503'),('ANOLAIMA',25,25040,'2504'),('ARBELAEZ',25,25053,'2505'),('BELTRAN',25,25086,'2508'),('BITUIMA',25,25095,'2509'),('BOJACA',25,25099,'2509'),('CABRERA',25,25120,'2512'),('CACHIPAY',25,25123,'2512'),('CAJICA',25,25126,'2512'),('CAPARRAPI',25,25148,'2514'),('CAQUEZA',25,25151,'2515'),('CARMEN DE CARUPA',25,25154,'2515'),('CHAGUANI',25,25168,'2516'),('CHIA',25,25175,'2517'),('CHIPAQUE',25,25178,'2517'),('CHOACHI',25,25181,'2518'),('CHOCONTA',25,25183,'2518'),('COGUA',25,25200,'2520'),('COTA',25,25214,'2521'),('CUCUNUBA',25,25224,'2522'),('EL COLEGIO',25,25245,'2524'),('EL PEÃ‘ON',25,25258,'2525'),('EL ROSAL',25,25260,'2526'),('FACATATIVA',25,25269,'2526'),('FOMEQUE',25,25279,'2527'),('FOSCA',25,25281,'2528'),('FUNZA',25,25286,'2528'),('FUQUENE',25,25288,'2528'),('FUSAGASUGA',25,25290,'2529'),('GACHALA',25,25293,'2529'),('GACHANCIPA',25,25295,'2529'),('GACHETA',25,25297,'2529'),('GAMA',25,25299,'2529'),('GIRARDOT',25,25307,'2530'),('GRANADA',25,25312,'2531'),('GUACHETA',25,25317,'2531'),('GUADUAS',25,25320,'2532'),('GUASCA',25,25322,'2532'),('GUATAQUI',25,25324,'2532'),('GUATAVITA',25,25326,'2532'),('GUAYABAL DE SIQUIMA',25,25328,'2532'),('GUAYABETAL',25,25335,'2533'),('GUTIERREZ',25,25339,'2533'),('JERUSALEN',25,25368,'2536'),('JUNIN',25,25372,'2537'),('LA CALERA',25,25377,'2537'),('LA MESA',25,25386,'2538'),('LA PALMA',25,25394,'2539'),('LA PEÃ‘A',25,25398,'2539'),('LA VEGA',25,25402,'2540'),('LENGUAZAQUE',25,25407,'2540'),('MACHETA',25,25426,'2542'),('MADRID',25,25430,'2543'),('MANTA',25,25436,'2543'),('MEDINA',25,25438,'2543'),('MOSQUERA',25,25473,'2547'),('NARIÃ‘O',25,25483,'2548'),('NEMOCON',25,25486,'2548'),('NILO',25,25488,'2548'),('NIMAIMA',25,25489,'2548'),('NOCAIMA',25,25491,'2549'),('VENECIA (OSPINA PEREZ)',25,25506,'2550'),('PACHO',25,25513,'2551'),('PAIME',25,25518,'2551'),('PANDI',25,25524,'2552'),('PARATEBUENO',25,25530,'2553'),('PASCA',25,25535,'2553'),('PUERTO SALGAR',25,25572,'2557'),('PULI',25,25580,'2558'),('QUEBRADANEGRA',25,25592,'2559'),('QUETAME',25,25594,'2559'),('QUIPILE',25,25596,'2559'),('RAFAEL REYES',25,25599,'2559'),('RICAURTE',25,25612,'2561'),('SAN  ANTONIO DEL  TEQUENDAMA',25,25645,'2564'),('SAN BERNARDO',25,25649,'2564'),('SAN CAYETANO',25,25653,'2565'),('SAN FRANCISCO',25,25658,'2565'),('SAN JUAN DE RIOSECO',25,25662,'2566'),('SASAIMA',25,25718,'2571'),('SESQUILE',25,25736,'2573'),('SIBATE',25,25740,'2574'),('SILVANIA',25,25743,'2574'),('SIMIJACA',25,25745,'2574'),('SOACHA',25,25754,'2575'),('SOPO',25,25758,'2575'),('SUBACHOQUE',25,25769,'2576'),('SUESCA',25,25772,'2577'),('SUPATA',25,25777,'2577'),('SUSA',25,25779,'2577'),('SUTATAUSA',25,25781,'2578'),('TABIO',25,25785,'2578'),('TAUSA',25,25793,'2579'),('TENA',25,25797,'2579'),('TENJO',25,25799,'2579'),('TIBACUY',25,25805,'2580'),('TIBIRITA',25,25807,'2580'),('TOCAIMA',25,25815,'2581'),('TOCANCIPA',25,25817,'2581'),('TOPAIPI',25,25823,'2582'),('UBALA',25,25839,'2583'),('UBAQUE',25,25841,'2584'),('UBATE',25,25843,'2584'),('UNE',25,25845,'2584'),('UTICA',25,25851,'2585'),('VERGARA',25,25862,'2586'),('VIANI',25,25867,'2586'),('VILLAGOMEZ',25,25871,'2587'),('VILLAPINZON',25,25873,'2587'),('VILLETA',25,25875,'2587'),('VIOTA',25,25878,'2587'),('YACOPI',25,25885,'2588'),('ZIPACON',25,25898,'2589'),('ZIPAQUIRA',25,25899,'2589'),('QUIBDO',27,27001,'2700'),('ACANDI',27,27006,'2700'),('ALTO BAUDO (PIE DE PATO)',27,27025,'2702'),('ATRATO',27,27050,'2705'),('BAGADO',27,27073,'2707'),('BAHIA SOLANO (MUTIS)',27,27075,'2707'),('BAJO BAUDO (PIZARRO)',27,27077,'2707'),('BOJAYA (BELLAVISTA)',27,27099,'2709'),('CANTON DE SAN PABLO',27,27135,'2713'),('CARMEN DEL DARIEN',27,27150,'2715'),('CERTEGUI',27,27160,'2716'),('CONDOTO',27,27205,'2720'),('EL CARMEN',27,27245,'2724'),('LITORAL DEL SAN JUAN',27,27250,'2725'),('ISTMINA',27,27361,'2736'),('JURADO',27,27372,'2737'),('LLORO',27,27413,'2741'),('MEDIO ATRATO',27,27425,'2742'),('MEDIO BAUDO (BOCA DE PEPE)',27,27430,'2743'),('MEDIO SAN JUAN',27,27450,'2745'),('NOVITA',27,27491,'2749'),('NUQUI',27,27495,'2749'),('RIO IRO',27,27580,'2758'),('RIO QUITO',27,27600,'2760'),('RIOSUCIO',27,27615,'2761'),('SAN JOSE DEL PALMAR',27,27660,'2766'),('SIPI',27,27745,'2774'),('TADO',27,27787,'2778'),('UNGUIA',27,27800,'2780'),('UNION PANAMERICANA',27,27810,'2781'),('NEIVA',41,41001,'4100'),('ACEVEDO',41,41006,'4100'),('AGRADO',41,41013,'4101'),('AIPE',41,41016,'4101'),('ALGECIRAS',41,41020,'4102'),('ALTAMIRA',41,41026,'4102'),('BARAYA',41,41078,'4107'),('CAMPOALEGRE',41,41132,'4113'),('COLOMBIA',41,41206,'4120'),('ELIAS',41,41244,'4124'),('GARZON',41,41298,'4129'),('GIGANTE',41,41306,'4130'),('GUADALUPE',41,41319,'4131'),('HOBO',41,41349,'4134'),('IQUIRA',41,41357,'4135'),('ISNOS',41,41359,'4135'),('LA ARGENTINA',41,41378,'4137'),('LA PLATA',41,41396,'4139'),('NATAGA',41,41483,'4148'),('OPORAPA',41,41503,'4150'),('PAICOL',41,41518,'4151'),('PALERMO',41,41524,'4152'),('PALESTINA',41,41530,'4153'),('PITAL',41,41548,'4154'),('PITALITO',41,41551,'4155'),('RIVERA',41,41615,'4161'),('SALADOBLANCO',41,41660,'4166'),('SAN AGUSTIN',41,41668,'4166'),('SANTA MARIA',41,41676,'4167'),('SUAZA',41,41770,'4177'),('TARQUI',41,41791,'4179'),('TESALIA',41,41797,'4179'),('TELLO',41,41799,'4179'),('TERUEL',41,41801,'4180'),('TIMANA',41,41807,'4180'),('VILLAVIEJA',41,41872,'4187'),('YAGUARA',41,41885,'4188'),('RIOHACHA',44,44001,'4400'),('ALBANIA',44,44035,'4403'),('BARRANCAS',44,44078,'4407'),('DIBULLA',44,44090,'4409'),('DISTRACCION',44,44098,'4409'),('EL MOLINO',44,44110,'4411'),('FONSECA',44,44279,'4427'),('HATONUEVO',44,44378,'4437'),('LA JAGUA DEL PILAR',44,44420,'4442'),('MAICAO',44,44430,'4443'),('MANAURE',44,44560,'4456'),('SAN JUAN DEL CESAR',44,44650,'4465'),('URIBIA',44,44847,'4484'),('URUMITA',44,44855,'4485'),('VILLANUEVA',44,44874,'4487'),('SANTA MARTA',47,47001,'4700'),('ALGARROBO',47,47030,'4703'),('ARACATACA',47,47053,'4705'),('ARIGUANI',47,47058,'4705'),('CERRO SAN ANTONIO',47,47161,'4716'),('CHIVOLO',47,47170,'4717'),('CIENAGA',47,47189,'4718'),('CONCORDIA',47,47205,'4720'),('EL BANCO',47,47245,'4724'),('EL PIÃ‘ON',47,47258,'4725'),('EL RETEN',47,47268,'4726'),('FUNDACION',47,47288,'4728'),('GUAMAL',47,47318,'4731'),('NUEVA GRANADA',47,47460,'4746'),('PEDRAZA',47,47541,'4754'),('PIJIÃ‘O DEL CARMEN',47,47545,'4754'),('PIVIJAY',47,47551,'4755'),('PLATO',47,47555,'4755'),('PUEBLOVIEJO',47,47570,'4757'),('REMOLINO',47,47605,'4760'),('SABANAS DE SAN ANGEL',47,47660,'4766'),('SALAMINA',47,47675,'4767'),('SAN SEBASTIAN DE BUENAVISTA',47,47692,'4769'),('SAN ZENON',47,47703,'4770'),('SANTA ANA',47,47707,'4770'),('SANTA BARBARA DE PINTO',47,47720,'4772'),('SITIONUEVO',47,47745,'4774'),('TENERIFE',47,47798,'4779'),('ZAPAYAN',47,47960,'4796'),('ZONA BANANERA',47,47980,'4798'),('VILLAVICENCIO',50,50001,'5000'),('ACACIAS',50,50006,'5000'),('BARRANCA DE UPIA',50,50110,'5011'),('CABUYARO',50,50124,'5012'),('CASTILLA LA NUEVA',50,50150,'5015'),('CUBARRAL',50,50223,'5022'),('CUMARAL',50,50226,'5022'),('EL CALVARIO',50,50245,'5024'),('EL CASTILLO',50,50251,'5025'),('EL DORADO',50,50270,'5027'),('FUENTE DE ORO',50,50287,'5028'),('GRANADA',50,50313,'5031'),('GUAMAL',50,50318,'5031'),('MAPIRIPAN',50,50325,'5032'),('MESETAS',50,50330,'5033'),('LA MACARENA',50,50350,'5035'),('LA URIBE',50,50370,'5037'),('LEJANIAS',50,50400,'5040'),('PUERTO CONCORDIA',50,50450,'5045'),('PUERTO GAITAN',50,50568,'5056'),('PUERTO LOPEZ',50,50573,'5057'),('PUERTO LLERAS',50,50577,'5057'),('PUERTO RICO',50,50590,'5059'),('RESTREPO',50,50606,'5060'),('SAN CARLOS GUAROA',50,50680,'5068'),('SAN  JUAN DE ARAMA',50,50683,'5068'),('SAN JUANITO',50,50686,'5068'),('SAN MARTIN',50,50689,'5068'),('VISTA HERMOSA',50,50711,'5071'),('PASTO',52,52001,'5200'),('ALBAN',52,52019,'5201'),('ALDAÃ‘A',52,52022,'5202'),('ANCUYA',52,52036,'5203'),('ARBOLEDA',52,52051,'5205'),('BARBACOAS',52,52079,'5207'),('BELEN',52,52083,'5208'),('BUESACO',52,52110,'5211'),('COLON(GENOVA)',52,52203,'5220'),('CONSACA',52,52207,'5220'),('CONTADERO',52,52210,'5221'),('CORDOBA',52,52215,'5221'),('CUASPUD',52,52224,'5222'),('CUMBAL',52,52227,'5222'),('CUMBITARA',52,52233,'5223'),('CHACHAGUI',52,52240,'5224'),('EL CHARCO',52,52250,'5225'),('EL PEÃ‘OL',52,52254,'5225'),('EL ROSARIO',52,52256,'5225'),('EL TABLON',52,52258,'5225'),('EL TAMBO',52,52260,'5226'),('FUNES',52,52287,'5228'),('GUACHUCAL',52,52317,'5231'),('GUAITARILLA',52,52320,'5232'),('GUALMATAN',52,52323,'5232'),('ILES',52,52352,'5235'),('IMUES',52,52354,'5235'),('IPIALES',52,52356,'5235'),('LA CRUZ',52,52378,'5237'),('LA FLORIDA',52,52381,'5238'),('LA LLANADA',52,52385,'5238'),('LA TOLA',52,52390,'5239'),('LA UNION',52,52399,'5239'),('LEIVA',52,52405,'5240'),('LINARES',52,52411,'5241'),('LOS ANDES',52,52418,'5241'),('MAGUI',52,52427,'5242'),('MALLAMA',52,52435,'5243'),('MOSQUERA',52,52473,'5247'),('NARIÃ‘O',52,52480,'5248'),('OLAYA HERRERA',52,52490,'5249'),('OSPINA',52,52506,'5250'),('PIZARRO',52,52520,'5252'),('POLICARPA',52,52540,'5254'),('POTOSI',52,52560,'5256'),('PROVIDENCIA',52,52565,'5256'),('PUERRES',52,52573,'5257'),('PUPIALES',52,52585,'5258'),('RICAURTE',52,52612,'5261'),('ROBERTO PAYAN',52,52621,'5262'),('SAMANIEGO',52,52678,'5267'),('SANDONA',52,52683,'5268'),('SAN BERNARDO',52,52685,'5268'),('SAN LORENZO',52,52687,'5268'),('SAN PABLO',52,52693,'5269'),('SAN PEDRO DE CARTAGO',52,52694,'5269'),('SANTA BARBARA',52,52696,'5269'),('SANTACRUZ',52,52699,'5269'),('SAPUYES',52,52720,'5272'),('TAMINANGO',52,52786,'5278'),('TANGUA',52,52788,'5278'),('TUMACO',52,52835,'5283'),('TUQUERRES',52,52838,'5283'),('YACUANQUER',52,52885,'5288'),('CUCUTA',54,54001,'5400'),('ABREGO',54,54003,'5400'),('ARBOLEDAS',54,54051,'5405'),('BOCHALEMA',54,54099,'5409'),('BUCARASICA',54,54109,'5410'),('CACOTA',54,54125,'5412'),('CACHIRA',54,54128,'5412'),('CHINACOTA',54,54172,'5417'),('CHITAGA',54,54174,'5417'),('CONVENCION',54,54206,'5420'),('CUCUTILLA',54,54223,'5422'),('DURANIA',54,54239,'5423'),('EL CARMEN',54,54245,'5424'),('EL TARRA',54,54250,'5425'),('EL ZULIA',54,54261,'5426'),('GRAMALOTE',54,54313,'5431'),('HACARI',54,54344,'5434'),('HERRAN',54,54347,'5434'),('LABATECA',54,54377,'5437'),('LA ESPERANZA',54,54385,'5438'),('LA PLAYA',54,54398,'5439'),('LOS PATIOS',54,54405,'5440'),('LOURDES',54,54418,'5441'),('MUTISCUA',54,54480,'5448'),('OCAÃ‘A',54,54498,'5449'),('PAMPLONA',54,54518,'5451'),('PAMPLONITA',54,54520,'5452'),('PUERTO SANTANDER',54,54553,'5455'),('RAGONVALIA',54,54599,'5459'),('SALAZAR',54,54660,'5466'),('SAN CALIXTO',54,54670,'5467'),('SAN CAYETANO',54,54673,'5467'),('SANTIAGO',54,54680,'5468'),('SARDINATA',54,54720,'5472'),('SILOS',54,54743,'5474'),('TEORAMA',54,54800,'5480'),('TIBU',54,54810,'5481'),('TOLEDO',54,54820,'5482'),('VILLACARO',54,54871,'5487'),('VILLA DEL ROSARIO',54,54874,'5487'),('ARMENIA',63,63001,'6300'),('BUENAVISTA',63,63111,'6311'),('CALARCA',63,63130,'6313'),('CIRCASIA',63,63190,'6319'),('CORDOBA',63,63212,'6321'),('FILANDIA',63,63272,'6327'),('GENOVA',63,63302,'6330'),('LA TEBAIDA',63,63401,'6340'),('MONTENEGRO',63,63470,'6347'),('PIJAO',63,63548,'6354'),('QUIMBAYA',63,63594,'6359'),('SALENTO',63,63690,'6369'),('PEREIRA',66,66001,'6600'),('APIA',66,66045,'6604'),('BALBOA',66,66075,'6607'),('BELEN DE UMBRIA',66,66088,'6608'),('DOS QUEBRADAS',66,66170,'6617'),('GUATICA',66,66318,'6631'),('LA CELIA',66,66383,'6638'),('LA VIRGINIA',66,66400,'6640'),('MARSELLA',66,66440,'6644'),('MISTRATO',66,66456,'6645'),('PUEBLO RICO',66,66572,'6657'),('QUINCHIA',66,66594,'6659'),('SANTA ROSA DE CABAL',66,66682,'6668'),('SANTUARIO',66,66687,'6668'),('BUCARAMANGA',68,68001,'6800'),('AGUADA',68,68013,'6801'),('ALBANIA',68,68020,'6802'),('ARATOCA',68,68051,'6805'),('BARBOSA',68,68077,'6807'),('BARICHARA',68,68079,'6807'),('BARRANCABERMEJA',68,68081,'6808'),('BETULIA',68,68092,'6809'),('BOLIVAR',68,68101,'6810'),('CABRERA',68,68121,'6812'),('CALIFORNIA',68,68132,'6813'),('CAPITANEJO',68,68147,'6814'),('CARCASI',68,68152,'6815'),('CEPITA',68,68160,'6816'),('CERRITO',68,68162,'6816'),('CHARALA',68,68167,'6816'),('CHARTA',68,68169,'6816'),('CHIMA',68,68176,'6817'),('CHIPATA',68,68179,'6817'),('CIMITARRA',68,68190,'6819'),('CONCEPCION',68,68207,'6820'),('CONFINES',68,68209,'6820'),('CONTRATACION',68,68211,'6821'),('COROMORO',68,68217,'6821'),('CURITI',68,68229,'6822'),('EL CARMEN',68,68235,'6823'),('EL GUACAMAYO',68,68245,'6824'),('EL PEÃ‘ON',68,68250,'6825'),('EL PLAYON',68,68255,'6825'),('ENCINO',68,68264,'6826'),('ENCISO',68,68266,'6826'),('FLORIAN',68,68271,'6827'),('FLORIDABLANCA',68,68276,'6827'),('GALAN',68,68296,'6829'),('GAMBITA',68,68298,'6829'),('GIRON',68,68307,'6830'),('GUACA',68,68318,'6831'),('GUADALUPE',68,68320,'6832'),('GUAPOTA',68,68322,'6832'),('GUAVATA',68,68324,'6832'),('GUEPSA',68,68327,'6832'),('HATO',68,68344,'6834'),('JESUS MARIA',68,68368,'6836'),('JORDAN',68,68370,'6837'),('LA BELLEZA',68,68377,'6837'),('LANDAZURI',68,68385,'6838'),('LA PAZ',68,68397,'6839'),('LEBRIJA',68,68406,'6840'),('LOS SANTOS',68,68418,'6841'),('MACARAVITA',68,68425,'6842'),('MALAGA',68,68432,'6843'),('MATANZA',68,68444,'6844'),('MOGOTES',68,68464,'6846'),('MOLAGAVITA',68,68468,'6846'),('OCAMONTE',68,68498,'6849'),('OIBA',68,68500,'6850'),('ONZAGA',68,68502,'6850'),('PALMAR',68,68522,'6852'),('PALMAS DEL SOCORRO',68,68524,'6852'),('PARAMO',68,68533,'6853'),('PIEDECUESTA',68,68547,'6854'),('PINCHOTE',68,68549,'6854'),('PUENTE NACIONAL',68,68572,'6857'),('PUERTO PARRA',68,68573,'6857'),('PUERTO WILCHES',68,68575,'6857'),('RIONEGRO',68,68615,'6861'),('SABANA DE TORRES',68,68655,'6865'),('SAN ANDRES',68,68669,'6866'),('SAN BENITO',68,68673,'6867'),('SAN GIL',68,68679,'6867'),('SAN JOAQUIN',68,68682,'6868'),('SAN JOSE DE MIRANDA',68,68684,'6868'),('SAN MIGUEL',68,68686,'6868'),('SAN VICENTE DE CHUCURI',68,68689,'6868'),('SANTA BARBARA',68,68705,'6870'),('SANTA HELENA',68,68720,'6872'),('SIMACOTA',68,68745,'6874'),('SOCORRO',68,68755,'6875'),('SUAITA',68,68770,'6877'),('SUCRE',68,68773,'6877'),('SURATA',68,68780,'6878'),('TONA',68,68820,'6882'),('VALLE SAN JOSE',68,68855,'6885'),('VELEZ',68,68861,'6886'),('VETAS',68,68867,'6886'),('VILLANUEVA',68,68872,'6887'),('ZAPATOCA',68,68895,'6889'),('SINCELEJO',70,70001,'7000'),('BUENAVISTA',70,70110,'7011'),('CAIMITO',70,70124,'7012'),('COLOSO',70,70204,'7020'),('COROZAL',70,70215,'7021'),('COVEÃ‘AS',70,70221,'7022'),('CHALAN',70,70230,'7023'),('EL ROBLE',70,70233,'7023'),('GALERAS',70,70235,'7023'),('GUARANDA',70,70265,'7026'),('LA UNION',70,70400,'7040'),('LOS PALMITOS',70,70418,'7041'),('MAJAGUAL',70,70429,'7042'),('MORROA',70,70473,'7047'),('OVEJAS',70,70508,'7050'),('PALMITO',70,70523,'7052'),('SAMPUES',70,70670,'7067'),('SAN BENITO ABAD',70,70678,'7067'),('SAN JUAN DE BETULIA',70,70702,'7070'),('SAN MARCOS',70,70708,'7070'),('SAN ONOFRE',70,70713,'7071'),('SAN PEDRO',70,70717,'7071'),('SINCE',70,70742,'7074'),('SUCRE',70,70771,'7077'),('TOLU',70,70820,'7082'),('TOLUVIEJO',70,70823,'7082'),('IBAGUE',73,73001,'7300'),('ALPUJARRA',73,73024,'7302'),('ALVARADO',73,73026,'7302'),('AMBALEMA',73,73030,'7303'),('ANZOATEGUI',73,73043,'7304'),('ARMERO (GUAYABAL)',73,73055,'7305'),('ATACO',73,73067,'7306'),('CAJAMARCA',73,73124,'7312'),('CARMEN APICALA',73,73148,'7314'),('CASABIANCA',73,73152,'7315'),('CHAPARRAL',73,73168,'7316'),('COELLO',73,73200,'7320'),('COYAIMA',73,73217,'7321'),('CUNDAY',73,73226,'7322'),('DOLORES',73,73236,'7323'),('ESPINAL',73,73268,'7326'),('FALAN',73,73270,'7327'),('FLANDES',73,73275,'7327'),('FRESNO',73,73283,'7328'),('GUAMO',73,73319,'7331'),('HERVEO',73,73347,'7334'),('HONDA',73,73349,'7334'),('ICONONZO',73,73352,'7335'),('LERIDA',73,73408,'7340'),('LIBANO',73,73411,'7341'),('MARIQUITA',73,73443,'7344'),('MELGAR',73,73449,'7344'),('MURILLO',73,73461,'7346'),('NATAGAIMA',73,73483,'7348'),('ORTEGA',73,73504,'7350'),('PALOCABILDO',73,73520,'7352'),('PIEDRAS',73,73547,'7354'),('PLANADAS',73,73555,'7355'),('PRADO',73,73563,'7356'),('PURIFICACION',73,73585,'7358'),('RIOBLANCO',73,73616,'7361'),('RONCESVALLES',73,73622,'7362'),('ROVIRA',73,73624,'7362'),('SALDAÃ‘A',73,73671,'7367'),('SAN ANTONIO',73,73675,'7367'),('SAN LUIS',73,73678,'7367'),('SANTA ISABEL',73,73686,'7368'),('SUAREZ',73,73770,'7377'),('VALLE DE S JUAN',73,73854,'7385'),('VENADILLO',73,73861,'7386'),('VILLAHERMOSA',73,73870,'7387'),('VILLARRICA',73,73873,'7387'),('CALI',76,76001,'7600'),('ALCALA',76,76020,'7602'),('ANDALUCIA',76,76036,'7603'),('ANSERMANUEVO',76,76041,'7604'),('ARGELIA',76,76054,'7605'),('BOLIVAR',76,76100,'7610'),('BUENAVENTURA',76,76109,'7610'),('BUGA',76,76111,'7611'),('BUGALAGRANDE',76,76113,'7611'),('CAICEDONIA',76,76122,'7612'),('CALIMA',76,76126,'7612'),('CANDELARIA',76,76130,'7613'),('CARTAGO',76,76147,'7614'),('DAGUA',76,76233,'7623'),('EL AGUILA',76,76243,'7624'),('EL CAIRO',76,76246,'7624'),('EL CERRITO',76,76248,'7624'),('EL DOVIO',76,76250,'7625'),('FLORIDA',76,76275,'7627'),('GINEBRA',76,76306,'7630'),('GUACARI',76,76318,'7631'),('JAMUNDI',76,76364,'7636'),('LA CUMBRE',76,76377,'7637'),('LA UNION',76,76400,'7640'),('LA VICTORIA',76,76403,'7640'),('OBANDO',76,76497,'7649'),('PALMIRA',76,76520,'7652'),('PRADERA',76,76563,'7656'),('RESTREPO',76,76606,'7660'),('RIOFRIO',76,76616,'7661'),('ROLDANILLO',76,76622,'7662'),('SAN PEDRO',76,76670,'7667'),('SEVILLA',76,76736,'7673'),('TORO',76,76823,'7682'),('TRUJILLO',76,76828,'7682'),('TULUA',76,76834,'7683'),('ULLOA',76,76845,'7684'),('VERSALLES',76,76863,'7686'),('VIJES',76,76869,'7686'),('YOTOCO',76,76890,'7689'),('YUMBO',76,76892,'7689'),('ZARZAL',76,76895,'7689'),('ARAUCA',81,81001,'8100'),('ARAUQUITA',81,81065,'8106'),('CRAVO NORTE',81,81220,'8122'),('FORTUL',81,81300,'8130'),('PUERTO RONDON',81,81591,'8159'),('SARAVENA',81,81736,'8173'),('TAME',81,81794,'8179'),('YOPAL',85,85001,'8500'),('AGUAZUL',85,85010,'8501'),('CHAMEZA',85,85015,'8501'),('HATO COROZAL',85,85125,'8512'),('LA SALINA',85,85136,'8513'),('MANI',85,85139,'8513'),('MONTERREY',85,85162,'8516'),('NUNCHIA',85,85225,'8522'),('OROCUE',85,85230,'8523'),('PAZ DE ARIPORO',85,85250,'8525'),('PORE',85,85263,'8526'),('RECETOR',85,85279,'8527'),('SABANALARGA',85,85300,'8530'),('SACAMA',85,85315,'8531'),('SAN LUIS DE PALENQUE',85,85325,'8532'),('TAMARA',85,85400,'8540'),('TAURAMENA',85,85410,'8541'),('TRINIDAD',85,85430,'8543'),('VILLANUEVA',85,85440,'8544'),('MOCOA',86,86001,'8600'),('COLON',86,86219,'8621'),('ORITO',86,86320,'8632'),('PUERTO ASIS',86,86568,'8656'),('PUERTO CAYCEDO',86,86569,'8656'),('PUERTO GUZMAN',86,86571,'8657'),('PUERTO LEGUIZAMO',86,86573,'8657'),('SIBUNDOY',86,86749,'8674'),('SAN FRANCISCO',86,86755,'8675'),('SAN MIGUEL',86,86757,'8675'),('SANTIAGO',86,86760,'8676'),('VALLE DEL GUAMUEZ',86,86865,'8686'),('VILLAGARZON',86,86885,'8688'),('SAN ANDRES',88,88001,'8800'),('PROVIDENCIA',88,88564,'8856'),('LETICIA',91,91001,'9100'),('PUERTO NARIÃ‘O',91,91540,'9154'),('PUERTO INIRIDA',94,94001,'9400'),('SAN JOSE DEL GUAVIARE',95,95001,'9500'),('CALAMAR',95,95015,'9501'),('EL RETORNO',95,95025,'9502'),('MIRAFLORES',95,95200,'9520'),('MITU',97,97001,'9700'),('CARURU',97,97161,'9716'),('TARAIRA',97,97666,'9766'),('PUERTO CARREÃ‘O',99,99001,'9900'),('LA PRIMAVERA',99,99524,'9952'),('SANTA ROSALIA',99,99624,'9962'),('CUMARIBO',99,99773,'9977'),('CHICORAL',73,73268,'7326'),('SANTO DOMINGO',100,99774,NULL),('PASTO-',52,255,'255'),('PAASTO',52,99775,NULL),('PASTO NARIÑO COLOMBIA',52,99776,NULL),('FUSAGASUGA',11,99777,NULL),('SAN JOSE DE ALBSN',52,99778,NULL),('SAN JOSE DE ALBAN',52,99779,NULL),('SAN JUAN DE PASTO',52,99780,NULL),('SANTACRUZ DE GUACHAVEZ',52,99781,NULL),('LAGO AGRIO',100,99782,NULL),('LA DORADA',86,99783,NULL),('COCORNA',50,99784,NULL),('PASTO',0,99785,NULL),('GUAMATAN',52,99786,NULL),('PASTO',17,99787,NULL),('PASTUSO',52,99788,NULL),('IMUE',52,99789,NULL),('PAS',52,99790,NULL),('NARIÑO',52,99791,NULL),('PASTO NARIñO',52,99792,NULL),('SOTOMAYOR',52,99793,NULL),('PASTO SOTOMAYOR',52,99794,NULL),('CORDOBA NARIÑO',52,99795,NULL),('VILLA NUEVA',85,99796,NULL),('PUTUMAYO',86,99797,NULL),('ALDANA',52,99798,NULL),('TULUA VALLE',76,99799,NULL),('LOS ANDES SOTOMAYOR',52,99800,NULL),('GUACHAVES',52,99801,NULL),('EL CONTADERO',52,99802,NULL),('HISPANIA',50,99803,NULL),('VALDEPEñAS',52,99804,NULL),('ESMERALDAS',100,99805,NULL),('PASTO',86,99806,NULL),('CASERES',81,99807,NULL),('CASERES',50,99808,NULL),('META',50,99809,NULL),('CALI',19,99810,NULL),('TULCAN',100,99811,NULL),('TAMBO',52,99812,NULL),('MAGUI PAYAN',52,99813,NULL),('LLORENTE',52,99814,NULL),('PEDREGAL',52,99815,NULL),('QUITO',100,99816,NULL),('FACATATIVA',11,99817,NULL),('IBARRA',100,99818,NULL),('MARINILLA',50,99819,NULL),('ORITO',52,99820,NULL),('NARIñO',0,99821,NULL),('CALI',73,99822,NULL),('CALI',0,99823,NULL),('DARIEN VALLE',76,99824,NULL),('DARIEN VALLE',52,99825,NULL),('FLORIDA',52,99826,NULL),('OOOOOOOOOOOO',52,99827,NULL),('POPAYAN',0,99828,NULL),('PASTO NARIÑO',0,99829,NULL),('ENCANO',52,99830,NULL),('CAQUETA',52,99831,NULL),('CALI',52,99832,NULL),('BAHIA MALAGA',19,99833,NULL),('BAHIA MALAGA',76,99834,NULL),('TURBO',50,99835,NULL),('NARINO',52,99836,NULL),('TAMBO',0,99837,NULL),('BARRANQUILLA',88,99838,NULL);

--
-- Table structure for table `con_seg_cur`
--

CREATE TABLE `con_seg_cur` (
  `cod_con` bigint(6) NOT NULL DEFAULT '0',
  `cod_cur` bigint(6) NOT NULL DEFAULT '0',
  `max` decimal(5,2) DEFAULT '0.00',
  `min` decimal(5,2) DEFAULT '0.00',
  `id_ano` int(10) unsigned NOT NULL DEFAULT '1',
  PRIMARY KEY (`cod_con`,`cod_cur`)
) ENGINE=MyISAM DEFAULT CHARSET=utf8 COLLATE=utf8_spanish_ci;

--
-- Dumping data for table `con_seg_cur`
--

INSERT INTO `con_seg_cur` VALUES (1,2122,5.00,4.67,1),(2,2122,5.00,4.67,1),(3,1171,5.00,4.67,1),(3,1172,5.00,4.67,1),(3,1173,5.00,4.67,1),(4,2122,5.00,4.67,1),(5,1171,5.00,4.67,1),(5,1172,5.00,4.67,1),(5,1173,5.00,4.67,1),(6,2141,5.00,4.67,1),(7,2141,5.00,4.67,1),(8,1171,4.66,3.97,1),(8,1172,4.66,3.97,1),(8,1173,4.66,3.97,1),(9,2141,4.66,3.97,1),(10,2123,5.00,4.67,1),(11,2123,5.00,4.67,1),(12,2123,3.96,2.97,1),(13,2123,2.96,1.00,1),(14,2123,5.00,4.67,1),(15,2123,2.96,1.00,1),(16,1163,5.00,4.67,1),(16,1164,5.00,4.67,1),(17,11101,5.00,4.67,1),(17,11102,5.00,4.67,1),(18,1163,5.00,4.67,1),(19,11111,5.00,4.67,1),(19,11112,5.00,4.67,1),(19,11113,5.00,4.67,1),(52,1161,3.96,2.97,1),(20,2122,5.00,4.67,1),(21,11111,5.00,4.67,1),(21,11112,5.00,4.67,1),(21,11113,5.00,4.67,1),(23,2122,5.00,4.67,1),(22,11111,5.00,4.67,1),(22,11112,5.00,4.67,1),(22,11113,5.00,4.67,1),(24,11111,5.00,4.67,1),(24,11112,5.00,4.67,1),(24,11113,5.00,4.67,1),(24,11114,5.00,4.67,1),(25,1171,5.00,4.67,1),(36,11173,5.00,4.67,1),(26,11111,5.00,4.67,1),(26,11112,5.00,4.67,1),(26,11113,5.00,4.67,1),(26,11114,5.00,4.67,1),(27,1171,4.66,3.97,1),(27,1172,4.66,3.97,1),(27,1173,4.66,3.97,1),(28,2122,4.66,3.97,1),(29,1171,5.00,4.67,1),(29,1172,5.00,4.67,1),(29,1173,5.00,4.67,1),(30,1191,5.00,4.67,1),(30,1192,5.00,4.67,1),(30,1193,5.00,4.67,1),(31,1161,5.00,4.67,1),(31,1162,5.00,4.67,1),(31,1163,5.00,4.67,1),(31,1164,5.00,4.67,1),(50,11102,4.66,3.97,1),(32,1192,5.00,4.67,1),(32,1193,5.00,4.67,1),(33,1163,4.66,3.97,1),(33,1164,4.66,3.97,1),(37,1192,5.00,4.67,1),(34,1172,4.66,3.97,1),(34,1173,4.66,3.97,1),(35,11111,2.96,1.00,1),(35,11112,2.96,1.00,1),(35,11113,2.96,1.00,1),(35,11114,2.96,1.00,1),(37,1193,5.00,4.67,1),(38,1164,5.00,4.67,1),(39,1171,5.00,4.67,1),(40,1171,5.00,4.67,1),(40,1172,5.00,4.67,1),(41,1171,5.00,4.67,1),(42,1171,4.66,3.97,1),(42,1172,4.66,3.97,1),(42,1173,4.66,3.97,1),(43,1181,4.66,3.97,1),(43,1182,4.66,3.97,1),(43,1183,4.66,3.97,1),(43,1184,4.66,3.97,1),(44,11101,5.00,4.67,1),(44,11102,5.00,4.67,1),(44,11103,5.00,4.67,1),(44,11104,5.00,4.67,1),(44,11105,5.00,4.67,1),(45,1161,4.66,3.97,1),(45,1162,4.66,3.97,1),(45,1163,4.66,3.97,1),(45,1164,4.66,3.97,1),(46,1171,3.96,2.97,1),(46,1172,3.96,2.97,1),(46,1173,3.96,2.97,1),(50,11101,4.66,3.97,1),(47,1192,5.00,4.67,1),(47,1193,5.00,4.67,1),(48,1171,2.96,1.00,1),(48,1172,2.96,1.00,1),(48,1173,2.96,1.00,1),(49,1181,5.00,4.67,1),(49,1182,5.00,4.67,1),(49,1183,5.00,4.67,1),(49,1184,5.00,4.67,1),(50,11103,4.66,3.97,1),(50,11104,4.66,3.97,1),(50,11105,4.66,3.97,1),(51,1181,3.96,2.97,1),(51,1182,3.96,2.97,1),(51,1183,3.96,2.97,1),(51,1184,3.96,2.97,1),(52,1162,3.96,2.97,1),(52,1163,3.96,2.97,1),(52,1164,3.96,2.97,1),(53,1181,2.96,1.00,1),(53,1182,2.96,1.00,1),(53,1183,2.96,1.00,1),(53,1184,2.96,1.00,1),(54,1161,4.66,3.97,1),(54,1162,4.66,3.97,1),(54,1163,4.66,3.97,1),(54,1164,4.66,3.97,1),(55,1161,4.66,3.97,1),(55,1162,4.66,3.97,1),(55,1163,4.66,3.97,1),(55,1164,4.66,3.97,1),(56,1191,5.00,4.67,1),(56,1192,5.00,4.67,1),(56,1193,5.00,4.67,1),(57,1171,4.66,3.97,1),(57,1172,4.66,3.97,1),(57,1173,4.66,3.97,1),(58,11101,4.66,3.97,1),(58,11102,4.66,3.97,1),(58,11103,4.66,3.97,1),(58,11105,4.66,3.97,1),(59,1181,5.00,4.67,1),(59,1182,5.00,4.67,1),(59,1183,5.00,4.67,1),(59,1184,5.00,4.67,1),(60,1161,2.96,1.00,1),(60,1162,2.96,1.00,1),(60,1163,2.96,1.00,1),(60,1164,2.96,1.00,1),(61,1172,4.66,3.97,1),(61,1173,4.66,3.97,1),(62,1172,4.66,3.97,1),(62,1173,4.66,3.97,1),(63,1172,4.66,3.97,1),(63,1173,4.66,3.97,1),(64,1181,5.00,4.67,1),(64,1182,5.00,4.67,1),(64,1183,5.00,4.67,1),(64,1184,5.00,4.67,1),(65,1172,3.96,2.97,1),(65,1173,3.96,2.97,1),(66,1172,2.96,1.00,1),(66,1173,2.96,1.00,1),(67,1172,5.00,4.67,1),(67,1173,5.00,4.67,1);

--
-- Table structure for table `concep_seguim`
--

CREATE TABLE `concep_seguim` (
  `cod_con` int(11) NOT NULL AUTO_INCREMENT,
  `des_con` text COLLATE utf8_spanish_ci NOT NULL,
  `cod_mat` bigint(3) NOT NULL DEFAULT '0',
  `id_peri` int(3) NOT NULL DEFAULT '0',
  `id_ano` int(10) unsigned NOT NULL DEFAULT '1',
  `rec_con` enum('s','n') COLLATE utf8_spanish_ci NOT NULL DEFAULT 'n',
  `id_grp` int(10) unsigned DEFAULT NULL,
  `cod_tip_ins` int(10) DEFAULT NULL,
  PRIMARY KEY (`cod_con`)
) ENGINE=MyISAM AUTO_INCREMENT=72 DEFAULT CHARSET=utf8 COLLATE=utf8_spanish_ci;

--
-- Dumping data for table `concep_seguim`
--

INSERT INTO `concep_seguim` VALUES (1,'ddddd',17,4,1,'n',NULL,NULL),(2,'Resuelve acertadamente problemas que requieren del uso de las operaciones bàsicas',9,4,1,'n',NULL,NULL),(3,'Demuestra un máximo respeto',6,1,1,'n',NULL,NULL),(4,'Identifica con claridad los nùmeros de cinco cifras y sus relaciones',9,4,1,'n',NULL,NULL),(5,'Demuestra habilidad en el manejo',6,1,1,'n',NULL,NULL),(6,'xxxxxxxxxx',6,4,1,'n',NULL,NULL),(7,'mmmmmmm',6,4,1,'n',NULL,NULL),(8,'Escucha una ronda infantil',6,1,1,'n',NULL,NULL),(9,'nnnnnn',6,4,1,'n',NULL,NULL),(10,'hhhhhhj',6,4,1,'n',NULL,NULL),(11,'hdddddd',6,4,1,'n',NULL,NULL),(12,'gggggggg',6,4,1,'n',NULL,NULL),(13,'ncnnnnnnnnnn',6,4,1,'n',NULL,NULL),(14,'nnnnnnn',6,4,1,'n',NULL,NULL),(15,'nnnnnnnnnn',6,4,1,'n',NULL,NULL),(16,'APLICA CORECTAMENTE LAS FUNCIONES BASICAS DEL PT',15,3,1,'n',NULL,NULL),(17,'mmmmmmmmmmmmmm',7,3,1,'s',NULL,NULL),(18,'NO APLICA EL PT',15,3,1,'n',NULL,NULL),(19,'ssssssssssssssss',23,3,1,'n',NULL,NULL),(20,'Se caracteriza por responsabilidad',6,1,1,'n',NULL,NULL),(21,'Participa activamente de la clase',19,3,1,'n',NULL,NULL),(22,'demuestra interés y dedicación',19,3,1,'s',NULL,NULL),(23,'Resuelve la mayoria de trabajos',6,1,1,'n',NULL,NULL),(24,'bbbbbbbbbbb',23,3,1,'n',NULL,NULL),(25,'xx',13,3,1,'n',NULL,NULL),(36,'Argumenta excelentemente las funciones de cada uno de los organos del GOES',10,3,1,'n',NULL,NULL),(26,'Participa activamente de la clase',19,3,1,'n',NULL,NULL),(27,'se caracteriza por ser responsable',6,3,1,'n',NULL,NULL),(28,'Concepto para alto',6,1,1,'n',NULL,NULL),(29,'comprende texto',14,3,1,'n',NULL,NULL),(30,'alto',13,3,1,'n',NULL,NULL),(31,'participa activamente en clase, logrando captar los temas estudiados',6,3,1,'n',NULL,NULL),(32,'bajo',13,3,1,'n',NULL,NULL),(33,'APLICA TODOS SUS CONCEPTOS',15,3,1,'n',NULL,NULL),(34,'see',14,3,1,'n',NULL,NULL),(35,'presenta muchas faltas que repercuten significativamente en el rendimiento académico',19,3,1,'n',NULL,NULL),(37,'es un estudiante excelente',13,3,1,'n',NULL,NULL),(38,'se caracteriza por ser lider',28,3,1,'n',NULL,NULL),(39,'Construye oraciones con going to',13,3,1,'n',NULL,NULL),(40,'contruye oraciones con going to',13,3,1,'n',NULL,NULL),(41,'Realiza ',28,3,1,'n',NULL,NULL),(42,'Comprende texto con informacion directa.',14,3,1,'n',NULL,NULL),(43,'analiza correctamente la importancia de los partidos políticos en la organización política de Colombia, explica con gran facilidad los cambios ocurridos en el país a causa del ascenso del liberalismo al poder y la decadencia de la hegemonía conservadora, a través de talleres activos y debates donde expresa claramente sus ideas y defiende con gran propiedad sus argumentos, es puntual en la entrega de trabajos, felicitaciones por tu responsabilidad.',10,3,1,'n',NULL,NULL),(44,'Desarrolla e interpreta con gran capacidad todo lo referente a la evolución del sistema financiero.',10,3,1,'n',NULL,NULL),(45,'has logrado  desarrolllar gran parte de lo propuesto',6,3,1,'n',NULL,NULL),(46,'se caracteriza por ser responsable',6,3,1,'n',NULL,NULL),(47,'ES un excelente.....',13,3,1,'n',NULL,NULL),(48,'Tiene dificultades en la comprensión de texto',14,3,1,'n',NULL,NULL),(49,'analiza la importancia de los partidos políticos en la organización política de Colombia, explica con facilidad los cambios ocurridos en el país a causa del ascenso del liberalismo al poder y la decadencia de la hegemonía conservadora, a través de talleres activos y debates donde expresa claramente sus ideas y defiende sus posturas frente a sus compañeros, es responsable en el cumplimiento de sus deberes escolares.',10,3,1,'n',NULL,NULL),(50,'Con un poco de mayor interés por la temática estudiada podrás lograr la excelencia.',10,3,1,'n',NULL,NULL),(51,'analiza la importancia de los partidos políticos en la organización política de Colombia, explica los cambios ocurridos en el país a causa del ascenso del liberalismo al poder y la decadencia de la hegemonía conservadora, a través de talleres activos y debates donde expresa sus ideas y defiende su punto de vista, su rendimiento académico y desempeño es bueno, sin embargo puede mejorar si dedica más tiempo al estudio.',10,3,1,'n',NULL,NULL),(52,'identificas algunas ideas basica de los temas propuestos en clase',6,3,1,'n',NULL,NULL),(53,'analiza la importancia de los partidos políticos en la organización política de Colombia, explica los cambios ocurridos en el país a causa del ascenso del liberalismo al poder y la decadencia de la hegemonía conservadora, a través de talleres activos y debates donde expresa sus ideas y defiende su punto de vista, su rendimiento académico y desempeño es bueno, sin embargo puede mejorar si dedica más tiempo al estudio.',10,3,1,'n',NULL,NULL),(54,'demuestra interes por la entonacion de cantos del folklor colombiano.Es cumplido y ordenado en su trabajo',17,3,1,'n',NULL,NULL),(55,'demuestra interes por la entonacion de cantos del folklor colombiano.Es cumplido y ordenado en su trabajo',17,3,1,'n',NULL,NULL),(56,'Demuestra responsabilidad y compromiso',13,3,1,'n',NULL,NULL),(57,'demuestra habilidad para la ejecucion del salto con soga',19,3,1,'n',NULL,NULL),(58,'Identifica con propiedad',21,3,1,'n',NULL,NULL),(59,'alto',20,3,1,'n',NULL,NULL),(60,'te desinteresa el estudio y sus aplicaciones',6,3,1,'n',NULL,NULL),(61,'maneja muy bien z',9,3,1,'n',NULL,NULL),(62,'mmmmm',9,3,1,'n',NULL,NULL),(63,'lllllllllll',9,3,1,'n',NULL,NULL),(64,'mm',20,3,1,'n',NULL,NULL),(65,'medio ttrabaj',9,3,1,'n',NULL,NULL),(66,'nada',9,3,1,'n',NULL,NULL),(67,'excelente',9,3,1,'n',NULL,NULL);

--
-- Table structure for table `concepalu`
--

CREATE TABLE `concepalu` (
  `id_alu` bigint(20) NOT NULL,
  `cod_cur` int(6) unsigned NOT NULL DEFAULT '0',
  `cod_mat` bigint(3) NOT NULL DEFAULT '0',
  `id_peri` int(3) NOT NULL DEFAULT '0',
  `id_con` int(15) unsigned NOT NULL DEFAULT '0',
  `id_ano` int(10) unsigned NOT NULL DEFAULT '2',
  `tip_tab` enum('are','mat') COLLATE utf8_spanish_ci NOT NULL DEFAULT 'mat',
  PRIMARY KEY (`id_alu`,`cod_cur`,`cod_mat`,`id_ano`,`id_con`,`id_peri`,`tip_tab`)
) ENGINE=MyISAM DEFAULT CHARSET=utf8 COLLATE=utf8_spanish_ci;

--
-- Dumping data for table `concepalu`
--

INSERT INTO `concepalu` VALUES (1003103066,1172,9,3,61,1,'mat'),(1003103066,1172,9,3,62,1,'mat'),(1003103066,1172,13,3,40,1,'mat'),(1004710601,1172,9,3,61,1,'mat'),(1004710601,1172,9,3,62,1,'mat'),(1004710601,1172,9,3,63,1,'mat'),(1004710620,1184,10,3,49,1,'mat'),(1004710663,1172,9,3,61,1,'mat'),(1004710719,2141,6,4,9,1,'mat'),(1004710786,1162,17,3,54,1,'mat'),(1004710920,1164,15,3,16,1,'mat'),(1004711021,1164,6,3,45,1,'mat'),(1004711021,1164,15,3,33,1,'mat'),(1005976183,1184,10,3,43,1,'mat'),(1005976183,1184,10,3,51,1,'mat'),(1088970456,2141,6,4,9,1,'mat'),(1088970579,2141,6,4,6,1,'mat'),(1088970579,2141,6,4,7,1,'mat'),(1088972028,2122,9,4,4,1,'mat'),(1088972149,2122,6,1,28,1,'mat'),(1088972149,2122,9,4,2,1,'mat'),(1088972149,2122,9,4,4,1,'mat'),(1088972371,2122,6,1,28,1,'mat'),(1089479166,2122,6,1,20,1,'mat'),(1089479166,2122,6,1,23,1,'mat'),(98032951198,1193,13,3,32,1,'mat'),(98032951198,1193,13,3,47,1,'mat');

--
-- Table structure for table `concepaluadi`
--

CREATE TABLE `concepaluadi` (
  `id_alu` bigint(20) NOT NULL,
  `cod_cur` int(6) unsigned NOT NULL DEFAULT '0',
  `cod_mat` bigint(3) NOT NULL DEFAULT '0',
  `id_peri` int(3) NOT NULL DEFAULT '0',
  `obs_adi` longtext COLLATE utf8_spanish_ci,
  `id_ano` int(10) unsigned NOT NULL DEFAULT '2',
  `tip_tab` enum('are','mat') COLLATE utf8_spanish_ci NOT NULL DEFAULT 'mat',
  PRIMARY KEY (`id_alu`,`cod_cur`,`cod_mat`,`id_ano`,`id_peri`,`tip_tab`)
) ENGINE=MyISAM DEFAULT CHARSET=utf8 COLLATE=utf8_spanish_ci;

--
-- Dumping data for table `concepaluadi`
--


--
-- Table structure for table `conceptos`
--

CREATE TABLE `conceptos` (
  `id_con` int(15) NOT NULL AUTO_INCREMENT,
  `cod_cur` int(6) NOT NULL DEFAULT '0',
  `cod_mat` bigint(3) NOT NULL DEFAULT '0',
  `des_con` blob,
  `id_ano` int(10) unsigned NOT NULL DEFAULT '1',
  `id_peri` int(3) NOT NULL,
  `tip_tab` enum('are','mat') COLLATE utf8_spanish_ci NOT NULL DEFAULT 'mat',
  PRIMARY KEY (`id_con`,`cod_cur`,`cod_mat`,`id_ano`,`id_peri`)
) ENGINE=MyISAM DEFAULT CHARSET=utf8 COLLATE=utf8_spanish_ci;

--
-- Dumping data for table `conceptos`
--


--
-- Table structure for table `condonacion`
--

CREATE TABLE `condonacion` (
  `id_con` int(10) unsigned NOT NULL AUTO_INCREMENT,
  `id_ano_doc` int(10) unsigned NOT NULL,
  `id_doc` int(10) unsigned NOT NULL,
  `id_alu` bigint(20) NOT NULL,
  `id_ano` int(10) unsigned NOT NULL DEFAULT '1',
  `id_mes` int(10) unsigned NOT NULL,
  `fec_con` date NOT NULL,
  `vlr_capital` decimal(10,0) DEFAULT NULL,
  `vlr_interes` decimal(10,0) DEFAULT NULL,
  PRIMARY KEY (`id_con`),
  KEY `mensualidad` (`id_mes`,`id_ano`,`id_alu`),
  KEY `condonacion_FKIndex2` (`id_ano_doc`,`id_doc`)
) ENGINE=MyISAM DEFAULT CHARSET=utf8 COLLATE=utf8_spanish_ci;

--
-- Dumping data for table `condonacion`
--


--
-- Table structure for table `contrato`
--

CREATE TABLE `contrato` (
  `id_ano` int(10) unsigned NOT NULL DEFAULT '1',
  `id_mes` int(10) unsigned NOT NULL,
  `id_ser` int(10) unsigned NOT NULL,
  `id_alu` bigint(20) NOT NULL,
  `pag_fon` enum('s','n') COLLATE utf8_spanish_ci NOT NULL DEFAULT 'n',
  `est_con` enum('acti','inac','paga') COLLATE utf8_spanish_ci NOT NULL DEFAULT 'acti',
  `valor` decimal(10,0) NOT NULL,
  PRIMARY KEY (`id_ano`,`id_mes`,`id_ser`,`id_alu`),
  KEY `contrato_FKIndex1` (`id_ser`),
  KEY `contrato_FKIndex2` (`id_mes`),
  KEY `contrato_FKIndex3` (`id_ano`),
  KEY `contrato_FKIndex4` (`id_alu`)
) ENGINE=MyISAM DEFAULT CHARSET=utf8 COLLATE=utf8_spanish_ci;

--
-- Dumping data for table `contrato`
--


--
-- Table structure for table `control_cierre`
--

CREATE TABLE `control_cierre` (
  `id` bigint(6) unsigned NOT NULL AUTO_INCREMENT,
  `tabla` varchar(50) COLLATE utf8_spanish_ci NOT NULL COMMENT 'Nombre de la tabla',
  `txt_presentacion` varchar(200) COLLATE utf8_spanish_ci DEFAULT NULL COMMENT 'Te?to de presentacion en la interfaz',
  `obligatorio` enum('s','n') COLLATE utf8_spanish_ci DEFAULT 'n',
  `accion_si` varchar(400) COLLATE utf8_spanish_ci DEFAULT NULL COMMENT 'Accion por opcion si de la tabla',
  `accion_no` varchar(400) COLLATE utf8_spanish_ci DEFAULT NULL COMMENT 'Accion por opcion no de la tabla',
  `padre` bigint(6) unsigned DEFAULT '0',
  `orden` bigint(6) unsigned DEFAULT NULL,
  PRIMARY KEY (`id`)
) ENGINE=MyISAM AUTO_INCREMENT=314 DEFAULT CHARSET=utf8 COLLATE=utf8_spanish_ci PACK_KEYS=0 ROW_FORMAT=DYNAMIC COMMENT='Tabla contol de la manera como las tablas actuan al cierre';

--
-- Dumping data for table `control_cierre`
--

INSERT INTO `control_cierre` VALUES (1,'abono','','s','','',0,1),(2,'actividad','Mantener Actividades','n','','TRUNCATE actividad',0,2),(3,'acudiente','','s','TRUNCATE acudiente','',0,3),(4,'ajuste','','s','TRUNCATE ajuste','',0,4),(5,'alum_estado','','s','TRUNCATE alum_estado','',0,5),(6,'alum_grado','','s','ALTER TABLE alum_grado ALTER  id_ano SET DEFAULT $id_ano','',0,6),(7,'alum_grado','','s','TRUNCATE alum_grado','',0,7),(8,'alum_mat_esp','','s','TRUNCATE alum_mat_esp','',0,8),(10,'alumcurso','','s','ALTER TABLE alumcurso ALTER  id_ano SET DEFAULT $id_ano','',0,10),(11,'alumcurso','','s','TRUNCATE alumcurso','',0,11),(12,'alumno','','s','TRUNCATE alumno','',0,12),(13,'anexos','','s','','',0,13),(14,'anolectivo','','s','UPDATE anolectivo SET actual=\'n\', fec_cam=NOW() WHERE id_ano<> $id_ano','',0,14),(15,'anolectivo','','s','UPDATE anolectivo SET actual=\'s\', fec_cam=NOW() WHERE id_ano= $id_ano','',0,15),(16,'ant_alumnos','','s','','',0,16),(17,'ant_anios','','s','','',0,17),(18,'ant_asignaturas','','s','','',0,18),(19,'ant_cursos','','s','','',0,19),(20,'ant_plan','','s','','',0,20),(21,'ant_valoracion','','s','','',0,21),(22,'area','Mantener Areas','n','','TRUNCATE area',0,22),(23,'aregra','Mantener Areas por grado','n','UPDATE aregra SET id_ano=$id_ano','TRUNCATE aregra',22,23),(24,'aregra','','s','ALTER TABLE aregra ALTER  id_ano SET DEFAULT $id_ano','',0,24),(25,'barrio','','s','','',0,25),(26,'bienestar_alumfallas','','s','TRUNCATE bienestar_alumfallas','',0,26),(27,'bienestar_alumpaso','','s','TRUNCATE bienestar_alumpaso','',0,27),(28,'bienestar_alumpros','','s','ALTER TABLE bienestar_alumpros ALTER  id_ano SET DEFAULT $id_ano','',0,28),(29,'bienestar_alumpros','','s','TRUNCATE bienestar_alumpros','',0,29),(30,'bienestar_pasos','','s','TRUNCATE bienestar_pasos','',0,30),(31,'bienestar_procesos','','s','TRUNCATE bienestar_procesos','',0,31),(32,'capexc_dane','','s','TRUNCATE capexc_dane','',0,32),(33,'cartera','','s','TRUNCATE cartera','',0,33),(34,'citacion','','s','TRUNCATE citacion','',0,34),(35,'ciudad','','s','','',0,35),(36,'con_seg_cur','Mantener Conceptos por grado','n','UPDATE con_seg_cur SET id_ano=$id_ano','TRUNCATE con_seg_cur',50,36),(37,'concep_seguim','Mantener Conceptos','n','UPDATE concep_seguim SET id_ano=$id_ano','TRUNCATE concep_seguim',36,37),(38,'concepalu','','s','ALTER TABLE concepalu ALTER  id_ano SET DEFAULT $id_ano','',0,38),(39,'concepalu','','s','TRUNCATE concepalu','',0,39),(40,'concepaluadi','','s','ALTER TABLE concepaluadi ALTER  id_ano SET DEFAULT $id_ano','',0,40),(41,'concepaluadi','','s','TRUNCATE concepaluadi','',0,41),(42,'conceptos','','s','','',0,42),(43,'condonacion','','s','','',0,43),(44,'contrato','','s','TRUNCATE contrato','',0,44),(45,'control_cierre','','s','','',0,45),(46,'corte','','s','UPDATE corte SET id_ano=$id_ano ,fec_apli =date_add(fec_apli, INTERVAL 1 YEAR),fec_lim =date_add(fec_lim, INTERVAL 1 YEAR),aplicado=0','',0,46),(47,'cost_educ','','s','DELETE FROM cost_educ WHERE id_ano <> $id_ano','',0,47),(48,'cuenta','','s','','',0,48),(49,'cupo_manual','','s','TRUNCATE cupo_manual','',0,49),(50,'curso','Mantener Cursos','n','UPDATE curso SET id_ano=$id_ano','TRUNCATE curso',95,50),(51,'curso','','s','ALTER TABLE curso ALTER  id_ano SET DEFAULT $id_ano','',0,51),(52,'dathojaimpri','','s','','',0,52),(53,'datos_are','','s','','',0,53),(54,'datosdane','','s','','',0,54),(55,'deptos','','s','','',0,55),(56,'des_con','','s','TRUNCATE des_con','',0,56),(57,'descuento','','s','UPDATE descuento SET id_ano=$id_ano','',0,57),(58,'deudas_ante','','s','','',0,58),(59,'diagnostico','','s','TRUNCATE diagnostico','',0,59),(60,'disca_dane','','s','','',0,60),(61,'documento','','s','DELETE FROM documento WHERE id_ano <> $id_ano','',0,61),(62,'egreso_contrato','','s','DELETE FROM egreso_contrato WHERE id_ano <> $id_ano','',0,62),(63,'egreso_retiro','','s','','',0,63),(64,'enfer_alum','','s','TRUNCATE enfer_alum','',0,64),(65,'enfermedad','','s','','',0,65),(66,'eps','','s','','',0,66),(67,'equiva_dane','','s','','',0,67),(68,'est_dif_cup','','s','TRUNCATE est_dif_cup','',0,68),(69,'etnia_dane','','s','','',0,69),(70,'eval_alumat','','s','TRUNCATE eval_alumat','',0,70),(71,'eval_encuesta','','s','TRUNCATE eval_encuesta','',0,71),(72,'eval_pregunta','','s','TRUNCATE eval_pregunta','',0,72),(73,'eval_respuestas','','s','TRUNCATE eval_respuestas','',0,73),(74,'eval_tema','','s','TRUNCATE eval_tema','',0,74),(75,'fac_abo_men','','s','TRUNCATE fac_abo_men','',0,75),(76,'fac_abo_pre','','s','TRUNCATE fac_abo_pre','',0,76),(77,'fac_abo_val','','s','DELETE FROM fac_abo_val WHERE id_ano <> $id_ano','',0,77),(78,'fac_con_men','','s','TRUNCATE fac_con_men','',0,78),(79,'fac_deu_deu','','s','','',0,79),(80,'fac_mat_ser','','s','','',0,80),(81,'fac_mat_val','','s','DELETE FROM fac_mat_val WHERE id_ano <> $id_ano','',0,81),(82,'fac_men_men','','s','TRUNCATE fac_men_men','',0,82),(83,'fac_pre_mat','','s','','',0,83),(84,'fac_pre_val','','s','DELETE FROM fac_pre_val WHERE id_ano <> $id_ano','',0,84),(85,'factura_abono','','s','TRUNCATE factura_abono','',0,85),(86,'factura_anti','','s','TRUNCATE factura_anti','',0,86),(87,'factura_cond','','s','','',0,87),(88,'factura_deu_ant','','s','','',0,88),(89,'factura_mat','','s','DELETE FROM factura_mat WHERE id_ano <> $id_ano','',0,89),(90,'factura_men','','s','','',0,90),(91,'factura_pre_mat','','s','DELETE FROM factura_pre_mat WHERE id_ano <> $id_ano','',0,91),(92,'falta_histo_bie','','s','TRUNCATE falta_histo_bie','',0,92),(93,'falta_histo_mat','','s','TRUNCATE falta_histo_mat','',0,93),(94,'faltas','','s','','',0,94),(95,'grado','Mantener Grados','n','','TRUNCATE grado',0,95),(96,'grupo_servicio','','s','','',0,96),(97,'grupodane','','s','','',0,97),(98,'hisobsest','','s','TRUNCATE hisobsest','',0,98),(99,'histo_cartera','','s','TRUNCATE histo_cartera','',0,99),(100,'histo_plan_mej','','s','TRUNCATE histo_plan_mej','',0,100),(101,'hojaimpri','','s','','',0,101),(102,'hora_corte','','s','','',0,102),(103,'impuntual','','s','TRUNCATE impuntual','',0,103),(104,'indicadores','','s','','',0,104),(105,'indicadores_seg','Mantener Indicadores','n','','TRUNCATE indicadores_seg',123,105),(106,'info_adi_alu','','s','TRUNCATE info_adi_alu','',0,106),(107,'info_are','Mantener inf Adicional del Area','n','','TRUNCATE info_are',22,107),(108,'info_cost_edu','','s','TRUNCATE info_cost_edu','',0,108),(109,'info_datestud','','s','','',0,109),(110,'info_datinstid','','s','','',0,110),(115,'ingreso','','s','TRUNCATE ingreso','',0,115),(116,'inst_mat_cur','','s','TRUNCATE inst_mat_cur','',0,116),(117,'instancia','','s','TRUNCATE instancia','',105,117),(118,'institucion','','s','ALTER TABLE institucion ALTER  id_ano SET DEFAULT $id_ano','',0,118),(119,'institucion','','s','UPDATE institucion SET id_ano= $id_ano','',0,119),(120,'interes','','s','TRUNCATE interes','',0,120),(121,'jornada','','s','','',0,121),(122,'localidad','','s','','',0,122),(123,'log_are_gra','Mantener Logros por area  por grado','n','','TRUNCATE log_are_gra',0,123),(124,'materia','Mantener Materias','n','','TRUNCATE materia',22,124),(125,'matgra','','s','ALTER TABLE matgra ALTER  id_ano SET DEFAULT $id_ano','',0,126),(126,'matgra','Mantener asignacion curricular','n','UPDATE matgra SET id_ano=$id_ano','TRUNCATE matgra',0,125),(127,'medic_alum','','s','TRUNCATE medic_alum','',0,127),(128,'medicamento','','s','','',0,128),(129,'men_cur','','s','TRUNCATE men_cur','',0,129),(130,'mensaje_inicio','','s','TRUNCATE mensaje_inicio','',0,130),(131,'mensualidad','','s','TRUNCATE mensualidad','',0,131),(132,'menus','','s','','',0,132),(133,'mes','','s','UPDATE mes SET id_ano=$id_ano ,fec_ini =date_add(fec_ini, INTERVAL 1 YEAR),fec_fin =date_add(fec_fin, INTERVAL 1 YEAR),apli_men=\'n\'','',0,133),(134,'modulos','','s','','',0,134),(135,'nivel','','s','','',0,135),(136,'no_pag_fon','','s','TRUNCATE no_pag_fon','',0,136),(137,'obserestu','','s','ALTER TABLE obserestu ALTER  id_ano SET DEFAULT $id_ano','',0,137),(138,'obserestu','','s','TRUNCATE obserestu','',0,138),(139,'opciones_frecuentes','','s','','',0,139),(140,'pais','','s','','',0,140),(141,'param_notas','','s','','',0,141),(142,'pasinv','','s','TRUNCATE pasinv','',0,142),(143,'per_pre','','s','DELETE FROM per_pre WHERE id_per_pre not in (select id_per_pre from preinscrito_persona)','',0,154),(144,'perfilprof','Mantener Perfil profesores','n','','TRUNCATE perfilprof',158,144),(146,'periodo','Mantener Periodos','n','UPDATE periodo SET id_ano=$id_ano  ,per_cer=\'n\',fec_ini=date_add(fec_ini,INTERVAL 1 YEAR),fec_cor_pro=date_add(fec_cor_pro,INTERVAL 1 YEAR),fec_cor_tot=date_add(fec_cor_tot,INTERVAL 1 YEAR) , actual=\'n\'','TRUNCATE periodo',0,146),(147,'periodo','','s','ALTER TABLE periodo ALTER  id_ano SET DEFAULT $id_ano','',0,147),(148,'persona','','s','DELETE  FROM persona WHERE id_per >3 and id_per NOT IN (SELECT id_per  FROM ususis )','',0,148),(149,'plan_mejora','','s','TRUNCATE plan_mejora','',0,149),(150,'plantillas','','s','','',0,150),(151,'pregunta','','s','','',0,151),(152,'pregunta_sec','','s','','',0,152),(153,'preinscrito','','s','DELETE FROM preinscrito WHERE id_ano <> $id_ano','',0,143),(154,'preinscrito_persona','','s','DELETE FROM preinscrito_persona WHERE id_pre not in (select id_pre from preinscrito)','',0,153),(155,'pri_mod_aca','','s','TRUNCATE pri_mod_aca','',0,155),(156,'privilegios','','s','','',0,156),(157,'profesion','','s','','',0,157),(158,'profesor','Mantener Profesores','n','','TRUNCATE profesor',0,158),(159,'rangos_valora','','s','','',0,159),(160,'recupera','','s','','',0,160),(161,'refere_dane','','s','','',0,161),(162,'resguardo_dane','','s','','',0,162),(163,'responsable','','s','TRUNCATE responsable','',0,163),(164,'rpt_reporte','','s','','',0,164),(165,'rpt_reporteparametro','','s','','',0,165),(166,'rpt_reporteparametrovalor','','s','','',0,166),(167,'salida','','s','TRUNCATE salida','',0,167),(168,'seg_final','','s','TRUNCATE seg_final','',0,168),(169,'seg_recupera','','s','TRUNCATE seg_recupera','',0,169),(170,'seguimiento','','s','TRUNCATE seguimiento','',0,170),(171,'ser_gra','','s','','',0,171),(172,'servicio','','s','UPDATE servicio SET id_ano=$id_ano','',0,172),(173,'solicitudes_usuarios','','s','TRUNCATE solicitudes_usuarios','',0,173),(174,'tematica','Mantener Tematicas','n','','TRUNCATE tematica',105,174),(175,'tip_diag','','s','TRUNCATE tip_diag','',0,175),(176,'tip_docu','','s','','',0,176),(177,'tipo_inst','','s','','',0,177),(178,'tipo_pag','','s','','',0,178),(179,'tipo_responsable','','s','','',0,179),(180,'tipobsest','','s','','',0,180),(181,'tipodocum','','s','','',0,181),(182,'tipususis','','s','','',0,182),(183,'tipususismen','','s','','',0,183),(184,'tipususispri','','s','','',0,184),(185,'tipvalora','','s','','',0,185),(187,'ususis','','s','','',0,187),(188,'valor','','s','','',0,188),(189,'valor_fac_pre','','s','','',0,189),(190,'valoracion','','s','','',0,190),(191,'valordane','','s','','',0,191),(192,'valorsqltxt','','s','','',0,192),(193,'web_actividades','','s','TRUNCATE web_actividades','',0,193),(194,'web_alumnoestadomat','','s','DELETE FROM web_alumnoestadomat WHERE id_ano <> $id_ano','',0,194),(195,'web_alumreg','','s','','',0,195),(196,'web_estadomatricula','','s','','',0,196),(197,'web_menus','','s','','',0,197),(198,'web_msg','','s','TRUNCATE web_msg','',0,198),(199,'web_msg_des','','s','TRUNCATE web_msg_des','',0,199),(200,'web_parametros','','s','','',0,200),(201,'web_privilegios','','s','','',0,201),(202,'web_tipactividad','','s','','',0,202),(203,'web_tipofun','','s','','',0,203),(204,'web_tipusu','','s','','',0,204),(205,'web_tipususismen','','s','','',0,205),(206,'web_tipususispri','','s','','',0,206),(207,'web_usu','','s','','',0,207),(208,'periodo',NULL,'s','UPDATE periodo SET actual=\'s\' WHERE id_peri=1','',0,208),(209,'actualizacion_datos','','s','TRUNCATE actualizacion_datos','',0,1000),(210,'adm_conf','','s','','',0,1000),(211,'adm_cupos','','s','','',0,1000),(212,'adm_datos_sis','','s','','',0,1000),(213,'adm_estado','','s','','',0,1000),(214,'adm_ingreso','','s','','',0,1000),(215,'adm_pines','','s','','',0,1000),(216,'adm_prop','','s','','',0,1000),(217,'alumno_egresado','','s','','',0,1000),(218,'alumno_hermanos','','s','','',0,1000),(219,'apoyodocs_documento','','s','','',0,1000),(220,'backup','','s','TRUNCATE backup','',0,1000),(221,'cd_enlace','','s','TRUNCATE cd_enlace','',0,1000),(222,'cd_resp','','s','TRUNCATE cd_resp','',0,1000),(223,'cd_tema','','s','TRUNCATE cd_tema','',0,1000),(224,'cd_tema_adj','','s','TRUNCATE cd_tema_adj','',0,1000),(225,'cd_tema_curso','','s','TRUNCATE cd_tema_curso','',0,1000),(226,'cd_tema_instancia','','s','TRUNCATE cd_tema_instancia','',0,1000),(227,'cd_tema_plan','','s','TRUNCATE cd_tema_plan','',0,1000),(228,'control_seguimiento','','s','','',0,1000),(229,'control_seguimientogrado','','s','','',0,1000),(230,'control_seguimientopasos','','s','','',0,1000),(231,'cuposobs','','s','','',0,1000),(232,'curso_coordinador','','s','','',0,1000),(233,'docest_tipo_campo','','s','','',0,1000),(234,'docsest_documentos','','s','','',0,1000),(235,'docsest_documentosalumno','','s','','',0,1000),(236,'ev_be','','s','TRUNCATE ev_be','',0,1000),(237,'ev_bloque','','s','TRUNCATE ev_bloque','',0,1000),(238,'ev_bp','','s','TRUNCATE ev_bp','',0,1000),(239,'ev_ce','','s','TRUNCATE ev_ce','',0,1000),(240,'ev_eval','','s','TRUNCATE ev_eval','',0,1000),(241,'ev_item','','s','TRUNCATE ev_item','',0,1000),(242,'ev_mat_cur','','s','TRUNCATE ev_mat_cur','',0,1000),(243,'ev_pre','','s','TRUNCATE ev_pre','',0,1000),(244,'fac_abo_con','','s','TRUNCATE fac_abo_con','',0,1000),(245,'faltas_usuario_reg','','s','TRUNCATE faltas_usuario_reg','',0,1000),(246,'falta_histo_bien','','s','TRUNCATE falta_histo_bien','',0,1000),(250,'fun_sed','','s','TRUNCATE fun_sed','',0,1000),(251,'gob_est_candidatos','','s','TRUNCATE gob_est_candidatos','',0,1000),(252,'gob_est_cargos','','s','','',0,1000),(253,'gob_est_cargos_curso','','s','TRUNCATE gob_est_cargos_curso','',0,1000),(254,'gob_est_votantes','','s','TRUNCATE gob_est_votantes','',0,1000),(255,'gob_est_votos','','s','TRUNCATE gob_est_votos','',0,1000),(256,'grupo_escolar','','s','','',0,1000),(257,'grupo_escolar_alumno','','s','TRUNCATE grupo_escolar_alumno','',0,1000),(258,'imagenes','','s','','',0,1000),(312,'curso','Mantener Dir grupo','n','','UPDATE curso SET id_per=NULL',50,51),(263,'instancia_relacion','','s','TRUNCATE instancia_relacion','',0,1000),(264,'jornada_hor','','s','','',0,1000),(265,'lista_negra','','s','TRUNCATE lista_negra','',0,1000),(266,'matgra_hor','','s','TRUNCATE matgra_hor','',0,1000),(267,'mat_per','','s','TRUNCATE mat_per','',0,1000),(268,'motivo_retiro','','s','','',0,1000),(269,'nivel0','','s','TRUNCATE nivel0','',0,1000),(270,'paradescuentos','','s','','',0,1000),(271,'pasos_matricula','','s','','',0,1000),(272,'periodo_curso','','s','TRUNCATE periodo_curso','',0,1000),(273,'persona_adicionales','','s','','',0,1000),(274,'persona_dat_adic','','s','','',0,1000),(275,'plantilla_uso','','s','','',0,1000),(276,'pq_caso','','s','TRUNCATE pq_caso','',0,1000),(277,'pq_caso_adjunto','','s','TRUNCATE pq_caso_adjunto','',0,1000),(278,'pq_caso_estado','','s','TRUNCATE pq_caso_estado','',0,1000),(279,'pq_caso_responsable','','s','TRUNCATE pq_caso_responsable','',0,1000),(280,'pq_clase','','s','TRUNCATE pq_clase','',0,1000),(281,'pq_clase_caso','','s','TRUNCATE pq_clase_caso','',0,1000),(282,'pq_config','','s','TRUNCATE pq_config','',0,1000),(283,'pq_consulta_funcionarios','','s','TRUNCATE pq_consulta_funcionarios','',0,1000),(284,'pq_dependencia','','s','TRUNCATE pq_dependencia','',0,1000),(285,'pq_estado','','s','TRUNCATE pq_estado','',0,1000),(286,'pq_estado_respuesta','','s','TRUNCATE pq_estado_respuesta','',0,1000),(287,'pq_funcionario','','s','TRUNCATE pq_funcionario','',0,1000),(288,'pq_nivel','','s','TRUNCATE pq_nivel','',0,1000),(289,'pq_nivel_consulta','','s','TRUNCATE pq_nivel_consulta','',0,1000),(290,'pq_nivel_funcionario','','s','TRUNCATE pq_nivel_funcionario','',0,1000),(291,'pq_respuesta','','s','TRUNCATE pq_respuesta','',0,1000),(292,'pq_respuesta_adjunto','','s','TRUNCATE pq_respuesta_adjunto','',0,1000),(293,'pq_respuesta_banco','','s','TRUNCATE pq_respuesta_banco','',0,1000),(294,'pq_respuesta_estado','','s','TRUNCATE pq_respuesta_estado','',0,1000),(295,'pq_tipo_caso','','s','TRUNCATE pq_tipo_caso','',0,1000),(296,'pq_tipo_respuesta','','s','TRUNCATE pq_tipo_respuesta','',0,1000),(297,'pq_usuario','','s','TRUNCATE pq_usuario','',0,1000),(298,'rotacion','','s','','',0,1000),(299,'rpt_reporte_usuario','','s','','',0,1000),(300,'sap','','s','','',0,1000),(301,'sede','','s','','',0,1000),(302,'seg_back','','s','TRUNCATE seg_back','',0,1000),(303,'tipo_nivel','','s','','',0,1000),(304,'tip_salida','','s','','',0,1000),(305,'tmp_pago_factura','','s','TRUNCATE tmp_pago_factura','',0,1000),(306,'ususismen','','s','','',0,1000),(307,'var_adi_pla','','s','','',0,1000),(308,'xls_formatos','','s','','',0,1000),(309,'_etiquetas','','s','','',0,1000),(310,'_log','','s','TRUNCATE _log','',0,1000),(311,'_sapred','','s','','',0,1000),(313,'matgra','Mantener Docentes Por curso - materia','n','','UPDATE matgra SET id_per=null',0,125);

--
-- Table structure for table `control_seguimiento`
--

CREATE TABLE `control_seguimiento` (
  `id_proc` tinyint(3) unsigned NOT NULL AUTO_INCREMENT,
  `des_proc` varchar(100) COLLATE utf8_spanish_ci DEFAULT NULL,
  `est_proc` enum('a','i') COLLATE utf8_spanish_ci DEFAULT 'a',
  `obs_proc` text COLLATE utf8_spanish_ci,
  PRIMARY KEY (`id_proc`)
) ENGINE=MyISAM AUTO_INCREMENT=18 DEFAULT CHARSET=utf8 COLLATE=utf8_spanish_ci;

--
-- Dumping data for table `control_seguimiento`
--

INSERT INTO `control_seguimiento` VALUES (7,'CONSOLIDADO_FINAL','a',NULL),(8,'VERIFICACION_APROBACION_ANIO_X_AREAS_PERD','a',NULL),(9,'VERIFICACION_APROBACION_ANIO_X_MATERIAS_PERD','a',NULL),(17,'CONSOLIDAR_PERIODO_LA_CRUZ','a',NULL);

--
-- Table structure for table `control_seguimientogrado`
--

CREATE TABLE `control_seguimientogrado` (
  `id_pgra` tinyint(3) unsigned NOT NULL AUTO_INCREMENT,
  `id_proc` tinyint(3) unsigned NOT NULL,
  `cod_gra` tinyint(3) unsigned NOT NULL,
  `id_peri` tinyint(3) unsigned NOT NULL,
  PRIMARY KEY (`id_pgra`)
) ENGINE=MyISAM AUTO_INCREMENT=25 DEFAULT CHARSET=utf8 COLLATE=utf8_spanish_ci;

--
-- Dumping data for table `control_seguimientogrado`
--

INSERT INTO `control_seguimientogrado` VALUES (4,7,0,0),(5,8,0,0),(6,9,0,0),(24,17,0,0);

--
-- Table structure for table `control_seguimientopasos`
--

CREATE TABLE `control_seguimientopasos` (
  `id_pas` int(10) unsigned NOT NULL AUTO_INCREMENT,
  `id_proc` tinyint(3) unsigned DEFAULT NULL,
  `sql_pas` varchar(4000) COLLATE utf8_spanish_ci DEFAULT NULL,
  `ord_pas` int(2) DEFAULT NULL,
  `par_pas` varchar(4000) COLLATE utf8_spanish_ci DEFAULT NULL,
  PRIMARY KEY (`id_pas`)
) ENGINE=MyISAM AUTO_INCREMENT=273 DEFAULT CHARSET=utf8 COLLATE=utf8_spanish_ci;

--
-- Dumping data for table `control_seguimientopasos`
--

INSERT INTO `control_seguimientopasos` VALUES (272,7,NULL,10,'if(file_exists(\"../clases/base/alumno.php\"))include_once(\"../clases/base/alumno.php\");\r\nelse include_once(\"../../clases/base/alumno.php\");\r\n$id_peri=\'\';$cod_gra=\'\';$cod_cur=\'\';$id_alu=\'\';\r\nif(isset($params[\'id_peri\']) && $params[\'id_peri\']!=\'%\'){$id_peri=$params[\'id_peri\'];}\r\nif(isset($params[\'id_alu\']) && $params[\'id_alu\']!=\'%\'){$id_alu = $params[\'id_alu\'];}\r\nif(isset($params[\'cod_cur\']) && $params[\'cod_cur\']!=\'%\'){ $cod_cur = $params[\'cod_cur\'];}\r\nif(isset($params[\'cod_gra\']) && $params[\'cod_gra\']!=\'%\'){ $cod_gra=$params[\'cod_gra\'];}\r\n$fil_peri=\" id_peri=$id_peri\";\r\nif(!$id_peri)$fil_peri=\" per_not_fin=\'s\'\";\r\n\r\n$peri=$con->fetch($con->query(\"SELECT * FROM periodo WHERE $fil_peri \"));\r\n$id_peri=$peri[\'id_peri\'];\r\n\r\n//getPerdidasNF(BdConex $con,$cod_gra=\'\',$cod_cur=\'\',$id_alu=\'\',$area=\'n\',$est_alu=\'h\',$nota=\'nota_d\',$id_peri=\'\',$fal=\'s\',$sol_eva=\'s\',$rep=\'n\') Parámetros de la función\r\n\r\n$tipo_consolidado=$con->fetch($con->query(\"SELECT * FROM _sapred WHERE nom_var= \'TIPO_CONSOLIDADO_FINAL\'\"));\r\n$ca=\'n\';\r\nif($tipo_consolidado){\r\n	if(!$peri[\'id_peri\'] || $peri[\'per_not_fin\']==\'s\')if($tipo_consolidado[\'val_var\']==\'area\')$ca=\'s\';\r\n}\r\n$aux= alumno::getPerdidasNF($con,$cod_gra,$cod_cur,$id_alu,$ca,\'h\',\'nota_d\',$id_peri,\'s\',\'s\',\'n\');\r\n$per=array();\r\nforeach($aux as $a){\r\n	$per[$a[\'cod_gra\']][$a[\'cod_cur\']][$a[\'id_alu\']]+=1;\r\n}\r\n$query=\'\';\r\n$sep=\'\';\r\nforeach($per as $cod_gra=>$gra){\r\n	foreach($gra as $cod_cur=>$cur){\r\n		foreach($cur as $id_alu=>$no){\r\n			$query.=\"$sep ($id_alu,$cod_cur,$cod_gra,$id_peri,$no)\";\r\n			$sep=\',\';\r\n		}\r\n	}\r\n}\r\n$query=\"REPLACE INTO mat_per(id_alu,cod_cur,cod_gra,id_peri,no_per) VALUES $query\";\r\n$r=$con->query($query);'),(227,7,'delete from seg_final where  nota_mod is null and  id_peri= /*ID_PERI*/ /*CAD_WHERE*/',1,'$cad=\'\';$sep=\' AND \';\r\n//restricciones de los parametros \r\nif(isset($params[id_peri]) && $params[id_peri]!=\'%\'){  $query=str_replace(\"/*ID_PERI*/\",$params[id_peri],$query); }\r\nif(isset($id_alu) && $id_alu!=\'%\'){ $cad.=$sep.\"id_alu = \".$params[id_alu]; $sep= \'  and  \';}\r\nelse if(isset($params[cod_cur]) && $params[cod_cur]!=\'%\'){ $cad.=$sep.\"cod_cur = \".$params[cod_cur]; $sep= \'  and  \';}\r\nif(isset($params[cod_mat]) && $params[cod_mat]!=\'%\'){ $cad.=$sep.\"cod_mat = \".$params[cod_mat]; $sep= \'  and  \';}\r\n//restricciones de la ejecucion\r\nif($cad_g!=\'\'){ $cad.=$sep.\"$cad_g\"; $sep=\' AND \';} \r\nif($cad_p!=\'\'){ $cad.=$sep.$cad_p;} \r\nif($cad!=\'\') { $query=str_replace(\"/*CAD_WHERE*/\",$cad,$query);}'),(160,7,'replace into seg_final(id_alu,cod_mat,cod_cur,id_peri,cod_are,esp_mat,nota,fec_cre,are_fin, nota_mod,fec_mod,usu_mod)\r\nselect t.id_alu,t.cod_mat,t.cod_cur,t.id_peri,m.cod_are,mg.esp_mat,nota,current_date(),m.cod_are,nota,t.fec_cre,t.id_usu_cre\r\nFROM\r\n(\r\nselect id_alu,cod_mat,cod_cur,/*ID_PERI*/ as id_peri,nota,fec_cre,id_usu_cre from seguimiento\r\nwhere id_peri =/*ID_PERI*/ /*CAD_WHERE*/\r\ngroup by id_alu,cod_mat,cod_cur\r\n)t\r\nINNER JOIN materia m USING(cod_mat)\r\nINNER JOIN matgra mg USING(cod_cur,cod_mat)\r\n\r\n',2,'$cad=\'\';$sep=\' AND \';\r\n//restricciones de los parametros \r\nif(isset($params[id_peri]) && $params[id_peri]!=\'%\'){  $query=str_replace(\"/*ID_PERI*/\",$params[id_peri],$query); }\r\nif(isset($id_alu) && $id_alu!=\'%\'){ $cad.=$sep.\"id_alu = \".$params[id_alu]; $sep= \'  and  \';}\r\nelse if(isset($params[cod_cur]) && $params[cod_cur]!=\'%\'){ $cad.=$sep.\"cod_cur = \".$params[cod_cur]; $sep= \'  and  \';}\r\nelse if(isset($params[cod_gra]) && $params[cod_gra]!=\'%\'){ $cad.=$sep.\"cod_cur in (select cod_cur from curso where cod_gra=\".$params[cod_gra].\") \"; $sep= \'  and  \';}\r\nif(isset($params[cod_mat]) && $params[cod_mat]!=\'%\'){ $cad.=$sep.\"cod_mat = \".$params[cod_mat]; $sep= \'  and  \';}\r\n//restricciones de la ejecucion\r\nif($cad_g!=\'\'){ $cad.=$sep.\"cod_cur in (select cod_cur from curso where $cad_g ) \"; $sep=\' AND \';} \r\nif($cad_p!=\'\'){ $cad.=$sep.$cad_p;} \r\nif($cad!=\'\') { $query=str_replace(\"/*CAD_WHERE*/\",$cad,$query);}'),(225,7,'select def_rec from periodo where id_peri=/*ID_PERI*/',4,'if(isset($params[id_peri]) && $params[id_peri]!=\'%\'){ $query=str_replace(\"/*ID_PERI*/\",$params[id_peri],$query); }\r\n\r\n$rs2=$con->query($query);\r\n$accionP=$con->result($rs2,0,0);\r\nswitch($accionP){\r\n	case \'p\' :$subquery=\"select  id_alu,cod_cur,cod_mat,id_peri,avg(nota) as nota from seg_recupera group by  id_alu,cod_cur,cod_mat,id_peri \"; break;\r\n	case \'m\' :$subquery=\"select  id_alu,cod_cur,cod_mat,id_peri,max(nota) as nota from seg_recupera group by  id_alu,cod_cur,cod_mat,id_peri\"; break;\r\n	case \'u\' :$subquery=\"\r\n		select  a.id_alu,a.cod_cur,a.cod_mat,a.id_peri,  nota \r\n		from seg_recupera a\r\n		inner join (select  id_alu,cod_cur,cod_mat,id_peri,max(num_rec) as num_rec from seg_recupera where nota is not null  group by  id_alu,cod_cur,cod_mat,id_peri) b\r\n		on b.id_alu =a. id_alu AND b.cod_cur=a.cod_cur AND b.cod_mat =a.cod_mat AND b.id_peri=a.id_peri AND b.num_rec=a.num_rec\r\n\"; break;\r\n\r\n}\r\n$query =\" update seg_final f ,($subquery) r  set nota_r= r.nota where \r\nf.id_alu=r.id_alu and f.id_peri=r.id_peri AND f.cod_mat=r.cod_mat AND f.cod_cur=r.cod_cur\r\n/*CAD_WHERE*/\";\r\n\r\n\r\n$cad=\'\';$sep=\'\';\r\nif(isset($params[id_peri]) && $params[id_peri]!=\'%\'){ $query=str_replace(\"/*ID_PERI*/\",$params[id_peri],$query); }\r\nif(isset($params[cod_cur]) && $params[cod_cur]!=\'%\'){ $cad.=$sep.\"f.cod_cur = \".$params[cod_cur]; $sep= \'  and  \';}\r\nif(isset($params[cod_mat]) && $params[cod_mat]!=\'%\'){ $cad.=$sep.\"f.cod_mat = \".$params[cod_mat]; $sep= \'  and  \';}\r\nif(isset($params[id_alu]) && $params[id_alu]!=\'%\'){ $cad.=$sep.\"f.id_alu = \".$params[id_alu]; $sep= \'  and  \';}\r\n//restricciones de la ejecucion\r\nif($cad_g!=\'\'){ $cad.=$sep.str_replace(\'cod_gra\',\'f.cod_gra \',$cad_p); $sep=\' AND \';} \r\nif($cad_p!=\'\'){ $cad.=$sep.str_replace(\'id_peri\',\' f.id_peri \',$cad_p);} \r\nif($cad!=\'\') {$cad =\' AND \'.$cad; $query=str_replace(\"/*CAD_WHERE*/\",$cad,$query);}'),(224,7,'update seg_final f set nota_d=if(nota_r is not null ,nota_r ,if(nota_mod is not null, nota_mod,nota)) where id_peri=/*ID_PERI*/ /*CAD_WHERE*/',5,'$cad=\'\';$sep=\' AND \';\r\n//restricciones de los parametros \r\nif(isset($params[id_peri]) && $params[id_peri]!=\'%\'){  $query=str_replace(\"/*ID_PERI*/\",$params[id_peri],$query); }\r\nif(isset($id_alu) && $id_alu!=\'%\'){ $cad.=$sep.\"f.id_alu = \".$params[id_alu]; $sep= \'  and  \';}\r\nelse if(isset($params[cod_cur]) && $params[cod_cur]!=\'%\'){ $cad.=$sep.\"f.cod_cur = \".$params[cod_cur]; $sep= \'  and  \';}\r\nelse if(isset($params[cod_gra]) && $params[cod_gra]!=\'%\'){ $cad.=$sep.\"f.cod_gra=\".$params[cod_gra].\" \"; $sep= \'  and  \';}\r\nelse if(isset($params[cod_mat]) &&$params[cod_mat]!=\'%\'){ $cad.=$sep.\"f.cod_mat = \".$params[cod_mat]; $sep= \'  and  \';}\r\n//restricciones de la ejecucion\r\nif($cad_g!=\'\'){ $cad.=$sep.\"$cad_g\"; $sep=\' AND \';} \r\nif($cad_p!=\'\'){ $cad.=$sep.$cad_p;} \r\nif($cad!=\'\') { $query=str_replace(\"/*CAD_WHERE*/\",$cad,$query);}'),(222,7,'replace into seg_final(id_alu,cod_mat,cod_cur,id_peri,cod_are,are_fin,nota,nota_d,nota_r,fec_cre)\r\nselect t.id_alu,0,t.cod_cur,t.id_peri,cod_are,cod_are, nota,nota_d,nota_r,current_date()\r\nFROM\r\n(select id_alu,cod_are,cod_cur,id_peri,  round(min(nota),1) as nota, round(min(nota_d),1) as nota_d,round(min(nota_r)) nota_r from  \r\n(select id_alu,cod_are,cod_mat,cod_cur,id_peri, if(nota_mod, nota_mod, nota) as nota, nota_d ,nota_r\r\nfrom seg_final where id_peri=5 and cod_mat <>0 ) sf \r\ninner join curso c using(cod_cur) \r\nwhere cod_mat <>0  /*CAD_WHERE*/\r\n group by id_alu,cod_are,cod_cur, id_peri )t',6,'$cad=\'\';$sep=\'  and \';\r\n//restricciones de los parametros\r\nif(isset($params[id_peri ]) && $params[id_peri ]!=\'%\'){   $cad.=$sep.\' id_peri=\'.$params[id_peri ]; $sep= \'  and  \';}\r\nif(isset($params[id_alu]) && $params[id_alu]!=\'%\'){ $cad.=$sep.\"id_alu = \".$params[id_alu]; $sep= \'  and  \';}\r\nelse if(isset($params[cod_cur]) && $params[cod_cur]!=\'%\'){ $cad.=$sep.\"cod_cur = \".$params[cod_cur]; $sep= \'  and  \';}\r\nelse if(isset($params[cod_gra]) && $params[cod_gra]!=\'%\'){ $cad.=$sep.\"c.cod_gra=\".$params[cod_gra]; $sep= \'  and  \';}\r\n//restricciones de la ejecucion\r\nif($cad_g!=\'\'){ $cad.=$sep.str_replace(\'cod_gra\',\'c.cod_gra\',$cad_g); $sep=\' AND \';} \r\nif($cad_p!=\'\'){ $cad.=$sep.$cad_p;} \r\nif($cad!=\'\') { $query=str_replace(\"/*CAD_WHERE*/\",$cad,$query);}'),(223,7,'update alum_grado ag, (\r\n	select id_alu , apr.tot_are_per,max_mat_perd,if( (tot_are_per is null and por is null ),\'Aprobado\',if(apr.tot_are_per>=max_mat_perd or por is not null , \'No Aprobado\',\'Aprobado\')) as aprueba\r\n	from alumno ax\r\n	left join(\r\n		select id_alu,count(are_fin) as tot_are_per from (\r\n			select id_alu,are_fin, nota_d as def from (\r\n				select * from seg_final inner join area using(cod_are) where cod_mat=0 and id_peri in(select id_peri from periodo where per_fin=\'n\' and per_not_fin=\'s\') and \r\n(nor_are=\'n\' or \'s\'=(select val_var from _sapred where nom_var=\'APROBAR_ANIO_CON_NORMALIZACION\'))\r\n			) t\r\n			inner join rangos_valora r on round(t.nota_d,1) >= r.min and round(t.nota_d,1) <= r.max\r\n			inner join tipvalora v on v.id_val=r.id_val\r\n			where val_apr=\'n\'\r\n		) xx\r\n		group by id_alu\r\n	) apr using(id_alu)\r\n	inner join anolectivo on actual=\'s\'\r\n	left join (\r\n		select id_alu,cod_mat,cod_cur, total,inh_mat*sem_mat as total_h,(total*100/(inh_mat*sem_mat)) as por\r\n		from (\r\n			select id_alu,cod_mat,cod_cur, sum(num_hor) total from falta_histo_mat\r\n			where  jus_fal=\'injust\'\r\n			group by id_alu,cod_mat,cod_cur\r\n			order by id_alu, cod_mat,cod_cur\r\n		) s\r\n		inner join matgra using(cod_cur,cod_mat)\r\n		inner join _sapred on(nom_var=\'PORCENTAJE_FALTAS_PERDER_MATERIA\')\r\n		where  (total*100/(inh_mat*sem_mat)) > val_var\r\n		\r\n		\r\n	) sx using(id_alu)\r\n	where est_alu=\'h\'\r\n	order by id_alu\r\n) apr set ag.apro_alu=if(ag.asig=\'s\',apr.aprueba,\'Cursando\') where ag.id_alu=apr.id_alu AND ag.obs_apro is null /*CAD_WHERE*/',7,'$cad=\'\';$sep=\' AND \';\r\nif(isset($params[id_alu]) && $params[id_alu]!=\'%\'){ $cad.=$sep.\" ag.id_alu = \".$params[id_alu]; $sep= \'  and  \';}\r\nelse if(isset($params[cod_cur]) && $params[cod_cur]!=\'%\'){ $cad.=$sep.\" ag.id_alu in ( select id_alu from alumcurso where cod_cur = \".$params[cod_cur].\" ) \"; $sep= \'  and  \';}\r\nelse if(isset($params[cod_gra]) && $params[cod_gra]!=\'%\'){ $cad.=$sep.\"ag.cod_gra=\".$params[cod_gra].\" \"; $sep= \'  and  \';}\r\n//restricciones de la ejecucion\r\nif($cad_g!=\'\'){  $cad.=$sep.\" cod_gra=\".$params[cod_gra].\" \"; $sep= \'  and  \';} \r\nif($cad!=\'\') {$query=str_replace(\"/*CAD_WHERE*/\",$cad,$query);}'),(266,7,'delete from est_dif_cup where id_cuo=-1 ',8,NULL),(267,7,'UPDATE alum_grado SET apro_alu=\'Aprobado\' WHERE cod_gra=14 AND obs_apro IS NULL',9,'$cad=\'\';\r\n$sep=\'\'; \r\n$qd=\"DELETE FROM est_dif_cup WHERE id_cuo=9 \";\r\n\r\nif(isset($params[\'id_alu\']) && $params[\'id_alu\']!=\'%\'){ \r\n	$cad.=$sep.\" id_alu = \".$params[\'id_alu\']; \r\n	$sep= \'  AND  \'; \r\n	$qd.=\" AND id_alu=\".$params[\'id_alu\'];\r\n}else if(isset($params[\'cod_cur\']) && $params[\'cod_cur\']!=\'%\'){ \r\n	$cad.=$sep.\" cod_cur = \".$params[\'cod_cur\'].\" \";\r\n	$sep= \'  AND  \'; \r\n	$qd.=$sep.\" id_alu in ( select id_alu from alumcurso where cod_cur=\".$params[\'cod_cur\'].\")\";\r\n}else if(isset($params[\'cod_gra\']) && $params[\'cod_gra\']!=\'%\'){ \r\n	$cad.=$sep.\" cod_gra =\".$params[\'cod_gra\'].\" \"; \r\n	$sep= \'  AND  \'; \r\n	$qd.=$sep.\" id_alu in ( select id_alu from alum_grado where cod_gra=\".$params[\'cod_gra\'].\")\";\r\n}\r\n\r\n$rs=$con->query($qd);\r\n\r\nif($cad!=\'\') $cad=\' AND \'.$cad;\r\n\r\n$rs=$con->query(\"INSERT INTO est_dif_cup(id_cuo,id_alu,id_ano,ob_est,fec_est,estado)\r\nSELECT 9,id_alu,id_ano,\'Falta valoracion final en algunas asignaturas\', NOW(),\'a\'\r\nFROM (\r\n	SELECT id_alu,cod_cur, COUNT(cod_mat) tot_a\r\n	FROM seg_final s\r\n	INNER JOIN curso USING(cod_cur)\r\n	WHERE id_peri=5 AND cod_mat <>0 AND esp_mat=\'n\' AND cod_gra<12 $cad\r\n	GROUP BY id_alu,cod_cur\r\n)a\r\nINNER JOIN (\r\n	SELECT cod_cur,id_ano, COUNT(cod_mat) tot_c\r\n	FROM matgra\r\n	WHERE esp_mat=\'n\'\r\n	GROUP BY cod_cur,id_ano\r\n) b USING(cod_cur)\r\nWHERE tot_a<>tot_c\");\r\n\r\n$rs=$con->query(\"UPDATE alum_grado SET apro_alu =\'No aprobado\'\r\nWHERE id_alu IN(\r\n	SELECT id_alu\r\n	FROM est_dif_cup\r\n	WHERE id_cuo=9)\r\n\");\r\n$rs=$con->query(\"UPDATE alum_grado SET apro_alu =\'No aprobado\'\r\nWHERE id_alu NOT IN(\r\n	SELECT id_alu\r\n	FROM seg_final \r\n	WHERE id_peri=5 AND cod_mat<>0)\r\n\");'),(158,8,'/*se verifica si el alumno pierde el ano deacuerdo al \r\nmaximo de areas q puede perder en el a?o*/\r\nselect id_alu , apr.tot_are_per,if(apr.tot_are_per>=maxi_area_perd,\'n\',\'s\') as aprueba  from(\r\n	select id_alu,count(are_fin) as tot_are_per from (\r\n	/*se saca las areas perdidas de acuerdo al maximo de materias para \r\n	perder el area en la tabla area*/ \r\n	select t.* from (\r\n		/*se cuenta las materias perdidas por area*/\r\n		select id_alu,are_fin,val_apr,count(val_apr) as tot from (\r\n			/*se calcula el promedio de las materias especiales agrupadas por area */\r\n				select id_alu,are_fin as cod_mat, are_fin, esp_mat, avg(nota_d) as def\r\n				from seg_final \r\n				where esp_mat=\'s\' and (id_peri<>( select id_peri from periodo where per_not_fin=\'s\') ) /*ALU*/\r\n				group by id_alu,are_fin\r\n				union \r\n			/*se calcula el promedio de las materias NO especiales agrupadas por materia*/\r\n				select id_alu, cod_mat, are_fin  , esp_mat, avg(nota_d) as def\r\n				from seg_final \r\n				where esp_mat=\'n\' and  (id_peri<>( select id_peri from periodo where per_not_fin=\'s\') ) /*ALU*/\r\n				group by id_alu,cod_mat\r\n			\r\n			) s\r\n			inner join rangos_valora r on s.def >= r.min and s.def <= r.max \r\n			inner join tipvalora v on v.id_val=r.id_val\r\n			where val_apr=\'n\'\r\n			group by id_alu,are_fin,val_apr\r\n		) t\r\n		inner join area b  on b.cod_are=t.are_fin\r\n		where max_repro<=tot\r\n	) a_perd\r\n	group by  id_alu\r\n) apr\r\ninner join anolectivo on actual=\'s\' ',1,'$cad=\'\';$sep=\'\';\r\n//restricciones de los parametros \r\nif(isset($params[id_alu]) && $params[id_alu]!=\'%\'){ $cad.=\"AND id_alu = \".$params[id_alu]; $sep= \'  and  \'; }\r\n//restricciones de la ejecucion\r\nif($cad_g!=\'\'){ $cad.=$sep.\"$cad_g \"; $sep=\' AND \';} \r\nif($cad_p!=\'\'){ $cad.=$sep.$cad_p;} \r\nif($cad!=\'\') { $query=str_replace(\"/*ALU*/\",$cad,$query);}'),(159,9,'/*se verifica si el alumno pierde el ano deacuerdo al \r\nmaximo de materias q puede perder en el a?o*/\r\nselect id_alu , apr.tot,if(apr.tot>=max_mat_perd,\'n\',\'s\') as aprueba  from(\r\n		/*se cuenta las materias perdidas por area*/\r\n		select id_alu,val_apr,count(val_apr) as tot from (\r\n			/*se calcula el promedio de las materias especiales agrupadas por area de la nota definitiva */\r\n				select id_alu,are_fin as cod_mat, are_fin, esp_mat, avg(nota_d) as def\r\n				from seg_final \r\n				where esp_mat=\'s\' and (id_peri<>( select id_peri from periodo where per_not_fin=\'s\') ) /*ALU*/\r\n				group by id_alu,are_fin\r\n				union \r\n			/*se calcula el promedio de las materias NO especiales agrupadas por materia de la nota definitiva*/\r\n				select id_alu, cod_mat, are_fin  , esp_mat, avg(nota) as def\r\n				from seg_final \r\n				where esp_mat=\'n\' and (id_peri<>( select id_peri from periodo where per_not_fin=\'s\') ) /*ALU*/\r\n				group by id_alu,cod_mat\r\n			\r\n			) s\r\n		inner join rangos_valora r on s.def >= r.min and s.def <= r.max \r\n		inner join tipvalora v on v.id_val=r.id_val\r\n		where val_apr=\'n\'\r\n		group by id_alu,val_apr\r\n	\r\n) apr\r\ninner join anolectivo on actual=\'s\' ',1,'$cad=\'\';$sep=\'\';\r\n//restricciones de los parametros \r\nif(isset($params[id_alu]) && $params[id_alu]!=\'%\'){ $cad.=\"AND id_alu = \".$params[id_alu]; $sep= \'  and  \'; }\r\n//restricciones de la ejecucion\r\nif($cad_g!=\'\'){ $cad.=$sep.\"$cad_g \"; $sep=\' AND \';} \r\nif($cad_p!=\'\'){ $cad.=$sep.$cad_p;} \r\nif($cad!=\'\') { $query=str_replace(\"/*ALU*/\",$cad,$query);}'),(270,17,'REPLACE INTO seg_final(id_alu,cod_mat,cod_cur,id_peri,cod_are,are_fin,esp_mat,nota,nota_d,fec_cre)\r\nSELECT id_alu,cod_mat,cod_cur,id_peri,cod_are,cod_are,esp_mat,nota,nota,fec_cre FROM seguimiento s\r\nINNER JOIN materia m USING(cod_mat)\r\nINNER JOIN matgra mg USING(cod_mat,cod_cur)\r\nINNER JOIN curso c USING(cod_cur)\r\nWHERE cod_inst=-100 /*CAD_WHERE*/',1,'$cad=\'\';$sep=\' AND \';\r\n//restricciones de los parametros \r\nif(isset($params[\'id_peri\']) && $params[\'id_peri\']!=\'%\'){ $cad.=$sep.\" id_peri = \".$params[\'id_peri\']; $sep= \' AND \'; }\r\nif(isset($cod_mat) && $cod_mat!=\'%\'){ $cad.=$sep.\"cod_mat = \".$params[\'cod_mat\']; $sep= \'  AND \';}\r\n\r\nif(isset($params[\'id_alu\']) && $params[\'id_alu\']!=\'%\'){ $cad.=$sep.\" id_alu = \".$params[\'id_alu\']; $sep= \'  AND \';}\r\nelseif(isset($params[\'cod_cur\']) && $params[\'cod_cur\']!=\'%\'){ $cad.=$sep.\"cod_cur = \".$params[\'cod_cur\']; $sep= \'  AND \';}\r\nelseif(isset($params[\'cod_gra\']) && $params[\'cod_gra\']!=\'%\'){ $cad.=$sep.\"cod_gra=\".$params[\'cod_gra\'].\" \"; $sep= \'  AND \';}\r\n\r\n//restricciones de la ejecucion\r\nif($cad_g!=\'\'){ $cad.=$sep.\"$cad_g\"; $sep=\' AND \';} \r\nif($cad_p!=\'\'){ $cad.=$sep.$cad_p;} \r\nif($cad!=\'\') {$query=str_replace(\"/*CAD_WHERE*/\",$cad,$query);}'),(271,17,'REPLACE INTO seg_final(id_alu,cod_mat,cod_cur,id_peri,cod_are,are_fin,nota,nota_d,fec_cre)\r\nSELECT t.id_alu,0,t.cod_cur,t.id_peri,cod_are,cod_are, round(nota,1)as nota,round(nota,1)as nota_d,current_date()\r\nFROM\r\n(select id_alu,cod_are,cod_cur,id_peri,  avg(nota_d) as nota from  seg_final\r\ninner join curso c using(cod_cur) \r\n /*CAD_WHERE*/\r\n group by id_alu,cod_are,cod_cur, id_peri )t',4,'$cad=\'\';$sep=\'\';\r\n//restricciones de los parametros \r\nif(isset($params[\'id_peri\']) && $params[\'id_peri\']!=\'%\'){ $cad.=\" id_peri = \".$params[\'id_peri\']; $sep= \'  AND \'; }\r\nif(isset($cod_mat) && $cod_mat!=\'%\'){ $cad.=$sep.\"cod_mat = \".$params[\'cod_mat\']; $sep= \'  AND \';}\r\n\r\nif(isset($params[\'id_alu\']) && $params[\'id_alu\']!=\'%\'){ $cad.=$sep.\" id_alu = \".$params[\'id_alu\']; $sep= \'  and  \';}\r\nelseif(isset($params[\'cod_cur\']) && $params[\'cod_cur\']!=\'%\'){ $cad.=$sep.\"cod_cur = \".$params[\'cod_cur\']; $sep= \'  AND \';}\r\nelseif(isset($params[\'cod_gra\']) && $params[\'cod_gra\']!=\'%\'){ $cad.=$sep.\"cod_gra=\".$params[\'cod_gra\'].\" \"; $sep= \'  AND \';}\r\n\r\n//restricciones de la ejecucion\r\nif($cad_g!=\'\'){ $cad.=$sep.\"$cad_g\"; $sep=\' AND \';} \r\nif($cad_p!=\'\'){ $cad.=$sep.$cad_p;} \r\nif($cad!=\'\') {$cad =\' WHERE \'.$cad; $query=str_replace(\"/*CAD_WHERE*/\",$cad,$query);}'),(268,17,'delete from seg_final /*CAD_WHERE*/',0,'$cad=\'\';$sep=\' WHERE  \';\r\n//restricciones de los parametros \r\nif(isset($params[\'id_peri\']) && $params[\'id_peri\']!=\'%\'){ $cad.=$sep.\" id_peri = \".$params[\'id_peri\']; $sep= \' AND \'; }\r\nif(isset($cod_mat) && $cod_mat!=\'%\'){ $cad.=$sep.\"cod_mat = \".$params[\'cod_mat\']; $sep= \'  AND \';}\r\n\r\nif(isset($params[\'id_alu\']) && $params[\'id_alu\']!=\'%\'){ $cad.=$sep.\" id_alu = \".$params[\'id_alu\']; $sep= \'  AND \';}\r\nelseif(isset($params[\'cod_cur\']) && $params[\'cod_cur\']!=\'%\'){ $cad.=$sep.\"cod_cur = \".$params[\'cod_cur\']; $sep= \'  AND \';}\r\nelseif(isset($params[\'cod_gra\']) && $params[\'cod_gra\']!=\'%\'){ $cad.=$sep.\"cod_gra=\".$params[\'cod_gra\'].\" \"; $sep= \'  AND \';}\r\n\r\n//restricciones de la ejecucion\r\nif($cad_g!=\'\'){ $cad.=$sep.\"$cad_g\"; $sep=\' AND \';} \r\nif($cad_p!=\'\'){ $cad.=$sep.$cad_p;} \r\n$query=str_replace(\"/*CAD_WHERE*/\",$cad,$query);'),(269,17,'REPLACE INTO seg_final(id_alu,cod_mat,cod_cur,id_peri,cod_are,are_fin,esp_mat,nota,nota_d,fec_cre)\r\nSELECT id_alu,cod_mat,cod_cur,id_peri,cod_are,cod_are,esp_mat , nota,nota  ,current_date()\r\nFROM (\r\n	SELECT  id_alu,cod_mat,cod_cur,id_peri,cod_are,mg.esp_mat, nota FROM \r\n		(\r\n			\r\n			SELECT id_alu,cod_mat,cod_cur,id_peri, nota  \r\n			FROM seguimiento s\r\n			WHERE cod_inst =-1\r\n			/*CAD_WHERE*/\r\n				\r\n		)t\r\n		inner join curso c  USING(cod_cur)\r\n		inner join materia m USING(cod_mat)\r\n		inner join area a USING(cod_are)\r\n		inner join matgra mg USING(cod_cur,cod_mat)\r\n		group by id_alu,cod_mat,cod_cur, id_peri\r\n\r\n) www',2,'$cad=\'\';$sep=\' AND \';\r\n//restricciones de los parametros \r\nif(isset($params[\'id_peri\']) && $params[\'id_peri\']!=\'%\'){ $cad.=$sep.\" id_peri = \".$params[\'id_peri\']; $sep= \' AND \'; }\r\nif(isset($cod_mat) && $cod_mat!=\'%\'){ $cad.=$sep.\"cod_mat = \".$params[\'cod_mat\']; $sep= \'  AND \';}\r\n\r\nif(isset($params[\'id_alu\']) && $params[\'id_alu\']!=\'%\'){ $cad.=$sep.\" id_alu = \".$params[\'id_alu\']; $sep= \'  AND \';}\r\nelseif(isset($params[\'cod_cur\']) && $params[\'cod_cur\']!=\'%\'){ $cad.=$sep.\"cod_cur = \".$params[\'cod_cur\']; $sep= \'  AND \';}\r\nelseif(isset($params[\'cod_gra\']) && $params[\'cod_gra\']!=\'%\'){ $cad.=$sep.\"cod_gra=\".$params[\'cod_gra\'].\" \"; $sep= \'  AND \';}\r\n\r\n//restricciones de la ejecucion\r\nif($cad_g!=\'\'){ $cad.=$sep.\"$cad_g\"; $sep=\' AND \';} \r\nif($cad_p!=\'\'){ $cad.=$sep.$cad_p;} \r\nif($cad!=\'\') {$query=str_replace(\"/*CAD_WHERE*/\",$cad,$query);}');

--
-- Table structure for table `corte`
--

CREATE TABLE `corte` (
  `id_cor` int(10) unsigned NOT NULL AUTO_INCREMENT,
  `id_hor` int(10) unsigned NOT NULL,
  `id_mes` int(10) unsigned NOT NULL,
  `id_ano` int(10) unsigned NOT NULL DEFAULT '1',
  `interes` decimal(10,5) NOT NULL,
  `gen_men` tinyint(1) NOT NULL DEFAULT '0',
  `fec_apli` datetime NOT NULL,
  `fec_lim` datetime NOT NULL,
  `aplicado` tinyint(1) NOT NULL DEFAULT '0',
  `tipo_corte` enum('i','r') COLLATE utf8_spanish_ci NOT NULL DEFAULT 'i',
  PRIMARY KEY (`id_cor`),
  KEY `corte_mes_FKIndex1` (`id_mes`),
  KEY `corte_mes_FKIndex3` (`id_ano`),
  KEY `corte_FKIndex3` (`id_hor`)
) ENGINE=MyISAM DEFAULT CHARSET=utf8 COLLATE=utf8_spanish_ci;

--
-- Dumping data for table `corte`
--


--
-- Table structure for table `cost_educ`
--

CREATE TABLE `cost_educ` (
  `id_info` bigint(6) unsigned NOT NULL,
  `cod_gra` bigint(6) unsigned NOT NULL DEFAULT '0',
  `id_ano` int(10) unsigned NOT NULL DEFAULT '1',
  `valor` decimal(10,0) NOT NULL,
  PRIMARY KEY (`id_info`,`cod_gra`,`id_ano`)
) ENGINE=MyISAM DEFAULT CHARSET=utf8 COLLATE=utf8_spanish_ci;

--
-- Dumping data for table `cost_educ`
--


--
-- Table structure for table `cuenta`
--

CREATE TABLE `cuenta` (
  `id_cue` int(10) unsigned NOT NULL AUTO_INCREMENT,
  `banco` varchar(255) COLLATE utf8_spanish_ci NOT NULL,
  `des_cue` varchar(255) COLLATE utf8_spanish_ci NOT NULL,
  `tip_cue` enum('corr','ahor','empr','cred') COLLATE utf8_spanish_ci NOT NULL,
  `cod_recaudo` varchar(20) COLLATE utf8_spanish_ci DEFAULT NULL,
  PRIMARY KEY (`id_cue`)
) ENGINE=MyISAM DEFAULT CHARSET=utf8 COLLATE=utf8_spanish_ci;

--
-- Dumping data for table `cuenta`
--


--
-- Table structure for table `cupo_manual`
--

CREATE TABLE `cupo_manual` (
  `id_alu` bigint(20) NOT NULL,
  `id_ano` int(10) unsigned NOT NULL DEFAULT '1',
  `cupo` enum('s','n') COLLATE utf8_spanish_ci DEFAULT 's',
  PRIMARY KEY (`id_alu`,`id_ano`)
) ENGINE=MyISAM DEFAULT CHARSET=utf8 COLLATE=utf8_spanish_ci;

--
-- Dumping data for table `cupo_manual`
--


--
-- Table structure for table `cuposobs`
--

CREATE TABLE `cuposobs` (
  `id_cuo` int(3) NOT NULL,
  `des_cuo` varchar(500) COLLATE utf8_spanish_ci DEFAULT NULL,
  PRIMARY KEY (`id_cuo`)
) ENGINE=MyISAM DEFAULT CHARSET=utf8 COLLATE=utf8_spanish_ci PACK_KEYS=0 ROW_FORMAT=DYNAMIC COMMENT='tabla que contiene los tipos de dificultades de cupo';

--
-- Dumping data for table `cuposobs`
--


--
-- Table structure for table `curso`
--

CREATE TABLE `curso` (
  `cod_cur` int(6) NOT NULL AUTO_INCREMENT,
  `id_per` varchar(20) COLLATE utf8_spanish_ci NOT NULL,
  `des_cur` varchar(60) COLLATE utf8_spanish_ci NOT NULL,
  `des_cur_cor` varchar(10) COLLATE utf8_spanish_ci NOT NULL,
  `gru_cur` char(3) COLLATE utf8_spanish_ci NOT NULL DEFAULT '1',
  `id_ano` int(10) unsigned NOT NULL DEFAULT '2',
  `cod_gra` bigint(6) unsigned NOT NULL DEFAULT '1',
  `id_jor` int(10) NOT NULL DEFAULT '1',
  `id_sed` int(10) unsigned NOT NULL DEFAULT '1',
  PRIMARY KEY (`cod_cur`),
  KEY `des_cur` (`des_cur`)
) ENGINE=MyISAM AUTO_INCREMENT=21146 DEFAULT CHARSET=utf8 COLLATE=utf8_spanish_ci;

--
-- Dumping data for table `curso`
--

INSERT INTO `curso` VALUES (21141,'40','CERO UNO','001','1',1,14,1,2),(21142,'41','CERO DOS','002','2',1,14,1,2),(21143,'42','CERO TRES','003','3',1,14,1,2),(21144,'43','CERO CUATRO','004','4',1,14,1,2),(2111,'45','PRIMERO UNO','101','1',1,1,1,2),(2112,'44','PRIMERO DOS','102','2',1,1,1,2),(2113,'50','PRIMERO TRES','103','3',1,1,1,2),(2121,'48','SEGUNDO UNO','201','1',1,2,1,2),(2122,'47','SEGUNDO DOS','202','2',1,2,1,2),(2123,'46','SEGUNDO TRES','203','3',1,2,1,2),(2131,'52','TERCERO UNO','301','1',1,3,1,2),(2132,'49','TERCERO DOS','302','2',1,3,1,2),(2133,'60','TERCERO TRES','303','3',1,3,1,2),(2141,'51','CUARTO UNO','401','1',1,4,1,2),(2142,'53','CUARTO DOS','402','2',1,4,1,2),(2143,'55','CUARTO TRES','403','3',1,4,1,2),(2151,'56','QUINTO UNO','501','1',1,5,1,2),(2152,'59','QUINTO DOS','502','2',1,5,1,2),(2153,'54','QUINTO TRES','503','3',1,5,1,2),(1161,'4','SEXTO UNO','601','1',1,6,1,1),(1162,'37','SEXTO DOS','602','2',1,6,1,1),(1163,'29','SEXTO TRES','603','3',1,6,1,1),(1164,'24','SEXTO CUATRO','604','4',1,6,1,1),(1171,'14','SÉPTIMO UNO','701','1',1,7,1,1),(1172,'25','SÉPTIMO DOS','702','2',1,7,1,1),(1173,'34','SÉPTIMO TRES','703','3',1,7,1,1),(1181,'18','OCTAVO UNO','801','1',1,8,1,1),(1182,'18','OCTAVO DOS','802','2',1,8,1,1),(1183,'23','OCTAVO TRES','803','3',1,8,1,1),(1184,'20','OCTAVO CUATRO','804','4',1,8,1,1),(1191,'10','NOVENO UNO','901','1',1,9,1,1),(1192,'21','NOVENO DOS','902','2',1,9,1,1),(1193,'7','NOVENO TRES','903','3',1,9,1,1),(11101,'30','DECIMO UNO','1001','1',1,10,1,1),(11102,'8','DECIMO DOS','1002','2',1,10,1,1),(11103,'26','DECIMO TRES','1003','3',1,10,1,1),(11104,'12','DECIMO CUATRO','1004','4',1,10,1,1),(11105,'3','DECIMO CINCO','1005','5',1,10,1,1),(11111,'9','UNDÉCIMO UNO','1101','1',1,11,1,1),(11112,'13','UNDÉCIMO DOS','1102','2',1,11,1,1),(11113,'19','UNDÉCIMO TRES','1103','3',1,11,1,1),(11114,'6','UNDÉCIMO CUATRO','1104','4',1,11,1,1),(11151,'5','PRIMER SEMESTRE','1201','1',1,15,1,1),(11162,'5','SEGUNDO SEMESTRE','1202','2',1,16,1,1),(11173,'16','TERCER SEMESTRE','1301','3',1,17,1,1),(11184,'16','CUARTO SEMESTRE','1302','4',1,18,1,1);

--
-- Table structure for table `curso_coordinador`
--

CREATE TABLE `curso_coordinador` (
  `id_per` varchar(50) COLLATE utf8_spanish_ci NOT NULL DEFAULT '',
  `cod_cur` bigint(20) NOT NULL DEFAULT '0',
  `tipo` enum('a','c','g') COLLATE utf8_spanish_ci DEFAULT NULL,
  `id_usu_cre` bigint(20) DEFAULT NULL,
  `fec_cre` datetime DEFAULT NULL,
  PRIMARY KEY (`id_per`,`cod_cur`)
) ENGINE=MyISAM DEFAULT CHARSET=utf8 COLLATE=utf8_spanish_ci;

--
-- Dumping data for table `curso_coordinador`
--


--
-- Table structure for table `dathojaimpri`
--

CREATE TABLE `dathojaimpri` (
  `cod_him` int(3) unsigned zerofill NOT NULL DEFAULT '001',
  `opt_dat` enum('dane','sql','txt') COLLATE utf8_spanish_ci NOT NULL DEFAULT 'dane',
  `tam_txt_dat` int(3) NOT NULL DEFAULT '8',
  `ubi_x_dat` int(3) unsigned NOT NULL DEFAULT '0',
  `ubi_y_dat` int(3) unsigned NOT NULL DEFAULT '0',
  `id_dat` bigint(9) unsigned zerofill NOT NULL AUTO_INCREMENT,
  PRIMARY KEY (`id_dat`),
  UNIQUE KEY `id_dat` (`id_dat`)
) ENGINE=MyISAM DEFAULT CHARSET=utf8 COLLATE=utf8_spanish_ci;

--
-- Dumping data for table `dathojaimpri`
--


--
-- Table structure for table `datos_are`
--

CREATE TABLE `datos_are` (
  `cod_dare` bigint(3) NOT NULL AUTO_INCREMENT,
  `nom_dare` varchar(50) COLLATE utf8_spanish_ci NOT NULL,
  `obl_dare` enum('s','n') COLLATE utf8_spanish_ci NOT NULL DEFAULT 's',
  `max_dare` varchar(5) COLLATE utf8_spanish_ci DEFAULT NULL,
  `min_dare` varchar(5) COLLATE utf8_spanish_ci DEFAULT NULL,
  `exp1_dare` varchar(255) COLLATE utf8_spanish_ci DEFAULT NULL,
  `exp2_dare` varchar(255) COLLATE utf8_spanish_ci DEFAULT NULL,
  `error_dare` text COLLATE utf8_spanish_ci NOT NULL,
  `cam_ing` enum('s','n') COLLATE utf8_spanish_ci NOT NULL DEFAULT 's',
  PRIMARY KEY (`cod_dare`)
) ENGINE=MyISAM DEFAULT CHARSET=utf8 COLLATE=utf8_spanish_ci;

--
-- Dumping data for table `datos_are`
--


--
-- Table structure for table `datosdane`
--

CREATE TABLE `datosdane` (
  `id_dane` bigint(6) unsigned zerofill NOT NULL AUTO_INCREMENT,
  `var_dane` varchar(50) COLLATE utf8_spanish_ci NOT NULL,
  `nom_dane` varchar(20) COLLATE utf8_spanish_ci NOT NULL,
  `lon_dane` int(3) unsigned zerofill NOT NULL DEFAULT '000',
  `tip_dane` varchar(20) COLLATE utf8_spanish_ci NOT NULL,
  `equ_dane` text COLLATE utf8_spanish_ci,
  `obj_dane` enum('text','select') COLLATE utf8_spanish_ci NOT NULL DEFAULT 'text',
  `val_dane` text COLLATE utf8_spanish_ci,
  `exi_dane` enum('s','n') COLLATE utf8_spanish_ci NOT NULL DEFAULT 's',
  `hab_dane` enum('s','n') COLLATE utf8_spanish_ci NOT NULL DEFAULT 's',
  `ref_dane` enum('s','n') COLLATE utf8_spanish_ci NOT NULL DEFAULT 's',
  `tab_dane` varchar(50) COLLATE utf8_spanish_ci DEFAULT NULL,
  `sql_ref_dane` text COLLATE utf8_spanish_ci,
  `cla_dane` enum('insti','estud') COLLATE utf8_spanish_ci NOT NULL DEFAULT 'estud',
  `cru_dane` enum('s','n') COLLATE utf8_spanish_ci NOT NULL DEFAULT 'n',
  `obj_cru_dane` varchar(50) COLLATE utf8_spanish_ci NOT NULL,
  `sql_cru_dane` text COLLATE utf8_spanish_ci,
  `cod_grudane` bigint(3) unsigned zerofill NOT NULL DEFAULT '001',
  `adi_dane` enum('s','n') COLLATE utf8_spanish_ci NOT NULL DEFAULT 'n',
  `pag_adi_dane` text COLLATE utf8_spanish_ci,
  `tam_ven_dane` int(3) unsigned NOT NULL DEFAULT '235',
  `sql_pres_dat` text COLLATE utf8_spanish_ci,
  `dat_pres` text COLLATE utf8_spanish_ci,
  PRIMARY KEY (`nom_dane`,`cla_dane`),
  KEY `id_datinstID_2` (`id_dane`)
) ENGINE=MyISAM DEFAULT CHARSET=utf8 COLLATE=utf8_spanish_ci;

--
-- Dumping data for table `datosdane`
--


--
-- Table structure for table `deptos`
--

CREATE TABLE `deptos` (
  `nom_dep` varchar(40) COLLATE utf8_spanish_ci NOT NULL,
  `cod_pai` bigint(3) NOT NULL DEFAULT '0',
  `cod_dep` bigint(3) NOT NULL AUTO_INCREMENT,
  `cod_dep_DANE` varchar(4) COLLATE utf8_spanish_ci DEFAULT NULL,
  PRIMARY KEY (`nom_dep`,`cod_pai`),
  KEY `cod_dep` (`cod_dep`)
) ENGINE=MyISAM AUTO_INCREMENT=101 DEFAULT CHARSET=utf8 COLLATE=utf8_spanish_ci;

--
-- Dumping data for table `deptos`
--

INSERT INTO `deptos` VALUES ('ANTIOQUIA',17,50,'50'),('ATLANTICO',17,88,'88'),('CUNDINAMARCA',17,11,'11'),('BOLIVAR',17,13,'13'),('BOYACA',17,15,'15'),('CALDAS',17,17,'17'),('CAQUETA',17,18,'18'),('CAUCA',17,19,'19'),('CESAR',17,20,'20'),('CORDOBA',17,23,'23'),('CHOCO',17,27,'27'),('HUILA',17,41,'41'),('GUAJIRA',17,44,'44'),('MAGDALENA',17,47,'47'),('META',17,50,'50'),('NARIÑO',17,52,'52'),('N DE SANTANDER',17,54,'54'),('QUINDIO',17,63,'63'),('RISARALDA',17,66,'66'),('SANTANDER',17,68,'68'),('SUCRE',17,70,'70'),('TOLIMA',17,73,'73'),('VALLE DEL CAUCA',17,76,'76'),('ARAUCA',17,81,'81'),('CASANARE',17,85,'85'),('PUTUMAYO',17,86,'86'),('SAN ANDRES',17,88,'88'),('AMAZONAS',17,91,'91'),('GUAINIA',17,94,'94'),('GUAVIARE',17,95,'95'),('VAUPES',17,97,'97'),('VICHADA',17,99,'99'),('PICHINCHA',3,100,NULL);

--
-- Table structure for table `des_con`
--

CREATE TABLE `des_con` (
  `id_des` int(10) unsigned NOT NULL,
  `id_ano` int(10) unsigned NOT NULL DEFAULT '1',
  `id_ser` int(10) unsigned NOT NULL,
  `id_mes` int(10) unsigned NOT NULL,
  `id_alu` bigint(20) NOT NULL,
  `jus` text COLLATE utf8_spanish_ci NOT NULL,
  `id_usu` int(6) unsigned NOT NULL,
  `fec_des` timestamp NOT NULL DEFAULT CURRENT_TIMESTAMP ON UPDATE CURRENT_TIMESTAMP,
  PRIMARY KEY (`id_des`,`id_ano`,`id_ser`,`id_mes`,`id_alu`),
  KEY `des_con_FKIndex1` (`id_ano`,`id_ser`,`id_mes`,`id_alu`),
  KEY `des_con_FKIndex2` (`id_des`)
) ENGINE=MyISAM DEFAULT CHARSET=utf8 COLLATE=utf8_spanish_ci;

--
-- Dumping data for table `des_con`
--


--
-- Table structure for table `descuento`
--

CREATE TABLE `descuento` (
  `id_des` int(10) unsigned NOT NULL AUTO_INCREMENT,
  `id_ano` int(10) unsigned NOT NULL DEFAULT '1',
  `des_des` varchar(255) COLLATE utf8_spanish_ci NOT NULL,
  `por_des` decimal(10,5) NOT NULL,
  `est_des` enum('acti','desa') COLLATE utf8_spanish_ci NOT NULL DEFAULT 'acti',
  PRIMARY KEY (`id_des`),
  KEY `descuento_FKIndex1` (`id_ano`)
) ENGINE=MyISAM DEFAULT CHARSET=utf8 COLLATE=utf8_spanish_ci;

--
-- Dumping data for table `descuento`
--


--
-- Table structure for table `deudas_ante`
--

CREATE TABLE `deudas_ante` (
  `id_deu` int(10) unsigned NOT NULL AUTO_INCREMENT,
  `id_alu` bigint(20) NOT NULL,
  `des_deu` text COLLATE utf8_spanish_ci,
  `fec_deu` date NOT NULL,
  `val_deu` decimal(10,0) NOT NULL,
  `obs_deu` text COLLATE utf8_spanish_ci,
  `est_deu` enum('paga','pend') COLLATE utf8_spanish_ci NOT NULL DEFAULT 'pend',
  PRIMARY KEY (`id_deu`)
) ENGINE=MyISAM DEFAULT CHARSET=utf8 COLLATE=utf8_spanish_ci;

--
-- Dumping data for table `deudas_ante`
--


--
-- Table structure for table `diagnostico`
--

CREATE TABLE `diagnostico` (
  `id_dia` bigint(6) NOT NULL AUTO_INCREMENT,
  `des_dia` text COLLATE utf8_spanish_ci NOT NULL,
  `id_alu` bigint(20) NOT NULL,
  `cod_cur` bigint(6) NOT NULL DEFAULT '0',
  `id_peri` bigint(6) NOT NULL DEFAULT '0',
  `id_ano` int(10) unsigned NOT NULL DEFAULT '1',
  `id_tip_dia` bigint(6) NOT NULL DEFAULT '0',
  `fec_dia_cre` date NOT NULL DEFAULT '0000-00-00',
  `id_usu_cre` bigint(6) NOT NULL DEFAULT '0',
  `fec_dia_mod` date DEFAULT '0000-00-00',
  `id_usu_mod` bigint(6) DEFAULT NULL,
  PRIMARY KEY (`id_dia`)
) ENGINE=MyISAM DEFAULT CHARSET=utf8 COLLATE=utf8_spanish_ci;

--
-- Dumping data for table `diagnostico`
--


--
-- Table structure for table `disca_dane`
--

CREATE TABLE `disca_dane` (
  `cod_dis` bigint(3) unsigned zerofill NOT NULL AUTO_INCREMENT,
  `des_disdane` varchar(100) COLLATE utf8_spanish_ci NOT NULL,
  `cod_dis_DANE` varchar(4) COLLATE utf8_spanish_ci NOT NULL,
  PRIMARY KEY (`cod_dis`),
  UNIQUE KEY `cod_disdane` (`cod_dis`),
  KEY `cod_disdane_2` (`cod_dis`)
) ENGINE=MyISAM DEFAULT CHARSET=utf8 COLLATE=utf8_spanish_ci;

--
-- Dumping data for table `disca_dane`
--


--
-- Table structure for table `docest_tipo_campo`
--

CREATE TABLE `docest_tipo_campo` (
  `id_tcam` int(10) NOT NULL AUTO_INCREMENT,
  `nombre` varchar(50) COLLATE utf8_spanish_ci DEFAULT NULL,
  `parametros` varchar(50) COLLATE utf8_spanish_ci DEFAULT NULL,
  `tip_bd` varchar(100) COLLATE utf8_spanish_ci DEFAULT NULL,
  `tam_bd` int(11) DEFAULT NULL,
  `dat_est` enum('s','n') COLLATE utf8_spanish_ci NOT NULL DEFAULT 's' COMMENT 'Indica si va en datos adicionales del estudiante',
  `eva` enum('s','n') COLLATE utf8_spanish_ci NOT NULL DEFAULT 's' COMMENT 'Indica si va en evaluaciones en línea',
  PRIMARY KEY (`id_tcam`)
) ENGINE=MyISAM AUTO_INCREMENT=12 DEFAULT CHARSET=utf8 COLLATE=utf8_spanish_ci;

--
-- Dumping data for table `docest_tipo_campo`
--

INSERT INTO `docest_tipo_campo` VALUES (1,'Caja de texto','','VARCHAR',100,'s','s'),(2,'Lista de seleccion','','VARCHAR',100,'s','s'),(3,'Lista de seleccion multiple','','VARCHAR',100,'s','s'),(4,'Archivo','','VARCHAR',100,'s','s'),(5,'Fecha','','DATE',NULL,'s','s'),(8,'Fecha con Hora',NULL,'DATETIME',NULL,'s','s'),(7,'Número Entero',NULL,'INT',5,'s','s'),(6,'Número Entero Largo',NULL,'BIGINT',20,'s','s'),(9,'Combo',NULL,'VARCHAR',100,'s','s'),(10,'Combo Ciudades',NULL,'INT',5,'s','s'),(11,'Combo Consulta',NULL,'VARCHAR',100,'s','s');

--
-- Table structure for table `docsest_documentos`
--

CREATE TABLE `docsest_documentos` (
  `id_adoc` bigint(20) unsigned NOT NULL AUTO_INCREMENT,
  `tip_adoc` varchar(50) COLLATE utf8_spanish_ci DEFAULT NULL,
  `nom_cort` varchar(20) COLLATE utf8_spanish_ci DEFAULT NULL,
  `obs_adoc` varchar(250) COLLATE utf8_spanish_ci DEFAULT NULL,
  `est_adoc` enum('a','i') COLLATE utf8_spanish_ci DEFAULT 'a',
  `id_tcam` bigint(10) DEFAULT '1',
  `orden` int(10) DEFAULT '1',
  `opciones` text COLLATE utf8_spanish_ci,
  PRIMARY KEY (`id_adoc`)
) ENGINE=MyISAM AUTO_INCREMENT=15 DEFAULT CHARSET=utf8 COLLATE=utf8_spanish_ci;

--
-- Dumping data for table `docsest_documentos`
--

INSERT INTO `docsest_documentos` VALUES (10,'Capacidades','capaci','Capacidades','a',1,2,''),(8,'Institucion procedencia','inst','institucion de procedeci','a',1,1,''),(9,'Número de Hermanos','num_her','Número de Hermanos1','a',1,1,NULL),(11,'Discapacidades','disca','Discapacidades','a',1,1,NULL),(12,'Alergias','alergia','Alergias','a',1,1,NULL),(13,'Etnias','Etn','Etnias','a',2,6,'Los pastos, Quillazinga, Afrodescendiente'),(14,'Desplazado','Des','Desplazado','a',1,7,'');

--
-- Table structure for table `docsest_documentosalumno`
--

CREATE TABLE `docsest_documentosalumno` (
  `id_adoc` bigint(20) unsigned NOT NULL DEFAULT '0',
  `id_alu` bigint(20) NOT NULL,
  `obs_doc` varchar(250) COLLATE utf8_spanish_ci DEFAULT NULL,
  `nom_doc` varchar(250) COLLATE utf8_spanish_ci DEFAULT NULL,
  `url_doc` varchar(250) COLLATE utf8_spanish_ci DEFAULT NULL,
  PRIMARY KEY (`id_adoc`,`id_alu`)
) ENGINE=MyISAM DEFAULT CHARSET=utf8 COLLATE=utf8_spanish_ci;

--
-- Dumping data for table `docsest_documentosalumno`
--


--
-- Table structure for table `documento`
--

CREATE TABLE `documento` (
  `id_doc` int(10) unsigned NOT NULL AUTO_INCREMENT,
  `id_ano` int(10) unsigned NOT NULL DEFAULT '1',
  `id_cue` int(10) unsigned DEFAULT NULL,
  `fec_exp` date NOT NULL,
  `fec_pag` date DEFAULT NULL,
  `fec_ing` datetime DEFAULT NULL,
  `tip_doc` enum('mens','anti','abon','matr','prem_p','prem_e','prem_t','prem_a','cond','deud') COLLATE utf8_spanish_ci NOT NULL,
  `serial` varchar(255) COLLATE utf8_spanish_ci NOT NULL,
  `pagado` tinyint(1) NOT NULL DEFAULT '0',
  `vlr_pag` decimal(10,0) NOT NULL,
  `fac_abi` enum('s','n') COLLATE utf8_spanish_ci NOT NULL DEFAULT 'n',
  PRIMARY KEY (`id_doc`,`id_ano`),
  KEY `documento_FKIndex1` (`id_cue`),
  KEY `documento_FKIndex2` (`id_ano`)
) ENGINE=MyISAM DEFAULT CHARSET=utf8 COLLATE=utf8_spanish_ci;

--
-- Dumping data for table `documento`
--


--
-- Table structure for table `documento_detalle`
--

CREATE TABLE `documento_detalle` (
  `id_doc` bigint(20) DEFAULT NULL,
  `id_alu` bigint(20) DEFAULT NULL,
  `id_men` bigint(20) DEFAULT NULL,
  `id_ser` bigint(20) DEFAULT NULL,
  `val_neto` decimal(10,0) DEFAULT NULL,
  `val_total` decimal(10,0) DEFAULT NULL,
  `val_dto` decimal(10,0) DEFAULT NULL
) ENGINE=MyISAM DEFAULT CHARSET=utf8 COLLATE=utf8_spanish_ci;

--
-- Dumping data for table `documento_detalle`
--


--
-- Table structure for table `egreso_contrato`
--

CREATE TABLE `egreso_contrato` (
  `id_ano` int(10) unsigned NOT NULL DEFAULT '1',
  `id_ser` int(10) unsigned NOT NULL,
  `id_mes` int(10) unsigned NOT NULL,
  `id_alu` bigint(20) NOT NULL,
  PRIMARY KEY (`id_ano`,`id_ser`,`id_mes`,`id_alu`),
  KEY `egreso_contrato_FKIndex2` (`id_ano`,`id_ser`,`id_mes`,`id_alu`)
) ENGINE=MyISAM DEFAULT CHARSET=utf8 COLLATE=utf8_spanish_ci;

--
-- Dumping data for table `egreso_contrato`
--


--
-- Table structure for table `egreso_retiro`
--

CREATE TABLE `egreso_retiro` (
  `id_egr_ret` int(10) unsigned NOT NULL AUTO_INCREMENT,
  `id_alu` bigint(20) NOT NULL,
  `id_ano` int(10) unsigned NOT NULL DEFAULT '1',
  `valor` decimal(10,0) NOT NULL,
  `pena` decimal(10,0) NOT NULL,
  PRIMARY KEY (`id_egr_ret`),
  KEY `egreso_retiro_FKIndex2` (`id_ano`),
  KEY `egreso_retiro_FKIndex21` (`id_alu`)
) ENGINE=MyISAM DEFAULT CHARSET=utf8 COLLATE=utf8_spanish_ci;

--
-- Dumping data for table `egreso_retiro`
--


--
-- Table structure for table `enfer_alum`
--

CREATE TABLE `enfer_alum` (
  `id_alu` bigint(20) NOT NULL,
  `cod_enf` bigint(6) NOT NULL,
  `fec_asi` date NOT NULL,
  `est_enf` enum('hab','des') COLLATE utf8_spanish_ci NOT NULL,
  `fec_des` date DEFAULT NULL,
  PRIMARY KEY (`id_alu`,`cod_enf`,`fec_asi`)
) ENGINE=MyISAM DEFAULT CHARSET=utf8 COLLATE=utf8_spanish_ci;

--
-- Dumping data for table `enfer_alum`
--


--
-- Table structure for table `enfermedad`
--

CREATE TABLE `enfermedad` (
  `cod_enf` bigint(6) NOT NULL AUTO_INCREMENT,
  `des_enf` text COLLATE utf8_spanish_ci,
  PRIMARY KEY (`cod_enf`)
) ENGINE=MyISAM AUTO_INCREMENT=5 DEFAULT CHARSET=utf8 COLLATE=utf8_spanish_ci;

--
-- Dumping data for table `enfermedad`
--

INSERT INTO `enfermedad` VALUES (4,'sarampion');

--
-- Table structure for table `eps`
--

CREATE TABLE `eps` (
  `id_eps` int(3) unsigned NOT NULL AUTO_INCREMENT,
  `des_eps` varchar(30) COLLATE utf8_spanish_ci NOT NULL DEFAULT '',
  PRIMARY KEY (`id_eps`)
) ENGINE=MyISAM AUTO_INCREMENT=12 DEFAULT CHARSET=utf8 COLLATE=utf8_spanish_ci;

--
-- Dumping data for table `eps`
--

INSERT INTO `eps` VALUES (1,'SALUDCOOP'),(2,'SALUDCOOP INDEP'),(3,'SANITAS'),(4,'I.S.S'),(5,'HUMANAVIVIR'),(6,'COOMEVA'),(8,'ESPNUEVA'),(9,'OTRA'),(10,'EMSSANAR'),(11,'CAPRECOM');

--
-- Table structure for table `equiva_dane`
--

CREATE TABLE `equiva_dane` (
  `id_equi_D` bigint(6) unsigned NOT NULL AUTO_INCREMENT,
  `cod_equi_D` varchar(10) COLLATE utf8_spanish_ci NOT NULL,
  `des_equi_D` varchar(100) COLLATE utf8_spanish_ci NOT NULL,
  `id_ref_D` bigint(6) unsigned NOT NULL DEFAULT '0',
  PRIMARY KEY (`cod_equi_D`,`id_ref_D`),
  UNIQUE KEY `id_equi_D` (`id_equi_D`)
) ENGINE=MyISAM DEFAULT CHARSET=utf8 COLLATE=utf8_spanish_ci;

--
-- Dumping data for table `equiva_dane`
--


--
-- Table structure for table `est_dif_cup`
--

CREATE TABLE `est_dif_cup` (
  `id_estc` bigint(10) unsigned NOT NULL AUTO_INCREMENT,
  `id_cuo` int(3) NOT NULL,
  `id_alu` bigint(20) NOT NULL,
  `id_ano` int(10) unsigned NOT NULL DEFAULT '1',
  `ob_est` text COLLATE utf8_spanish_ci NOT NULL,
  `fec_est` date NOT NULL,
  `id_usu` int(6) unsigned NOT NULL,
  `estado` enum('a','s') COLLATE utf8_spanish_ci NOT NULL DEFAULT 'a' COMMENT 'a activo, s solucionado',
  `fec_sol` datetime DEFAULT NULL,
  `usu_sol` int(11) DEFAULT NULL,
  `obs_sol` text COLLATE utf8_spanish_ci,
  PRIMARY KEY (`id_estc`),
  UNIQUE KEY `id_cuo_id_alu_id_ano` (`id_cuo`,`id_alu`,`id_ano`)
) ENGINE=MyISAM DEFAULT CHARSET=utf8 COLLATE=utf8_spanish_ci PACK_KEYS=0 ROW_FORMAT=DYNAMIC;

--
-- Dumping data for table `est_dif_cup`
--


--
-- Table structure for table `etnia_dane`
--

CREATE TABLE `etnia_dane` (
  `cod_etn` bigint(3) NOT NULL AUTO_INCREMENT,
  `des_etndane` varchar(100) COLLATE utf8_spanish_ci NOT NULL,
  `cod_etn_DANE` varchar(4) COLLATE utf8_spanish_ci NOT NULL,
  PRIMARY KEY (`cod_etn`),
  UNIQUE KEY `cod_disdane` (`cod_etn`),
  KEY `cod_disdane_2` (`cod_etn`)
) ENGINE=MyISAM DEFAULT CHARSET=utf8 COLLATE=utf8_spanish_ci;

--
-- Dumping data for table `etnia_dane`
--


--
-- Table structure for table `ev_be`
--

CREATE TABLE `ev_be` (
  `id_blo` bigint(20) NOT NULL,
  `id_eva` bigint(20) NOT NULL,
  `ord_blo` int(11) NOT NULL,
  PRIMARY KEY (`id_blo`,`id_eva`)
) ENGINE=MyISAM DEFAULT CHARSET=utf8 COLLATE=utf8_spanish_ci;

--
-- Dumping data for table `ev_be`
--


--
-- Table structure for table `ev_bloque`
--

CREATE TABLE `ev_bloque` (
  `id_blo` bigint(20) NOT NULL AUTO_INCREMENT,
  `tit_blo` varchar(150) COLLATE utf8_spanish_ci NOT NULL,
  `des_blo` varchar(250) COLLATE utf8_spanish_ci DEFAULT NULL,
  PRIMARY KEY (`id_blo`)
) ENGINE=MyISAM DEFAULT CHARSET=utf8 COLLATE=utf8_spanish_ci;

--
-- Dumping data for table `ev_bloque`
--


--
-- Table structure for table `ev_bp`
--

CREATE TABLE `ev_bp` (
  `id_blo` bigint(20) NOT NULL COMMENT 'Id. Bloque',
  `id_pre` bigint(20) NOT NULL COMMENT 'Id. Pregunta',
  PRIMARY KEY (`id_blo`,`id_pre`)
) ENGINE=MyISAM DEFAULT CHARSET=utf8 COLLATE=utf8_spanish_ci;

--
-- Dumping data for table `ev_bp`
--


--
-- Table structure for table `ev_ce`
--

CREATE TABLE `ev_ce` (
  `id_ce` bigint(20) NOT NULL AUTO_INCREMENT,
  `id_eva` bigint(20) DEFAULT NULL,
  `cod_cur` bigint(20) DEFAULT NULL,
  `est_ce` enum('Aplicada','No Aplicada') COLLATE utf8_spanish_ci DEFAULT NULL,
  `tip_ce` enum('u','v') COLLATE utf8_spanish_ci NOT NULL DEFAULT 'u',
  `fec_ini` datetime NOT NULL COMMENT 'Fecha y hora de aplicación de la evaluación o encuesta',
  `fec_fin` datetime NOT NULL COMMENT 'Fecha y hora de cierre de la evaluación o encuenta',
  `cod_ins` int(11) NOT NULL COMMENT 'Código de Instancia',
  `tip_ece` enum('ev','ep','ee') COLLATE utf8_spanish_ci NOT NULL DEFAULT 'ev' COMMENT 'Tipo de evaluación en curso evaluación (ev), encuentas padres (ep), encuesta estudiantes (ee)',
  PRIMARY KEY (`id_ce`)
) ENGINE=MyISAM DEFAULT CHARSET=utf8 COLLATE=utf8_spanish_ci;

--
-- Dumping data for table `ev_ce`
--


--
-- Table structure for table `ev_eval`
--

CREATE TABLE `ev_eval` (
  `id_eva` bigint(20) NOT NULL AUTO_INCREMENT,
  `cod_gra` int(11) NOT NULL,
  `cod_mat` int(11) NOT NULL,
  `tit_eva` varchar(250) COLLATE utf8_spanish_ci NOT NULL,
  `des_eva` text COLLATE utf8_spanish_ci NOT NULL,
  `est_eva` enum('a','i') COLLATE utf8_spanish_ci NOT NULL DEFAULT 'a' COMMENT 'Estado de la evaluación Activa (a) Inactiva (i)',
  `tip_eva` enum('ev','ej') COLLATE utf8_spanish_ci NOT NULL DEFAULT 'ev' COMMENT 'Tipo de Evaluación',
  `pre_blo` enum('s','n') COLLATE utf8_spanish_ci NOT NULL DEFAULT 's' COMMENT 'Presentar por Bloque o Un formulario completo',
  `id_usu_cre` int(11) NOT NULL,
  `fec_cre` timestamp NOT NULL DEFAULT CURRENT_TIMESTAMP,
  `id_usu_mod` int(11) DEFAULT NULL,
  `fec_mod` timestamp NULL DEFAULT NULL,
  `com_eva` enum('n','s') COLLATE utf8_spanish_ci NOT NULL DEFAULT 'n',
  PRIMARY KEY (`id_eva`),
  FULLTEXT KEY `tit_eva` (`tit_eva`,`des_eva`)
) ENGINE=MyISAM DEFAULT CHARSET=utf8 COLLATE=utf8_spanish_ci;

--
-- Dumping data for table `ev_eval`
--


--
-- Table structure for table `ev_item`
--

CREATE TABLE `ev_item` (
  `id_ite` bigint(20) NOT NULL AUTO_INCREMENT,
  `des_ite` varchar(500) COLLATE utf8_spanish_ci NOT NULL DEFAULT '0',
  `pun_ite` decimal(10,2) NOT NULL COMMENT 'Puntaje del Ítem. La suma de estos puntajes, siempre que sean una respuesta, da el puntaje de la pregunta',
  `ord_ite` int(11) NOT NULL,
  `res_ite` enum('s','n') COLLATE utf8_spanish_ci NOT NULL COMMENT 'Si el Ítem corresponde a una respuesta correcta.',
  `id_pre` bigint(20) NOT NULL,
  PRIMARY KEY (`id_ite`)
) ENGINE=MyISAM DEFAULT CHARSET=utf8 COLLATE=utf8_spanish_ci;

--
-- Dumping data for table `ev_item`
--


--
-- Table structure for table `ev_mat_cur`
--

CREATE TABLE `ev_mat_cur` (
  `id_ce` bigint(20) NOT NULL,
  `cod_mat` int(11) NOT NULL,
  PRIMARY KEY (`id_ce`,`cod_mat`)
) ENGINE=MyISAM DEFAULT CHARSET=utf8 COLLATE=utf8_spanish_ci;

--
-- Dumping data for table `ev_mat_cur`
--


--
-- Table structure for table `ev_pre`
--

CREATE TABLE `ev_pre` (
  `id_pre` bigint(20) NOT NULL AUTO_INCREMENT,
  `tit_pre` varchar(250) COLLATE utf8_spanish_ci NOT NULL,
  `des_pre` text COLLATE utf8_spanish_ci NOT NULL,
  `pun_pre` decimal(10,2) NOT NULL COMMENT 'Puntaje máximo de la pregunta. En preguntas de selección equivale a la suma de los puntajes de los items.',
  `id_tcam` int(11) NOT NULL COMMENT 'Id. Tipo Campo tabla docest_tipo_campo',
  `id_pad` bigint(20) DEFAULT NULL COMMENT 'Id. Padre de ',
  `cod_pre` text COLLATE utf8_spanish_ci COMMENT 'Código PHP o Javascript',
  `par_pre` varchar(50) COLLATE utf8_spanish_ci DEFAULT NULL COMMENT 'Parámetros para el tipo de campo',
  PRIMARY KEY (`id_pre`),
  FULLTEXT KEY `tit_pre` (`tit_pre`,`des_pre`)
) ENGINE=MyISAM DEFAULT CHARSET=utf8 COLLATE=utf8_spanish_ci;

--
-- Dumping data for table `ev_pre`
--


--
-- Table structure for table `eval_alumat`
--

CREATE TABLE `eval_alumat` (
  `id_alumat` bigint(20) unsigned NOT NULL AUTO_INCREMENT,
  `id_enc` bigint(20) DEFAULT NULL,
  `id_alu` bigint(20) NOT NULL,
  `cod_mat` int(11) DEFAULT NULL,
  `id_ano` int(10) unsigned NOT NULL DEFAULT '1',
  PRIMARY KEY (`id_alumat`)
) ENGINE=MyISAM DEFAULT CHARSET=utf8 COLLATE=utf8_spanish_ci PACK_KEYS=0 ROW_FORMAT=FIXED;

--
-- Dumping data for table `eval_alumat`
--


--
-- Table structure for table `eval_encuesta`
--

CREATE TABLE `eval_encuesta` (
  `id_enc` bigint(20) NOT NULL AUTO_INCREMENT,
  `tit_enc` varchar(255) COLLATE utf8_spanish_ci DEFAULT NULL,
  `des_enc` text COLLATE utf8_spanish_ci,
  `feci_enc` date DEFAULT NULL,
  `fecf_enc` date DEFAULT NULL,
  `est_enc` enum('a','i') COLLATE utf8_spanish_ci NOT NULL DEFAULT 'a',
  `mod_enc` enum('s','n') COLLATE utf8_spanish_ci NOT NULL DEFAULT 'n',
  `msec_enc` enum('s','c') COLLATE utf8_spanish_ci NOT NULL DEFAULT 's' COMMENT 's mostrar por secciones c mostrar completo',
  `tcal_enc` enum('a','m') COLLATE utf8_spanish_ci NOT NULL DEFAULT 'a' COMMENT 'tipo calificacionm manual a automatico',
  `tip_enc` enum('ed','em','ef','ep') COLLATE utf8_spanish_ci NOT NULL DEFAULT 'ed' COMMENT 'tipo de evaluacion  ed evaluaciondocente, em evaluacion xa materia ef, para funcionarios , ep para padres',
  `tlim_enc` int(11) NOT NULL COMMENT 'tiempo limite para responder la evaluacion',
  `valp_enc` enum('p','v') COLLATE utf8_spanish_ci NOT NULL DEFAULT 'v',
  PRIMARY KEY (`id_enc`)
) ENGINE=MyISAM DEFAULT CHARSET=utf8 COLLATE=utf8_spanish_ci PACK_KEYS=0 ROW_FORMAT=DYNAMIC;

--
-- Dumping data for table `eval_encuesta`
--


--
-- Table structure for table `eval_pregunta`
--

CREATE TABLE `eval_pregunta` (
  `id_pre` bigint(20) NOT NULL AUTO_INCREMENT,
  `id_tem` bigint(20) DEFAULT NULL,
  `des_pre` varchar(255) COLLATE utf8_spanish_ci DEFAULT NULL,
  `ord_pre` int(10) unsigned DEFAULT NULL,
  PRIMARY KEY (`id_pre`)
) ENGINE=MyISAM DEFAULT CHARSET=utf8 COLLATE=utf8_spanish_ci PACK_KEYS=0 ROW_FORMAT=DYNAMIC;

--
-- Dumping data for table `eval_pregunta`
--


--
-- Table structure for table `eval_respuestas`
--

CREATE TABLE `eval_respuestas` (
  `id_res` bigint(20) unsigned NOT NULL AUTO_INCREMENT,
  `id_alumat` bigint(20) unsigned DEFAULT NULL,
  `id_pre` bigint(20) DEFAULT NULL,
  `val_res` decimal(3,1) unsigned DEFAULT NULL,
  PRIMARY KEY (`id_res`)
) ENGINE=MyISAM DEFAULT CHARSET=utf8 COLLATE=utf8_spanish_ci PACK_KEYS=0 ROW_FORMAT=FIXED;

--
-- Dumping data for table `eval_respuestas`
--


--
-- Table structure for table `eval_tema`
--

CREATE TABLE `eval_tema` (
  `id_tem` bigint(20) NOT NULL AUTO_INCREMENT,
  `id_enc` bigint(20) unsigned DEFAULT NULL,
  `des_tem` varchar(255) COLLATE utf8_spanish_ci DEFAULT NULL,
  PRIMARY KEY (`id_tem`)
) ENGINE=MyISAM DEFAULT CHARSET=utf8 COLLATE=utf8_spanish_ci PACK_KEYS=0 ROW_FORMAT=DYNAMIC;

--
-- Dumping data for table `eval_tema`
--


--
-- Table structure for table `fac_abo_men`
--

CREATE TABLE `fac_abo_men` (
  `id_alu` bigint(20) NOT NULL,
  `id_mes` int(10) unsigned NOT NULL,
  `id_doc` int(10) unsigned NOT NULL,
  `id_ano_doc` int(10) unsigned NOT NULL,
  `id_ano_men` int(10) unsigned NOT NULL,
  `id_ano_doc_ult` int(10) NOT NULL,
  `id_doc_ult` int(10) NOT NULL,
  `aprov_adic` decimal(10,0) NOT NULL,
  `aprov_abon` decimal(10,0) NOT NULL,
  `aprov_cond` decimal(10,0) NOT NULL,
  `cond_capi` decimal(10,0) NOT NULL,
  `cond_inte` decimal(10,0) NOT NULL,
  `abon_capi` decimal(10,0) NOT NULL,
  `abon_inte` decimal(10,0) NOT NULL,
  `ajus_inte` decimal(10,0) NOT NULL,
  `capi_actu` decimal(10,0) NOT NULL,
  PRIMARY KEY (`id_alu`,`id_mes`,`id_doc`,`id_ano_doc`,`id_ano_men`),
  KEY `Table_45_FKIndex1` (`id_mes`,`id_ano_men`,`id_alu`),
  KEY `Table_45_FKIndex2` (`id_ano_doc`,`id_doc`),
  KEY `fac_abo_men_FKIndex3` (`id_doc_ult`,`id_ano_doc_ult`)
) ENGINE=MyISAM DEFAULT CHARSET=utf8 COLLATE=utf8_spanish_ci;

--
-- Dumping data for table `fac_abo_men`
--


--
-- Table structure for table `fac_abo_pre`
--

CREATE TABLE `fac_abo_pre` (
  `id_doc` int(10) unsigned NOT NULL,
  `id_ano` int(10) unsigned NOT NULL DEFAULT '1',
  `id_mes` int(10) unsigned NOT NULL,
  `vlr_capi` decimal(10,0) DEFAULT NULL,
  `vlr_inte` decimal(10,0) DEFAULT NULL,
  `vlr_ante` decimal(10,0) DEFAULT NULL,
  `vlr_repo` decimal(10,0) DEFAULT NULL,
  PRIMARY KEY (`id_doc`,`id_ano`),
  KEY `Table_45_FKIndex1` (`id_ano`,`id_doc`),
  KEY `fac_abo_pre_FKIndex2` (`id_mes`)
) ENGINE=MyISAM DEFAULT CHARSET=utf8 COLLATE=utf8_spanish_ci;

--
-- Dumping data for table `fac_abo_pre`
--


--
-- Table structure for table `fac_abo_val`
--

CREATE TABLE `fac_abo_val` (
  `id_val` int(10) unsigned NOT NULL AUTO_INCREMENT,
  `id_doc` int(10) unsigned NOT NULL,
  `id_ano` int(10) unsigned NOT NULL DEFAULT '1',
  `id_cor` int(10) unsigned NOT NULL,
  `fec_ini` date NOT NULL,
  `fec_fin` date NOT NULL,
  `valor` decimal(10,0) NOT NULL,
  PRIMARY KEY (`id_val`),
  KEY `fac_abo_val_FKIndex2` (`id_cor`),
  KEY `fac_abo_val_FKIndex20` (`id_ano`,`id_doc`)
) ENGINE=MyISAM DEFAULT CHARSET=utf8 COLLATE=utf8_spanish_ci;

--
-- Dumping data for table `fac_abo_val`
--


--
-- Table structure for table `fac_con_men`
--

CREATE TABLE `fac_con_men` (
  `id_alu` bigint(20) NOT NULL,
  `id_mes` int(10) unsigned NOT NULL,
  `id_doc` int(10) unsigned NOT NULL,
  `id_ano_mes` int(10) unsigned NOT NULL,
  `id_ano_doc` int(10) unsigned NOT NULL,
  `vlr_cond_capi` decimal(10,0) NOT NULL,
  `vlr_cond_inte` decimal(10,0) NOT NULL,
  PRIMARY KEY (`id_alu`,`id_mes`,`id_doc`,`id_ano_mes`,`id_ano_doc`),
  KEY `fac_con_men_FKIndex1` (`id_mes`,`id_ano_mes`,`id_alu`),
  KEY `fac_con_men_FKIndex2` (`id_ano_doc`,`id_doc`)
) ENGINE=MyISAM DEFAULT CHARSET=utf8 COLLATE=utf8_spanish_ci;

--
-- Dumping data for table `fac_con_men`
--


--
-- Table structure for table `fac_deu_deu`
--

CREATE TABLE `fac_deu_deu` (
  `id_doc` int(10) unsigned NOT NULL,
  `id_ano` int(10) unsigned NOT NULL DEFAULT '1',
  `id_deu` int(10) unsigned NOT NULL,
  `id_tip` int(10) unsigned NOT NULL,
  `id_ano_doc_ult` int(10) NOT NULL,
  `id_doc_ult` int(10) NOT NULL,
  `valor` decimal(10,0) NOT NULL,
  PRIMARY KEY (`id_doc`,`id_ano`,`id_deu`,`id_tip`)
) ENGINE=MyISAM DEFAULT CHARSET=utf8 COLLATE=utf8_spanish_ci;

--
-- Dumping data for table `fac_deu_deu`
--


--
-- Table structure for table `fac_mat_ser`
--

CREATE TABLE `fac_mat_ser` (
  `id_ser` int(10) unsigned NOT NULL,
  `id_doc` int(10) unsigned NOT NULL,
  `id_ano` int(10) unsigned NOT NULL DEFAULT '1',
  PRIMARY KEY (`id_ser`,`id_doc`,`id_ano`),
  KEY `servicio_has_factura_mat_FKIndex1` (`id_ser`),
  KEY `servicio_has_factura_mat_FKIndex2` (`id_doc`,`id_ano`)
) ENGINE=MyISAM DEFAULT CHARSET=utf8 COLLATE=utf8_spanish_ci;

--
-- Dumping data for table `fac_mat_ser`
--


--
-- Table structure for table `fac_mat_val`
--

CREATE TABLE `fac_mat_val` (
  `id_ano` int(10) unsigned NOT NULL DEFAULT '1',
  `id_doc` int(10) unsigned NOT NULL,
  `fec_lim` date NOT NULL,
  `valor` decimal(10,0) NOT NULL,
  `recargo` decimal(10,0) NOT NULL,
  PRIMARY KEY (`id_ano`,`id_doc`,`fec_lim`),
  KEY `fac_mat_val_FKIndex1` (`id_doc`,`id_ano`)
) ENGINE=MyISAM DEFAULT CHARSET=utf8 COLLATE=utf8_spanish_ci;

--
-- Dumping data for table `fac_mat_val`
--


--
-- Table structure for table `fac_men_men`
--

CREATE TABLE `fac_men_men` (
  `id_doc` int(10) unsigned NOT NULL,
  `id_alu` bigint(20) NOT NULL,
  `id_ano_mes` int(10) unsigned NOT NULL,
  `id_mes_mes` int(10) unsigned NOT NULL,
  `id_ano_doc` int(10) unsigned NOT NULL,
  PRIMARY KEY (`id_doc`,`id_alu`,`id_ano_mes`,`id_mes_mes`,`id_ano_doc`),
  KEY `fac_mes_men_FKIndex1` (`id_doc`,`id_ano_doc`),
  KEY `fac_mes_men_FKIndex2` (`id_mes_mes`,`id_ano_mes`,`id_alu`)
) ENGINE=MyISAM DEFAULT CHARSET=utf8 COLLATE=utf8_spanish_ci;

--
-- Dumping data for table `fac_men_men`
--


--
-- Table structure for table `fac_pre_mat`
--

CREATE TABLE `fac_pre_mat` (
  `id_doc` int(10) unsigned NOT NULL,
  `id_ano` int(10) unsigned NOT NULL DEFAULT '1',
  `id_ser` int(10) unsigned DEFAULT NULL,
  `id_pre` int(10) unsigned NOT NULL,
  PRIMARY KEY (`id_doc`,`id_ano`),
  KEY `fac_pre_mat_FKIndex3` (`id_doc`,`id_ano`),
  KEY `fac_pre_mat_FKIndex4` (`id_pre`),
  KEY `fac_pre_mat_FKIndex5` (`id_ano`),
  KEY `fac_pre_mat_FKIndex6` (`id_ser`)
) ENGINE=MyISAM DEFAULT CHARSET=utf8 COLLATE=utf8_spanish_ci;

--
-- Dumping data for table `fac_pre_mat`
--


--
-- Table structure for table `fac_pre_val`
--

CREATE TABLE `fac_pre_val` (
  `fec_lim` date NOT NULL,
  `id_ano` int(10) unsigned NOT NULL DEFAULT '1',
  `id_doc` int(10) unsigned NOT NULL,
  `interes` decimal(10,0) NOT NULL,
  `valor` decimal(10,0) NOT NULL,
  PRIMARY KEY (`fec_lim`,`id_ano`,`id_doc`),
  KEY `valor_fac_pre_FKIndex1` (`id_doc`,`id_ano`)
) ENGINE=MyISAM DEFAULT CHARSET=utf8 COLLATE=utf8_spanish_ci;

--
-- Dumping data for table `fac_pre_val`
--


--
-- Table structure for table `factura_abono`
--

CREATE TABLE `factura_abono` (
  `id_ano` int(10) unsigned NOT NULL DEFAULT '1',
  `id_doc` int(10) unsigned NOT NULL,
  `id_usu` int(10) unsigned NOT NULL,
  `id_alu` bigint(20) NOT NULL,
  `valor_repo` decimal(10,0) DEFAULT NULL,
  PRIMARY KEY (`id_ano`,`id_doc`),
  KEY `factura_abono_FKIndex1` (`id_alu`),
  KEY `factura_abono_FKIndex2` (`id_doc`,`id_ano`),
  KEY `factura_abono_FKIndex3` (`id_usu`)
) ENGINE=MyISAM DEFAULT CHARSET=utf8 COLLATE=utf8_spanish_ci;

--
-- Dumping data for table `factura_abono`
--


--
-- Table structure for table `factura_anti`
--

CREATE TABLE `factura_anti` (
  `id_doc` int(10) unsigned NOT NULL,
  `id_ano` int(10) unsigned NOT NULL DEFAULT '1',
  `id_alu` bigint(20) NOT NULL,
  `valor` decimal(10,0) NOT NULL,
  `fec_lim` date NOT NULL,
  PRIMARY KEY (`id_doc`,`id_ano`),
  KEY `factura_anticipado_FKIndex1` (`id_doc`,`id_ano`),
  KEY `factura_anticipado_FKIndex2` (`id_ano`),
  KEY `factura_anticipado_FKIndex3` (`id_alu`)
) ENGINE=MyISAM DEFAULT CHARSET=utf8 COLLATE=utf8_spanish_ci;

--
-- Dumping data for table `factura_anti`
--


--
-- Table structure for table `factura_cond`
--

CREATE TABLE `factura_cond` (
  `id_ano` int(10) unsigned NOT NULL DEFAULT '1',
  `id_doc` int(10) unsigned NOT NULL,
  `id_cor` int(10) unsigned NOT NULL,
  `id_alu` bigint(20) NOT NULL,
  `valor` decimal(10,0) NOT NULL,
  `justificacion` text COLLATE utf8_spanish_ci NOT NULL,
  PRIMARY KEY (`id_ano`,`id_doc`),
  KEY `Table_44_FKIndex1` (`id_doc`,`id_ano`),
  KEY `factura_cond_FKIndex2` (`id_alu`),
  KEY `factura_cond_FKIndex3` (`id_cor`)
) ENGINE=MyISAM DEFAULT CHARSET=utf8 COLLATE=utf8_spanish_ci;

--
-- Dumping data for table `factura_cond`
--


--
-- Table structure for table `factura_deu_ant`
--

CREATE TABLE `factura_deu_ant` (
  `id_ano` int(10) unsigned NOT NULL DEFAULT '1',
  `id_doc` int(10) unsigned NOT NULL,
  `id_alu` bigint(20) NOT NULL,
  `fec_lim` date NOT NULL,
  `abon_capi` decimal(10,0) NOT NULL,
  `cond_capi` decimal(10,0) NOT NULL,
  `inte` decimal(10,0) NOT NULL,
  `aprov` decimal(10,0) NOT NULL,
  `obse_fact` text COLLATE utf8_spanish_ci NOT NULL,
  PRIMARY KEY (`id_ano`,`id_doc`)
) ENGINE=MyISAM DEFAULT CHARSET=utf8 COLLATE=utf8_spanish_ci;

--
-- Dumping data for table `factura_deu_ant`
--


--
-- Table structure for table `factura_mat`
--

CREATE TABLE `factura_mat` (
  `id_doc` int(10) unsigned NOT NULL,
  `id_ano` int(10) unsigned NOT NULL DEFAULT '1',
  `id_usu` int(10) unsigned NOT NULL,
  `id_alu` bigint(20) NOT NULL,
  `cod_gra` int(10) unsigned NOT NULL,
  `valor` decimal(10,0) NOT NULL,
  PRIMARY KEY (`id_doc`,`id_ano`),
  KEY `factura_mat_FKIndex1` (`id_doc`,`id_ano`),
  KEY `factura_mat_FKIndex2` (`id_ano`),
  KEY `factura_mat_FKIndex3` (`id_alu`),
  KEY `factura_mat_FKIndex4` (`cod_gra`),
  KEY `factura_mat_FKIndex5` (`id_usu`)
) ENGINE=MyISAM DEFAULT CHARSET=utf8 COLLATE=utf8_spanish_ci;

--
-- Dumping data for table `factura_mat`
--


--
-- Table structure for table `factura_men`
--

CREATE TABLE `factura_men` (
  `id_doc` int(10) unsigned NOT NULL,
  `id_ano` int(10) unsigned NOT NULL DEFAULT '1',
  `id_alu` bigint(20) NOT NULL,
  `id_mes` int(10) unsigned NOT NULL,
  `interes` decimal(10,0) NOT NULL,
  `anteriores` decimal(10,0) NOT NULL,
  `mes_actual` decimal(10,0) NOT NULL,
  `reposicion` decimal(10,0) NOT NULL,
  PRIMARY KEY (`id_doc`,`id_ano`),
  KEY `factura_mes_FKIndex1` (`id_doc`,`id_ano`),
  KEY `factura_men_FKIndex2` (`id_mes`,`id_ano`,`id_alu`)
) ENGINE=MyISAM DEFAULT CHARSET=utf8 COLLATE=utf8_spanish_ci;

--
-- Dumping data for table `factura_men`
--


--
-- Table structure for table `factura_pre_mat`
--

CREATE TABLE `factura_pre_mat` (
  `id_doc` int(10) unsigned NOT NULL,
  `id_ano` int(10) unsigned NOT NULL DEFAULT '1',
  `id_ser` int(10) unsigned DEFAULT NULL,
  `id_pre` int(10) unsigned NOT NULL,
  PRIMARY KEY (`id_doc`,`id_ano`),
  KEY `fac_pre_mat_FKIndex3` (`id_doc`,`id_ano`),
  KEY `fac_pre_mat_FKIndex4` (`id_pre`),
  KEY `fac_pre_mat_FKIndex5` (`id_ano`),
  KEY `fac_pre_mat_FKIndex6` (`id_ser`)
) ENGINE=MyISAM DEFAULT CHARSET=utf8 COLLATE=utf8_spanish_ci;

--
-- Dumping data for table `factura_pre_mat`
--


--
-- Table structure for table `falta_histo_bie`
--

CREATE TABLE `falta_histo_bie` (
  `id_alu` bigint(20) NOT NULL,
  `cod_cur` bigint(20) NOT NULL,
  `fec_fal` date NOT NULL DEFAULT '0000-00-00',
  `hor_ini` time NOT NULL,
  `hor_fin` time NOT NULL,
  `jus_fal` enum('just','injust') COLLATE utf8_spanish_ci NOT NULL,
  `txt_jus` text COLLATE utf8_spanish_ci,
  PRIMARY KEY (`id_alu`,`cod_cur`,`fec_fal`,`hor_ini`)
) ENGINE=MyISAM DEFAULT CHARSET=utf8 COLLATE=utf8_spanish_ci;

--
-- Dumping data for table `falta_histo_bie`
--


--
-- Table structure for table `falta_histo_bien`
--

CREATE TABLE `falta_histo_bien` (
  `id_fal` bigint(20) NOT NULL AUTO_INCREMENT,
  `id_alu` bigint(20) NOT NULL,
  `cod_cur` int(3) NOT NULL,
  `id_jhor` int(10) NOT NULL,
  `fec_fal` date NOT NULL,
  `tipo_f` enum('f','r') COLLATE utf8_spanish_ci NOT NULL,
  `just_fal` enum('s','n') COLLATE utf8_spanish_ci NOT NULL DEFAULT 'n',
  `txtj_fal` varchar(1000) COLLATE utf8_spanish_ci DEFAULT NULL,
  `id_usu_cre` bigint(20) NOT NULL,
  `fec_cre` timestamp NOT NULL DEFAULT CURRENT_TIMESTAMP,
  `cod_mat` int(10) NOT NULL,
  PRIMARY KEY (`id_fal`)
) ENGINE=MyISAM DEFAULT CHARSET=utf8 COLLATE=utf8_spanish_ci;

--
-- Dumping data for table `falta_histo_bien`
--


--
-- Table structure for table `falta_histo_mat`
--

CREATE TABLE `falta_histo_mat` (
  `id_alu` bigint(20) NOT NULL,
  `cod_cur` int(3) NOT NULL DEFAULT '0',
  `cod_mat` bigint(3) NOT NULL DEFAULT '0',
  `fec_fal` date NOT NULL DEFAULT '0000-00-00',
  `num_hor` int(11) NOT NULL DEFAULT '0',
  `jus_fal` enum('just','injust') COLLATE utf8_spanish_ci NOT NULL DEFAULT 'injust',
  `txt_jus` blob,
  `tip_fal` enum('p','t') COLLATE utf8_spanish_ci DEFAULT 'p',
  `just_def` enum('s','n') COLLATE utf8_spanish_ci DEFAULT 'n' COMMENT 'Especifica si la falta se justificó con nota definitiva',
  PRIMARY KEY (`id_alu`,`cod_cur`,`cod_mat`,`fec_fal`)
) ENGINE=MyISAM DEFAULT CHARSET=utf8 COLLATE=utf8_spanish_ci;

--
-- Dumping data for table `falta_histo_mat`
--

INSERT INTO `falta_histo_mat` VALUES (1003103066,1172,6,'2014-04-16',1,'injust',NULL,'t','n'),(9906211208,1172,6,'2014-04-16',2,'injust',NULL,'t','n'),(1007310886,1172,6,'2014-04-16',3,'injust',NULL,'t','n'),(1089222038,2123,6,'2014-12-15',2,'injust',NULL,'t','n'),(1088971850,2123,6,'2014-12-15',2,'injust',NULL,'t','n'),(1088970456,2141,9,'2014-12-15',2,'injust',NULL,'t','n'),(1088970579,2141,9,'2014-12-15',3,'injust',NULL,'t','n'),(1088974772,11151,9,'2014-10-03',3,'injust',NULL,'t','n'),(1088971623,2123,6,'2014-12-15',4,'injust',NULL,'t','n'),(1138525277,2121,13,'2014-12-15',1,'injust',NULL,'t','n'),(1088970501,2131,9,'2014-12-15',2,'injust',NULL,'t','n'),(1088972199,2123,6,'2014-12-15',5,'injust',NULL,'t','n'),(1088970417,2141,9,'2014-12-15',3,'injust',NULL,'t','n'),(1088970029,2141,9,'2014-12-15',3,'injust',NULL,'t','n'),(1004710719,2141,9,'2014-12-15',3,'injust',NULL,'t','n'),(1088970613,2141,9,'2014-12-15',3,'injust',NULL,'t','n'),(1088971177,2141,9,'2014-12-15',2,'injust',NULL,'t','n'),(1088970431,2141,9,'2014-12-15',1,'injust',NULL,'t','n'),(1088971820,2121,13,'2014-12-15',4,'injust',NULL,'t','n'),(1088971971,2121,13,'2014-12-15',5,'injust',NULL,'t','n'),(1088970579,2141,6,'2014-12-15',3,'injust',NULL,'t','n'),(1004710719,2141,6,'2014-12-15',1,'injust',NULL,'t','n'),(1088971960,2113,13,'2014-12-15',4,'injust',NULL,'t','n'),(1088972692,2113,13,'2014-12-15',1,'injust',NULL,'t','n'),(1088972785,2113,13,'2014-12-15',3,'injust',NULL,'t','n'),(1004710786,1162,13,'2014-10-03',2,'injust',NULL,'t','n'),(1004711021,1164,15,'2014-10-03',2,'injust',NULL,'t','n'),(98041369469,11112,23,'2014-10-03',4,'injust',NULL,'t','n'),(1002807871,11111,19,'2014-10-03',2,'injust',NULL,'t','n'),(1004711021,1164,6,'2014-10-03',2,'injust',NULL,'t','n'),(1088974719,11112,23,'2014-10-03',1,'injust',NULL,'t','n'),(1088974949,11112,23,'2014-10-03',5,'injust',NULL,'t','n'),(1005976183,1184,10,'2014-10-03',2,'injust',NULL,'t','n'),(1004710620,1184,10,'2014-10-03',1,'injust',NULL,'t','n'),(1002820320,1171,28,'2014-10-03',2,'injust',NULL,'t','n'),(98112409610,1164,15,'2014-10-03',2,'injust',NULL,'t','n'),(1004517139,1164,15,'2014-10-03',2,'injust',NULL,'t','n'),(1004711021,1164,19,'2014-10-03',3,'injust',NULL,'t','n'),(1004711174,1161,10,'2014-10-03',3,'injust',NULL,'t','n'),(1003103066,1172,13,'2014-10-03',2,'injust',NULL,'t','n'),(9906211208,1172,6,'2014-10-03',2,'injust',NULL,'t','n'),(97062512168,11113,9,'2014-10-03',3,'injust',NULL,'t','n'),(1007310886,1172,6,'2014-10-03',4,'injust',NULL,'t','n'),(97011918496,11151,9,'2014-10-03',4,'injust',NULL,'t','n'),(1088974342,11151,9,'2014-10-03',2,'injust',NULL,'t','n'),(96101901596,11151,9,'2014-10-03',5,'injust',NULL,'t','n'),(9906211208,1172,9,'2014-10-03',9,'injust',NULL,'t','n'),(1007310886,1172,9,'2014-10-03',9,'injust',NULL,'t','n'),(1007310998,1172,9,'2014-10-03',8,'injust',NULL,'t','n'),(1004711498,1172,9,'2014-10-03',8,'injust',NULL,'t','n'),(1004710601,1172,9,'2014-10-03',8,'injust',NULL,'t','n'),(1004710739,1172,9,'2014-10-03',8,'injust',NULL,'t','n'),(1004710663,1172,9,'2014-10-03',8,'injust',NULL,'t','n'),(98083168021,1172,9,'2014-10-03',8,'injust',NULL,'t','n'),(1007310984,1172,9,'2014-10-03',8,'injust',NULL,'t','n'),(1007797122,1172,9,'2014-10-03',8,'injust',NULL,'t','n'),(1007310889,1172,9,'2014-10-03',8,'injust',NULL,'t','n'),(1007310985,1172,9,'2014-10-03',8,'injust',NULL,'t','n'),(1004710645,1172,9,'2014-10-03',8,'injust',NULL,'t','n'),(99100809997,1172,9,'2014-10-03',8,'injust',NULL,'t','n'),(1007310967,1172,9,'2014-10-03',8,'injust',NULL,'t','n'),(1007310958,1172,9,'2014-10-03',8,'injust',NULL,'t','n'),(1007310949,1172,9,'2014-10-03',8,'injust',NULL,'t','n'),(1004711445,1172,9,'2014-10-03',8,'injust',NULL,'t','n'),(1004710642,1172,9,'2014-10-03',8,'injust',NULL,'t','n'),(1004710618,1172,9,'2014-10-03',8,'injust',NULL,'t','n'),(1004710707,1172,9,'2014-10-03',8,'injust',NULL,'t','n'),(99100308807,1172,9,'2014-10-03',8,'injust',NULL,'t','n'),(1002807280,1172,9,'2014-10-03',8,'injust',NULL,'t','n'),(1007310993,1172,9,'2014-10-03',8,'injust',NULL,'t','n');

--
-- Table structure for table `faltas`
--

CREATE TABLE `faltas` (
  `id_alu` bigint(20) NOT NULL,
  `cod_cur` int(6) NOT NULL DEFAULT '0',
  `cod_mat` bigint(3) NOT NULL DEFAULT '0',
  `num_fal` int(2) unsigned zerofill NOT NULL DEFAULT '00',
  `id_ano` int(10) unsigned NOT NULL DEFAULT '1',
  `per_val` int(3) NOT NULL DEFAULT '1',
  `tip_tab` enum('are','mat') COLLATE utf8_spanish_ci NOT NULL DEFAULT 'mat',
  PRIMARY KEY (`id_alu`,`cod_cur`,`cod_mat`,`id_ano`,`per_val`)
) ENGINE=MyISAM DEFAULT CHARSET=utf8 COLLATE=utf8_spanish_ci;

--
-- Dumping data for table `faltas`
--


--
-- Table structure for table `faltas_usuario_reg`
--

CREATE TABLE `faltas_usuario_reg` (
  `id_usu` bigint(20) NOT NULL DEFAULT '0',
  `tip_usu` char(1) COLLATE utf8_spanish_ci NOT NULL DEFAULT '',
  `cod_cur` bigint(20) NOT NULL DEFAULT '0',
  PRIMARY KEY (`id_usu`,`tip_usu`,`cod_cur`)
) ENGINE=MyISAM DEFAULT CHARSET=utf8 COLLATE=utf8_spanish_ci;

--
-- Dumping data for table `faltas_usuario_reg`
--


--
-- Temporary table structure for view `filtro_estudiantes_acudientes`
--

/*!50001 DROP VIEW IF EXISTS `filtro_estudiantes_acudientes`*/;
/*!50001 CREATE TABLE `filtro_estudiantes_acudientes` (
  `id_alu` tinyint NOT NULL,
  `nom_per` tinyint NOT NULL,
  `ape_per` tinyint NOT NULL,
  `id_per` tinyint NOT NULL,
  `cod_tip` tinyint NOT NULL,
  `est_alu` tinyint NOT NULL,
  `ufo_alu` tinyint NOT NULL,
  `cod_niv` tinyint NOT NULL,
  `cod_gra` tinyint NOT NULL,
  `cod_cur` tinyint NOT NULL,
  `des_cur` tinyint NOT NULL,
  `id_acu` tinyint NOT NULL,
  `nom_acu` tinyint NOT NULL,
  `ape_acu` tinyint NOT NULL,
  `id_sed` tinyint NOT NULL,
  `nom_sed` tinyint NOT NULL,
  `id_jor` tinyint NOT NULL,
  `des_jor` tinyint NOT NULL
) ENGINE=MyISAM */;

--
-- Temporary table structure for view `filtro_estudiantes_madres`
--

/*!50001 DROP VIEW IF EXISTS `filtro_estudiantes_madres`*/;
/*!50001 CREATE TABLE `filtro_estudiantes_madres` (
  `id_alu` tinyint NOT NULL,
  `nom_per` tinyint NOT NULL,
  `ape_per` tinyint NOT NULL,
  `id_per` tinyint NOT NULL,
  `cod_tip` tinyint NOT NULL,
  `est_alu` tinyint NOT NULL,
  `ufo_alu` tinyint NOT NULL,
  `cod_niv` tinyint NOT NULL,
  `cod_gra` tinyint NOT NULL,
  `cod_cur` tinyint NOT NULL,
  `des_cur` tinyint NOT NULL,
  `id_acu` tinyint NOT NULL,
  `nom_acu` tinyint NOT NULL,
  `ape_acu` tinyint NOT NULL,
  `id_sed` tinyint NOT NULL,
  `nom_sed` tinyint NOT NULL,
  `id_jor` tinyint NOT NULL,
  `des_jor` tinyint NOT NULL
) ENGINE=MyISAM */;

--
-- Temporary table structure for view `filtro_estudiantes_padres`
--

/*!50001 DROP VIEW IF EXISTS `filtro_estudiantes_padres`*/;
/*!50001 CREATE TABLE `filtro_estudiantes_padres` (
  `id_alu` tinyint NOT NULL,
  `nom_per` tinyint NOT NULL,
  `ape_per` tinyint NOT NULL,
  `id_per` tinyint NOT NULL,
  `cod_tip` tinyint NOT NULL,
  `est_alu` tinyint NOT NULL,
  `ufo_alu` tinyint NOT NULL,
  `cod_niv` tinyint NOT NULL,
  `cod_gra` tinyint NOT NULL,
  `cod_cur` tinyint NOT NULL,
  `des_cur` tinyint NOT NULL,
  `id_acu` tinyint NOT NULL,
  `nom_acu` tinyint NOT NULL,
  `ape_acu` tinyint NOT NULL,
  `id_sed` tinyint NOT NULL,
  `nom_sed` tinyint NOT NULL,
  `id_jor` tinyint NOT NULL,
  `des_jor` tinyint NOT NULL
) ENGINE=MyISAM */;

--
-- Table structure for table `fun_sed`
--

CREATE TABLE `fun_sed` (
  `id_per` bigint(20) NOT NULL,
  `id_sed` int(11) NOT NULL
) ENGINE=MyISAM DEFAULT CHARSET=utf8 COLLATE=utf8_spanish_ci;

--
-- Dumping data for table `fun_sed`
--


--
-- Table structure for table `gob_est_candidatos`
--

CREATE TABLE `gob_est_candidatos` (
  `id_can` tinyint(3) unsigned NOT NULL AUTO_INCREMENT,
  `id_alu` bigint(20) NOT NULL,
  `id_car` tinyint(3) unsigned DEFAULT NULL,
  PRIMARY KEY (`id_can`)
) ENGINE=MyISAM DEFAULT CHARSET=utf8 COLLATE=utf8_spanish_ci PACK_KEYS=0 ROW_FORMAT=FIXED;

--
-- Dumping data for table `gob_est_candidatos`
--


--
-- Table structure for table `gob_est_cargos`
--

CREATE TABLE `gob_est_cargos` (
  `id_car` tinyint(3) unsigned NOT NULL AUTO_INCREMENT,
  `nom_car` varchar(50) COLLATE utf8_spanish_ci DEFAULT NULL,
  `cod_niv` int(10) unsigned DEFAULT NULL,
  `cod_gra` int(10) unsigned DEFAULT NULL,
  `cod_cur` int(10) unsigned DEFAULT NULL,
  `est_elec` enum('a','c') COLLATE utf8_spanish_ci NOT NULL DEFAULT 'c',
  `vb_car` enum('s','n') COLLATE utf8_spanish_ci NOT NULL DEFAULT 's',
  PRIMARY KEY (`id_car`)
) ENGINE=MyISAM DEFAULT CHARSET=utf8 COLLATE=utf8_spanish_ci PACK_KEYS=0 ROW_FORMAT=DYNAMIC;

--
-- Dumping data for table `gob_est_cargos`
--


--
-- Table structure for table `gob_est_cargos_curso`
--

CREATE TABLE `gob_est_cargos_curso` (
  `id_car` bigint(20) NOT NULL,
  `cod_cur` bigint(20) NOT NULL,
  PRIMARY KEY (`id_car`,`cod_cur`)
) ENGINE=MyISAM DEFAULT CHARSET=utf8 COLLATE=utf8_spanish_ci;

--
-- Dumping data for table `gob_est_cargos_curso`
--


--
-- Table structure for table `gob_est_votantes`
--

CREATE TABLE `gob_est_votantes` (
  `id_alu` bigint(20) NOT NULL,
  `fec_voto` date DEFAULT NULL,
  `hor_voto` time DEFAULT NULL,
  `ip_voto` varchar(30) COLLATE utf8_spanish_ci DEFAULT NULL
) ENGINE=MyISAM DEFAULT CHARSET=utf8 COLLATE=utf8_spanish_ci PACK_KEYS=0 ROW_FORMAT=DYNAMIC;

--
-- Dumping data for table `gob_est_votantes`
--


--
-- Table structure for table `gob_est_votantes2`
--

CREATE TABLE `gob_est_votantes2` (
  `id_alu` bigint(20) NOT NULL,
  `fec_voto` date DEFAULT NULL,
  `hor_voto` time DEFAULT NULL,
  `ip_voto` varchar(30) COLLATE utf8_spanish_ci DEFAULT NULL
) ENGINE=MyISAM DEFAULT CHARSET=utf8 COLLATE=utf8_spanish_ci ROW_FORMAT=DYNAMIC;

--
-- Dumping data for table `gob_est_votantes2`
--


--
-- Table structure for table `gob_est_votos`
--

CREATE TABLE `gob_est_votos` (
  `id_car` tinyint(3) unsigned NOT NULL DEFAULT '0',
  `id_can` tinyint(3) unsigned NOT NULL DEFAULT '0',
  `ver_voto` varchar(250) COLLATE utf8_spanish_ci NOT NULL DEFAULT '',
  PRIMARY KEY (`id_can`,`ver_voto`,`id_car`)
) ENGINE=MyISAM DEFAULT CHARSET=utf8 COLLATE=utf8_spanish_ci PACK_KEYS=0 ROW_FORMAT=DYNAMIC;

--
-- Dumping data for table `gob_est_votos`
--


--
-- Table structure for table `grado`
--

CREATE TABLE `grado` (
  `cod_gra` bigint(6) unsigned NOT NULL AUTO_INCREMENT,
  `des_gra` varchar(60) COLLATE utf8_spanish_ci NOT NULL,
  `cod_niv` int(2) unsigned NOT NULL DEFAULT '1',
  `cod_gra_DANE` varchar(4) COLLATE utf8_spanish_ci NOT NULL,
  `ord_gra` int(6) unsigned DEFAULT NULL,
  PRIMARY KEY (`cod_gra`)
) ENGINE=MyISAM AUTO_INCREMENT=20 DEFAULT CHARSET=utf8 COLLATE=utf8_spanish_ci;

--
-- Dumping data for table `grado`
--

INSERT INTO `grado` VALUES (14,'CERO',1,'2',3),(1,'PRIMERO',2,'3',4),(2,'SEGUNDO',2,'4',5),(3,'TERCERO',2,'5',6),(4,'CUARTO',2,'6',7),(5,'QUINTO',2,'7',8),(6,'SEXTO',3,'8',9),(7,'SEPTIMO',3,'9',10),(8,'OCTAVO',3,'10',11),(9,'NOVENO',3,'11',12),(10,'DECIMO',3,'12',13),(11,'UNDECIMO',3,'13',14),(15,'PRIMER SEMESTRE',4,'15',16),(16,'SEGUNDO SEMESTRE',4,'16',17),(17,'TERCER SEMESTRE',4,'17',18),(18,'CUARTO SEMESTRE',4,'18',19);

--
-- Table structure for table `grupo_escolar`
--

CREATE TABLE `grupo_escolar` (
  `id_grue` bigint(20) NOT NULL AUTO_INCREMENT,
  `des_grue` varchar(250) COLLATE utf8_spanish_ci DEFAULT NULL,
  `id_per` varchar(20) COLLATE utf8_spanish_ci DEFAULT NULL,
  PRIMARY KEY (`id_grue`)
) ENGINE=MyISAM DEFAULT CHARSET=utf8 COLLATE=utf8_spanish_ci;

--
-- Dumping data for table `grupo_escolar`
--


--
-- Table structure for table `grupo_escolar_alumno`
--

CREATE TABLE `grupo_escolar_alumno` (
  `id_grue` int(10) NOT NULL,
  `id_alu` bigint(20) NOT NULL,
  PRIMARY KEY (`id_grue`,`id_alu`)
) ENGINE=MyISAM DEFAULT CHARSET=utf8 COLLATE=utf8_spanish_ci;

--
-- Dumping data for table `grupo_escolar_alumno`
--


--
-- Table structure for table `grupo_servicio`
--

CREATE TABLE `grupo_servicio` (
  `id_gru_ser` int(10) unsigned NOT NULL AUTO_INCREMENT,
  `des_gru_ser` varchar(255) COLLATE utf8_spanish_ci NOT NULL,
  `est_gru_ser` enum('acti','desa') COLLATE utf8_spanish_ci NOT NULL DEFAULT 'acti',
  `contrato` enum('s','n') COLLATE utf8_spanish_ci DEFAULT 'n',
  PRIMARY KEY (`id_gru_ser`)
) ENGINE=MyISAM DEFAULT CHARSET=utf8 COLLATE=utf8_spanish_ci;

--
-- Dumping data for table `grupo_servicio`
--


--
-- Table structure for table `grupodane`
--

CREATE TABLE `grupodane` (
  `cod_grudane` bigint(3) unsigned zerofill NOT NULL AUTO_INCREMENT,
  `des_grudane` varchar(250) COLLATE utf8_spanish_ci NOT NULL,
  `cla_dane` enum('insti','estud') COLLATE utf8_spanish_ci NOT NULL DEFAULT 'estud',
  PRIMARY KEY (`cla_dane`,`des_grudane`),
  UNIQUE KEY `cod_grudane` (`cod_grudane`),
  KEY `cod_grudane_2` (`cod_grudane`)
) ENGINE=MyISAM DEFAULT CHARSET=utf8 COLLATE=utf8_spanish_ci;

--
-- Dumping data for table `grupodane`
--


--
-- Table structure for table `hisobsest`
--

CREATE TABLE `hisobsest` (
  `id_obe` bigint(9) unsigned zerofill NOT NULL DEFAULT '000000000',
  `raz_ini_obe` varchar(150) COLLATE utf8_spanish_ci NOT NULL,
  `tar_cie_obe` text COLLATE utf8_spanish_ci NOT NULL,
  `fec_ini_obe` date NOT NULL DEFAULT '0000-00-00',
  `hor_ini_obe` time NOT NULL DEFAULT '00:00:00',
  `fec_ing_obe` date NOT NULL DEFAULT '0000-00-00',
  `hor_ing_obe` time NOT NULL DEFAULT '00:00:00',
  `fec_fin_obe` date NOT NULL DEFAULT '0000-00-00',
  `hor_fin_obe` time NOT NULL DEFAULT '00:00:00',
  `id_per` varchar(11) COLLATE utf8_spanish_ci DEFAULT NULL,
  PRIMARY KEY (`fec_ing_obe`,`hor_ing_obe`,`id_obe`)
) ENGINE=MyISAM DEFAULT CHARSET=utf8 COLLATE=utf8_spanish_ci ROW_FORMAT=FIXED;

--
-- Dumping data for table `hisobsest`
--

INSERT INTO `hisobsest` VALUES (000000001,'','','0000-00-00','00:00:00','2014-10-22','18:00:56','0000-00-00','00:00:00','11'),(000000002,'','','0000-00-00','00:00:00','2014-10-22','18:01:00','0000-00-00','00:00:00','11'),(000000014,'','','0000-00-00','00:00:00','2014-10-22','18:03:59','0000-00-00','00:00:00','50'),(000000010,'','','0000-00-00','00:00:00','2014-10-22','18:01:49','0000-00-00','00:00:00','46'),(000000012,'','','0000-00-00','00:00:00','2014-10-22','18:02:08','0000-00-00','00:00:00','46'),(000000019,'','','0000-00-00','00:00:00','2014-10-22','18:10:59','0000-00-00','00:00:00','46'),(000000017,'','','0000-00-00','00:00:00','2014-10-22','18:06:38','0000-00-00','00:00:00','46'),(000000022,'','','0000-00-00','00:00:00','2014-10-22','18:13:06','0000-00-00','00:00:00','46'),(000000021,'','','0000-00-00','00:00:00','2014-10-22','18:12:21','0000-00-00','00:00:00','46'),(000000023,'','','0000-00-00','00:00:00','2014-10-22','18:13:40','0000-00-00','00:00:00','46'),(000000024,'','','0000-00-00','00:00:00','2014-10-22','18:14:10','0000-00-00','00:00:00','46'),(000000025,'','','0000-00-00','00:00:00','2014-10-22','18:14:38','0000-00-00','00:00:00','46'),(000000026,'','','0000-00-00','00:00:00','2014-10-22','20:52:39','0000-00-00','00:00:00','28'),(000000029,'','','0000-00-00','00:00:00','2014-10-23','16:47:02','0000-00-00','00:00:00','13'),(000000030,'','','0000-00-00','00:00:00','2014-10-23','16:47:06','0000-00-00','00:00:00','13'),(000000074,'','','0000-00-00','00:00:00','2014-10-23','17:16:29','0000-00-00','00:00:00','16'),(000000069,'','','0000-00-00','00:00:00','2014-10-23','17:15:38','0000-00-00','00:00:00','21'),(000000035,'','','0000-00-00','00:00:00','2014-10-23','16:51:18','0000-00-00','00:00:00','7'),(000000036,'','','0000-00-00','00:00:00','2014-10-23','16:51:30','0000-00-00','00:00:00','7'),(000000037,'','','0000-00-00','00:00:00','2014-10-23','16:51:36','0000-00-00','00:00:00','7'),(000000038,'','','0000-00-00','00:00:00','2014-10-23','16:51:46','0000-00-00','00:00:00','7'),(000000047,'','','0000-00-00','00:00:00','2014-10-23','17:11:51','0000-00-00','00:00:00','16'),(000000073,'','','0000-00-00','00:00:00','2014-10-23','17:16:24','0000-00-00','00:00:00','7'),(000000049,'','','0000-00-00','00:00:00','2014-10-23','17:15:26','0000-00-00','00:00:00','35'),(000000050,'','','0000-00-00','00:00:00','2014-10-23','17:10:56','0000-00-00','00:00:00','21'),(000000051,'','','0000-00-00','00:00:00','2014-10-23','17:16:09','0000-00-00','00:00:00','16'),(000000058,'','','0000-00-00','00:00:00','2014-10-23','17:15:17','0000-00-00','00:00:00','18'),(000000054,'','','0000-00-00','00:00:00','2014-10-23','17:12:05','0000-00-00','00:00:00','21'),(000000059,'','','0000-00-00','00:00:00','2014-10-23','17:12:56','0000-00-00','00:00:00','33'),(000000060,'','','0000-00-00','00:00:00','2014-10-23','17:13:16','0000-00-00','00:00:00','16'),(000000061,'','','0000-00-00','00:00:00','2014-10-23','17:13:25','0000-00-00','00:00:00','36'),(000000062,'','','0000-00-00','00:00:00','2014-10-23','17:15:01','0000-00-00','00:00:00','16'),(000000071,'','','0000-00-00','00:00:00','2014-10-23','17:15:50','0000-00-00','00:00:00','5'),(000000064,'','','0000-00-00','00:00:00','2014-10-23','17:14:17','0000-00-00','00:00:00','35'),(000000067,'','','0000-00-00','00:00:00','2014-10-23','17:15:03','0000-00-00','00:00:00','21'),(000000070,'','','0000-00-00','00:00:00','2014-10-23','17:15:48','0000-00-00','00:00:00','7'),(000000075,'','','0000-00-00','00:00:00','2014-10-23','17:16:29','0000-00-00','00:00:00','7');

--
-- Table structure for table `histo_cartera`
--

CREATE TABLE `histo_cartera` (
  `rec_rev` datetime NOT NULL,
  `id_ano` int(10) unsigned NOT NULL DEFAULT '1',
  PRIMARY KEY (`rec_rev`),
  KEY `histo_cartera_FKIndex1` (`id_ano`)
) ENGINE=MyISAM DEFAULT CHARSET=utf8 COLLATE=utf8_spanish_ci;

--
-- Dumping data for table `histo_cartera`
--


--
-- Table structure for table `histo_plan_mej`
--

CREATE TABLE `histo_plan_mej` (
  `cod_pla` bigint(6) NOT NULL,
  `cod_act` bigint(6) NOT NULL,
  `id_per` int(3) NOT NULL,
  `fec_pro` date NOT NULL,
  `txt_seg` blob,
  `fec_rea` date DEFAULT NULL,
  `est_act` enum('abi','cerr') COLLATE utf8_spanish_ci NOT NULL,
  PRIMARY KEY (`cod_pla`,`cod_act`,`fec_pro`)
) ENGINE=MyISAM DEFAULT CHARSET=utf8 COLLATE=utf8_spanish_ci;

--
-- Dumping data for table `histo_plan_mej`
--


--
-- Table structure for table `hojaimpri`
--

CREATE TABLE `hojaimpri` (
  `cod_him` int(3) unsigned zerofill NOT NULL AUTO_INCREMENT,
  `des_him` varchar(200) COLLATE utf8_spanish_ci NOT NULL,
  `img_him` varchar(250) COLLATE utf8_spanish_ci NOT NULL,
  `tam_him` enum('Letter','Legal') COLLATE utf8_spanish_ci NOT NULL DEFAULT 'Letter',
  `hor_him` enum('L','P') COLLATE utf8_spanish_ci NOT NULL DEFAULT 'P',
  PRIMARY KEY (`des_him`),
  UNIQUE KEY `cod_him` (`cod_him`)
) ENGINE=MyISAM DEFAULT CHARSET=utf8 COLLATE=utf8_spanish_ci;

--
-- Dumping data for table `hojaimpri`
--


--
-- Table structure for table `hora_corte`
--

CREATE TABLE `hora_corte` (
  `id_hor` int(10) unsigned NOT NULL AUTO_INCREMENT,
  `des_hor` varchar(255) COLLATE utf8_spanish_ci NOT NULL,
  `hora` time NOT NULL,
  PRIMARY KEY (`id_hor`)
) ENGINE=MyISAM DEFAULT CHARSET=utf8 COLLATE=utf8_spanish_ci;

--
-- Dumping data for table `hora_corte`
--


--
-- Table structure for table `imagenes`
--

CREATE TABLE `imagenes` (
  `id_img` tinyint(3) unsigned NOT NULL AUTO_INCREMENT,
  `nom_img` varchar(50) COLLATE utf8_spanish_ci DEFAULT NULL,
  `des_img` varchar(50) COLLATE utf8_spanish_ci DEFAULT NULL,
  `url_img` varchar(250) COLLATE utf8_spanish_ci DEFAULT NULL,
  `est_img` enum('a','i') COLLATE utf8_spanish_ci DEFAULT 'a',
  PRIMARY KEY (`id_img`)
) ENGINE=MyISAM AUTO_INCREMENT=23 DEFAULT CHARSET=utf8 COLLATE=utf8_spanish_ci;

--
-- Dumping data for table `imagenes`
--

INSERT INTO `imagenes` VALUES (1,'LOGO_REPORTES_1','Imagen del lado izquierdo de los reportes ','logooficial.png','a'),(2,'LOGO_REPORTES_2','Imagen del lado derecho  de los reportes','logooficial.png','a'),(3,'LOGO_CERTIFICADOS_1','Imagen del lado izquierdo de los certificados','logooficial.png','a'),(4,'LOGO_CERTIFICADOS_2','Imagen del lado derecho de los reportes ','logooficial.png','a'),(5,'LOGO_FACTURA_1','','logoCAPACI.png','a'),(14,'LOGO_INS','Logo Institución','logooficial.png','a'),(18,'FONDO_BOLETIN_PRE','Fondo boletin preescolar','Fondopreescolar.png','a'),(19,'VALORACION_1','Imagen valoracion superior','alcanzado.png','a'),(20,'VALORACION_2','Imagen valoracion Alto','alcanzado.png','a'),(21,'VALORACION_3','Imagen valoracion Básico','alcanzado.png','a'),(22,'VALORACION_4','Imagen valoracion Bajo','en_proceso.png','a');

--
-- Table structure for table `impuntual`
--

CREATE TABLE `impuntual` (
  `id_alu` bigint(20) NOT NULL,
  `cod_cur` int(6) NOT NULL,
  `fec_imp` date NOT NULL,
  `hor_imp` time NOT NULL,
  `est_imp` enum('just','injust') COLLATE utf8_spanish_ci NOT NULL
) ENGINE=MyISAM DEFAULT CHARSET=utf8 COLLATE=utf8_spanish_ci;

--
-- Dumping data for table `impuntual`
--


--
-- Table structure for table `indicadores`
--

CREATE TABLE `indicadores` (
  `id_ind` int(15) NOT NULL AUTO_INCREMENT,
  `cod_mat` bigint(3) NOT NULL DEFAULT '0',
  `cod_cur` int(6) NOT NULL DEFAULT '0',
  `des_ind` blob,
  `id_ano` int(10) unsigned NOT NULL DEFAULT '1',
  `id_peri` int(3) NOT NULL DEFAULT '1',
  `tip_tab` enum('are','mat') COLLATE utf8_spanish_ci NOT NULL DEFAULT 'mat',
  PRIMARY KEY (`cod_mat`,`cod_cur`,`id_ano`,`id_peri`,`id_ind`),
  UNIQUE KEY `id_ind` (`id_ind`)
) ENGINE=MyISAM DEFAULT CHARSET=utf8 COLLATE=utf8_spanish_ci;

--
-- Dumping data for table `indicadores`
--


--
-- Table structure for table `indicadores_seg`
--

CREATE TABLE `indicadores_seg` (
  `cod_ind` bigint(6) NOT NULL AUTO_INCREMENT,
  `cod_log` bigint(6) DEFAULT NULL,
  `des_ind` text COLLATE utf8_spanish_ci NOT NULL,
  `fec_cre` date NOT NULL,
  `id_usu_cre` bigint(6) NOT NULL,
  `fec_mod` date NOT NULL,
  `id_usu_mod` bigint(6) NOT NULL,
  `est_ind` enum('hab','des') COLLATE utf8_spanish_ci NOT NULL,
  `ord_ind` int(11) DEFAULT NULL,
  `cod_gra` bigint(6) NOT NULL,
  `cod_mat` bigint(6) NOT NULL,
  `cod_ant` bigint(6) NOT NULL,
  `id_tniv` bigint(20) DEFAULT NULL,
  PRIMARY KEY (`cod_ind`)
) ENGINE=MyISAM AUTO_INCREMENT=21 DEFAULT CHARSET=utf8 COLLATE=utf8_spanish_ci;

--
-- Dumping data for table `indicadores_seg`
--

INSERT INTO `indicadores_seg` VALUES (3,NULL,'APLICACION DE PROCESADOR DE TEXTO WORD','2014-10-23',60,'2014-10-23',60,'hab',NULL,6,15,0,NULL),(4,NULL,'Construye oraciones en futuro con going to correctamente e interpreta textos haciendo uso de esta estructura.','2014-10-23',64,'2014-10-23',64,'hab',NULL,7,13,0,NULL),(6,NULL,'Competencia 1','2014-10-23',1,'2014-10-23',1,'hab',NULL,6,6,0,NULL),(7,NULL,'Competencia 1','2014-10-23',67,'2014-10-23',67,'hab',NULL,7,14,0,NULL),(17,NULL,'realiza adecuadamente los ejercicios físicos','2014-10-23',78,'2014-10-23',78,'hab',NULL,6,19,0,NULL),(9,NULL,'','2014-10-23',94,'2014-10-23',94,'hab',NULL,10,21,0,NULL),(10,NULL,'Reconozco la celula como unidad funcional y estructural de los seres vivos','2014-10-23',80,'2014-10-23',80,'hab',NULL,6,6,0,NULL),(11,NULL,'Desarrollo las actividades lúdicas de manera entusiasta y cooperativa','2014-10-23',78,'2014-10-23',78,'hab',NULL,6,19,0,NULL),(12,NULL,'','2014-10-23',63,'2014-10-23',63,'hab',NULL,9,13,0,NULL),(13,NULL,'reconozco la  importancia del PEI como  elemento de formación','2014-10-23',58,'2014-10-23',58,'hab',NULL,11,23,0,NULL),(14,NULL,'competencia','2014-10-23',66,'2014-10-23',66,'hab',NULL,6,14,0,NULL),(15,NULL,'tttttttttttttttttttttttttttt','2014-10-23',63,'2014-10-23',63,'hab',NULL,9,13,0,NULL),(19,NULL,'competencia 1','2014-10-23',63,'2014-10-23',63,'hab',NULL,9,13,0,NULL),(18,NULL,'indicador de desempeño','2014-10-23',63,'2014-10-23',63,'hab',NULL,9,13,0,NULL),(20,NULL,'Valoro el GOES como medio democrático para la construcción de ciudadanía.','2014-10-23',70,'2014-10-23',70,'hab',NULL,17,10,0,NULL);

--
-- Table structure for table `info_adi_alu`
--

CREATE TABLE `info_adi_alu` (
  `id_alu` bigint(20) NOT NULL,
  `cod_alu` varchar(10) COLLATE utf8_spanish_ci DEFAULT NULL,
  `id_eps` int(11) DEFAULT NULL,
  `rh_alu` varchar(10) COLLATE utf8_spanish_ci DEFAULT NULL,
  `mail_alu` varchar(255) COLLATE utf8_spanish_ci DEFAULT NULL,
  `dir_cor` varchar(250) COLLATE utf8_spanish_ci DEFAULT NULL,
  `cod_bar` varchar(250) COLLATE utf8_spanish_ci DEFAULT NULL,
  `tel_con` varchar(20) COLLATE utf8_spanish_ci DEFAULT NULL,
  `tel2_con` varchar(20) COLLATE utf8_spanish_ci DEFAULT NULL,
  `con_alu` varchar(255) COLLATE utf8_spanish_ci DEFAULT NULL,
  `sisben` enum('1','2','3','4','o','n') COLLATE utf8_spanish_ci DEFAULT 'n' COMMENT 'sisben',
  `fec_ing` date DEFAULT NULL COMMENT 'fecha de ingreso',
  `res_est` enum('p','m','a','e') COLLATE utf8_spanish_ci DEFAULT 'a' COMMENT 'responsable estudiante',
  PRIMARY KEY (`id_alu`)
) ENGINE=MyISAM DEFAULT CHARSET=utf8 COLLATE=utf8_spanish_ci;

--
-- Dumping data for table `info_adi_alu`
--

INSERT INTO `info_adi_alu` VALUES (1088972842,'1088972842',NULL,NULL,NULL,'',NULL,'',NULL,'2b69e3b4852411657038eee15e74f7bf','n',NULL,'a'),(1088973269,'1088973269',NULL,NULL,NULL,'',NULL,'',NULL,'649061fb397e2747a929ad1f6d205d9c','n',NULL,'a'),(1088973381,'1088973381',NULL,NULL,NULL,'',NULL,'',NULL,'b71893939b3c66e95cc3358f83088b8c','n',NULL,'a'),(1088972833,'1088972833',NULL,NULL,NULL,'',NULL,'',NULL,'71c6ae45a62775141773b60c64ea87d6','n',NULL,'a'),(1179963028,'1179963028',NULL,NULL,NULL,'',NULL,'',NULL,'c53b5b3303b0b58434b9b3cfa949899b','n',NULL,'a'),(1088973057,'1088973057',NULL,NULL,NULL,'',NULL,'',NULL,'f949ef7df1db81b1d0290563f3d14dc8','n',NULL,'a'),(1088972926,'1088972926',NULL,NULL,NULL,'',NULL,'',NULL,'66b6c96551b6790f3d783cf738e60045','n',NULL,'a'),(1088972921,'1088972921',NULL,NULL,NULL,'',NULL,'',NULL,'ff59d7e38e2a53f7aea801d1bd373190','n',NULL,'a'),(1088973169,'1088973169',NULL,NULL,NULL,'',NULL,'',NULL,'297c2aaa88329945017e3d2e6c3f4fed','n',NULL,'a'),(1088972859,'1088972859',NULL,NULL,NULL,'',NULL,'',NULL,'c0b68b499bf9af103d595d12eb0e63cf','n',NULL,'a'),(1088973023,'1088973023',NULL,NULL,NULL,'',NULL,'',NULL,'700355f4d93ce3d6f95c7bcc0df00c5a','n',NULL,'a'),(1088973022,'1088973022',NULL,NULL,NULL,'',NULL,'',NULL,'19a2b143bcbfec5701b7ac1eef2a2e9e','n',NULL,'a'),(1088972945,'1088972945',NULL,NULL,NULL,'',NULL,'',NULL,'65f234d636164c3d8248090e69ff2718','n',NULL,'a'),(1179963034,'1179963034',NULL,NULL,NULL,'',NULL,'',NULL,'d424fe07eccbc17214d0902c39131094','n',NULL,'a'),(1088973180,'1088973180',NULL,NULL,NULL,'',NULL,'',NULL,'9b90f90622c2af87b58d85dfb19d9209','n',NULL,'a'),(1088972954,'1088972954',NULL,NULL,NULL,'',NULL,'',NULL,'0c4f27f5b126d1eb7c230327145a8d66','n',NULL,'a'),(1088972915,'1088972915',NULL,NULL,NULL,'',NULL,'',NULL,'4da629b8a0bc2b9e805cfc8b9c691c91','n',NULL,'a'),(1088973270,'1088973270',NULL,NULL,NULL,'',NULL,'',NULL,'4637c8031b2095f9223d2ab80db27fe1','n',NULL,'a'),(1088972896,'1088972896',NULL,NULL,NULL,'',NULL,'',NULL,'0d8643ef03607cf0c51c6814e624be77','n',NULL,'a'),(1088972923,'1088972923',NULL,NULL,NULL,'',NULL,'',NULL,'2795849fe638f3b1c29ce55ffebe1aab','n',NULL,'a'),(1088972991,'1088972991',NULL,NULL,NULL,'',NULL,'',NULL,'f590a251b442ef4540bab98646cb3d06','n',NULL,'a'),(1088973150,'1088973150',NULL,NULL,NULL,'',NULL,'',NULL,'6fe84f96d88961b0d971e70aa9437f97','n',NULL,'a'),(1109547529,'1109547529',NULL,NULL,NULL,'',NULL,'',NULL,'15c93ba666b9c886e197cd6db84bd74e','n',NULL,'a'),(1088973217,'1088973217',NULL,NULL,NULL,'',NULL,'',NULL,'23e5dc54069b355bfa25f1d712ad76a9','n',NULL,'a'),(1088972469,'1088972469',NULL,NULL,NULL,'',NULL,'',NULL,'1688fa85d3a6cd8386cd0a3cc6d526b2','n',NULL,'a'),(1179963169,'1179963169',NULL,NULL,NULL,'',NULL,'',NULL,'60249e0aafc31581752d4f4269121770','n',NULL,'a'),(1088973367,'1088973367',NULL,NULL,NULL,'',NULL,'',NULL,'0b0b47c3ff5fb3b854d800404cf7a6b4','n',NULL,'a'),(1179963102,'1179963102',NULL,NULL,NULL,'',NULL,'',NULL,'d384e6ed9d72693e63ad472f1bd62e3d','n',NULL,'a'),(1088973265,'1088973265',NULL,NULL,NULL,'',NULL,'',NULL,'a89415f64587272cd65dff24057fccdd','n',NULL,'a'),(1088972994,'1088972994',NULL,NULL,NULL,'',NULL,'',NULL,'95176b0d4dc4e1d9922ea037b0ce5036','n',NULL,'a'),(1088972806,'1088972806',NULL,NULL,NULL,'',NULL,'',NULL,'45633e6cdff8b6847936844bcd3ea343','n',NULL,'a'),(1088973178,'1088973178',NULL,NULL,NULL,'',NULL,'',NULL,'a2f8782d79f6baa1e8e87179daa163cc','n',NULL,'a'),(1179963066,'1179963066',NULL,NULL,NULL,'',NULL,'',NULL,'6c8b3795ee32cf39baa85fd9ebdb3bbf','n',NULL,'a'),(1088973327,'1088973327',NULL,NULL,NULL,'',NULL,'',NULL,'7b87afc596429f1865e81614fdcea60a','n',NULL,'a'),(1088973167,'1088973167',NULL,NULL,NULL,'',NULL,'',NULL,'b13aa27619861cce88b74fb15b95986e','n',NULL,'a'),(1088973173,'1088973173',NULL,NULL,NULL,'',NULL,'',NULL,'e85a4d9f6b17538a783680f892c6bd29','n',NULL,'a'),(1088973037,'1088973037',NULL,NULL,NULL,'',NULL,'',NULL,'95c865bf045902ec15639a1a468ecc10','n',NULL,'a'),(1179963327,'1179963327',NULL,NULL,NULL,'',NULL,'',NULL,'152a152b3523413f91e7ce4635bb1370','n',NULL,'a'),(1179963060,'1179963060',NULL,NULL,NULL,'',NULL,'',NULL,'4894f09ba089812e6ddaa89456427694','n',NULL,'a'),(1088973175,'1088973175',NULL,NULL,NULL,'',NULL,'',NULL,'86939d090906c89f855b51646125ed18','n',NULL,'a'),(1088973277,'1088973277',NULL,NULL,NULL,'',NULL,'',NULL,'e2ee2ce6afe6f7cd9c2daa0aea4adb4d','n',NULL,'a'),(1088973002,'1088973002',NULL,NULL,NULL,'',NULL,'',NULL,'2d6cdac251a7c3f45bb0ad0108e892cc','n',NULL,'a'),(1179963070,'1179963070',NULL,NULL,NULL,'',NULL,'',NULL,'dc585ff6155447c45857d4bf99c88a10','n',NULL,'a'),(1088973349,'1088973349',NULL,NULL,NULL,'',NULL,'',NULL,'dba8447ed057c1b3e09eee5792dfb4c6','n',NULL,'a'),(1088972851,'1088972851',NULL,NULL,NULL,'',NULL,'',NULL,'e78f6a14f00964c02469093a24c20097','n',NULL,'a'),(1088973042,'1088973042',NULL,NULL,NULL,'',NULL,'',NULL,'68dd072fa97a095dc27db571d43a8daf','n',NULL,'a'),(1088972981,'1088972981',NULL,NULL,NULL,'',NULL,'',NULL,'e581a264d754fa79d2427613912e6d41','n',NULL,'a'),(1179963078,'1179963078',NULL,NULL,NULL,'',NULL,'',NULL,'b2dbdb4f07193662cb28f28ff28a5981','n',NULL,'a'),(1089222037,'1089222037',NULL,NULL,NULL,'',NULL,'',NULL,'6182c9ae17ffa5d562d786595b6d899a','n',NULL,'a'),(1088973038,'1088973038',NULL,NULL,NULL,'',NULL,'',NULL,'0c09865f0d4a0a8bdb05b11b8c42d394','n',NULL,'a'),(1028665066,'1028665066',NULL,NULL,NULL,'',NULL,'',NULL,'902aaa5d5be70036f80731c634bbfb14','n',NULL,'a'),(1179963110,'1179963110',NULL,NULL,NULL,'',NULL,'',NULL,'abef0707fb3a8835ba767737b731a503','n',NULL,'a'),(1088972975,'1088972975',NULL,NULL,NULL,'',NULL,'',NULL,'42fcc38d0eb140aac7a86e59442ba986','n',NULL,'a'),(1088973208,'1088973208',NULL,NULL,NULL,'',NULL,'',NULL,'d0ea823f117c4820c55d1a985db9729e','n',NULL,'a'),(1088972079,'1088972079',NULL,NULL,NULL,'',NULL,'',NULL,'bc628548edd30b3863723656b82908dd','n',NULL,'a'),(1088973123,'1088973123',NULL,NULL,NULL,'',NULL,'',NULL,'c5566bd30220aedb5f5765b942167869','n',NULL,'a'),(1088973538,'1088973538',NULL,NULL,NULL,'',NULL,'',NULL,'ed32fc2268ab24f16ee1772fa60fed81','n',NULL,'a'),(1088973427,'1088973427',NULL,NULL,NULL,'',NULL,'',NULL,'cc730d3ed5c15a281062fd7fbdae872f','n',NULL,'a'),(1088973566,'1088973566',NULL,NULL,NULL,'',NULL,'',NULL,'670d8771e636502421c2273e6c9b9def','n',NULL,'a'),(1108255852,'1108255852',NULL,NULL,NULL,'',NULL,'',NULL,'ddaec70fa5dcca8d19552eb9d6d5f1f5','n',NULL,'a'),(1088973511,'1088973511',NULL,NULL,NULL,'',NULL,'',NULL,'5269f0c99bc9d45d69400d9c12ab77e9','n',NULL,'a'),(1088973508,'1088973508',NULL,NULL,NULL,'',NULL,'',NULL,'4f95fa0584e82ace28d61839308329f0','n',NULL,'a'),(1088973573,'1088973573',NULL,NULL,NULL,'',NULL,'',NULL,'e90e3f02b2c8355e479f8c95e15d8738','n',NULL,'a'),(1088973426,'1088973426',NULL,NULL,NULL,'',NULL,'',NULL,'7182191145188499f0a22fccb08e5b50','n',NULL,'a'),(1088973645,'1088973645',NULL,NULL,NULL,'',NULL,'',NULL,'98a03a7bf2d6d867b70b71511d336848','n',NULL,'a'),(1088973733,'1088973733',NULL,NULL,NULL,'',NULL,'',NULL,'bc0498a3f5188c4ba6b1c29d76f0ea30','n',NULL,'a'),(1088973748,'1088973748',NULL,NULL,NULL,'',NULL,'',NULL,'a87b081599411d34e46b521f59a754ea','n',NULL,'a'),(1088973522,'1088973522',NULL,NULL,NULL,'',NULL,'',NULL,'e56bd918c74d9ab57f87f82d7b7a8b62','n',NULL,'a'),(1030000607,'1030000607',NULL,NULL,NULL,'',NULL,'',NULL,'b8cd1f9a28195af3e0adf356f635dc2b','n',NULL,'a'),(1088973770,'1088973770',NULL,NULL,NULL,'',NULL,'',NULL,'a87c096c3f1754dec0bfd2df922bdf66','n',NULL,'a'),(1088973698,'1088973698',NULL,NULL,NULL,'',NULL,'',NULL,'c6752ada097a2ac64c30d8f745d8b723','n',NULL,'a'),(1088973780,'1088973780',NULL,NULL,NULL,'',NULL,'',NULL,'d624687ac5e47d259f3943c9e66b7ffd','n',NULL,'a'),(1087728231,'1087728231',NULL,NULL,NULL,'',NULL,'',NULL,'918c70def8c12fbafda6f4d41460af33','n',NULL,'a'),(1088973398,'1088973398',NULL,NULL,NULL,'',NULL,'',NULL,'6130d9ee61a3f23045b825ac03821514','n',NULL,'a'),(1088973691,'1088973691',NULL,NULL,NULL,'',NULL,'',NULL,'56a4bb3e7301e932983615c6b901a844','n',NULL,'a'),(1030000650,'1030000650',NULL,NULL,NULL,'',NULL,'',NULL,'3fb9fdbdbdf4bd5ba9f2ec35238a1045','n',NULL,'a'),(1088973571,'1088973571',NULL,NULL,NULL,'',NULL,'',NULL,'557d9ad4c0c2a16b8b2a9c84b8331c6c','n',NULL,'a'),(1088973610,'1088973610',NULL,NULL,NULL,'',NULL,'',NULL,'b1261ea24bbcc28d8e31d73033335442','n',NULL,'a'),(1179963398,'1179963398',NULL,NULL,NULL,'',NULL,'',NULL,'cf76ac2f90b8f6c611ff3d6310c69d03','n',NULL,'a'),(1088973494,'1088973494',NULL,NULL,NULL,'',NULL,'',NULL,'9e9e21cd442eaf271ee0f74587b0ad74','n',NULL,'a'),(1088973434,'1088973434',NULL,NULL,NULL,'',NULL,'',NULL,'85acef32712abe8d0ba676f0d9266358','n',NULL,'a'),(1105376282,'1105376282',NULL,NULL,NULL,'',NULL,'',NULL,'10153e7982e7b0137e639a0026653020','n',NULL,'a'),(1088973477,'1088973477',NULL,NULL,NULL,'',NULL,'',NULL,'2251693df3e625bde5e67bf016680424','n',NULL,'a'),(1088973692,'1088973692',NULL,NULL,NULL,'',NULL,'',NULL,'236fcf938837dd21c5dc5c4ef83cf236','n',NULL,'a'),(1059239692,'1059239692',NULL,NULL,NULL,'',NULL,'',NULL,'2dbf7f5aa1294870ca5b49428be5c3cb','n',NULL,'a'),(1088972408,'1088972408',NULL,NULL,NULL,'',NULL,'',NULL,'dfc918d510a7ff9ed5d065e0ab98a6a1','n',NULL,'a'),(1088972721,'1088972721',NULL,NULL,NULL,'',NULL,'',NULL,'7ec2de0016c4523ffb67174f35b21e88','n',NULL,'a'),(1088972877,'1088972877',NULL,NULL,NULL,'',NULL,'',NULL,'a6e4e720bc6f82df87b7752e4ee06500','n',NULL,'a'),(1088972771,'1088972771',NULL,NULL,NULL,'',NULL,'',NULL,'70d455f1bde809ace0571bfa65ff4b3a','n',NULL,'a'),(1088972370,'1088972370',NULL,NULL,NULL,'',NULL,'',NULL,'34a74eb6d1ada2eee7e15a9acadb8620','n',NULL,'a'),(1081055996,'1081055996',NULL,NULL,NULL,'',NULL,'',NULL,'07cfbc4982625bd556c85a3911ea7cec','n',NULL,'a'),(1088972244,'1088972244',NULL,NULL,NULL,'',NULL,'',NULL,'97545a4ee06b0c2828acf6e9b2268dd6','n',NULL,'a'),(1088972514,'1088972514',NULL,NULL,NULL,'',NULL,'',NULL,'e8cba4e416e2546426784f2bcc73ad55','n',NULL,'a'),(1088972492,'1088972492',NULL,NULL,NULL,'',NULL,'',NULL,'888ea74eaa76b99a271b472de6c84f6f','n',NULL,'a'),(1088972729,'1088972729',NULL,NULL,NULL,'',NULL,'',NULL,'2325f1ebce9511ced3689ad17ed67839','n',NULL,'a'),(1088972796,'1088972796',NULL,NULL,NULL,'',NULL,'',NULL,'45fef896849eb6b368b71e33f2aaa290','n',NULL,'a'),(1089222011,'1089222011',NULL,NULL,NULL,'',NULL,'',NULL,'1c3055bf94b35a7f7a66d8c37ea53ac7','n',NULL,'a'),(1088972516,'1088972516',NULL,NULL,NULL,'',NULL,'',NULL,'45dda743659590f935c9870ad9e36075','n',NULL,'a'),(1088972142,'1088972142',NULL,NULL,NULL,'',NULL,'',NULL,'239d8a809aafb11c8741a6c1d29cec42','n',NULL,'a'),(1088972030,'1088972030',NULL,NULL,NULL,'',NULL,'',NULL,'3e9ac678dd310ddf90ea282efa2f245e','n',NULL,'a'),(1088972338,'1088972338',NULL,NULL,NULL,'',NULL,'',NULL,'0d8cfdf7760874659ca758d83c7d143b','n',NULL,'a'),(1088972681,'1088972681',NULL,NULL,NULL,'',NULL,'',NULL,'0f6bd4dc59ce188f82d3fef4a29e8fb4','n',NULL,'a'),(1088972797,'1088972797',NULL,NULL,NULL,'',NULL,'',NULL,'0acdf45ccbfe9946cdb7c79397ab94fb','n',NULL,'a'),(1088972703,'1088972703',NULL,NULL,NULL,'',NULL,'',NULL,'6f9dc0d58b9d8b08113da1f812c432b9','n',NULL,'a'),(1088972344,'1088972344',NULL,NULL,NULL,'',NULL,'',NULL,'05b102cfc86d7439720dfa0d7c4e5a2f','n',NULL,'a'),(1088972461,'1088972461',NULL,NULL,NULL,'',NULL,'',NULL,'4b9ee581206416b73aeeb78c653ede5a','n',NULL,'a'),(1088972296,'1088972296',NULL,NULL,NULL,'',NULL,'',NULL,'77efbfa9d8fc7042742bcbe5c8813c90','n',NULL,'a'),(1088972656,'1088972656',NULL,NULL,NULL,'',NULL,'',NULL,'34f1ea3c5b4a837a2eab3892e933486f','n',NULL,'a'),(1016023164,'1016023164',NULL,NULL,NULL,'',NULL,'',NULL,'59a1d02be017c3f9a5999857c9e39713','n',NULL,'a'),(1088972373,'1088972373',NULL,NULL,NULL,'',NULL,'',NULL,'2b4864c6382fda4921658c86c86449e2','n',NULL,'a'),(1088972363,'1088972363',NULL,NULL,NULL,'',NULL,'',NULL,'c61c1fd1604839fd6696ddd31ab86944','n',NULL,'a'),(1088972853,'1088972853',NULL,NULL,NULL,'',NULL,'',NULL,'3349dcd65236f50a986de325d787e4f3','n',NULL,'a'),(1089348885,'1089348885',NULL,NULL,NULL,'',NULL,'',NULL,'88f974222ff53be72c513851e8645ec4','n',NULL,'a'),(1123209622,'1123209622',NULL,NULL,NULL,'',NULL,'',NULL,'8e1f8072065193af4293a29c793aea22','n',NULL,'a'),(1088972658,'1088972658',NULL,NULL,NULL,'',NULL,'',NULL,'489f441c4098d3b8831e15698d2e1b8d','n',NULL,'a'),(1105930546,'1105930546',NULL,NULL,NULL,'',NULL,'',NULL,'1723cb04d1c96af79625775c6a730d5a','n',NULL,'a'),(1030000210,'1030000210',NULL,NULL,NULL,'',NULL,'',NULL,'1b6c45ec9c89d055b0fe1a1ca954577b','n',NULL,'a'),(1088972457,'1088972457',NULL,NULL,NULL,'',NULL,'',NULL,'a8a01dc59308786ad1e9fa8ad607a58f','n',NULL,'a'),(1088972432,'1088972432',NULL,NULL,NULL,'',NULL,'',NULL,'f6a0fffd86eae1c0c5cda1d9e9f554f0','n',NULL,'a'),(1141339724,'1141339724',NULL,NULL,NULL,'',NULL,'',NULL,'7e075416df16b2f3a5ae7c98c6d8f984','n',NULL,'a'),(40774233,'40774233',NULL,NULL,NULL,'',NULL,'',NULL,'62d3189a459a0c518f4404882b0376d3','n',NULL,'a'),(1088972722,'1088972722',NULL,NULL,NULL,'',NULL,'',NULL,'3a2b43af6c7915468d8a7882b91b2d98','n',NULL,'a'),(1088972341,'1088972341',NULL,NULL,NULL,'',NULL,'',NULL,'5c38402a19873326387dddba5eea2f7c','n',NULL,'a'),(1088972564,'1088972564',NULL,NULL,NULL,'',NULL,'',NULL,'1ad29c5cdcd8783187251fe3a86813b1','n',NULL,'a'),(1088971857,'1088971857',NULL,NULL,NULL,'',NULL,'',NULL,'16bd0fb4b7fe591d95e918ca5ce5f48f','n',NULL,'a'),(1088972407,'1088972407',NULL,NULL,NULL,'',NULL,'',NULL,'ed30e23e19be6bac8bea9d9489c59331','n',NULL,'a'),(1088972782,'1088972782',NULL,NULL,NULL,'',NULL,'',NULL,'2505e0e2923bd398874e582184094987','n',NULL,'a'),(1088972581,'1088972581',NULL,NULL,NULL,'',NULL,'',NULL,'6211e371360f24e455b979b1a7efa64b','n',NULL,'a'),(1088972563,'1088972563',NULL,NULL,NULL,'',NULL,'',NULL,'cf770d9e2c65d0afbe8483c871d5ae01','n',NULL,'a'),(1089348933,'1089348933',NULL,NULL,NULL,'',NULL,'',NULL,'63ec18e1a3d1c84f683d171c0e51b6f7','n',NULL,'a'),(1088972674,'1088972674',NULL,NULL,NULL,'',NULL,'',NULL,'a939964bbbe6772da2307a75dce050a2','n',NULL,'a'),(1088972871,'1088972871',NULL,NULL,NULL,'',NULL,'',NULL,'d0261e45310bd6dd29886cdbc0dbd2e0','n',NULL,'a'),(10889724690,'1088972469',NULL,NULL,NULL,'',NULL,'',NULL,'2fca6d52bc21bf0e23a0945c377e58ea','n',NULL,'a'),(1088971960,'1088971960',NULL,NULL,NULL,'',NULL,'',NULL,'04fd327684694c14f72fa0068a394c03','n',NULL,'a'),(1088972531,'1088972531',NULL,NULL,NULL,'',NULL,'',NULL,'16287e8a832020703d0aa54f6e766858','n',NULL,'a'),(1088972560,'1088972560',NULL,NULL,NULL,'',NULL,'',NULL,'7d9162cc9a8ced35b19d04972fdeefaf','n',NULL,'a'),(1088972785,'1088972785',NULL,NULL,NULL,'',NULL,'',NULL,'dbf6e5ba3e98ee9bbde087231a1e4ff2','n',NULL,'a'),(1088972517,'1088972517',NULL,NULL,NULL,'',NULL,'',NULL,'8d98fe97d14ab372f6bea9c86f68d48b','n',NULL,'a'),(1088972538,'1088972538',NULL,NULL,NULL,'',NULL,'',NULL,'5d5f4f5acecc731ce8388fb46bcd18b7','n',NULL,'a'),(1088972181,'1088972181',NULL,NULL,NULL,'',NULL,'',NULL,'6b5be3b95409e78a3731210332172192','n',NULL,'a'),(1088972558,'1088972558',NULL,NULL,NULL,'',NULL,'',NULL,'346f3e2acd17cebe6902065d086eda40','n',NULL,'a'),(1088972575,'1088972575',NULL,NULL,NULL,'',NULL,'',NULL,'15b7a019d65113a929fd2fb88b9db6a3','n',NULL,'a'),(1086329838,'1086329838',NULL,NULL,NULL,'',NULL,'',NULL,'7dd41271e9e3b060a89521bc43652687','n',NULL,'a'),(1088972336,'1088972336',NULL,NULL,NULL,'',NULL,'',NULL,'4504f1fd6fb18fcdab55a30d7ce7df35','n',NULL,'a'),(1088972455,'1088972455',NULL,NULL,NULL,'',NULL,'',NULL,'08674ff1a86e41085b215f100ed81a4d','n',NULL,'a'),(1088972621,'1088972621',NULL,NULL,NULL,'',NULL,'',NULL,'163ba80daaaa3a28cd0a119c53cd384e','n',NULL,'a'),(1080053365,'1080053365',NULL,NULL,NULL,'',NULL,'',NULL,'f8c02145127cc5b7749c80b665768da2','n',NULL,'a'),(1081275529,'1081275529',NULL,NULL,NULL,'',NULL,'',NULL,'2cedb4b614f974bdb4bc49832c427372','n',NULL,'a'),(1088972780,'1088972780',NULL,NULL,NULL,'',NULL,'',NULL,'b6a3ffdc825657f5e70d3c398117f12d','n',NULL,'a'),(1088972719,'1088972719',NULL,NULL,NULL,'',NULL,'',NULL,'2cc36086280ae3a7b83bad59bfa96c93','n',NULL,'a'),(1088972580,'1088972580',NULL,NULL,NULL,'',NULL,'',NULL,'ffe75bdfb84267d472ee14cca5f1bd07','n',NULL,'a'),(1088972509,'1088972509',NULL,NULL,NULL,'',NULL,'',NULL,'01f449a2cab9a095b402dc9246802b40','n',NULL,'a'),(1088972692,'1088972692',NULL,NULL,NULL,'',NULL,'',NULL,'530c8511a5aea3380293e8d189eb7933','n',NULL,'a'),(1088972804,'1088972804',NULL,NULL,NULL,'',NULL,'',NULL,'07abb07c78bba9256714249a2c34808c','n',NULL,'a'),(1088972287,'1088972287',NULL,NULL,NULL,'',NULL,'',NULL,'ae3bf3845936301bec0411d5ff60ea26','n',NULL,'a'),(1060676645,'1060676645',NULL,NULL,NULL,'',NULL,'',NULL,'103792a6cccaeef153667c51ee465509','n',NULL,'a'),(1138525055,'1138525055',NULL,NULL,NULL,'',NULL,'',NULL,'9b0183d2f6d22ee86e54d1c54b2db81c','n',NULL,'a'),(1088972438,'1088972438',NULL,NULL,NULL,'',NULL,'',NULL,'fd70aa1f54ed0b12b1caf2e08471cb09','n',NULL,'a'),(1088972334,'1088972334',NULL,NULL,NULL,'',NULL,'',NULL,'854edea2e036950f2be1d7fee04de9b9','n',NULL,'a'),(1030020201,'1030020201',NULL,NULL,NULL,'',NULL,'',NULL,'a2740e4639472f5349fbad0d58391ef5','n',NULL,'a'),(1088972112,'1088972112',NULL,NULL,NULL,'',NULL,'',NULL,'95f03b1e6316ad258ddfb32f244cc3f5','n',NULL,'a'),(1088971936,'1088971936',NULL,NULL,NULL,'',NULL,'',NULL,'64d996bc8fc509e91f4e14c4a89cfe5a','n',NULL,'a'),(1088973129,'1088973129',NULL,NULL,NULL,'',NULL,'',NULL,'448b2db703d9ead25d5d9ec4bdb5e471','n',NULL,'a'),(1081054602,'1081054602',NULL,NULL,NULL,'',NULL,'',NULL,'580455c5585d26f91ae20a2edeed9ebf','n',NULL,'a'),(1088972045,'1088972045',NULL,NULL,NULL,'',NULL,'',NULL,'d4afc8036ae948f08c02c5b9ca17edf5','n',NULL,'a'),(1088972033,'1088972033',NULL,NULL,NULL,'',NULL,'',NULL,'6f17773cbbe17deaecc20ee618b9159f','n',NULL,'a'),(1088971907,'1088971907',NULL,NULL,NULL,'',NULL,'',NULL,'47e674e86fc692c4646e8a6bbd9c47b3','n',NULL,'a'),(1088971900,'1088971900',NULL,NULL,NULL,'',NULL,'',NULL,'f689cd045b17cb7184c22439dda85bbc','n',NULL,'a'),(1030020364,'1030020364',NULL,NULL,NULL,'',NULL,'',NULL,'83a22769d4c4ccde91f0afaa3b059529','n',NULL,'a'),(1030000048,'1030000048',NULL,NULL,NULL,'',NULL,'',NULL,'1c58f96727548fdb80c3712829fe0696','n',NULL,'a'),(1088971972,'1088971972',NULL,NULL,NULL,'',NULL,'',NULL,'03d1dd90f13e238f176cbd38858ed817','n',NULL,'a'),(1088971820,'1088971820',NULL,NULL,NULL,'',NULL,'',NULL,'e25c7b4683012bb73a526f86bfbe2350','n',NULL,'a'),(1088971887,'1088971887',NULL,NULL,NULL,'',NULL,'',NULL,'d170745c032a21c960b16ad8651b2a1a','n',NULL,'a'),(1088972017,'1088972017',NULL,NULL,NULL,'',NULL,'',NULL,'4b7bfc3f1d1214a9b4259cb589a8a18c','n',NULL,'a'),(1088972081,'1088972081',NULL,NULL,NULL,'',NULL,'',NULL,'0341080c9cdf4b925f174f41b1bef6dd','n',NULL,'a'),(1088972262,'1088972262',NULL,NULL,NULL,'',NULL,'',NULL,'3067bd4f5ae05020d3224c927634d784','n',NULL,'a'),(1088972313,'1088972313',NULL,NULL,NULL,'',NULL,'',NULL,'a943181ff7ffd2759211fce0d449ad61','n',NULL,'a'),(1088972046,'1088972046',NULL,NULL,NULL,'',NULL,'',NULL,'22ba12ba9e57311fbb4ff18ee2ef467c','n',NULL,'a'),(1088972162,'1088972162',NULL,NULL,NULL,'',NULL,'',NULL,'020c8e95a6f0994ead5bd3c916297b0e','n',NULL,'a'),(1138525277,'1138525277',NULL,NULL,NULL,'',NULL,'',NULL,'1753212ff1b4e8f3f2b2c0e3a5cb411d','n',NULL,'a'),(1088972021,'1088972021',NULL,NULL,NULL,'',NULL,'',NULL,'3e24c7b7b0f0c200b5c5c1d27d997637','n',NULL,'a'),(1088972266,'1088972266',NULL,NULL,NULL,'',NULL,'',NULL,'2b5f39e2fd94715550f42ac7a26d1273','n',NULL,'a'),(1088971971,'1088971971',NULL,NULL,NULL,'',NULL,'',NULL,'f97015d57cb0720898fac020d465c4c8','n',NULL,'a'),(1088972072,'1088972072',NULL,NULL,NULL,'',NULL,'',NULL,'f90a8ff54a9989f1978369ab4d934f95','n',NULL,'a'),(1088972371,'1088972371',NULL,NULL,NULL,'',NULL,'',NULL,'756a2c684008f895bbf944c8fa222d87','n',NULL,'a'),(1088972143,'1088972143',NULL,NULL,NULL,'',NULL,'',NULL,'00391a9bb92901598255133468aa902b','n',NULL,'a'),(1088971953,'1088971953',NULL,NULL,NULL,'',NULL,'',NULL,'2c0beeecfaf1d9effa8613b8b21e344a','n',NULL,'a'),(1081055088,'1081055088',NULL,NULL,NULL,'',NULL,'',NULL,'8490b9ed220d0d006b506154e7b16c4d','n',NULL,'a'),(1117351512,'1117351512',NULL,NULL,NULL,'',NULL,'',NULL,'ad5482e920abf6985a8b681573f4a4ce','n',NULL,'a'),(1089479166,'1089479166',NULL,NULL,NULL,'',NULL,'',NULL,'fa135a99f402770cec08894a4df6527c','n',NULL,'a'),(1086329309,'1086329309',NULL,NULL,NULL,'',NULL,'',NULL,'a07d8e59f67bc1e9953c87a0a3dada8b','n',NULL,'a'),(1088971586,'1088971586',NULL,NULL,NULL,'',NULL,'',NULL,'200286950ccf92c5d666d2534738b1b2','n',NULL,'a'),(1088972186,'1088972186',NULL,NULL,NULL,'',NULL,'',NULL,'5e9e964752f06b81f343bc0a500a87cb','n',NULL,'a'),(1088972071,'1088972071',NULL,NULL,NULL,'',NULL,'',NULL,'1df7b99af01fb8273e258714384661a0','n',NULL,'a'),(1088972149,'1088972149',NULL,NULL,NULL,'',NULL,'',NULL,'dde3fcfedcd169b237b2c6661c86cad7','n',NULL,'a'),(1088972189,'1088972189',NULL,NULL,NULL,'',NULL,'',NULL,'6a04524c5552ebc3ce0b4d71543d5660','n',NULL,'a'),(1088971868,'1088971868',NULL,NULL,NULL,'',NULL,'',NULL,'ce4f732930d066f1afe309ed7aaa14e7','n',NULL,'a'),(1088971596,'1088971596',NULL,NULL,NULL,'',NULL,'',NULL,'c51cf4b1d0cdaf2feb9f13684a7aa6db','n',NULL,'a'),(1088971920,'1088971920',NULL,NULL,NULL,'',NULL,'',NULL,'898626f98aa5bcd2e700556a57198b53','n',NULL,'a'),(1088972070,'1088972070',NULL,NULL,NULL,'',NULL,'',NULL,'4bd80d702a6e03948633011aea62a4e0','n',NULL,'a'),(1088971681,'1088971681',NULL,NULL,NULL,'',NULL,'',NULL,'7c57d33782ff49a1f3b0b73e117029da','n',NULL,'a'),(1088971808,'1088971808',NULL,NULL,NULL,'',NULL,'',NULL,'818fd1e46a1e4422c40a37688d62fe03','n',NULL,'a'),(1107054698,'1107054698',NULL,NULL,NULL,'',NULL,'',NULL,'744777232cc9f5843174adb75fb15ce2','n',NULL,'a'),(1138525212,'1138525212',NULL,NULL,NULL,'',NULL,'',NULL,'f1582a2b87c6a77ed39f205fc2ee1a19','n',NULL,'a'),(1088971882,'1088971882',NULL,NULL,NULL,'',NULL,'',NULL,'0c59986420c451caa57a76f30a164592','n',NULL,'a'),(1059238343,'1059238343',NULL,NULL,NULL,'',NULL,'',NULL,'daeb715b7e59d4bf251eb4763aa8eed1','n',NULL,'a'),(1088972028,'1088972028',NULL,NULL,NULL,'',NULL,'',NULL,'1c8a62aaf13a27c610178dc544ceb60f','n',NULL,'a'),(1088971924,'1088971924',NULL,NULL,NULL,'',NULL,'',NULL,'e7a8e46d79e0c5686085c4ba45be3498','n',NULL,'a'),(1089222038,'1089222038',NULL,NULL,NULL,'',NULL,'',NULL,'1ed6faa2101456f44388cc745d437a26','n',NULL,'a'),(1088971856,'1088971856',NULL,NULL,NULL,'',NULL,'',NULL,'e395837374064d0fcf335adc5d679470','n',NULL,'a'),(1088972199,'1088972199',NULL,NULL,NULL,'',NULL,'',NULL,'9593f2dbdbb1f694661039e87f6ee3b9','n',NULL,'a'),(1089479165,'1089479165',NULL,NULL,NULL,'',NULL,'',NULL,'4ead9f40b8f5bd8bd5eb181ff6322ae8','n',NULL,'a'),(1088971046,'1088971046',NULL,NULL,NULL,'',NULL,'',NULL,'b6d09f666bce1d6b01c7bc6e9c25e2f3','n',NULL,'a'),(1088972415,'1088972415',NULL,NULL,NULL,'',NULL,'',NULL,'554052da1d08f37a3440f2eda379879f','n',NULL,'a'),(1088972460,'1088972460',NULL,NULL,NULL,'',NULL,'',NULL,'2067681e1197f16cdfd506c5b07f9e01','n',NULL,'a'),(1085263882,'1085263882',NULL,NULL,NULL,'',NULL,'',NULL,'cad7160f1de103a37a17c7433b6892a2','n',NULL,'a'),(1088971206,'1088971206',NULL,NULL,NULL,'',NULL,'',NULL,'2a14c4f054e6106bf399bbc4d4fd0510','n',NULL,'a'),(1088971711,'1088971711',NULL,NULL,NULL,'',NULL,'',NULL,'9993ccfa106eb4b632608346a98ae7c0','n',NULL,'a'),(1088970680,'1088970680',NULL,NULL,NULL,'',NULL,'',NULL,'603284d602bc10c0591cefe75d8d89b9','n',NULL,'a'),(1061705218,'1061705218',NULL,NULL,NULL,'',NULL,'',NULL,'a0a44c172ef36815c3d0dd6c1831020f','n',NULL,'a'),(1088972183,'1088972183',NULL,NULL,NULL,'',NULL,'',NULL,'368834e2852e05dd9f18dbced35cf8d8','n',NULL,'a'),(1088971796,'1088971796',NULL,NULL,NULL,'',NULL,'',NULL,'ef9e5e33499d7c1ed9abb7a7bce641d2','n',NULL,'a'),(1088971746,'1088971746',NULL,NULL,NULL,'',NULL,'',NULL,'51f31a733bcc88475252d9a942a29173','n',NULL,'a'),(1088971633,'1088971633',NULL,NULL,NULL,'',NULL,'',NULL,'6695d53c1b14e01bd7c607874da13b40','n',NULL,'a'),(1088971587,'1088971587',NULL,NULL,NULL,'',NULL,'',NULL,'5a03dd93107910f62aa82ce3a4a002e7','n',NULL,'a'),(1088971623,'1088971623',NULL,NULL,NULL,'',NULL,'',NULL,'a3568d59a4debdc40ba3676a054cc9a7','n',NULL,'a'),(1088971850,'1088971850',NULL,NULL,NULL,'',NULL,'',NULL,'96f071b8f25f3cb66c2548ade6fecbc5','n',NULL,'a'),(1088971087,'1088971087',NULL,NULL,NULL,'',NULL,'',NULL,'cb54983d4c5de6c151bb97b1d44b86cf','n',NULL,'a'),(1088973361,'1088973361',NULL,NULL,NULL,'',NULL,'',NULL,'e0342692f7d4901ed03d244f0f719f94','n',NULL,'a'),(1085259292,'1085259292',NULL,NULL,NULL,'',NULL,'',NULL,'aea6cd11fff5f925af77f847d89402cb','n',NULL,'a'),(33605560,'33605560',NULL,NULL,NULL,'',NULL,'',NULL,'609296a77f815df4c6c04037e66abac5','n',NULL,'a'),(1088971064,'1088971064',NULL,NULL,NULL,'',NULL,'',NULL,'989cbcec6e18c2db370a84a7b863146e','n',NULL,'a'),(1088971571,'1088971571',NULL,NULL,NULL,'',NULL,'',NULL,'4cf303943a57065c420b52728ae580fb','n',NULL,'a'),(1088971267,'1088971267',NULL,NULL,NULL,'',NULL,'',NULL,'8e1616fc2f9af455d4c7365d1497ced2','n',NULL,'a'),(1088971413,'1088971413',NULL,NULL,NULL,'',NULL,'',NULL,'61caf8df457f895355a123f76c01b085','n',NULL,'a'),(1088971228,'1088971228',NULL,NULL,NULL,'',NULL,'',NULL,'b2d403932001a0e2c9187da91e52e5f0','n',NULL,'a'),(1058965089,'1058965089',NULL,NULL,NULL,'',NULL,'',NULL,'e3e9f175fc15b670cd4340b0c1599172','n',NULL,'a'),(1088970222,'1088970222',NULL,NULL,NULL,'',NULL,'',NULL,'42d8cabb62aee5d0e5b6850ba1e48a3d','n',NULL,'a'),(1081275628,'1081275628',NULL,NULL,NULL,'',NULL,'',NULL,'07cb561fc440b2bf54fa42a632c33022','n',NULL,'a'),(1088970949,'1088970949',NULL,NULL,NULL,'',NULL,'',NULL,'550d07760abced9892d4c7bce870807e','n',NULL,'a'),(1088971420,'1088971420',NULL,NULL,NULL,'',NULL,'',NULL,'85e996d8aa94688e539a672283341a4f','n',NULL,'a'),(1088971252,'1088971252',NULL,NULL,NULL,'',NULL,'',NULL,'33e4413ef53d4424060636007f2c6b39','n',NULL,'a'),(1088971348,'1088971348',NULL,NULL,NULL,'',NULL,'',NULL,'3c1bb29ef95749641f7ff30ce90152eb','n',NULL,'a'),(1088971512,'1088971512',NULL,NULL,NULL,'',NULL,'',NULL,'4626df67df719da317d72dd3c9fef3a1','n',NULL,'a'),(1010100944,'1010100944',NULL,NULL,NULL,'',NULL,'',NULL,'378c10037d83e8a104908e9f8bafce6e','n',NULL,'a'),(1088971294,'1088971294',NULL,NULL,NULL,'',NULL,'',NULL,'75b8f1b5c81d62c5310052031d2dc2ae','n',NULL,'a'),(1089479321,'1089479321',NULL,NULL,NULL,'',NULL,'',NULL,'fba608b1790563ef4acac1984200cff2','n',NULL,'a'),(1081592702,'1081592702',NULL,NULL,NULL,'',NULL,'',NULL,'1d603ca898aca7358946ee96850da89e','n',NULL,'a'),(1085263891,'1085263891',NULL,NULL,NULL,'',NULL,'',NULL,'c46aef6a7f0650edd1d9076ad971d958','n',NULL,'a'),(1088971491,'1088971491',NULL,NULL,NULL,'',NULL,'',NULL,'34faa39849fb9bf6d6b1de7b395a487d','n',NULL,'a'),(1088971465,'1088971465',NULL,NULL,NULL,'',NULL,'',NULL,'4e03b6790cec0324a92ec901c04be4b8','n',NULL,'a'),(1088970501,'1088970501',NULL,NULL,NULL,'',NULL,'',NULL,'ff09cadbd22d3a42b56c942e5c18bfb6','n',NULL,'a'),(1089479920,'1089479920',NULL,NULL,NULL,'',NULL,'',NULL,'3e765240daebe26625caee513302d84a','n',NULL,'a'),(1004711335,'1004711335',NULL,NULL,NULL,'',NULL,'',NULL,'132c73f95f1c3c87085eca1487f1e632','n',NULL,'a'),(1088970359,'1088970359',NULL,NULL,NULL,'',NULL,'',NULL,'b68d12b6e555975bb7e1fe377b406f08','n',NULL,'a'),(1088971350,'1088971350',NULL,NULL,NULL,'',NULL,'',NULL,'66241e7bb854889aa289d33f1523d867','n',NULL,'a'),(1193356564,'1193356564',NULL,NULL,NULL,'',NULL,'',NULL,'bc2bfb5297ab5f3ab597c56224d41065','n',NULL,'a'),(1088970715,'1088970715',NULL,NULL,NULL,'',NULL,'',NULL,'a0d3e327737565531f445fb53e046abc','n',NULL,'a'),(1088971333,'1088971333',NULL,NULL,NULL,'',NULL,'',NULL,'7283306e7ae9028744a3cb4b9d09585b','n',NULL,'a'),(1088971459,'1088971459',NULL,NULL,NULL,'',NULL,'',NULL,'d91b0de9aa8b60d24c723376614ab140','n',NULL,'a'),(1088971499,'1088971499',NULL,NULL,NULL,'',NULL,'',NULL,'bd3c5ce7f16c92db961dcefaf63fbb9d','n',NULL,'a'),(1088971180,'1088971180',NULL,NULL,NULL,'',NULL,'',NULL,'023dd3f595316d1e6b92369fa2c34e6e','n',NULL,'a'),(1088971173,'1088971173',NULL,NULL,NULL,'',NULL,'',NULL,'430c91381a1fd527e17f1fd9e8791c56','n',NULL,'a'),(1030020198,'1030020198',NULL,NULL,NULL,'',NULL,'',NULL,'6eefde916e38511b9c675077fdb73d0a','n',NULL,'a'),(1030020199,'1030020199',NULL,NULL,NULL,'',NULL,'',NULL,'976dd8bd9a458c36ef40f1783f25c15e','n',NULL,'a'),(1088156756,'1088156756',NULL,NULL,NULL,'',NULL,'',NULL,'c7d8f35b019f0461586e8b1cef1217de','n',NULL,'a'),(1088971095,'1088971095',NULL,NULL,NULL,'',NULL,'',NULL,'0d55778cf48bd7f78b93fd354b0017f7','n',NULL,'a'),(1088971884,'1088971884',NULL,NULL,NULL,'',NULL,'',NULL,'9b66363bb4c6b1325527fd13800244b1','n',NULL,'a'),(1088971498,'1088971498',NULL,NULL,NULL,'',NULL,'',NULL,'f0da695d852bc01ba2add16376f7d767','n',NULL,'a'),(1088257401,'1088257401',NULL,NULL,NULL,'',NULL,'',NULL,'e6b9af8a48eb5bb64a99a7f37f79cb15','n',NULL,'a'),(1088971291,'1088971291',NULL,NULL,NULL,'',NULL,'',NULL,'34e27acbbe3a1986f7d2c6f9b5801ddb','n',NULL,'a'),(1088971345,'1088971345',NULL,NULL,NULL,'',NULL,'',NULL,'4621802b5e0f2b2533e26ba3030bc03d','n',NULL,'a'),(1088971739,'1088971739',NULL,NULL,NULL,'',NULL,'',NULL,'ebed645bbf3e8269beb3e39fff04a133','n',NULL,'a'),(1088971470,'1088971470',NULL,NULL,NULL,'',NULL,'',NULL,'73c0d68688fcb3a160648234b2bb46b3','n',NULL,'a'),(1030020129,'1030020129',NULL,NULL,NULL,'',NULL,'',NULL,'6ecdb28c0607397028ae84fd2bbe101e','n',NULL,'a'),(1088971188,'1088971188',NULL,NULL,NULL,'',NULL,'',NULL,'482c5b2add82aa3e130c51337a27e27e','n',NULL,'a'),(1088971694,'1088971694',NULL,NULL,NULL,'',NULL,'',NULL,'cc77cea65091d69e6eddb277c72cc8e7','n',NULL,'a'),(1088971235,'1088971235',NULL,NULL,NULL,'',NULL,'',NULL,'0754669c11b427f81d2f425bc377b17a','n',NULL,'a'),(1088971387,'1088971387',NULL,NULL,NULL,'',NULL,'',NULL,'48b6ef180bc0a8831a28323748865a3a','n',NULL,'a'),(1088970819,'1088970819',NULL,NULL,NULL,'',NULL,'',NULL,'6d7a65eb09b844d3d0f408d7650fe82c','n',NULL,'a'),(1088970910,'1088970910',NULL,NULL,NULL,'',NULL,'',NULL,'83a8bdab00ef9d31265d7a2e992763c6','n',NULL,'a'),(1088971495,'1088971495',NULL,NULL,NULL,'',NULL,'',NULL,'3f342f7e62c859a04df9c3715bd2118e','n',NULL,'a'),(1085262497,'1085262497',NULL,NULL,NULL,'',NULL,'',NULL,'6e722502b80b4c07bc305fc0fad76ad8','n',NULL,'a'),(1088971675,'1088971675',NULL,NULL,NULL,'',NULL,'',NULL,'a0ac2d2aba4ea756b6efe6f4005c9fa9','n',NULL,'a'),(1088971912,'1088971912',NULL,NULL,NULL,'',NULL,'',NULL,'df4de795e8b146ce804f011b9c17e4cf','n',NULL,'a'),(1088971043,'1088971043',NULL,NULL,NULL,'',NULL,'',NULL,'0fbe298acf647901a6cf69ff6a58bf3b','n',NULL,'a'),(1088971700,'1088971700',NULL,NULL,NULL,'',NULL,'',NULL,'8204201e93cb621a950cd447a2248c1d','n',NULL,'a'),(1088971227,'1088971227',NULL,NULL,NULL,'',NULL,'',NULL,'b627a525e77027d94db431f0d38a4ffd','n',NULL,'a'),(1089904203,'1089904203',NULL,NULL,NULL,'',NULL,'',NULL,'e38717b9e78966808f52aeb8b924a485','n',NULL,'a'),(39040843,'39040843',NULL,NULL,NULL,'',NULL,'',NULL,'0a458f009955a442dd5b2054e6013e7e','n',NULL,'a'),(1085263895,'1085263895',NULL,NULL,NULL,'',NULL,'',NULL,'02bbe6d871f9bd3af7fef7473064f802','n',NULL,'a'),(1088971636,'1088971636',NULL,NULL,NULL,'',NULL,'',NULL,'d400886d2b9d5d2e1c729b8c0b706c00','n',NULL,'a'),(1088971199,'1088971199',NULL,NULL,NULL,'',NULL,'',NULL,'69096d10a7eb5977a0fa469e57d69c9a','n',NULL,'a'),(1088971496,'1088971496',NULL,NULL,NULL,'',NULL,'',NULL,'03e4263b2e8a2753fe9025b42c6fa81e','n',NULL,'a'),(1085263311,'1085263311',NULL,NULL,NULL,'',NULL,'',NULL,'42ce8f62d39c8af36df201edc5a3e279','n',NULL,'a'),(1085263323,'1085263323',NULL,NULL,NULL,'',NULL,'',NULL,'7d950521f88e0b4ac9799dc94577c007','n',NULL,'a'),(1088971451,'1088971451',NULL,NULL,NULL,'',NULL,'',NULL,'e807c85e9a47a2308adf976a57fcc95f','n',NULL,'a'),(1088970564,'1088970564',NULL,NULL,NULL,'',NULL,'',NULL,'4d7360bfa433d1b08ef1faef59e6a593','n',NULL,'a'),(1088970662,'1088970662',NULL,NULL,NULL,'',NULL,'',NULL,'0e5cc0cda30b892d1d3476a308c2c862','n',NULL,'a'),(1086548991,'1086548991',NULL,NULL,NULL,'',NULL,'',NULL,'bfbb268cfef3498ca27a68dd4e40fbca','n',NULL,'a'),(1088971343,'1088971343',NULL,NULL,NULL,'',NULL,'',NULL,'582c36ecf4ae97ddc3dcd710072983f9','n',NULL,'a'),(1085263890,'1085263890',NULL,NULL,NULL,'',NULL,'',NULL,'0dbb136a70c6349e3fd2091fcfacb2b3','n',NULL,'a'),(1085263334,'1085263334',NULL,NULL,NULL,'',NULL,'',NULL,'a2121e3fdcea3b59665c172176257cc9','n',NULL,'a'),(1109116822,'1109116822',NULL,NULL,NULL,'',NULL,'',NULL,'3f52ca249557d299f12166269e62226d','n',NULL,'a'),(1088970675,'1088970675',NULL,NULL,NULL,'',NULL,'',NULL,'858ff3e3ba16f0803002deb0c12aa9b0','n',NULL,'a'),(1099222006,'1099222006',NULL,NULL,NULL,'',NULL,'',NULL,'5ce78139e6faa22f2450794c0f7f4006','n',NULL,'a'),(1004711166,'1004711166',NULL,NULL,NULL,'',NULL,'',NULL,'cf3bae19e34f801869e2cc8ec3a96810','n',NULL,'a'),(1004711200,'1004711200',NULL,NULL,NULL,'',NULL,'',NULL,'99b063375519b967a5b3e34918162abd','n',NULL,'a'),(1088970579,'1088970579',NULL,NULL,NULL,'',NULL,'',NULL,'0afd5eeb4c7b7328809ba4b3a6ab3309','n',NULL,'a'),(1088970543,'1088970543',NULL,NULL,NULL,'',NULL,'',NULL,'21ca700195e6f4487c88e2e52b3437c7','n',NULL,'a'),(1088970700,'1088970700',NULL,NULL,NULL,'',NULL,'',NULL,'180968f0153dfa29059124f738252434','n',NULL,'a'),(1088970895,'1088970895',NULL,NULL,NULL,'',NULL,'',NULL,'47bf5dbd0a676d3993fcb4d37f0aa82c','n',NULL,'a'),(1088971041,'1088971041',NULL,NULL,NULL,'',NULL,'',NULL,'a9ac975fdf6eda19fa38da9df7ab680a','n',NULL,'a'),(1088970423,'1088970423',NULL,NULL,NULL,'',NULL,'',NULL,'adc0a4023c16d89c2df4838be2b0e44b','n',NULL,'a'),(1088970029,'1088970029',NULL,NULL,NULL,'',NULL,'',NULL,'f3f9c109f779a1e297687a1491ac1d13','n',NULL,'a'),(38891596,'38891596',NULL,NULL,NULL,'',NULL,'',NULL,'27d7bc89ad2570748c2e9371aee6918a','n',NULL,'a'),(1088970320,'1088970320',NULL,NULL,NULL,'',NULL,'',NULL,'a5dad3e228737f6aae0880ae1df64f8d','n',NULL,'a'),(1088970431,'1088970431',NULL,NULL,NULL,'',NULL,'',NULL,'8ce8013343a7eae21ae452741190da54','n',NULL,'a'),(1088970207,'1088970207',NULL,NULL,NULL,'',NULL,'',NULL,'6c880178a36775c317c70eb240cc6ee6','n',NULL,'a'),(1088970613,'1088970613',NULL,NULL,NULL,'',NULL,'',NULL,'89afc9216413cfc922f2e9fa05a8b142','n',NULL,'a'),(1088970720,'1088970720',NULL,NULL,NULL,'',NULL,'',NULL,'f1fc060bff2629fc6ecb92852e196f56','n',NULL,'a'),(1088970858,'1088970858',NULL,NULL,NULL,'',NULL,'',NULL,'a040bb402c63302f664a71c05737e11a','n',NULL,'a'),(1088970417,'1088970417',NULL,NULL,NULL,'',NULL,'',NULL,'6cf817bfd585e7d4ee949ab43c60fe53','n',NULL,'a'),(1088971177,'1088971177',NULL,NULL,NULL,'',NULL,'',NULL,'7ba6dcc36862363cb5d11cdaf32bc880','n',NULL,'a'),(1088970690,'1088970690',NULL,NULL,NULL,'',NULL,'',NULL,'c67a06b41b72ef9eba5b0e4bf310c9ef','n',NULL,'a'),(1088970240,'1088970240',NULL,NULL,NULL,'',NULL,'',NULL,'565e99327c08dc83475a5e2f1c653276','n',NULL,'a'),(1088970456,'1088970456',NULL,NULL,NULL,'',NULL,'',NULL,'a24eb8b4357fd84d2ae9e14cb9246db3','n',NULL,'a'),(1088970748,'1088970748',NULL,NULL,NULL,'',NULL,'',NULL,'6e298f7af746b3e045df525dd2c2bfcf','n',NULL,'a'),(1028660570,'1028660570',NULL,NULL,NULL,'',NULL,'',NULL,'61118d035e412906f2c40c54bb10b87a','n',NULL,'a'),(1088970010,'1088970010',NULL,NULL,NULL,'',NULL,'',NULL,'0b56e33f01f4c80a5d1119938ced0a61','n',NULL,'a'),(1088970062,'1088970062',NULL,NULL,NULL,'',NULL,'',NULL,'f9cc71188125a94dc068bd3e9c18a753','n',NULL,'a'),(1004710719,'1004710719',NULL,NULL,NULL,'',NULL,'',NULL,'62c6d1f565920bd3c37d38079cf63f07','n',NULL,'a'),(1088970526,'1088970526',NULL,NULL,NULL,'',NULL,'',NULL,'a902b7f553dd7ff1801c10fbc33e9804','n',NULL,'a'),(1088970517,'1088970517',NULL,NULL,NULL,'',NULL,'',NULL,'052c714e6b687e1a5b21f2d6c14d3922','n',NULL,'a'),(1084250546,'1084250546',NULL,NULL,NULL,'',NULL,'',NULL,'ff090b998982546c35c98f69f1abf8b8','n',NULL,'a'),(1022329543,'1022329543',NULL,NULL,NULL,'',NULL,'',NULL,'7ebd15084ed5c6b3cf4963979b02a4a7','n',NULL,'a'),(1137089179,'1137089179',NULL,NULL,NULL,'',NULL,'',NULL,'d8dc1ce336dfa9e979f865e154059da0','n',NULL,'a'),(1088970519,'1088970519',NULL,NULL,NULL,'',NULL,'',NULL,'1d0786d84e6d93b8c72b03155b5b8019','n',NULL,'a'),(1088970208,'1088970208',NULL,NULL,NULL,'',NULL,'',NULL,'f77767a78dcdebfbc9d5199fee351d0f','n',NULL,'a'),(1088970377,'1088970377',NULL,NULL,NULL,'',NULL,'',NULL,'f53d17a4c70bd56163797fb4ece1db10','n',NULL,'a'),(1088970205,'1088970205',NULL,NULL,NULL,'',NULL,'',NULL,'717392f2456c12e9ca1092053f84a7fb','n',NULL,'a'),(36945421,'36945421',NULL,NULL,NULL,'',NULL,'',NULL,'8cbd7740b6fc090e37823dc0540d8b9d','n',NULL,'a'),(1088970897,'1088970897',NULL,NULL,NULL,'',NULL,'',NULL,'d53d2c5350ac6af1509af72c040a8594','n',NULL,'a'),(1058963308,'1058963308',NULL,NULL,NULL,'',NULL,'',NULL,'81ef725d2ca6052ab27bf11e04bb70d0','n',NULL,'a'),(1089970087,'1089970087',NULL,NULL,NULL,'',NULL,'',NULL,'e383a751cdb7b29f9f87a723ee5896db','n',NULL,'a'),(1088970587,'1088970587',NULL,NULL,NULL,'',NULL,'',NULL,'df70728e5d8ecb84658e8d3181baa2fc','n',NULL,'a'),(1088970191,'1088970191',NULL,NULL,NULL,'',NULL,'',NULL,'80cc8c92717207fbcc0a3daf0d8bfc78','n',NULL,'a'),(1088970271,'1088970271',NULL,NULL,NULL,'',NULL,'',NULL,'b35264e7c77f18e0f84f5fd57432170f','n',NULL,'a'),(1088970575,'1088970575',NULL,NULL,NULL,'',NULL,'',NULL,'cc90ff44dd33d9a7eb2875b5b72f7d7f','n',NULL,'a'),(1088971036,'1088971036',NULL,NULL,NULL,'',NULL,'',NULL,'d9071768c4c70fc2307fce90121efdef','n',NULL,'a'),(1088970315,'1088970315',NULL,NULL,NULL,'',NULL,'',NULL,'4d5b15c004573ddfe1449e3c28649cc1','n',NULL,'a'),(1088970600,'1088970600',NULL,NULL,NULL,'',NULL,'',NULL,'51352a5b2eef32959c9cc1df92ea521e','n',NULL,'a'),(1004711122,'1004711122',NULL,NULL,NULL,'',NULL,'',NULL,'837aca0bc8671706ff9b10b59e397d30','n',NULL,'a'),(1088971023,'1088971023',NULL,NULL,NULL,'',NULL,'',NULL,'540a4a97080dcbe5829bae06dab997f1','n',NULL,'a'),(1088970724,'1088970724',NULL,NULL,NULL,'',NULL,'',NULL,'75b9ac40ea50b4904ee64e0ec999c290','n',NULL,'a'),(1088970334,'1088970334',NULL,NULL,NULL,'',NULL,'',NULL,'343ded7ab020a055e79707c680e98bb6','n',NULL,'a'),(1089348042,'1089348042',NULL,NULL,NULL,'',NULL,'',NULL,'31af3f4f84b7854749d38b96cbd959eb','n',NULL,'a'),(1081592193,'1081592193',NULL,NULL,NULL,'',NULL,'',NULL,'158664fad293a5d0d30e7546f76606c2','n',NULL,'a'),(1081273491,'1081273491',NULL,NULL,NULL,'',NULL,'',NULL,'1179b1f82f183d8ebb8405e174d1f589','n',NULL,'a'),(1081273798,'1081273798',NULL,NULL,NULL,'',NULL,'',NULL,'f29a6ce1e1f9df3d0ceae8065a6ec00f','n',NULL,'a'),(1088970098,'1088970098',NULL,NULL,NULL,'',NULL,'',NULL,'10158db45b856e8790f944dc792693ae','n',NULL,'a'),(1088970264,'1088970264',NULL,NULL,NULL,'',NULL,'',NULL,'7ec26914a30bb762db745f2449978f93','n',NULL,'a'),(1088970474,'1088970474',NULL,NULL,NULL,'',NULL,'',NULL,'d856a6b5acbe5e4993e845e787c79654','n',NULL,'a'),(1080690701,'1080690701',NULL,NULL,NULL,'',NULL,'',NULL,'91da1f384450a39e3a3e5cc098ef2137','n',NULL,'a'),(1088970154,'1088970154',NULL,NULL,NULL,'',NULL,'',NULL,'f9d9524937d0bb376fcc6ec934e98ab4','n',NULL,'a'),(1004711178,'1004711178',NULL,NULL,NULL,'',NULL,'',NULL,'895bc965b852c932b007561bfdcd073f','n',NULL,'a'),(1086548291,'1086548291',NULL,NULL,NULL,'',NULL,'',NULL,'37e6f8f76e1d2e041a3c7f203b187078','n',NULL,'a'),(1088970322,'1088970322',NULL,NULL,NULL,'',NULL,'',NULL,'df8a31fe538379757c4ab6d14b44dc47','n',NULL,'a'),(1108639392,'1108639392',NULL,NULL,NULL,'',NULL,'',NULL,'4abf7e5ec5ae904ee2b1f8b401ab70b8','n',NULL,'a'),(1004711253,'1004711253',NULL,NULL,NULL,'',NULL,'',NULL,'146882c744aff4cc25ac526c74e6b6cb','n',NULL,'a'),(1088970466,'1088970466',NULL,NULL,NULL,'',NULL,'',NULL,'b8c141bc92a73f7962c61d7ab2e7e42d','n',NULL,'a'),(36770034,'36770034',NULL,NULL,NULL,'',NULL,'',NULL,'00b8d7c1612740c9bc6b63704eb3fb63','n',NULL,'a'),(1058547057,'1058547057',NULL,NULL,NULL,'',NULL,'',NULL,'b9eb478ab1a654c2e41381ce21d9becc','n',NULL,'a'),(1004711251,'1004711251',NULL,NULL,NULL,'',NULL,'',NULL,'d7882f3428c46be0c1de7a9098fafc38','n',NULL,'a'),(37155950,'37155950',NULL,NULL,NULL,'',NULL,'',NULL,'3948099fcbfc84942e6993da4c9a3e75','n',NULL,'a'),(1087408418,'1087408418',NULL,NULL,NULL,'',NULL,'',NULL,'633eb3ca4b992de998062423f6dc804d','n',NULL,'a'),(1088970480,'1088970480',NULL,NULL,NULL,'',NULL,'',NULL,'0358d809534c4655e3e4d87e6af00777','n',NULL,'a'),(1088971191,'1088971191',NULL,NULL,NULL,'',NULL,'',NULL,'b03cc260863b6522bbc105b66bfdc4a3','n',NULL,'a'),(1088970820,'1088970820',NULL,NULL,NULL,'',NULL,'',NULL,'f8ebd6c1666351e79473692bceb52396','n',NULL,'a'),(1004711252,'1004711252',NULL,NULL,NULL,'',NULL,'',NULL,'ca45b885e722acedeff9c7f0659722b4','n',NULL,'a'),(1004711226,'1004711226',NULL,NULL,NULL,'',NULL,'',NULL,'7fca045a093d24a5ac0c0992d690a6a9','n',NULL,'a'),(1004711003,'1004711003',NULL,NULL,NULL,'',NULL,'',NULL,'fd73460d32ffd83a280a00bc237f9f8c','n',NULL,'a'),(1088970289,'1088970289',NULL,NULL,NULL,'',NULL,'',NULL,'be6bbd054404e1e7307b1e067d62c5b4','n',NULL,'a'),(1004711230,'1004711230',NULL,NULL,NULL,'',NULL,'',NULL,'d6fff2fd2196407c8d7ab58c0f9cdc13','n',NULL,'a'),(1004710961,'1004710961',NULL,NULL,NULL,'',NULL,'',NULL,'d2f7cfe4a438bacb666535ef660b16d4','n',NULL,'a'),(1005967919,'1005967919',NULL,NULL,NULL,'',NULL,'',NULL,'0c8036ed9d0304052c771c9404017262','n',NULL,'a'),(1004598882,'1004598882',NULL,NULL,NULL,'',NULL,'',NULL,'b6a7a03d8cc34fcda2a2a6fe1ba9eb69','n',NULL,'a'),(1004711273,'1004711273',NULL,NULL,NULL,'',NULL,'',NULL,'2561ba4c3b967b9a609ec17bbf83bd6d','n',NULL,'a'),(1088970117,'1088970117',NULL,NULL,NULL,'',NULL,'',NULL,'2c00e8973d933a2a97f87dd8762e168e','n',NULL,'a'),(1088970158,'1088970158',NULL,NULL,NULL,'',NULL,'',NULL,'8c7c7978dccf704142d50ecd7612527e','n',NULL,'a'),(1004711215,'1004711215',NULL,NULL,NULL,'',NULL,'',NULL,'36e049f46c68a4664666c9ca2c24d2a0','n',NULL,'a'),(1088970129,'1088970129',NULL,NULL,NULL,'',NULL,'',NULL,'13adc2e9f5ce3cf433ddcdc99cc34ad2','n',NULL,'a'),(1004711120,'1004711120',NULL,NULL,NULL,'',NULL,'',NULL,'5ad0e06cd3a66aebd755ce4e066a4421','n',NULL,'a'),(1004711192,'1004711192',NULL,NULL,NULL,'',NULL,'',NULL,'afb98276f5992c89ce171cbb19e55b29','n',NULL,'a'),(1088970044,'1088970044',NULL,NULL,NULL,'',NULL,'',NULL,'3f4ddf51b79fa499d238713060683528','n',NULL,'a'),(1193232892,'1193232892',NULL,NULL,NULL,'',NULL,'',NULL,'a51d0656f2a732354ae195a226e205d0','n',NULL,'a'),(1004711185,'1004711185',NULL,NULL,NULL,'',NULL,'',NULL,'e9f839ec2ce4feebf21f324e3b31feeb','n',NULL,'a'),(1004711309,'1004711309',NULL,NULL,NULL,'',NULL,'',NULL,'dc86de2e7fdc61c1459e2b2acb1b735f','n',NULL,'a'),(1005981486,'1005981486',NULL,NULL,NULL,'',NULL,'',NULL,'9ab4b346af51b754cb7f21180a296902','n',NULL,'a'),(1088970084,'1088970084',NULL,NULL,NULL,'',NULL,'',NULL,'fada954748c0443e53eb20b78369a1b7','n',NULL,'a'),(1007311007,'1007311007',NULL,NULL,NULL,'',NULL,'',NULL,'0662f46a630b95c12265f5068c81840e','n',NULL,'a'),(1004711998,'1004711998',NULL,NULL,NULL,'',NULL,'',NULL,'7eef2196c522eeacd5008b975baf47b5','n',NULL,'a'),(1004193350,'1004193350',NULL,NULL,NULL,'',NULL,'',NULL,'54e9f586d804fc3589f0c44c4c1941fd','n',NULL,'a'),(1004711004,'1004711004',NULL,NULL,NULL,'',NULL,'',NULL,'e962bde6c9e33facef7cd70e5a8d4c1f','n',NULL,'a'),(1004711225,'1004711225',NULL,NULL,NULL,'',NULL,'',NULL,'53aed608ec4719aacee790d84d0a9dd6','n',NULL,'a'),(1004711286,'1004711286',NULL,NULL,NULL,'',NULL,'',NULL,'0ae525a552b2ac31b1040698825f2449','n',NULL,'a'),(1088970161,'1088970161',NULL,NULL,NULL,'',NULL,'',NULL,'1ab7986b24b9dc7bc6b6627050da278a','n',NULL,'a'),(1004711204,'1004711204',NULL,NULL,NULL,'',NULL,'',NULL,'c5168f78e920b594aa64f44844a0c893','n',NULL,'a'),(1088970045,'1088970045',NULL,NULL,NULL,'',NULL,'',NULL,'e52f81256e2331222560718e337dd200','n',NULL,'a'),(1004711277,'1004711277',NULL,NULL,NULL,'',NULL,'',NULL,'ee17b9df94e0773cdbefbf257ce3240c','n',NULL,'a'),(1004710990,'1004710990',NULL,NULL,NULL,'',NULL,'',NULL,'762c4a5bfd7c2ea4e4be3712ec7114ca','n',NULL,'a'),(1088970047,'1088970047',NULL,NULL,NULL,'',NULL,'',NULL,'5aa19ea7644677c6bb3bc17370e6bcd9','n',NULL,'a'),(1004711131,'1004711131',NULL,NULL,NULL,'',NULL,'',NULL,'14797de51ccde2e2509890d7d7213db2','n',NULL,'a'),(1088970073,'1088970073',NULL,NULL,NULL,'',NULL,'',NULL,'a33f041b5f5c8a4ff7d9d9ae31719b92','n',NULL,'a'),(1004711293,'1004711293',NULL,NULL,NULL,'',NULL,'',NULL,'ada8eb202e10b95cbf93867f01aa4fc3','n',NULL,'a'),(1006103213,'1006103213',NULL,NULL,NULL,'',NULL,'',NULL,'561939ace2bdd9511c96932b132849ab','n',NULL,'a'),(1004711219,'1004711219',NULL,NULL,NULL,'',NULL,'',NULL,'dfcb2214c0fd65f8e12cbd866dc48b2e','n',NULL,'a'),(1007310969,'1007310969',NULL,NULL,NULL,'',NULL,'',NULL,'d4561fdc0dd096c4e32d1124d2f027eb','n',NULL,'a'),(1193582424,'1193582424',NULL,NULL,NULL,'',NULL,'',NULL,'769199c602311ddb96aab217f9cdc58d','n',NULL,'a'),(1007311130,'1007311130',NULL,NULL,NULL,'',NULL,'',NULL,'b1bd7aafb6ebc2e314b3a24052b4734e','n',NULL,'a'),(1088970118,'1088970118',NULL,NULL,NULL,'',NULL,'',NULL,'c8424bcf8b51691c85aba0e239a81659','n',NULL,'a'),(1004711328,'1004711328',NULL,NULL,NULL,'',NULL,'',NULL,'5780e5a0234a66cb21a54477f254a8fb','n',NULL,'a'),(1004233618,'1004233618',NULL,NULL,NULL,'',NULL,'',NULL,'5fffd7f4258132d4652dc4c6cc74bd59','n',NULL,'a'),(1004710881,'1004710881',NULL,NULL,NULL,'',NULL,'',NULL,'4891c68f72366d6f84c7ee74c866aaab','n',NULL,'a'),(34238750,'34238750',NULL,NULL,NULL,'',NULL,'',NULL,'4f2b1883edc11186df0242fe0785a784','n',NULL,'a'),(1014656689,'1014656689',NULL,NULL,NULL,'',NULL,'',NULL,'fb0b88ea2a68c6114edb163231cfadc4','n',NULL,'a'),(1004711270,'1004711270',NULL,NULL,NULL,'',NULL,'',NULL,'cbd4a7bb802683e0f677cc29b44df66a','n',NULL,'a'),(1004711066,'1004711066',NULL,NULL,NULL,'',NULL,'',NULL,'24e0e8609a06c86456bac8daf142a526','n',NULL,'a'),(1109541240,'1109541240',NULL,NULL,NULL,'',NULL,'',NULL,'957895f645695c70f6c41270c93e2823','n',NULL,'a'),(1088970016,'1088970016',NULL,NULL,NULL,'',NULL,'',NULL,'a30cb81a9a2b5b44c01da4eb7d5dbd66','n',NULL,'a'),(1088970177,'1088970177',NULL,NULL,NULL,'',NULL,'',NULL,'bde11785538cf8535a57b1198b0ec74f','n',NULL,'a'),(1088970055,'1088970055',NULL,NULL,NULL,'',NULL,'',NULL,'4897b24a7c1689257e9930c257afdb90','n',NULL,'a'),(1088970337,'1088970337',NULL,NULL,NULL,'',NULL,'',NULL,'54157e341b68d058c801d966a0f65ca2','n',NULL,'a'),(1004711331,'1004711331',NULL,NULL,NULL,'',NULL,'',NULL,'d08a26eb75784edd5f2b811dcf6c9049','n',NULL,'a'),(1088970093,'1088970093',NULL,NULL,NULL,'',NULL,'',NULL,'280d97558781cef9faaf987c9392034b','n',NULL,'a'),(1004710541,'1004710541',NULL,NULL,NULL,'',NULL,'',NULL,'20db1ab6fe6b27596cf9e78dad0e10fd','n',NULL,'a'),(1193082909,'1193082909',NULL,NULL,NULL,'',NULL,'',NULL,'4ccaa4fdec7c3c5d7d025293c789d5d3','n',NULL,'a'),(1004711110,'1004711110',NULL,NULL,NULL,'',NULL,'',NULL,'9b35a91e3d29a3984feca988a8caab33','n',NULL,'a'),(1004711175,'1004711175',NULL,NULL,NULL,'',NULL,'',NULL,'7c4735430be4bb4f598a315ebc91eb3c','n',NULL,'a'),(31387969,'31387969',NULL,NULL,NULL,'',NULL,'',NULL,'929b78523fd693a9f5fbae3172ef8408','n',NULL,'a'),(1125408438,'1125408438',NULL,NULL,NULL,'',NULL,'',NULL,'6991acddb7aa9e655227e6ddde40ec26','n',NULL,'a'),(1004711288,'1004711288',NULL,NULL,NULL,'',NULL,'',NULL,'28565bd3e14401d15055e7e79d77182a','n',NULL,'a'),(1004711327,'1004711327',NULL,NULL,NULL,'',NULL,'',NULL,'1352c3e306ba4e87bf0e31d4092aa633','n',NULL,'a'),(1088970051,'1088970051',NULL,NULL,NULL,'',NULL,'',NULL,'9a5afb7626d1bd346d2e20dc4b99c990','n',NULL,'a'),(1004711191,'1004711191',NULL,NULL,NULL,'',NULL,'',NULL,'9f41cd17995e5fbce914c0c1c8dd251d','n',NULL,'a'),(1004711114,'1004711114',NULL,NULL,NULL,'',NULL,'',NULL,'879da04dfae5b4ad1490c75fa50448cd','n',NULL,'a'),(1193271707,'1193271707',NULL,NULL,NULL,'',NULL,'',NULL,'4287e76bff10be8900a83943da604d00','n',NULL,'a'),(1004711324,'1004711324',NULL,NULL,NULL,'',NULL,'',NULL,'19769bdc7f0a12f3698a5f3463129c2e','n',NULL,'a'),(36770220,'36770220',NULL,NULL,NULL,'',NULL,'',NULL,'9c8e2ceacd4be5e0349628656e17af4e','n',NULL,'a'),(1004731543,'1004731543',NULL,NULL,NULL,'',NULL,'',NULL,'63936375cc38837ec8324e9a75b9c45e','n',NULL,'a'),(1004711323,'1004711323',NULL,NULL,NULL,'',NULL,'',NULL,'44119dc2fcc347a81956662fb080773b','n',NULL,'a'),(1006382077,'1006382077',NULL,NULL,NULL,'',NULL,'',NULL,'0c8778407412dd104955832e7bda8f32','n',NULL,'a'),(1004710954,'1004710954',NULL,NULL,NULL,'CALLE 7 NO.11-31',NULL,'',NULL,'0923a5e88756507fbd380fd25fb4c245','n',NULL,'a'),(1089348015,'1089348015',NULL,NULL,NULL,'CRA 8 NO. 6-33',NULL,'',NULL,'456a765359a902bd89851c49f884a5b6','n',NULL,'a'),(1001285568,'1001285568',NULL,NULL,NULL,'CALLE 11 CRA 12 ESQ.',NULL,'',NULL,'60cc22866a1febf005143ee1cd604cbb','n',NULL,'a'),(1004711174,'1004711174',NULL,NULL,NULL,'CRA 8 CALLE 5',NULL,'',NULL,'b95f4583825cad6405820b024a9a525a','n',NULL,'a'),(1004731363,'1004731363',NULL,NULL,NULL,'VDA./BELLA VISTA',NULL,'',NULL,'3aec36a6796e58a0d3a38d465d4122e3','n',NULL,'a'),(1004710892,'1004710892',NULL,NULL,NULL,'B/SULTANA DEL MAYO',NULL,'',NULL,'d682ff09c1cbb462b6fbfa44123504ba','n',NULL,'a'),(1004561338,'1004561338',NULL,NULL,NULL,'AV EL CEMENTERIO',NULL,'',NULL,'f93ccb9ea062199645f385b2f2c39b8f','n',NULL,'a'),(1004710893,'1004710893',NULL,NULL,NULL,'AV EL CEMENTERIO',NULL,'',NULL,'102d802ad5ffe775535f481c88433669','n',NULL,'a'),(461,'461',NULL,NULL,NULL,'CALLE 12 A NO 12A-03',NULL,'',NULL,'0353ab4cbed5beae847a7ff6e220b5cf','n',NULL,'a'),(1004711081,'1004711081',NULL,NULL,NULL,'CRA 8 NO. 4-15',NULL,'',NULL,'ab0e3a1cf851fe3860a239aec17d904b','n',NULL,'a'),(1004771119,'1004771119',NULL,NULL,NULL,'B/SAN ANTONIO',NULL,'',NULL,'a02478c9ffe5ef47c23610e810830090','n',NULL,'a'),(464,'464',NULL,NULL,NULL,'CALLE 6 NO 5-25',NULL,'',NULL,'f1b6f2857fb6d44dd73c7041e0aa0f19','n',NULL,'a'),(1004710850,'1004710850',NULL,NULL,NULL,'CALLE 4 NO. 5-20',NULL,'',NULL,'4e7138d5b3c31bf44fc57361bda37b7c','n',NULL,'a'),(1004710888,'1004710888',NULL,NULL,NULL,'CALLE 5 NO. 5-83',NULL,'',NULL,'7445174eff2695ceec19334290957ce1','n',NULL,'a'),(1004727610,'1004727610',NULL,NULL,NULL,'CALLE 7 NO. 26-04',NULL,'',NULL,'678be5640abeb774021d28ee7747f6bf','n',NULL,'a'),(1004710978,'1004710978',NULL,NULL,NULL,'CALLE 8 NO. 8-40',NULL,'',NULL,'8058995d0f1d098a01820b5a35079f37','n',NULL,'a'),(1004190224,'1004190224',NULL,NULL,NULL,'CALLE 3 NO. 8-48',NULL,'',NULL,'3a8ba3bc39fdaa2d12561a751f29a7c0','n',NULL,'a'),(1004711086,'1004711086',NULL,NULL,NULL,'CALLE 8 NO. -75',NULL,'',NULL,'0fb909c8cb70c9bc95b8432581ccf70f','n',NULL,'a'),(1004711159,'1004711159',NULL,NULL,NULL,'CALLE 11 CASA 16',NULL,'',NULL,'a2e86294edca4be7b12d54993cdadab7','n',NULL,'a'),(1001281956,'1001281956',NULL,NULL,NULL,'CALLE 11 CRA 12 ESQ.',NULL,'',NULL,'f5ab666878040472333949fadcd96331','n',NULL,'a'),(1004710823,'1004710823',NULL,NULL,NULL,'CRA 6 NO. 3-115',NULL,'',NULL,'eb77d4355661c24b5a26856acf2fe1bf','n',NULL,'a'),(1007310999,'1007310999',NULL,NULL,NULL,'CRA 6 NO. 2-11',NULL,'',NULL,'78edc2c425e45e2c61b14b3b57be04d9','n',NULL,'a'),(1004711197,'1004711197',NULL,NULL,NULL,'CRA 8 CALLE 6',NULL,'',NULL,'78bf2ad321968d92e80f72fc2bbb2065','n',NULL,'a'),(1004710902,'1004710902',NULL,NULL,NULL,'MANZANA A CASA 4',NULL,'',NULL,'e0360ed633a76681960e5808aba9eafa','n',NULL,'a'),(1004509013,'1004509013',NULL,NULL,NULL,'CRA 9 NO. 7-42',NULL,'',NULL,'89e609d1e8f4e617b86eb89361a6b718','n',NULL,'a'),(1004517156,'1004517156',NULL,NULL,NULL,'VDA/JUAN LOPEZ',NULL,'',NULL,'862cbd990edb7400a2666ec7b6faf632','n',NULL,'a'),(1004710906,'1004710906',NULL,NULL,NULL,'CRA 13 NO. 12-29',NULL,'',NULL,'3e823d4cd1fc1cba820441f373f12ade','n',NULL,'a'),(1004710874,'1004710874',NULL,NULL,NULL,'CALLE 7 NO. 12-25',NULL,'',NULL,'913923c0d8a69d0624993d1b22a0c045','n',NULL,'a'),(1004711106,'1004711106',NULL,NULL,NULL,'VDA/ LAS ARAAS',NULL,'',NULL,'d2b24025e2d43570dba19bdc5518f30c','n',NULL,'a'),(1007311052,'1007311052',NULL,NULL,NULL,'CRA 7 NO. 5-70',NULL,'',NULL,'246c3564c5ad91d7504b12308fada5dc','n',NULL,'a'),(1002835066,'1002835066',NULL,NULL,NULL,'',NULL,'',NULL,'0c08efcd22cb10bda5ee5c2c8538783a','n',NULL,'a'),(1004711100,'1004711100',NULL,NULL,NULL,'',NULL,'',NULL,'7f9b9820ecf5c3b33b14dae7bec2af3d','n',NULL,'a'),(1004710783,'1004710783',NULL,NULL,NULL,'',NULL,'',NULL,'44170cb0e9c7f0bdea9346bed614ecde','n',NULL,'a'),(1004710905,'1004710905',NULL,NULL,NULL,'',NULL,'',NULL,'fba81ea4af1aa12364ab96168d2aa060','n',NULL,'a'),(1006183313,'1006183313',NULL,NULL,NULL,'',NULL,'',NULL,'ef6b626c76efac2446d6bb19a0961014','n',NULL,'a'),(1004710842,'1004710842',NULL,NULL,NULL,'',NULL,'',NULL,'a47609999ee3c1075c4885d10dfe1ab9','n',NULL,'a'),(1004710636,'1004710636',NULL,NULL,NULL,'',NULL,'',NULL,'04d2a02c1819be05cd8e295ce210bd80','n',NULL,'a'),(1007310797,'1007310797',NULL,NULL,NULL,'',NULL,'',NULL,'7a012764edf4e5b623376b2139caa690','n',NULL,'a'),(1004710859,'1004710859',NULL,NULL,NULL,'',NULL,'',NULL,'9c54d2f1db32127b26ca300c62f8a1c1','n',NULL,'a'),(1007310996,'1007310996',NULL,NULL,NULL,'',NULL,'',NULL,'864b7cd6682415efb9b889af4f2a9b96','n',NULL,'a'),(1007310868,'1007310868',NULL,NULL,NULL,'',NULL,'',NULL,'2fe605e71c270ca32d7a0da573032a08','n',NULL,'a'),(97102319811,'9710231981',NULL,NULL,NULL,'',NULL,'',NULL,'8918a5e961c9da1618dc0206ca168f60','n',NULL,'a'),(1004710813,'1004710813',NULL,NULL,NULL,'',NULL,'',NULL,'f032ae9278c12a11c7ccb2c457c97ee9','n',NULL,'a'),(1004711180,'1004711180',NULL,NULL,NULL,'',NULL,'',NULL,'efab783421976a3a3d6d585c35a36b98','n',NULL,'a'),(1004711012,'1004711012',NULL,NULL,NULL,'',NULL,'',NULL,'730dc19c0036768ea92b35954e47d447','n',NULL,'a'),(1004711043,'1004711043',NULL,NULL,NULL,'',NULL,'',NULL,'899e78763bc08ddb80e49e4f7c0e9443','n',NULL,'a'),(1004711102,'1004711102',NULL,NULL,NULL,'',NULL,'',NULL,'72f76e3cbbafa5bd25733f48460e047e','n',NULL,'a'),(1007311133,'1007311133',NULL,NULL,NULL,'',NULL,'',NULL,'2207a307596d1a70116814880df1aa05','n',NULL,'a'),(1004710952,'1004710952',NULL,NULL,NULL,'',NULL,'',NULL,'aaf28c94d8f597c073378b25fcc856c6','n',NULL,'a'),(1004710856,'1004710856',NULL,NULL,NULL,'',NULL,'',NULL,'e7a006038d194b6348a500f926a63d0b','n',NULL,'a'),(1004710750,'1004710750',NULL,NULL,NULL,'',NULL,'',NULL,'660783edd4fc4cda0b96cfc2655e2c21','n',NULL,'a'),(1007311003,'1007311003',NULL,NULL,NULL,'',NULL,'',NULL,'97bf7693ff14e9f3e4c38544fb7263b2','n',NULL,'a'),(1004711117,'1004711117',NULL,NULL,NULL,'',NULL,'',NULL,'17c70c0935a9a9f21a0c4eacb46b00dc','n',NULL,'a'),(1004710786,'1004710786',NULL,NULL,NULL,'',NULL,'',NULL,'c815855a5620b7993df76966485af4cc','n',NULL,'a'),(1004710692,'1004710692',NULL,NULL,NULL,'',NULL,'',NULL,'36dbc126ac1dd0391fb81d0bbba65a47','n',NULL,'a'),(1004711146,'1004711146',NULL,NULL,NULL,'',NULL,'',NULL,'187e3c215d453e7cbebb1d56c1bf86ec','n',NULL,'a'),(1007310956,'1007310956',NULL,NULL,NULL,'',NULL,'',NULL,'028db79b361f0642806c28e9deb2ac41','n',NULL,'a'),(1004710841,'1004710841',NULL,NULL,NULL,'',NULL,'',NULL,'62540d3ba9f25b8567611863d32435fe','n',NULL,'a'),(99082909709,'9908290970',NULL,NULL,NULL,'',NULL,'',NULL,'cd6e38daa68ab4cc61c4e687fda38568','n',NULL,'a'),(1004711169,'1004711169',NULL,NULL,NULL,'',NULL,'',NULL,'eb36b1db6290fdaa22521e1638309bbd','n',NULL,'a'),(1004711488,'1004711488',NULL,NULL,NULL,'',NULL,'',NULL,'9263fce50afcfb6836504f74431d8d27','n',NULL,'a'),(1004711008,'1004711008',NULL,NULL,NULL,'',NULL,'',NULL,'e5e1c44d64f49b0683a76b03fc5af0f9','n',NULL,'a'),(1004710953,'1004710953',NULL,NULL,NULL,'',NULL,'',NULL,'e80d1623f6135c4df2536a7f8a3c9079','n',NULL,'a'),(1004711152,'1004711152',NULL,NULL,NULL,'',NULL,'',NULL,'087449625278c55417b90812f142ebb0','n',NULL,'a'),(1004711067,'1004711067',NULL,NULL,NULL,'',NULL,'',NULL,'4d8b730221ec215608c4ed2f7ce123aa','n',NULL,'a'),(1007310981,'1007310981',NULL,NULL,NULL,'',NULL,'',NULL,'f372f3aa02721e550e3a9d0fc5bceebb','n',NULL,'a'),(1004710900,'1004710900',NULL,NULL,NULL,'',NULL,'',NULL,'47180b23dab0f2d00ba605051f34c08a','n',NULL,'a'),(1010058933,'1010058933',NULL,NULL,NULL,'',NULL,'',NULL,'c2e2d4a3107a34f4b01f264901f053cb','n',NULL,'a'),(1004711104,'1004711104',NULL,NULL,NULL,'',NULL,'',NULL,'f6aaad77398c694ce8021f6ed8d413c9','n',NULL,'a'),(1004710717,'1004710717',NULL,NULL,NULL,'',NULL,'',NULL,'2d3e22a4b56b94908dc60ddb1918a58c','n',NULL,'a'),(1004711235,'1004711235',NULL,NULL,NULL,'',NULL,'',NULL,'696904c300f2c42e0925cb134650a61f','n',NULL,'a'),(1007311064,'1007311064',NULL,NULL,NULL,'',NULL,'',NULL,'5dd2f2d704d26ed358d7f1566b7a77c3','n',NULL,'a'),(1004711059,'1004711059',NULL,NULL,NULL,'',NULL,'',NULL,'6ac70edcbd76351c0e8e00e25624d975','n',NULL,'a'),(1002805766,'1002805766',NULL,NULL,NULL,'',NULL,'',NULL,'3f044692ed8df77eb49fb4f65c9c9834','n',NULL,'a'),(1004710835,'1004710835',NULL,NULL,NULL,'',NULL,'',NULL,'30f2c149e479f9f1ab0d542f1eca199e','n',NULL,'a'),(1007310781,'1007310781',NULL,NULL,NULL,'',NULL,'',NULL,'570799aede59d301a831bb11657873be','n',NULL,'a'),(1004415220,'1004415220',NULL,NULL,NULL,'',NULL,'',NULL,'5d58f3ce10f7b288f26ff34d10c447b4','n',NULL,'a'),(1007311001,'1007311001',NULL,NULL,NULL,'',NULL,'',NULL,'4e824f789af32f5e0bd879545ca4aa42','n',NULL,'a'),(1004711168,'1004711168',NULL,NULL,NULL,'',NULL,'',NULL,'1eff187e1221e66e69d0ea1103db798d','n',NULL,'a'),(1004711096,'1004711096',NULL,NULL,NULL,'',NULL,'',NULL,'931d7bd5dfe57b241c42afb3a5939fe6','n',NULL,'a'),(1004710939,'1004710939',NULL,NULL,NULL,'',NULL,'',NULL,'6145ae34320aa238e79be75ddd61f202','n',NULL,'a'),(1002901936,'1002901936',NULL,NULL,NULL,'',NULL,'',NULL,'633eb6223390b153acefa03340c8967c','n',NULL,'a'),(1004710870,'1004710870',NULL,NULL,NULL,'',NULL,'',NULL,'2f7d381e93b4e82ab9eae470e3ff534b','n',NULL,'a'),(1004711006,'1004711006',NULL,NULL,NULL,'',NULL,'',NULL,'51454cceb95d54eebdb5aad504954fbf','n',NULL,'a'),(1004711259,'1004711259',NULL,NULL,NULL,'',NULL,'',NULL,'f5c3706e0bde8a0db3ee7154fa03a251','n',NULL,'a'),(1004710760,'1004710760',NULL,NULL,NULL,'',NULL,'',NULL,'fc685f29d8ddbe3c6b36c55b6e9b238a','n',NULL,'a'),(1004710536,'1004710536',NULL,NULL,NULL,'',NULL,'',NULL,'60771e439273a81e2723ea6b0ec54fd6','n',NULL,'a'),(1007310959,'1007310959',NULL,NULL,NULL,'',NULL,'',NULL,'ff65eb2727786179f489391945f40e3a','n',NULL,'a'),(1004710585,'1004710585',NULL,NULL,NULL,'',NULL,'',NULL,'9f6a9753293f4ec07ada10f0bfd1a4dd','n',NULL,'a'),(1004710949,'1004710949',NULL,NULL,NULL,'',NULL,'',NULL,'bdd7186360e872aeeae5484995261565','n',NULL,'a'),(1004710986,'1004710986',NULL,NULL,NULL,'',NULL,'',NULL,'37f8c2597093a2835cb6372cf678cc04','n',NULL,'a'),(1007311109,'1007311109',NULL,NULL,NULL,'',NULL,'',NULL,'38660ba94de113be8598f1e6834a4df2','n',NULL,'a'),(1004711144,'1004711144',NULL,NULL,NULL,'',NULL,'',NULL,'1e5bec86c7e94351cb8b40a01dbc20a3','n',NULL,'a'),(1007311011,'1007311011',NULL,NULL,NULL,'',NULL,'',NULL,'d07c7f7a7204c43d59af40364d714414','n',NULL,'a'),(1004710911,'1004710911',NULL,NULL,NULL,'',NULL,'',NULL,'32b7166b50683945795676ec431d9371','n',NULL,'a'),(1004710920,'1004710920',NULL,NULL,NULL,'',NULL,'',NULL,'7cf5691bf248e48b86c8e1ef6c2e7d78','n',NULL,'a'),(1004710806,'1004710806',NULL,NULL,NULL,'',NULL,'',NULL,'756503bad96bd98e8ccf83e5e71faac7','n',NULL,'a'),(98112409610,'9811240961',NULL,NULL,NULL,'',NULL,'',NULL,'167fdd132fd84c29ca7bd7d4b227bb5c','n',NULL,'a'),(551,'551',NULL,NULL,NULL,'',NULL,'',NULL,'7f24d240521d99071c93af3917215ef7','n',NULL,'a'),(1004711092,'1004711092',NULL,NULL,NULL,'',NULL,'',NULL,'ee189febc02bae27716ac4e3dd5d47ad','n',NULL,'a'),(1004710864,'1004710864',NULL,NULL,NULL,'',NULL,'',NULL,'ef24ad191ea6f827d6710beed65a5adf','n',NULL,'a'),(1004711049,'1004711049',NULL,NULL,NULL,'',NULL,'',NULL,'419edb00f5e917bc8f367da2403ce114','n',NULL,'a'),(1004710693,'1004710693',NULL,NULL,NULL,'',NULL,'',NULL,'dc4c1bf029be57cf4aac9a1d5e24dd08','n',NULL,'a'),(1004731364,'1004731364',NULL,NULL,NULL,'',NULL,'',NULL,'9ea4d1c068e0188ef0b20e5a814271f9','n',NULL,'a'),(1002966040,'1002966040',NULL,NULL,NULL,'',NULL,'',NULL,'9c07b54dfa1aee9c3a962dc14ed11f4b','n',NULL,'a'),(1004711030,'1004711030',NULL,NULL,NULL,'',NULL,'',NULL,'15cd47f8b6a133f4a93ec038630776cf','n',NULL,'a'),(1007311134,'1007311134',NULL,NULL,NULL,'',NULL,'',NULL,'0a6c867a06f7279318a7b241c645815e','n',NULL,'a'),(1004710885,'1004710885',NULL,NULL,NULL,'',NULL,'',NULL,'876d7d2725aa5246b01573c7e8ae5ce0','n',NULL,'a'),(1004710682,'1004710682',NULL,NULL,NULL,'',NULL,'',NULL,'3d937b76b4b6432c1f4e66a9ef599a54','n',NULL,'a'),(1004710701,'1004710701',NULL,NULL,NULL,'',NULL,'',NULL,'e01074794205d7efe7c44c9837e5b541','n',NULL,'a'),(1004710999,'1004710999',NULL,NULL,NULL,'',NULL,'',NULL,'8a1b103ff27fd5e65598e89809b9d58d','n',NULL,'a'),(1004711021,'1004711021',NULL,NULL,NULL,'',NULL,'',NULL,'96c8d48416109c756b6277ee9b580016','n',NULL,'a'),(1004710699,'1004710699',NULL,NULL,NULL,'',NULL,'',NULL,'b7a7a1e055b812ea452291c69306f414','n',NULL,'a'),(1004710947,'1004710947',NULL,NULL,NULL,'',NULL,'',NULL,'9c055812ad2e6131f82e3a8439e45db8','n',NULL,'a'),(1004710845,'1004710845',NULL,NULL,NULL,'',NULL,'',NULL,'67fc17eb25cb50b896f1be86067ac7cf','n',NULL,'a'),(1004517139,'1004517139',NULL,NULL,NULL,'',NULL,'',NULL,'8b73076ea211cbda57751a6ec2f2526a','n',NULL,'a'),(1004711076,'1004711076',NULL,NULL,NULL,'',NULL,'',NULL,'5c4f892cdfbae78035df4d120071b5c2','n',NULL,'a'),(1004710878,'1004710878',NULL,NULL,NULL,'',NULL,'',NULL,'3787cf4000e29d7caabf34c32f4ebc06','n',NULL,'a'),(1004711060,'1004711060',NULL,NULL,NULL,'',NULL,'',NULL,'4f63bc4a9d6390e40fd6572c54258d5c','n',NULL,'a'),(1004710921,'1004710921',NULL,NULL,NULL,'',NULL,'',NULL,'3250e22dfba9f43a75a9bb10cd0316ae','n',NULL,'a'),(1007310894,'1007310894',NULL,NULL,NULL,'B/CENTRO',NULL,'',NULL,'f6865157dac65f0014d58f60c71df5fc','n',NULL,'a'),(1004710594,'1004710594',NULL,NULL,NULL,'CARRERA 5 NO 2-28',NULL,'',NULL,'3d837917e329ea02264060c9db9648d0','n',NULL,'a'),(1004675416,'1004675416',NULL,NULL,NULL,'',NULL,'',NULL,'c25c341e8a2c719bd770bc70b6ba6c11','n',NULL,'a'),(1007310937,'1007310937',NULL,NULL,NULL,'B/PABLO VI',NULL,'',NULL,'ab0b222218a17b5d9d6b01bfc18cd363','n',NULL,'a'),(1004710643,'1004710643',NULL,NULL,NULL,'B/LLANOGRANDE',NULL,'',NULL,'9d12765043bc067b615a0067bd39b43c','n',NULL,'a'),(1004710604,'1004710604',NULL,NULL,NULL,'B/FENELON ORDOÑEZ',NULL,'',NULL,'a06d22d1ee09ad498f1a031215cf5f0b','n',NULL,'a'),(1006359335,'1006359335',NULL,NULL,NULL,'VDA/LA CUCHILLA',NULL,'',NULL,'d5d4373deb6c45d5ec5bc385956d0995','n',NULL,'a'),(97120317983,'9712031798',NULL,NULL,NULL,'EL HATICO',NULL,'',NULL,'b3c0bf1580d357598cf67f794680bc2b','n',NULL,'a'),(98111660662,'9811166066',NULL,NULL,NULL,'B/SULTANA DEL MAYO',NULL,'',NULL,'e168a6c43792d78d634a67c9321a193b','n',NULL,'a'),(1004710726,'1004710726',NULL,NULL,NULL,'B/PRADOS DEL NORTE',NULL,'',NULL,'06a268ed71f1f89c6017af24c0dabb1a','n',NULL,'a'),(99041003487,'9904100348',NULL,NULL,NULL,'LA CRUZ',NULL,'',NULL,'68699abd1238d656ea849522c762d2a2','n',NULL,'a'),(98102264126,'9810226412',NULL,NULL,NULL,'B/CENTRO',NULL,'',NULL,'58b84fe03946f6e0da055a9e2689dcc9','n',NULL,'a'),(1007310917,'1007310917',NULL,NULL,NULL,'B/LLANOGRANDE',NULL,'',NULL,'592c7930896809febdb75b3207764c1c','n',NULL,'a'),(1004710655,'1004710655',NULL,NULL,NULL,'CARRERA 11 9-22',NULL,'',NULL,'33fb4a39ba5fbda8ea74084224fb8bf1','n',NULL,'a'),(1007311084,'1007311084',NULL,NULL,NULL,'LA CRUZ',NULL,'',NULL,'abd0fe8b536de16bae8f7e1f095efe39','n',NULL,'a'),(1004710675,'1004710675',NULL,NULL,NULL,'VDA/ESCANDOY',NULL,'',NULL,'701f531a198854ea5fdcd458e30d9ff0','n',NULL,'a'),(98010270880,'9801027088',NULL,NULL,NULL,'B/FENELON ORDOÑEZ',NULL,'',NULL,'b50db643fb7f6377330c225fe3d8b24e','n',NULL,'a'),(1004710678,'1004710678',NULL,NULL,NULL,'VDA/PAZISARA',NULL,'',NULL,'efa8b5b6a94a40e933cb389695f0f0c0','n',NULL,'a'),(1007310848,'1007310848',NULL,NULL,NULL,'VDA/LA VEGA',NULL,'',NULL,'143ecb240fe2eaf06697307e0870ef12','n',NULL,'a'),(1004710721,'1004710721',NULL,NULL,NULL,'LA CRUZ',NULL,'',NULL,'5160980f9dc0bc0d04af5feb83cff96b','n',NULL,'a'),(1193383318,'1193383318',NULL,NULL,NULL,'LA CRUZ',NULL,'',NULL,'bfd0bd335db35f9abd2232a91f529c87','n',NULL,'a'),(1004710710,'1004710710',NULL,NULL,NULL,'VDA/LA CIENEGA',NULL,'',NULL,'cc23fe9daa6d81d0575bf57d9429a41b','n',NULL,'a'),(1007310872,'1007310872',NULL,NULL,NULL,'B/LLANOGRANDE',NULL,'',NULL,'fb52129c4918954fab93686f0b74a8d1','n',NULL,'a'),(1004710784,'1004710784',NULL,NULL,NULL,'B/MOROCHILLO',NULL,'',NULL,'724ea2914ccbcdd692aaad20ab40c4ab','n',NULL,'a'),(1004710584,'1004710584',NULL,NULL,NULL,'B/LLANOGRANDE',NULL,'',NULL,'2601707265dbea88a60ef37c2eab98f4','n',NULL,'a'),(1004630623,'1004630623',NULL,NULL,NULL,'B/SANTNADER',NULL,'',NULL,'88f3b8bbee5c361030530e649db1d73e','n',NULL,'a'),(1004710805,'1004710805',NULL,NULL,NULL,'B/PABLO SEXTO',NULL,'',NULL,'f3af4369cc6ae7d253f02ef73dc56734','n',NULL,'a'),(1004710753,'1004710753',NULL,NULL,NULL,'B/BELEN',NULL,'',NULL,'79d20f207c645c1d2f726c5504372a03','n',NULL,'a'),(1007310916,'1007310916',NULL,NULL,NULL,'B/PRADOS DEL NORTE',NULL,'',NULL,'9cc7dd3d57445acbce683251e09bfd93','n',NULL,'a'),(1004517113,'1004517113',NULL,NULL,NULL,'',NULL,'',NULL,'5dae7813c5afbaf34a4c59cdde0b84e3','n',NULL,'a'),(1004710657,'1004710657',NULL,NULL,NULL,'VDA/ SAN FRANCISCO',NULL,'',NULL,'ed4f79397bdf3337e2e0a5470efe66ba','n',NULL,'a'),(1192719935,'1192719935',NULL,NULL,NULL,'VDA/ SAN FRANCISCO',NULL,'',NULL,'e343d244d890b6b60874a46325b78900','n',NULL,'a'),(1004710578,'1004710578',NULL,NULL,NULL,'B/VILLA DEL NORTE',NULL,'',NULL,'3e07cce90304c8068578a14a94854e9f','n',NULL,'a'),(1007311020,'1007311020',NULL,NULL,NULL,'B/SAN ANTONIO',NULL,'',NULL,'f2376ea9b03a83a154771eed4ae4f4cd','n',NULL,'a'),(1002820320,'1002820320',NULL,NULL,NULL,'B/LLANOGRANDE',NULL,'',NULL,'96793b27e7b267d8ee8de7204b912fef','n',NULL,'a'),(1007310822,'1007310822',NULL,NULL,NULL,'B/FENELON ORDOÑEZ',NULL,'',NULL,'e20e1a38d774d9b68c13db7eaffa0470','n',NULL,'a'),(1007310846,'1007310846',NULL,NULL,NULL,'VDA/LA PLANTA',NULL,'',NULL,'5c32d858ca56f01f6adb1f1fc175a0a4','n',NULL,'a'),(1004710936,'1004710936',NULL,NULL,NULL,'VDA/ SAN RAFAEL',NULL,'',NULL,'fcb9d0c021fde183ccd1f11ab6af9a75','n',NULL,'a'),(1004710521,'1004710521',NULL,NULL,NULL,'B/PRADOS DEL NORTE',NULL,'',NULL,'01c8341f98c02ab8ea3943986d85aa73','n',NULL,'a'),(1004710688,'1004710688',NULL,NULL,NULL,'B/CHORRILLO',NULL,'',NULL,'4425a62ed2b4f1c78a7fe08724259c4c','n',NULL,'a'),(1004710707,'1004710707',NULL,NULL,NULL,'B/CENTRO',NULL,'',NULL,'51b0015fcefe04bb14c12a07c19da3da','n',NULL,'a'),(1007310967,'1007310967',NULL,NULL,NULL,'B/MOROXCHILLO',NULL,'',NULL,'aa8067b45b8c571a895619bb353e5629','n',NULL,'a'),(9906211208,'9906211208',NULL,NULL,NULL,'B/PORTALES DEL NORTE',NULL,'',NULL,'579267e1484b4a9fa6b08a6ff491c5c2','n',NULL,'a'),(1007310889,'1007310889',NULL,NULL,NULL,'VDA/COFRADIA',NULL,'',NULL,'884529f4b9acd40cd091fec789f27592','n',NULL,'a'),(98083168021,'9808316802',NULL,NULL,NULL,'B/MOROXCHILLO',NULL,'',NULL,'481c92b4430c00209c0f9a87dfc8e144','n',NULL,'a'),(1004710639,'1004710639',NULL,NULL,NULL,'B/MOROXCHILLO',NULL,'',NULL,'58f0296576285fa0fd824f65e09260f2','n',NULL,'a'),(1002806142,'1002806142',NULL,NULL,NULL,'VDA/LLANOGRANDE',NULL,'',NULL,'b2677bf98b868540e118e1dd03b64a1b','n',NULL,'a'),(1004710642,'1004710642',NULL,NULL,NULL,'B/MOROXCHILLO',NULL,'',NULL,'bfc91269bb3fa0fe69f12aea04e204a0','n',NULL,'a'),(1004711498,'1004711498',NULL,NULL,NULL,'VDA/LLANOGRANDE',NULL,'',NULL,'d23d755cbdf6a19ca2e3d008a52a8525','n',NULL,'a'),(1004710601,'1004710601',NULL,NULL,NULL,'B/MOROXCHILLO',NULL,'',NULL,'5e4bbbf33504c18a4d4a36b284a5ab91','n',NULL,'a'),(1007311023,'1007311023',NULL,NULL,NULL,'VDA/VEGA',NULL,'',NULL,'6bb0eb743fc229fe5c9d2b919b0fc535','n',NULL,'a'),(1004711445,'1004711445',NULL,NULL,NULL,'VDA/LAS ARADAS',NULL,'',NULL,'6c5803c0daa3a1d2d5a495662fab461d','n',NULL,'a'),(1002807280,'1002807280',NULL,NULL,NULL,'VDA/LLANOGRANDE',NULL,'',NULL,'b5f6bb24124227fa8712f80c8a9fc952','n',NULL,'a'),(1004710569,'1004710569',NULL,NULL,NULL,'VDA/LLANOGRANDE',NULL,'',NULL,'04e1c8c0d1dec470954b637f93471111','n',NULL,'a'),(1007779732,'1007779732',NULL,NULL,NULL,'B/SAN ANTONIO',NULL,'',NULL,'638475e5505773e2ed2a1d8e29d125c8','n',NULL,'a'),(1007310820,'1007310820',NULL,NULL,NULL,'B/SAN ANTONIO',NULL,'',NULL,'3382eaf9c5b0d620eced70dc19bc11bb','n',NULL,'a'),(1007310998,'1007310998',NULL,NULL,NULL,'B/SANTANDER',NULL,'',NULL,'23ea651ae0797608af4b7d7c2af41c9f','n',NULL,'a'),(1007797122,'1007797122',NULL,NULL,NULL,'B/FENELON ORDOÑEZ',NULL,'',NULL,'0311b04bfa141c21734cdd3c277d20bb','n',NULL,'a'),(97122023242,'9712202324',NULL,NULL,NULL,'B/EL CHORRILLO',NULL,'',NULL,'a7408a077ad9f222178b650f19efb5a4','n',NULL,'a'),(1007310985,'1007310985',NULL,NULL,NULL,'B/FENELON ORDOÑEZ',NULL,'',NULL,'a412bffc757cd8d69f51771ceef285c8','n',NULL,'a'),(1004710739,'1004710739',NULL,NULL,NULL,'B/PORTALES DEL NORTE',NULL,'',NULL,'c96453c08966b338b6186e02ada510ed','n',NULL,'a'),(1007310958,'1007310958',NULL,NULL,NULL,'VDA/LA VEGA',NULL,'',NULL,'380ea2b8b16fc4f9e49c62e6ea5f6b87','n',NULL,'a'),(1007310886,'1007310886',NULL,NULL,NULL,'VDA/COFRADIA',NULL,'',NULL,'eadf89b4407a9d70b48225c9397baad0','n',NULL,'a'),(1004710619,'1004710619',NULL,NULL,NULL,'B/MADRIGAL',NULL,'',NULL,'497cd89896828b9e16f5060873306879','n',NULL,'a'),(1007310984,'1007310984',NULL,NULL,NULL,'B/SAN ANTONIO',NULL,'',NULL,'b287dfab82a5984eaba0306e8691050d','n',NULL,'a'),(1004710618,'1004710618',NULL,NULL,NULL,'B/CENTRO',NULL,'',NULL,'646be3508ddcde072a505b386b833b0b','n',NULL,'a'),(99100809997,'9910080999',NULL,NULL,NULL,'VDA/LA VEGA',NULL,'',NULL,'3663c2eb7c07f1abb2a161e38d8dd55a','n',NULL,'a'),(1004710663,'1004710663',NULL,NULL,NULL,'B/CENTRO',NULL,'',NULL,'26bcc88dd4fb0cddc56d70797c99066b','n',NULL,'a'),(1007310896,'1007310896',NULL,NULL,NULL,'VDA/LAS ANIMAS',NULL,'',NULL,'ca50801fea28eaa9c61209d037b38987','n',NULL,'a'),(1004710735,'1004710735',NULL,NULL,NULL,'VDA/LAS ANIMAS',NULL,'',NULL,'227a80db1043c3cea89ef58d15f0b09c','n',NULL,'a'),(1007310949,'1007310949',NULL,NULL,NULL,'B/SAN ANTONIO',NULL,'',NULL,'addab537384320c16dae85b3a6e20130','n',NULL,'a'),(1004710732,'1004710732',NULL,NULL,NULL,'B/VILLA DEL NORTE',NULL,'',NULL,'56b228837e48dbe468d350fc9b3c3e05','n',NULL,'a'),(1004710645,'1004710645',NULL,NULL,NULL,'B/VILLA DEL NORTE',NULL,'',NULL,'cc9dec299c7e8d798639538215185bfc','n',NULL,'a'),(1004710807,'1004710807',NULL,NULL,NULL,'B/LA POLA',NULL,'',NULL,'57466e0f2f3a959e206a85240798b265','n',NULL,'a'),(1007310993,'1007310993',NULL,NULL,NULL,'B/SAN ANTONIO',NULL,'',NULL,'ced4623aafb6871914f4c83e9c49c60c','n',NULL,'a'),(1003103066,'1003103066',NULL,NULL,NULL,'B/SULTANA DEL MAYO',NULL,'',NULL,'95c9f3423a7fc6f7697260f995dde03e','n',NULL,'a'),(99100308807,'9910030880',NULL,NULL,NULL,'B/SAN ANTONIO',NULL,'',NULL,'38400e254955c047e55e8c91fcf3a3ee','n',NULL,'a'),(1004711397,'1004711397',NULL,NULL,NULL,'B/MOROCHILLO',NULL,'',NULL,'5f0abe572d53029cf4574180a6d31d56','n',NULL,'a'),(1004255374,'1004255374',NULL,NULL,NULL,'B/LA POLA',NULL,'',NULL,'8ddd3deca3d77627fec587f59cbaf570','n',NULL,'a'),(1004675529,'1004675529',NULL,NULL,NULL,'B/SULTANA DEL MAYO',NULL,'',NULL,'7b0b8b4a15583df746fb8c0705a6b2c2','n',NULL,'a'),(1004710650,'1004710650',NULL,NULL,NULL,'B/SANTANDER',NULL,'',NULL,'934a410cd4652695f3a1099282272f57','n',NULL,'a'),(1004710763,'1004710763',NULL,NULL,NULL,'B/SULTANA DEL MAYO',NULL,'',NULL,'8e302b026a3d162e528eb529e89ec78d','n',NULL,'a'),(99022402605,'9902240260',NULL,NULL,NULL,'VDA/SAN FRANCISCO',NULL,'',NULL,'a1af77cef7f83e33ac651c866348f43d','n',NULL,'a'),(656,'656',NULL,NULL,NULL,'B/SAN ANTONIO',NULL,'',NULL,'26408ffa703a72e8ac0117e74ad46f33','n',NULL,'a'),(1004727611,'1004727611',NULL,NULL,NULL,'VDA/COFRADIA',NULL,'',NULL,'05145a535702c513baf21cc81a715ee0','n',NULL,'a'),(100471068,'100471068',NULL,NULL,NULL,'B/VILLA DEL NORTE',NULL,'',NULL,'3e44a749779a3b6a5847ec569dbcf828','n',NULL,'a'),(1004711367,'1004711367',NULL,NULL,NULL,'VDA/COFRADIA',NULL,'',NULL,'2a7b8287de424611ef13994c14dced79','n',NULL,'a'),(1004710762,'1004710762',NULL,NULL,NULL,'B/VILLA DEL NORTE',NULL,'',NULL,'fdecd171c810385e6cd7c805db4af92c','n',NULL,'a'),(99100111701,'9910011170',NULL,NULL,NULL,'VDA/EL TROJE',NULL,'',NULL,'bc141ac8047062ad0aab2d0ee8ec8b52','n',NULL,'a'),(98092416720,'9809241672',NULL,NULL,NULL,'B/SAN ANTONIO',NULL,'',NULL,'a9da6987602da522c3151885e2825023','n',NULL,'a'),(99082902216,'9908290221',NULL,NULL,NULL,'B/SULTANA DEL MAYO',NULL,'',NULL,'7035b5277e3c77114896f3e29511ab98','n',NULL,'a'),(1004415170,'1004415170',NULL,NULL,NULL,'VDA/LA LAGUNA',NULL,'',NULL,'957f91070fafc76dba5b9fac7610206a','n',NULL,'a'),(1007310974,'1007310974',NULL,NULL,NULL,'B/PRADOS  DEL NORTE',NULL,'',NULL,'6611b4b846603a0d156e000407127d94','n',NULL,'a'),(99031008626,'9903100862',NULL,NULL,NULL,'B/FENELON ORDOÑEZ',NULL,'',NULL,'e57dfbf9db60d03141fa25773b0b28b8','n',NULL,'a'),(96122223806,'9612222380',NULL,NULL,NULL,'',NULL,'',NULL,'43ae1adddf1508ad27d9fdfc0ddda012','n',NULL,'a'),(1010110595,'1010110595',NULL,NULL,NULL,'B/LA POLA',NULL,'',NULL,'872295a31e5e4614cad8cc103061b665','n',NULL,'a'),(98120317407,'9812031740',NULL,NULL,NULL,'B/SAN ANTONIO',NULL,'',NULL,'bcbeee51b7b0e470fac5a5952dec58bd','n',NULL,'a'),(1004711371,'1004711371',NULL,NULL,NULL,'B/LA POLA',NULL,'',NULL,'01be82f26be6726826ac2287473e1aae','n',NULL,'a'),(1004711361,'1004711361',NULL,NULL,NULL,'B/PRADOS  DEL NORTE',NULL,'',NULL,'c723372ceb7c639f1fdcdbee44a21ef1','n',NULL,'a'),(1004710700,'1004710700',NULL,NULL,NULL,'B/PRADOS  DEL NORTE',NULL,'',NULL,'c59566d74127ff51971e31b8d1f11c97','n',NULL,'a'),(1004711057,'1004711057',NULL,NULL,NULL,'VDA/EL PALMAL',NULL,'',NULL,'254e0428a00be2153f9ae95372b5b448','n',NULL,'a'),(1007310990,'1007310990',NULL,NULL,NULL,'VDA/EL TROJE',NULL,'',NULL,'a275aa1a3da1221c696a7023f6dd7d76','n',NULL,'a'),(1004710638,'1004710638',NULL,NULL,NULL,'VDA/COFRADIA',NULL,'',NULL,'9eb9085ede1c22e2c397e68364546e96','n',NULL,'a'),(1004710640,'1004710640',NULL,NULL,NULL,'B/SANTANDER',NULL,'',NULL,'b1180f9689c3b3c76df9e6d2682a91ff','n',NULL,'a'),(1004710508,'1004710508',NULL,NULL,NULL,'VDA/LA CAÑADA',NULL,'',NULL,'502fa518035f19799bc1b4fd2747c69a','n',NULL,'a'),(1004419116,'1004419116',NULL,NULL,NULL,'B/LA POLA',NULL,'',NULL,'1c1fd0b6a28a2312c8301898b90525f0','n',NULL,'a'),(1004710637,'1004710637',NULL,NULL,NULL,'VDA/COFRADIA',NULL,'',NULL,'e56e548407a243a947520d0140b5af6f','n',NULL,'a'),(1004710787,'1004710787',NULL,NULL,NULL,'B/SAN ANTONIO',NULL,'',NULL,'d53e67fb52ff70d16bb4e923d63119c5','n',NULL,'a'),(1005965461,'1005965461',NULL,NULL,NULL,'B/SULTANA DEL MAYO',NULL,'',NULL,'0211b6b990ff45846ccf7acdc8560e53','n',NULL,'a'),(1007310934,'1007310934',NULL,NULL,NULL,'B/PRADOS  DEL NORTE',NULL,'',NULL,'2f56d2656feef1e923e9448b27f45f3b','n',NULL,'a'),(99120603139,'9912060313',NULL,NULL,NULL,'B/LA POLA',NULL,'',NULL,'50b7774e62b46b9d6d03a67d7b2d3933','n',NULL,'a'),(99080110282,'9908011028',NULL,NULL,NULL,'VDA/EL HATICO',NULL,'',NULL,'01b2b6c0022a9fa00bc040654c3a3689','n',NULL,'a'),(99091713647,'9909171364',NULL,NULL,NULL,'VDA/LAS ARADAS',NULL,'',NULL,'4ab82951ce48b180dcc400392e7cbba9','n',NULL,'a'),(1006435484,'1006435484',NULL,NULL,NULL,'B/CENTRO',NULL,'',NULL,'839390a6262177a9cf49ded38ffc618f','n',NULL,'a'),(98082867090,'9808286709',NULL,NULL,NULL,'VDA/COFRADIA',NULL,'',NULL,'cf917c90f2772d83b709a805e38aa1af','n',NULL,'a'),(1192770373,'1192770373',NULL,NULL,NULL,'B/PRADOS  DEL NORTE',NULL,'',NULL,'ebe985d63ee0a46329f460866c099a66','n',NULL,'a'),(99040211175,'9904021117',NULL,NULL,NULL,'VDA/EL TABOR',NULL,'',NULL,'59e03f0707996c2469e2d5e782055bcc','n',NULL,'a'),(1193049728,'1193049728',NULL,NULL,NULL,'B/PRADOS  DEL NORTE',NULL,'',NULL,'0b7b406f1bbf79a1db3f9addbeb767d6','n',NULL,'a'),(1024565459,'1024565459',NULL,NULL,NULL,'VDA/SAN FRANCISCO',NULL,'',NULL,'370c1eb42dfa6bfd5d55ec5cbcf449bc','n',NULL,'a'),(99011312180,'9901131218',NULL,NULL,NULL,'VDA/SAN FRANCISCO',NULL,'',NULL,'00dafced9ddac8e3f4d911958d59f5eb','n',NULL,'a'),(98102870000,'9810287000',NULL,NULL,NULL,'B/SULTANA DEL MAYO',NULL,'',NULL,'175ebe6b3aec7532f384be443f250820','n',NULL,'a'),(1004710510,'1004710510',NULL,NULL,NULL,'VDA/LA CAÑADA',NULL,'',NULL,'817b6fdac73a7f1f0eef677fb5964a41','n',NULL,'a'),(1007708348,'1007708348',NULL,NULL,NULL,'VDA/LLANOGRANDE',NULL,'',NULL,'6a7ab514403b8c5fea258eaf419f5e04','n',NULL,'a'),(1007310928,'1007310928',NULL,NULL,NULL,'B/MADRIGAL',NULL,'',NULL,'f7b03e7af0ff3a4593be26b77b2b7e8a','n',NULL,'a'),(1007311019,'1007311019',NULL,NULL,NULL,'B/MOROCHILLO',NULL,'',NULL,'7a217584e09ca923c08ee51ccf430436','n',NULL,'a'),(1004711362,'1004711362',NULL,NULL,NULL,'VDA/EL TABOR',NULL,'',NULL,'da028d107b1ec072bac4758564e6244b','n',NULL,'a'),(1192770381,'1192770381',NULL,NULL,NULL,'B/GRANADA',NULL,'',NULL,'a9ee7de008e2739432fbfdac6604b65a','n',NULL,'a'),(1007452963,'1007452963',NULL,NULL,NULL,'B/MOROCHILLO',NULL,'',NULL,'457b46f5bc63713ebd8d3ca323e37bd8','n',NULL,'a'),(99090616320,'9909061632',NULL,NULL,NULL,'B/SULTANA DEL MAYO',NULL,'',NULL,'4a7b2a5736343ad9bcaf8fa9e2558aff','n',NULL,'a'),(99050612941,'9905061294',NULL,NULL,NULL,'B/SAN ANTONIO',NULL,'',NULL,'5249d5ef473889d2edad621ed24783da','n',NULL,'a'),(1002807841,'1002807841',NULL,NULL,NULL,'VDA/LA ESTANCIA',NULL,'',NULL,'bde91118a77cde9dadb7704964ee7ba2','n',NULL,'a'),(1004711454,'1004711454',NULL,NULL,NULL,'B/MOROCHILLO',NULL,'',NULL,'e6d740626013a68d182ab351120adf41','n',NULL,'a'),(1007282145,'1007282145',NULL,NULL,NULL,'B/MOROCHILLO',NULL,'',NULL,'7547479400c055373b26962e88075261','n',NULL,'a'),(1004711451,'1004711451',NULL,NULL,NULL,'LA CRUZ ',NULL,'',NULL,'3bae22e2b43572f9fdb89bc98313d472','n',NULL,'a'),(1007310812,'1007310812',NULL,NULL,NULL,'B/PRADOS  DEL NORTE',NULL,'',NULL,'c580a649fbb3648ac4fd3031a131e037','n',NULL,'a'),(1193029553,'1193029553',NULL,NULL,NULL,'B/SANTANDER',NULL,'',NULL,'9094d88a7238cfd0b0acdb9394414738','n',NULL,'a'),(1007310838,'1007310838',NULL,NULL,NULL,'VDA/LAS ANIMAS',NULL,'',NULL,'ec66b03fa5a5ca0a75a6b2d835b9f6c9','n',NULL,'a'),(1004710800,'1004710800',NULL,NULL,NULL,'B/FENELON ORDOÑEZ',NULL,'',NULL,'966b394ece76c7db295cddf7018a9b37','n',NULL,'a'),(1007310844,'1007310844',NULL,NULL,NULL,'VDA/EL CARMEN',NULL,'',NULL,'8d598bc01d56fede0695527baf6079cc','n',NULL,'a'),(1004710641,'1004710641',NULL,NULL,NULL,'B/PABLO VI',NULL,'',NULL,'11d22bfa162e86197232b0877a47580c','n',NULL,'a'),(1004731681,'1004731681',NULL,NULL,NULL,'B/PRADOS  DEL NORTE',NULL,'',NULL,'1bedd70f9b7d931da248c25cfd62b98a','n',NULL,'a'),(1004711401,'1004711401',NULL,NULL,NULL,'B/PRADOS  DEL NORTE',NULL,'',NULL,'987cb429a3d1ffed0b73007815de0f03','n',NULL,'a'),(1010147302,'1010147302',NULL,NULL,NULL,'B/SAN ANTONIO',NULL,'',NULL,'f0b757e9fcc9e828f01ce4449345c63d','n',NULL,'a'),(1193522728,'1193522728',NULL,NULL,NULL,'B/PRADOS  DEL NORTE',NULL,'',NULL,'092159ad449677770dc2a4ae1bf5c777','n',NULL,'a'),(1007311083,'1007311083',NULL,NULL,NULL,'B/CENTRO',NULL,'',NULL,'4242ca44bd46bbbe6d6616746d21b4d0','n',NULL,'a'),(1007311032,'1007311032',NULL,NULL,NULL,'B/PABLO VI',NULL,'',NULL,'d5239194c76a202b1493261799207392','n',NULL,'a'),(1007310982,'1007310982',NULL,NULL,NULL,'B/LA POLA',NULL,'',NULL,'d9c9288e23df191b7c78b2482585cf12','n',NULL,'a'),(1007311093,'1007311093',NULL,NULL,NULL,'B/MOROCHILLO',NULL,'',NULL,'e6ffae53ad27980741ab6ad57debe818','n',NULL,'a'),(1003102461,'1003102461',NULL,NULL,NULL,'',NULL,'',NULL,'8a6b532c07e8dd787ae8a6a1e3590b0b','n',NULL,'a'),(117310926,'117310926',NULL,NULL,NULL,'Calle 7 No. 8 – 64',NULL,'',NULL,'329b2ec0b3d4b55e0906853fb024c171','n',NULL,'a'),(1007311017,'1007311017',NULL,NULL,NULL,'Cra. 2',NULL,'',NULL,'28f0f5c291fb59f12fb65cdef91270ee','n',NULL,'a'),(1007310908,'1007310908',NULL,NULL,NULL,'Cra. 8 No. 5 – 58',NULL,'',NULL,'73365a3e1727f947259705cf6e60c302','n',NULL,'a'),(1004711476,'1004711476',NULL,NULL,NULL,'Calle 8 No. 12 – 56',NULL,'',NULL,'573a6ad5476eaf57813b7bbff108100f','n',NULL,'a'),(99103108361,'9910310836',NULL,NULL,NULL,'Mz. K Casa No. 3',NULL,'',NULL,'6401e9a236ebc4b50ed3f6f7f4cf9fa0','n',NULL,'a'),(1007310900,'1007310900',NULL,NULL,NULL,'Cra. 6 No. 5-43',NULL,'',NULL,'3ac1e087b31a6860fe66ea152ba4f9eb','n',NULL,'a'),(1007311025,'1007311025',NULL,NULL,NULL,'Calle 11 No. 9 -70',NULL,'',NULL,'15bdcd32c069f4c14c68efe37c1a11f0','n',NULL,'a'),(1007311073,'1007311073',NULL,NULL,NULL,'Cra. 3 A No. 3C – 90C',NULL,'',NULL,'4bf3029c9440e597bcd16adf935e5a8b','n',NULL,'a'),(1007310915,'1007310915',NULL,NULL,NULL,'Cra. 5 No. 2 - 41',NULL,'',NULL,'6ff4c5ab281fcefd0841be8e7d4f7cc1','n',NULL,'a'),(1007310920,'1007310920',NULL,NULL,NULL,'Calle. 4 No. 4 – 24',NULL,'',NULL,'1233b96925e24da092c387182fffcb2a','n',NULL,'a'),(1007310938,'1007310938',NULL,NULL,NULL,'Calle. 8 No. 8 – 69',NULL,'',NULL,'d58c7c014355477d1254efec968c16c2','n',NULL,'a'),(1007310930,'1007310930',NULL,NULL,NULL,'Calle. 2 Av. B/ Belén',NULL,'',NULL,'64863597ec075b9e88f92469b371a22b','n',NULL,'a'),(1004711492,'1004711492',NULL,NULL,NULL,'Cra. 6 No. 3 – 105',NULL,'',NULL,'e69b431cb3e19f10002e3250831f052b','n',NULL,'a'),(1004731021,'1004731021',NULL,NULL,NULL,'Calle 11 No. 9',NULL,'',NULL,'d339666e0b3f1b6de4f240343d4a4f31','n',NULL,'a'),(1193233400,'1193233400',NULL,NULL,NULL,'Calle. 7 No. 10 - 51',NULL,'',NULL,'1ca84b7b92c0c0d6b1384c8785e16239','n',NULL,'a'),(1007310948,'1007310948',NULL,NULL,NULL,'Cra. 12 No. 7 – 32',NULL,'',NULL,'1f7c2e0ec5207263df0bdbcb8cc1fb3d','n',NULL,'a'),(1007310947,'1007310947',NULL,NULL,NULL,'Cra. 11 Calle 9 No.8 -38',NULL,'',NULL,'8496f25b377e0decbc53720712253f00','n',NULL,'a'),(98121107066,'9812110706',NULL,NULL,NULL,'Vereda La Cañada',NULL,'',NULL,'c1ff4421cecb355e17f82f3d564a3817','n',NULL,'a'),(1004711376,'1004711376',NULL,NULL,NULL,'Calle 6 No. 8 – 109',NULL,'',NULL,'916f3bb62ff274e7093c62cefbb7e18c','n',NULL,'a'),(99033103464,'9903310346',NULL,NULL,NULL,'Cra. 5 No. 3 – 47',NULL,'',NULL,'cc561619010df911d1251fc26c2048be','n',NULL,'a'),(98111510989,'9811151098',NULL,NULL,NULL,'Cra. 5 No. 4 – 81',NULL,'',NULL,'e3a756c2fdd137ecf2a54472cc8deed7','n',NULL,'a'),(99100410539,'9910041053',NULL,NULL,NULL,'Calle 8 No. 12 – 43',NULL,'',NULL,'264ba02218c5e593907d5bca65ab4435','n',NULL,'a'),(1004711370,'1004711370',NULL,NULL,NULL,'Cra. 6 No. 2 – 11',NULL,'',NULL,'3cc8129857e9573bf6b2ef3fb516772f','n',NULL,'a'),(98092765888,'9809276588',NULL,NULL,NULL,'Cra. 11 No. 9 -34',NULL,'',NULL,'2be0440ea9e1dd1889e87aeda0f183ea','n',NULL,'a'),(1004711460,'1004711460',NULL,NULL,NULL,'Cra. 5 con Calle 2',NULL,'',NULL,'0a567381d8a7c6f8dfb18f537a0137af','n',NULL,'a'),(1007310777,'1007310777',NULL,NULL,NULL,'Calle 11 con Cra 9',NULL,'',NULL,'971822db78e11aa005a4f41e59af9576','n',NULL,'a'),(99041310410,'9904131041',NULL,NULL,NULL,'LA CRUZ ',NULL,'',NULL,'06f644702041d0a9a6bbea6ac564147c','n',NULL,'a'),(1007311043,'1007311043',NULL,NULL,NULL,'B/GRANADA',NULL,'',NULL,'20fcf558faa19b278af1b388bd54b202','n',NULL,'a'),(1002901953,'1002901953',NULL,NULL,NULL,'VDA/LLANOGRANDE',NULL,'',NULL,'9ffb1e07547fa26f150902c175a99167','n',NULL,'a'),(1004711424,'1004711424',NULL,NULL,NULL,'VDA/JUAN LOPEZ',NULL,'',NULL,'c5e884ce689950386a35a8b2600ce1ea','n',NULL,'a'),(1004710588,'1004710588',NULL,NULL,NULL,'B/MOROCHILLO',NULL,'',NULL,'335de7b73410f011d12cb4e8a74ba237','n',NULL,'a'),(1004711392,'1004711392',NULL,NULL,NULL,'B/SULTANA DEL MAYO',NULL,'',NULL,'b76c6e15a7f9c767d76170756c417764','n',NULL,'a'),(1004710547,'1004710547',NULL,NULL,NULL,'VDA/LA LAGUNA',NULL,'',NULL,'44f529e1f53cbae052e8792c48117322','n',NULL,'a'),(1007310902,'1007310902',NULL,NULL,NULL,'VDA/LA VEGA',NULL,'',NULL,'0ca2cd11103f94036b59e6e23aee1f0d','n',NULL,'a'),(98120407961,'9812040796',NULL,NULL,NULL,'B/LA POLA',NULL,'',NULL,'9a8b4a8f57a217b8737070554fe37ad1','n',NULL,'a'),(97082614242,'9708261424',NULL,NULL,NULL,'VDA/JUAN LOPEZ',NULL,'',NULL,'214877af20f449411581cb373955e620','n',NULL,'a'),(1004711048,'1004711048',NULL,NULL,NULL,'B/FENELON ORDOÑEZ',NULL,'',NULL,'b4898506ea1630ab54a4284983db2a31','n',NULL,'a'),(1004711381,'1004711381',NULL,NULL,NULL,'B/PORTALES DE LLANOGRANDE',NULL,'',NULL,'9d1126433bcc196b312c5cf178b980ea','n',NULL,'a'),(760,'760',NULL,NULL,NULL,'B/FENELON ORDOÑEZ',NULL,'',NULL,'2ca65f58e35d9ad45bf7f3ae5cfd08f1','n',NULL,'a'),(1004711496,'1004711496',NULL,NULL,NULL,'VDA/LA VEGA',NULL,'',NULL,'4e6824a5670c7962705bb88796785f04','n',NULL,'a'),(98110863608,'9811086360',NULL,NULL,NULL,'VDA/LLANOGRANDE',NULL,'',NULL,'6d9877e1aed199143315ce23efd6c4ee','n',NULL,'a'),(98082670220,'9808267022',NULL,NULL,NULL,'VDA/LLANOGRANDE',NULL,'',NULL,'f68caf852856963265d972078a0a1fe5','n',NULL,'a'),(1002970940,'1002970940',NULL,NULL,NULL,'VDA/LA VEGA',NULL,'',NULL,'8cf4d757002adfe3f602d7e7af95566e','n',NULL,'a'),(1007310808,'1007310808',NULL,NULL,NULL,'VDA/LLANOGRANDE',NULL,'',NULL,'ad0fa7300b405fcce6731e93d2c36f10','n',NULL,'a'),(1007310849,'1007310849',NULL,NULL,NULL,'VDA/LA VEGA',NULL,'',NULL,'85639773b427df28318f0697ab9a8c4a','n',NULL,'a'),(1007310904,'1007310904',NULL,NULL,NULL,'B/SULTANA DEL MAYO',NULL,'',NULL,'0cf6c91a758679150910f61dfc775f11','n',NULL,'a'),(1004710674,'1004710674',NULL,NULL,NULL,'VDA/EL HATICO',NULL,'',NULL,'9627f2a5f2002a59dba9a9945c181818','n',NULL,'a'),(1007310873,'1007310873',NULL,NULL,NULL,'VDA/LLANOGRANDE',NULL,'',NULL,'b7bcf9275051b35221a9978ea838fd78','n',NULL,'a'),(1007310880,'1007310880',NULL,NULL,NULL,'VDA/EL HATICO',NULL,'',NULL,'0f881f1b82ee3ff7e6b9550ea4398896','n',NULL,'a'),(1004710658,'1004710658',NULL,NULL,NULL,'B/PRADOS DEL NORTE',NULL,'',NULL,'483aed61d06a5e00c8960d5db509e4cb','n',NULL,'a'),(1007311111,'1007311111',NULL,NULL,NULL,'VDA/EL PALMAL',NULL,'',NULL,'20f60f2cc215fb4079e47997f3133729','n',NULL,'a'),(1004711437,'1004711437',NULL,NULL,NULL,'VDA/ESCANDOY',NULL,'',NULL,'e32a7616b12ae510bce5cbf9a99a4d90','n',NULL,'a'),(10402280,'10402280',NULL,NULL,NULL,'VDA/LA VEGA',NULL,'',NULL,'3b64ab6a242bd131e3e03d2713f7b7e7','n',NULL,'a'),(1007310786,'1007310786',NULL,NULL,NULL,'',NULL,'',NULL,'062ddac5d51115548fe6786d8597d83d','n',NULL,'a'),(1007529732,'1007529732',NULL,NULL,NULL,'B/FENELON ORDOÑEZ',NULL,'',NULL,'5765fff1e64979d0b84140485f74b4d4','n',NULL,'a'),(1007310923,'1007310923',NULL,NULL,NULL,'B/SAN ANTONIO',NULL,'',NULL,'bf83c7e15ef6472ea7ee7f006186b7fd','n',NULL,'a'),(1005976183,'1005976183',NULL,NULL,NULL,'B/LA FLORESTA',NULL,'',NULL,'ea93c27d4a5b6101a62ef941070abb1e','n',NULL,'a'),(98103064180,'9810306418',NULL,NULL,NULL,'B/GRANADA',NULL,'',NULL,'a1b6d3a1228f07378120fdf5dfcb70dc','n',NULL,'a'),(98071772179,'9807177217',NULL,NULL,NULL,'B/PORTALES DE LLANOGRANDE',NULL,'',NULL,'c7defb9cfccfb51c2244a9d49332f3f0','n',NULL,'a'),(1004710766,'1004710766',NULL,NULL,NULL,'B/GRANADA',NULL,'',NULL,'4e417e7801c28d03496ed15d8cd7cd16','n',NULL,'a'),(1007310997,'1007310997',NULL,NULL,NULL,'B/PRADOS DEL NORTE',NULL,'',NULL,'0358ffe2ab2445d9a7f5a07488ae0a4a','n',NULL,'a'),(99120407534,'9912040753',NULL,NULL,NULL,'LA CRUZ ',NULL,'',NULL,'5b7c03637d98a072d966e154935b2382','n',NULL,'a'),(1002806828,'1002806828',NULL,NULL,NULL,'B/FENELON ORDOÑEZ',NULL,'',NULL,'6c5840ed7d366593384f359bf9e7c812','n',NULL,'a'),(99020105220,'9902010522',NULL,NULL,NULL,'VDA/LA LOMA',NULL,'',NULL,'812d509b3411424b641365464a9a6d50','n',NULL,'a'),(1004711410,'1004711410',NULL,NULL,NULL,'B/FENELON ORDOÑEZ',NULL,'',NULL,'4b22937adc51a5e92fce9bcb9f9df5a1','n',NULL,'a'),(1007310890,'1007310890',NULL,NULL,NULL,'LA CRUZ ',NULL,'',NULL,'a7cf40314df9ab52881bb5092f2d9565','n',NULL,'a'),(1004710620,'1004710620',NULL,NULL,NULL,'VDA/COFRADIA',NULL,'',NULL,'b92d75d8d9e9e7c909cc190fab752a9b','n',NULL,'a'),(1004133407,'1004133407',NULL,NULL,NULL,'VDA/CABUYALES',NULL,'',NULL,'9644bd6881c254fe3941adb010b266f6','n',NULL,'a'),(1007529674,'1007529674',NULL,NULL,NULL,'B/PORTALES DE LLANOGRANDE',NULL,'',NULL,'2aef0b2fc057fb3c3d982543acd000c5','n',NULL,'a'),(1002805392,'1002805392',NULL,NULL,NULL,'B/PRADOS DEL NORTE',NULL,'',NULL,'0f787b59976f2a4cff9ec42198b294de','n',NULL,'a'),(1007310845,'1007310845',NULL,NULL,NULL,'B/SAN ANTONIO',NULL,'',NULL,'096d2523274100b57ba0e7bfefd41059','n',NULL,'a'),(1004710901,'1004710901',NULL,NULL,NULL,'B/SANTANDER ALTO',NULL,'',NULL,'d28703432852d7fa3e4690119e65a39f','n',NULL,'a'),(1004710694,'1004710694',NULL,NULL,NULL,'B/PORTALES DE LLANOGRANDE',NULL,'',NULL,'34c296fb7b81986adff9ae2eecc295bb','n',NULL,'a'),(1007310803,'1007310803',NULL,NULL,NULL,'B/FENELON ORDOÑEZ',NULL,'',NULL,'eba5212964dfb3b589c244c0d185af79','n',NULL,'a'),(97100121941,'9710012194',NULL,NULL,NULL,'B/SANTANDER ALTO',NULL,'',NULL,'2095dcd655edf8ff910020c6251e1bcf','n',NULL,'a'),(1004710592,'1004710592',NULL,NULL,NULL,'B/SAN ANTONIO',NULL,'',NULL,'a045a924470df7f4f5a3babcfeffbb63','n',NULL,'a'),(1007310824,'1007310824',NULL,NULL,NULL,'VDA/COFRADIA',NULL,'',NULL,'86ae863c38cc98a83c5b2380884322fa','n',NULL,'a'),(99052602599,'9905260259',NULL,NULL,NULL,'B/SANTANDER ',NULL,'',NULL,'641d1a6f5fb12e10595cf5c0a4de3ed6','n',NULL,'a'),(99020514910,'9902051491',NULL,NULL,NULL,'VDA/COFRADIA',NULL,'',NULL,'7d628af9963d34dd8a76f5417139f81c','n',NULL,'a'),(1007311016,'1007311016',NULL,NULL,NULL,'B/CENTRO',NULL,'',NULL,'f313de2c62c36e39c8e4aecf50be45bc','n',NULL,'a'),(98100470039,'9810047003',NULL,NULL,NULL,'VDA/LLANOGRANDE',NULL,'',NULL,'4225e042a49add24c3111b904e0254de','n',NULL,'a'),(1003103075,'1003103075',NULL,NULL,NULL,'B/CENTRO',NULL,'',NULL,'6836b8596c69c5643602ceb54fd0f665','n',NULL,'a'),(1004711434,'1004711434',NULL,NULL,NULL,'B/SULTANA DEL MAYO',NULL,'',NULL,'b4739668a0759cdb6ce995c5e1cf3d05','n',NULL,'a'),(1007310878,'1007310878',NULL,NULL,NULL,'VDA/COFRADIA',NULL,'',NULL,'8044d4fb9fe6106309dff33aea92de7d','n',NULL,'a'),(97021000896,'9702100089',NULL,NULL,NULL,'VDA/LLANOGRANDE',NULL,'',NULL,'658938d5d7afb44069b696275f614d58','n',NULL,'a'),(98111214883,'9811121488',NULL,NULL,NULL,'VDA/EL PARAMITO',NULL,'',NULL,'2e4d0184403bfcb363192e9d51f18a04','n',NULL,'a'),(1004711418,'1004711418',NULL,NULL,NULL,'B/SANTANDER',NULL,'',NULL,'0e4bf6e9c436bf42e71a6bfe88d254f0','n',NULL,'a'),(99051013766,'9905101376',NULL,NULL,NULL,'VDA/LLANOGRANDE',NULL,'',NULL,'ff26b765ab16c41d85d8aa2c73f43071','n',NULL,'a'),(1004711372,'1004711372',NULL,NULL,NULL,'B/GRANADA',NULL,'',NULL,'b2349047685bfef6320b839a835afad8','n',NULL,'a'),(98072666445,'9807266644',NULL,NULL,NULL,'B/PABLO VI',NULL,'',NULL,'cfade22e95dbace900ec7d3f43690d4c','n',NULL,'a'),(1088975276,'1088975276',NULL,NULL,NULL,'VDA/LLANOGRANDE',NULL,'',NULL,'c19d8231100ed37648d36f62eb7d1559','n',NULL,'a'),(1193565931,'1193565931',NULL,NULL,NULL,'B/SANTANDER',NULL,'',NULL,'8854864fad3748473918c01a2c27cc83','n',NULL,'a'),(98092467015,'9809246701',NULL,NULL,NULL,'B/SANN ANTONIO',NULL,'',NULL,'4ad05942d7d68c1e0dae8565e1b9878c','n',NULL,'a'),(1004710540,'1004710540',NULL,NULL,NULL,'VDA/CABUYALES',NULL,'',NULL,'77947899ff72b3a4a9d59da8a45a2069','n',NULL,'a'),(1002805913,'1002805913',NULL,NULL,NULL,'B/PABLO VI',NULL,'',NULL,'452eae5d4012adcdbe9b4cde4c0bc41b','n',NULL,'a'),(99061212376,'9906121237',NULL,NULL,NULL,'B/CENTRO',NULL,'',NULL,'94864a3d231633b1aeed1a56180cda57','n',NULL,'a'),(98040958169,'9804095816',NULL,NULL,NULL,'B/PRADOS DEL NORTE',NULL,'',NULL,'b66bafcf644bbcf2b95aa5bab8a83101','n',NULL,'a'),(98071568660,'9807156866',NULL,NULL,NULL,'VDA/LA CAÑADA',NULL,'',NULL,'31815cffcb233273413ada493690c2f3','n',NULL,'a'),(96080912762,'9608091276',NULL,NULL,NULL,'VDA/SAN FRANCISCO',NULL,'',NULL,'4b5336bf14ea1b9b4e94199ff5fce7ea','n',NULL,'a'),(1007472258,'1007472258',NULL,NULL,NULL,'B/SAN ANTONIO',NULL,'',NULL,'fd0d0fccd891e625a00a509468079a48','n',NULL,'a'),(99061815585,'9906181558',NULL,NULL,NULL,'B/CENTRO',NULL,'',NULL,'ac51f25ee0799a653442e47c9f4089eb','n',NULL,'a'),(97080416648,'9708041664',NULL,NULL,NULL,'B/SAN ANTONIO',NULL,'',NULL,'898c5ce7f05addd1b1f9e61be9c69216','n',NULL,'a'),(1088974577,'1088974577',NULL,NULL,NULL,'B/FENELON ORDOÑEZ',NULL,'',NULL,'186c4e7fb0d7d805b97d8e9cfe55c66c','n',NULL,'a'),(1004711369,'1004711369',NULL,NULL,NULL,'VDA/SAN FRANCISCO',NULL,'',NULL,'2b0566dbda21baa8c96cff8f7a280965','n',NULL,'a'),(99031204042,'9903120404',NULL,NULL,NULL,'B/SAN ANTONIO',NULL,'',NULL,'dfc061ac081c95dcdee5f2fbef7b24b6','n',NULL,'a'),(96100702280,'9610070228',NULL,NULL,NULL,'B/SANTANDER',NULL,'',NULL,'cea3aceeba34cc83eae05a917a227b93','n',NULL,'a'),(828,'828',NULL,NULL,NULL,'VDA/ESCANDOY',NULL,'',NULL,'c2626d850c80ea07e7511bbae4c76f4b','n',NULL,'a'),(99011307864,'9901130786',NULL,NULL,NULL,'VDA/COFRADIA',NULL,'',NULL,'c9c7dffc7e02d29c25f711b429d45beb','n',NULL,'a'),(98042268372,'9804226837',NULL,NULL,NULL,'B/LA FLORESTA',NULL,'',NULL,'018df196f1e5eff9be5934d5c534106b','n',NULL,'a'),(1002835637,'1002835637',NULL,NULL,NULL,'B/PRADOS DEL NORTE',NULL,'',NULL,'92ce7e370a7f1219d034a01febb26962','n',NULL,'a'),(1004677969,'1004677969',NULL,NULL,NULL,'B/CENTRO',NULL,'',NULL,'cf0116fe92a14e3e5c10b0e9bafaf247','n',NULL,'a'),(1007311104,'1007311104',NULL,NULL,NULL,'B/FENELON ORDOÑEZ',NULL,'',NULL,'2bab9fc89b5115588d3a4b88b5eb86a5','n',NULL,'a'),(98111617996,'9811161799',NULL,NULL,NULL,'B/PORTALES DE LLANOGRANDE',NULL,'',NULL,'3ba2a224338fd1de9716fa88cc844e55','n',NULL,'a'),(1004711417,'1004711417',NULL,NULL,NULL,'VDA/COFRADIA',NULL,'',NULL,'79480ac3e0c4784cd5932929b503dbe8','n',NULL,'a'),(1002791558,'1002791558',NULL,NULL,NULL,'B/PORTALES DE LLANOGRANDE',NULL,'',NULL,'9176edea1e9bf7f026683b8b0b461865','n',NULL,'a'),(98121263823,'9812126382',NULL,NULL,NULL,'B/PORTALES DE LLANOGRANDE',NULL,'',NULL,'1a9c277e925da20a89c0821558cf0fcb','n',NULL,'a'),(1004561586,'1004561586',NULL,NULL,NULL,'B/PORTALES DE LLANOGRANDE',NULL,'',NULL,'ea69fb510ea0833d1731689623d7bae5','n',NULL,'a'),(99031412990,'9903141299',NULL,NULL,NULL,'VDA/EL PALMAL',NULL,'',NULL,'faf57a46a2d12f5e34d3a4be1e2c462e','n',NULL,'a'),(840,'840',NULL,NULL,NULL,'B/PORTALES DE LLANOGRANDE',NULL,'',NULL,'fa83a11a198d5a7f0bf77a1987bcd006','n',NULL,'a'),(841,'841',NULL,NULL,NULL,'VDA/SAN RAFAEL',NULL,'',NULL,'02a32ad2669e6fe298e607fe7cc0e1a0','n',NULL,'a'),(1007708485,'1007708485',NULL,NULL,NULL,'B/FENELON ORDOÑEZ',NULL,'',NULL,'6acbc934136fd6b43444bc5fbc034f88','n',NULL,'a'),(98081867771,'9808186777',NULL,NULL,NULL,'B/SAN ANTONIO',NULL,'',NULL,'1fcb4b605bb72b592af2157d49ac345a','n',NULL,'a'),(99051903621,'9905190362',NULL,NULL,NULL,'B/LAPOLA',NULL,'',NULL,'3542092cbc4207e3391e074a62f66331','n',NULL,'a'),(98061415033,'9806141503',NULL,NULL,NULL,'B/PABLO VI',NULL,'',NULL,'ef70e54123e679d4527603a74c620a45','n',NULL,'a'),(99052510356,'9905251035',NULL,NULL,NULL,'B/GRANADA',NULL,'',NULL,'6700a9d6799b041258eaa027bf748826','n',NULL,'a'),(99012115942,'9901211594',NULL,NULL,NULL,'B/SAN ANTONIO',NULL,'',NULL,'123eaf8327a412a824f19ffccc3bd249','n',NULL,'a'),(96110302247,'9611030224',NULL,NULL,NULL,'B/MOROHILLO',NULL,'',NULL,'d53f9248470448cee9275ce1aed6076e','n',NULL,'a'),(99012717381,'9901271738',NULL,NULL,NULL,'VDA/SAN RAFAEL',NULL,'',NULL,'ea9f197255c9337fc491efeea2b50f98','n',NULL,'a'),(1004711438,'1004711438',NULL,NULL,NULL,'B/GRANADA',NULL,'',NULL,'93d41f46e8639e9c0b28b3f0ff30c0cd','n',NULL,'a'),(96071612462,'9607161246',NULL,NULL,NULL,'VDA/LLANOGRANDE',NULL,'',NULL,'b7f38b5c81018d63c0ae531ffd633601','n',NULL,'a'),(98011970249,'9801197024',NULL,NULL,NULL,'VDA/TAJUMBINA',NULL,'',NULL,'ef55dd5555f9406d234c12e2615eb910','n',NULL,'a'),(9808166708,'9808166708',NULL,NULL,NULL,'B/PORTALES DE LLANOGRANDE',NULL,'',NULL,'c647a3f2da1c8f3fd3fe56e6883dee2b','n',NULL,'a'),(99062411909,'9906241190',NULL,NULL,NULL,'B/MOROHILLO',NULL,'',NULL,'16a3523d5c419de92718ce973fee09bf','n',NULL,'a'),(99090710598,'9909071059',NULL,NULL,NULL,'b/SULTANA DEL MAYO',NULL,'',NULL,'3c5efff3926baae9125c82f6936c5cf6','n',NULL,'a'),(98100366835,'9810036683',NULL,NULL,NULL,'VDA/LLANOGRANDE',NULL,'',NULL,'48ceeafd7719e07f44cd4ba5fdf031f5','n',NULL,'a'),(1007310885,'1007310885',NULL,NULL,NULL,'VDA/CAMPOBELLO',NULL,'',NULL,'218901e426f8edaaf57e8344b93ca59c','n',NULL,'a'),(858,'858',NULL,NULL,NULL,'VDA/LAS ARADAS',NULL,'',NULL,'a67f096809415ca1c9f112d96d27689b','n',NULL,'a'),(1088974832,'1088974832',NULL,NULL,NULL,'VDA/LAS ARADAS',NULL,'',NULL,'d0903b87635761d82f7ad3a38d2674a4','n',NULL,'a'),(1004711360,'1004711360',NULL,NULL,NULL,'LA CRUZ ',NULL,'',NULL,'88bfb5e5714d39596728d7e476380789','n',NULL,'a'),(98101113558,'9810111355',NULL,NULL,NULL,'VDA/COFRADIA',NULL,'',NULL,'5ea32a74f9eeb84b958fed2c7387d32c','n',NULL,'a'),(97030824060,'9703082406',NULL,NULL,NULL,'VDA/EL HATICO',NULL,'',NULL,'dc068e2fea0b36af39ff66c90dcdbaad','n',NULL,'a'),(97121124720,'9712112472',NULL,NULL,NULL,'B/SAN ANTONIO',NULL,'',NULL,'852c26784a6c8f106a729bc32641bb12','n',NULL,'a'),(990602129333,'9906021293',NULL,NULL,NULL,'VDA/JUAN LOPEZ',NULL,'',NULL,'41f4b71eccec5782a82ee0e6ca36fd39','n',NULL,'a'),(99060212933,'9906021293',NULL,NULL,NULL,'B/SAN ANTONIO',NULL,'',NULL,'280119deccfbc6e20f5e16f75e68ff64','n',NULL,'a'),(99040502560,'9904050256',NULL,NULL,NULL,'VDA/LA VEGA',NULL,'',NULL,'eb6360a0d900c6900f519b63b98e6ba8','n',NULL,'a'),(1004711449,'1004711449',NULL,NULL,NULL,'LA CRUZ ',NULL,'',NULL,'0e7973496499a4ba4db71b6baed93f79','n',NULL,'a'),(10029001855,'1002900185',NULL,NULL,NULL,'VDA/LLANOGRANDE',NULL,'',NULL,'16329aa31886de2f21a762124a83ccaa','n',NULL,'a'),(1010074857,'1010074857',NULL,NULL,NULL,'B/SAN ANTONIO',NULL,'',NULL,'84c83e8b28c778aa62e1f278dcd07e3f','n',NULL,'a'),(97090614855,'9709061485',NULL,NULL,NULL,'B/SAN ANTONIO',NULL,'',NULL,'0983c564c5e793c8d286ba4a8eaaf953','n',NULL,'a'),(99021702958,'9902170295',NULL,NULL,NULL,'B/SAN ANTONIO',NULL,'',NULL,'7df30e92dd6c8f00aac8e8bcf10fe404','n',NULL,'a'),(970603018949,'9706030189',NULL,NULL,NULL,'VDA/COFRADIA',NULL,'',NULL,'63c76838c41e8437a1097ad56cd9edfa','n',NULL,'a'),(1004711394,'1004711394',NULL,NULL,NULL,'B/GRANADA',NULL,'',NULL,'fbd2d470d0fdbf32c1b8bc882c3ca6ce','n',NULL,'a'),(99031513010,'9903151301',NULL,NULL,NULL,'B/LA POLA',NULL,'',NULL,'7425113d48633831ea0c53f4159078ac','n',NULL,'a'),(98041767570,'9804176757',NULL,NULL,NULL,'VDA/CAMPO ALEGRE',NULL,'',NULL,'ef7ec87400f46b2e0c878a5ac2a9ca5c','n',NULL,'a'),(99092416760,'9909241676',NULL,NULL,NULL,'VDA/LLANOGRANDE',NULL,'',NULL,'c0bd8772dc495785e656767b5b4fc67f','n',NULL,'a'),(99123101436,'9912310143',NULL,NULL,NULL,'B/PRADOS DEL NORTE',NULL,'',NULL,'e816bca7413563dc8d1690c2f1f18e9a','n',NULL,'a'),(99080212875,'9908021287',NULL,NULL,NULL,'VDA/LA LOMA',NULL,'',NULL,'608e1a1261929928346bace93677c3ca','n',NULL,'a'),(98072168089,'9807216808',NULL,NULL,NULL,'B/FENELON ORDOÑEZ',NULL,'',NULL,'18595c568ca2a297b5687a2cab20122c','n',NULL,'a'),(880,'880',NULL,NULL,NULL,'VDA/LA LAGUNA',NULL,'',NULL,'1f50893f80d6830d62765ffad7721742','n',NULL,'a'),(881,'881',NULL,NULL,NULL,'B/GRANADA',NULL,'',NULL,'7504adad8bb96320eb3afdd4df6e1f60','n',NULL,'a'),(1007311074,'1007311074',NULL,NULL,NULL,'B/LA POLA',NULL,'',NULL,'fe41acf2773a03673a9f37684b048db8','n',NULL,'a'),(99060813740,'9906081374',NULL,NULL,NULL,'B/GRANADA',NULL,'',NULL,'f72baace550fe0f07041356b3541eea3','n',NULL,'a'),(99020203176,'9902020317',NULL,NULL,NULL,'VDA/EL TABOR',NULL,'',NULL,'2cec4a9dbda7c45d4828225492556bbb','n',NULL,'a'),(1004731003,'1004731003',NULL,NULL,NULL,'B/PRADOS DEL NORTE',NULL,'',NULL,'e1de09dce132b281e750e7b430c95347','n',NULL,'a'),(1007310647,'1007310647',NULL,NULL,NULL,'B/MOROCHILLO',NULL,'',NULL,'ddd72804357f7e41c3b3d71064667093','n',NULL,'a'),(98082767711,'9808276771',NULL,NULL,NULL,'VDA/JUAN LOPEZ',NULL,'',NULL,'da45aa376fe26d9b5699af96e50357bc','n',NULL,'a'),(99123108589,'9912310858',NULL,NULL,NULL,'B/GRANADA',NULL,'',NULL,'7f79c4de962ab5ff499c5c09eb54f409','n',NULL,'a'),(1004711389,'1004711389',NULL,NULL,NULL,'VDA/JUAN LOPEZ',NULL,'',NULL,'e5d79b1f6806445ff55e7b5d1891d06d','n',NULL,'a'),(97022613182,'9702261318',NULL,NULL,NULL,'VDA/JUAN LOPEZ',NULL,'',NULL,'4d006d3b35160d6e911374ad1d2d3f82','n',NULL,'a'),(1144188032,'1144188032',NULL,NULL,NULL,'VDA/LLANOGRANDE',NULL,'',NULL,'fb2ef0da9824ed7c0cd2aaea73aa1303','n',NULL,'a'),(97021620703,'9702162070',NULL,NULL,NULL,'B/SAN ANTONIO',NULL,'',NULL,'0c0537a4b29bfba72a0e69e7a427993e','n',NULL,'a'),(893,'893',NULL,NULL,NULL,'B/GRANADA',NULL,'',NULL,'d56b9fc4b0f1be8871f5e1c40c0067e7','n',NULL,'a'),(1007310825,'1007310825',NULL,NULL,NULL,'VDA/LA CUCHILLA',NULL,'',NULL,'5c2314430f4d262d0e100b96fec0bb3c','n',NULL,'a'),(98032951198,'9803295119',NULL,NULL,NULL,'B/LA FLORESTA',NULL,'',NULL,'842df85f92bad424f65b94b4631476d0','n',NULL,'a'),(98110215738,'9811021573',NULL,NULL,NULL,'B/LA POLA',NULL,'',NULL,'229be33c66d61fa6c5171940d137138e','n',NULL,'a'),(99120502774,'9912050277',NULL,NULL,NULL,'B/SAN ANTONIO',NULL,'',NULL,'c302ec5f62cfcb6c3d7f00add853683b','n',NULL,'a'),(99100711377,'9910071137',NULL,NULL,NULL,'VDA/CAMPO BELLO',NULL,'',NULL,'022df1f7f158b127d7dc6af3d648c271','n',NULL,'a'),(99012606202,'9901260620',NULL,NULL,NULL,'B/SAN ANTONIO',NULL,'',NULL,'3e4e7d10915558528f677fe22e807005','n',NULL,'a'),(1004710968,'1004710968',NULL,NULL,NULL,'B/PRADOS DEL NORTE',NULL,'',NULL,'78e0f544a02278ba83523f2814195d4d','n',NULL,'a'),(1007310796,'1007310796',NULL,NULL,NULL,'B/BELEN',NULL,'',NULL,'4fbdc305d9b508151ab966019136d991','n',NULL,'a'),(99070913700,'9907091370',NULL,NULL,NULL,'B/GRANADA',NULL,'',NULL,'0bfe5fbc39581e071fce1320b7f5479c','n',NULL,'a'),(97053120087,'9705312008',NULL,NULL,NULL,'B/GRANADA',NULL,'',NULL,'d11d05a02949a96aa80d0adc61c57435','n',NULL,'a'),(99011814170,'9901181417',NULL,NULL,NULL,'B/LA POLA',NULL,'',NULL,'a607fff35c0d81727bc9efdaf13da97a','n',NULL,'a'),(98022869370,'9802286937',NULL,NULL,NULL,'VDA/LA LAGUNA',NULL,'',NULL,'446e8c762d1482d95ba8f708c2c4e91f','n',NULL,'a'),(99042203536,'9904220353',NULL,NULL,NULL,'B/MOROCHILLO',NULL,'',NULL,'1f2637c7d38a84a2e8c8d2e5058cb01b','n',NULL,'a'),(98081469814,'9808146981',NULL,NULL,NULL,'VDA/LA PLANTA',NULL,'',NULL,'2f3335b9f1840ed6337e3b82372cab60','n',NULL,'a'),(98021652849,'9802165284',NULL,NULL,NULL,'B/SANTANDER',NULL,'',NULL,'35a9754948cf53f16ee32b2b54fffaa0','n',NULL,'a'),(97111822275,'9711182227',NULL,NULL,NULL,'VDA/LA VEGA',NULL,'',NULL,'2210d6a6ee29829f2388f45a524690e6','n',NULL,'a'),(97031001599,'9703100159',NULL,NULL,NULL,'B/CENTRO',NULL,'',NULL,'857177c51d0100438b66b2e5f584ed7a','n',NULL,'a'),(1088974763,'1088974763',NULL,NULL,NULL,'B/FENELON ORDOÑEZ',NULL,'',NULL,'2a209dbc35bd63a42084454e52f57ef6','n',NULL,'a'),(96071024358,'9607102435',NULL,NULL,NULL,'B/FENELON ORDOÑEZ',NULL,'',NULL,'894189cf04a83fafee1a17292e95acc4','n',NULL,'a'),(98062369167,'9806236916',NULL,NULL,NULL,'B/LA FLORESTA',NULL,'',NULL,'e0cdde040d29ebb44dbb04f4d51e55ce','n',NULL,'a'),(97102723833,'9710272383',NULL,NULL,NULL,'B/SAN ANTONIO',NULL,'',NULL,'21f9a4c912e5055bbfe686d97e153e03','n',NULL,'a'),(97122203399,'9712220339',NULL,NULL,NULL,'B/GRANADA',NULL,'',NULL,'841b7e5e504904e4b25c9f3ce352e41e','n',NULL,'a'),(97041812960,'9704181296',NULL,NULL,NULL,'B/SAN ANTONIO',NULL,'',NULL,'0102ecd331f0560440631e2b082e6135','n',NULL,'a'),(99032702399,'9903270239',NULL,NULL,NULL,'B/SULTANA DEL MAYO',NULL,'',NULL,'403f30e218a3bba258bf96214be5986e','n',NULL,'a'),(980319699875,'9803196998',NULL,NULL,NULL,'B/SAN ANTONIO',NULL,'',NULL,'7a0896685e6e26a525fb9627b84a62a9','n',NULL,'a'),(99020814833,'9902081483',NULL,NULL,NULL,'B/MOROCHILLO',NULL,'',NULL,'85767ae784de3088053fded920e44399','n',NULL,'a'),(99022603210,'9902260321',NULL,NULL,NULL,'VDA/LA ESTANCIA',NULL,'',NULL,'81513f3e142712fe02b00c413c801d87','n',NULL,'a'),(96091924576,'9609192457',NULL,NULL,NULL,'VDA/LA VEGA',NULL,'',NULL,'25605bd735bf6a1579966df7e259cd8a','n',NULL,'a'),(1004711448,'1004711448',NULL,NULL,NULL,'B/VILLA DEL NORTE',NULL,'',NULL,'a9eee8ec9e73a8c5cf28561051442874','n',NULL,'a'),(96032314985,'9603231498',NULL,NULL,NULL,'VDA/LA VEGA',NULL,'',NULL,'ad4d5f2586f571852388ec6254de1f6d','n',NULL,'a'),(98022668838,'9802266883',NULL,NULL,NULL,'B/GRANADA',NULL,'',NULL,'fa70c5a90eaf5542af8762070376f58b','n',NULL,'a'),(925,'925',NULL,NULL,NULL,'B/SAN ANTONIO',NULL,'',NULL,'7fa732b517cbed14a48843d74526c11a','n',NULL,'a'),(926,'926',NULL,NULL,NULL,'B/SAN ANTONIO',NULL,'',NULL,'cbb6a3b884f4f88b3a8e3d44c636cbd8','n',NULL,'a'),(98082166718,'9808216671',NULL,NULL,NULL,'B/SAN ANTONIO',NULL,'',NULL,'115a412b54ae50aa7b5b533987c5c646','n',NULL,'a'),(99040512710,'9904051271',NULL,NULL,NULL,'B/LA POLA',NULL,'',NULL,'5465ce01bec3dc55bf37f70f09e6e82a','n',NULL,'a'),(97050921623,'9705092162',NULL,NULL,NULL,'VDA/LA VEGA',NULL,'',NULL,'7b122fead1f02db983a8b1cf09e37320','n',NULL,'a'),(1084221720,'1084221720',NULL,NULL,NULL,'B/SANTANDER',NULL,'',NULL,'21f8e6fff02526a9027ff22d10dff9ee','n',NULL,'a'),(97103010210,'9710301021',NULL,NULL,NULL,'B/SAN ANTONIO',NULL,'',NULL,'a6f8cb1e8bf02fb8e8b22313a16d87f4','n',NULL,'a'),(97111911812,'9711191181',NULL,NULL,NULL,'B/CENTRO',NULL,'',NULL,'7ec5577dfa13eb88a184de8e3657be65','n',NULL,'a'),(98041167041,'9804116704',NULL,NULL,NULL,'B/SANTANDER',NULL,'',NULL,'084f767bcabb8f016e50ad7cf09d1448','n',NULL,'a'),(97101002032,'9710100203',NULL,NULL,NULL,'B/SULTANA DEL MAYO',NULL,'',NULL,'99087513c11641ffb7e9a5b1c6c14b54','n',NULL,'a'),(99012306829,'9901230682',NULL,NULL,NULL,'B/CENTRO',NULL,'',NULL,'2ad144dd742da2189f8c9761fb11adcd','n',NULL,'a'),(97111122680,'9711112268',NULL,NULL,NULL,'VDA/LA VEGA',NULL,'',NULL,'543a05ebf90f29c9a21850a33129bb3c','n',NULL,'a'),(1088974967,'1088974967',NULL,NULL,NULL,'VDA/LA ESTANCIA',NULL,'',NULL,'6ee2798bbc83372a00ef8a626db2260c','n',NULL,'a'),(99080964919,'9908096491',NULL,NULL,NULL,'VDA/LA VEGA',NULL,'',NULL,'c5f4360f25e38f0755708f60d2e75b1c','n',NULL,'a'),(98123003705,'9812300370',NULL,NULL,NULL,'B/LA POLA',NULL,'',NULL,'92a1e03c9aa2808692cc868a02fe5f7f','n',NULL,'a'),(98040720596,'9804072059',NULL,NULL,NULL,'VDA/LA ESTANCIA',NULL,'',NULL,'2fc567eae45089b5939c0184a4a0d211','n',NULL,'a'),(98110216998,'9811021699',NULL,NULL,NULL,'B/SULTANA DEL MAYO',NULL,'',NULL,'985a52e37fc3890240305afd97820afc','n',NULL,'a'),(942,'942',NULL,NULL,NULL,'B/CENTRO',NULL,'',NULL,'b55ec28c52d5f6205684a473a2193564','n',NULL,'a'),(98042453633,'9804245363',NULL,NULL,NULL,'B/FENELON ORDOÑEZ',NULL,'',NULL,'2dc0d2590c3d363dd7714be94ae0e5e0','n',NULL,'a'),(97051818540,'9705181854',NULL,NULL,NULL,'VDA/LLANOGRANDE',NULL,'',NULL,'a3a7c41f43617be011a928c363dcedd8','n',NULL,'a'),(97110622663,'9711062266',NULL,NULL,NULL,'B/VILLA DEL NORTE',NULL,'',NULL,'0c84aa1bcd9699f7f4c58304b3d4e6d8','n',NULL,'a'),(98100865718,'9810086571',NULL,NULL,NULL,'VDA/MONCAYO',NULL,'',NULL,'13140accb757786bea8dbd7a2ad15b90','n',NULL,'a'),(97072318629,'9707231862',NULL,NULL,NULL,'B/CENTRO',NULL,'',NULL,'425a7b910785f8a8f04b317e3906be5b','n',NULL,'a'),(99010102720,'9901010272',NULL,NULL,NULL,'B/VILLA DEL NORTE',NULL,'',NULL,'e4e64ec89f644c61ed57cceaccfabb0e','n',NULL,'a'),(98050570649,'9805057064',NULL,NULL,NULL,'B/LA POLA',NULL,'',NULL,'7cfa4a1d26305b4f3012239df434eff5','n',NULL,'a'),(98081820600,'9808182060',NULL,NULL,NULL,'B/GRANADA',NULL,'',NULL,'da14a37db17a56c439e38d94f0b844e0','n',NULL,'a'),(98112519181,'9811251918',NULL,NULL,NULL,'B/SANTANDER',NULL,'',NULL,'c5cd6b22441f14255529523cbbcd8b64','n',NULL,'a'),(98110565836,'9811056583',NULL,NULL,NULL,'B/VILLA DEL NORTE',NULL,'',NULL,'1301d3d157743464dec71c34847b6aef','n',NULL,'a'),(98122502856,'9812250285',NULL,NULL,NULL,'B/CENTRO',NULL,'',NULL,'f60f56624f2ebc24f8659ce3d793449e','n',NULL,'a'),(955,'955',NULL,NULL,NULL,'B/PABO VI',NULL,'',NULL,'ef4e3b775c934dada217712d76f3d51f','n',NULL,'a'),(956,'956',NULL,NULL,NULL,'B/VILLA DEL NORTE',NULL,'',NULL,'168908dd3227b8358eababa07fcaf091','n',NULL,'a'),(96112604607,'9611260460',NULL,NULL,NULL,'B/FENELON ORDOÑEZ',NULL,'',NULL,'2b2f81dc004e0a78c5084b54cc8f8158','n',NULL,'a'),(98120166883,'9812016688',NULL,NULL,NULL,'B/VILLA DEL NORTE',NULL,'',NULL,'59adfdbec5c604718c8974dc2c58a812','n',NULL,'a'),(98062570024,'9806257002',NULL,NULL,NULL,'B/EL CHORRILLO',NULL,'',NULL,'f099a5666034c38e6700d4a0782a93ab','n',NULL,'a'),(99041302581,'9904130258',NULL,NULL,NULL,'B/VILLA DEL NORTE',NULL,'',NULL,'6d8209fb5bd737fd1492016a42fb1f26','n',NULL,'a'),(97030222168,'9703022216',NULL,NULL,NULL,'VDA/LLANOGRANDE',NULL,'',NULL,'7d4ed278c8f43acac2f2be4d784408d0','n',NULL,'a'),(97091519201,'9709151920',NULL,NULL,NULL,'VDA/LLANOGRANDE',NULL,'',NULL,'ae57168b1528419019993fb6aa3c05fc','n',NULL,'a'),(99080611443,'9908061144',NULL,NULL,NULL,'B/GRANADA',NULL,'',NULL,'920193ffaa9649bf404a8a4788a67892','n',NULL,'a'),(98090818171,'9809081817',NULL,NULL,NULL,'VDA/LLANOGRANDE',NULL,'',NULL,'87902660761953c5e88cdc55f84d0540','n',NULL,'a'),(98030551877,'9803055187',NULL,NULL,NULL,'B/LA POLA',NULL,'',NULL,'eff5fc7d87cc84752db6f669a4e2213d','n',NULL,'a'),(98092366073,'9809236607',NULL,NULL,NULL,'B/CENTRO',NULL,'',NULL,'2a9b6bccbff89b8c1f1cd9a1253611a0','n',NULL,'a'),(1007520412,'1007520412',NULL,NULL,NULL,'B/PRADOS DEL NORTE',NULL,'',NULL,'321f5124d82b334338405ca1bafce6a9','n',NULL,'a'),(99030202690,'9903020269',NULL,NULL,NULL,'B/CENTRO',NULL,'',NULL,'e7d598efdabb800e2467ecd1bcbf73af','n',NULL,'a'),(99031202880,'9903120288',NULL,NULL,NULL,'B/LA POLA',NULL,'',NULL,'c02a1df4cf691edfd2d78ba8b97fca0c','n',NULL,'a'),(98080768613,'9808076861',NULL,NULL,NULL,'B/GRANADA',NULL,'',NULL,'7e0201aa2a06c17af364bb180314f85c','n',NULL,'a'),(98030168399,'9803016839',NULL,NULL,NULL,'B/MOROCHILLO',NULL,'',NULL,'6b3175bdc55413f1c12235928c0123c2','n',NULL,'a'),(98042421669,'9804242166',NULL,NULL,NULL,'B/SAN ANTONIO',NULL,'',NULL,'6766a7b963bdfc82b5f1d76ed3ad29e8','n',NULL,'a'),(98110918348,'9811091834',NULL,NULL,NULL,'B/LA POLA',NULL,'',NULL,'d70606ae94abb4d1ab17488f2477c08f','n',NULL,'a'),(98080216998,'9808021699',NULL,NULL,NULL,'VDA/ESCANDOY',NULL,'',NULL,'c5e58357cf68bda47b3e0674bdd24809','n',NULL,'a'),(98080569246,'9808056924',NULL,NULL,NULL,'B/CENTRO',NULL,'',NULL,'92a3cbbab0450d5de6d6e19e0d5bef29','n',NULL,'a'),(98092169367,'9809216936',NULL,NULL,NULL,'VDA/LLANOGRANDE',NULL,'',NULL,'082e160e8cd32a782c4e238897a50bcb','n',NULL,'a'),(98080769342,'9808076934',NULL,NULL,NULL,'B/GRANADA',NULL,'',NULL,'7ca38f881744988dd9db7f117bfc4c43','n',NULL,'a'),(96100201426,'9610020142',NULL,NULL,NULL,'VDA/JUAN LOPEZ',NULL,'',NULL,'575c0127ce409cf0480af640f8c9695b','n',NULL,'a'),(97051812267,'9705181226',NULL,NULL,NULL,'B/LLANOGRANDE',NULL,'',NULL,'2865e1d7c82859026d6182721293a40d','n',NULL,'a'),(1002791762,'1002791762',NULL,NULL,NULL,'B/PRADOS DEL NORTE',NULL,'',NULL,'351160ef8abf93a4405751f31761e6e6','n',NULL,'a'),(98111154538,'9811115453',NULL,NULL,NULL,'B/LLANOGRANDE',NULL,'',NULL,'14b2bb77eff4f814501ab48646c99756','n',NULL,'a'),(1084258418,'1084258418',NULL,NULL,NULL,'B/PRADOS DEL NORTE',NULL,'',NULL,'020c44536c1ff08e65627e622221357c','n',NULL,'a'),(1004710631,'1004710631',NULL,NULL,NULL,'VDA/LLANOGRANDE',NULL,'',NULL,'94680498050716fb25ff86d00a81c8eb','n',NULL,'a'),(1088975201,'1088975201',NULL,NULL,NULL,'B/MOROCHILLO',NULL,'',NULL,'f8ec6f712f9f1d3e7d120451830d26e6','n',NULL,'a'),(96112028622,'9611202862',NULL,NULL,NULL,'B/SAN ANTONIO',NULL,'',NULL,'8217fe487746139c110e7a51500d4d47','n',NULL,'a'),(97121512355,'9712151235',NULL,NULL,NULL,'VDA/LLANOGRANDE',NULL,'',NULL,'8b25c213644a1c1898c63842ac20cbec','n',NULL,'a'),(97062217484,'9706221748',NULL,NULL,NULL,'VDA/LLANOGRANDE',NULL,'',NULL,'d12fda2d2e61de49184bd4a9966285f3','n',NULL,'a'),(100471165,'100471165',NULL,NULL,NULL,'VDA/LLANOGRANDE',NULL,'',NULL,'7e538aedef417bc252d1c3ff873325ea','n',NULL,'a'),(989,'989',NULL,NULL,NULL,'B/SAN ANTONIO',NULL,'',NULL,'a1140a3d0df1c81e24ae954d935e8926','n',NULL,'a'),(990,'990',NULL,NULL,NULL,'LA CRUZ ',NULL,'',NULL,'4fac9ba115140ac4f1c22da82aa0bc7f','n',NULL,'a'),(991,'991',NULL,NULL,NULL,'VDA/COFRADIA',NULL,'',NULL,'692f93be8c7a41525c0baf2076aecfb4','n',NULL,'a'),(99060910916,'9906091091',NULL,NULL,NULL,'B/PRADOS DEL NORTE',NULL,'',NULL,'bddca801155905631412d589e8e07d50','n',NULL,'a'),(1002793022,'1002793022',NULL,NULL,NULL,'B/PRADOS DEL NORTE',NULL,'',NULL,'4e0b1a41e6266565061cf93e2a756966','n',NULL,'a'),(1088975075,'1088975075',NULL,NULL,NULL,'VDA/LAS ARADAS',NULL,'',NULL,'a8ceddfc91fae523d8501226eb6d7642','n',NULL,'a'),(1002805698,'1002805698',NULL,NULL,NULL,'B/PRADOS DEL NORTE',NULL,'',NULL,'0cf4ace8e498a120d566a72a9ddf1629','n',NULL,'a'),(99080113613,'9908011361',NULL,NULL,NULL,'B/PRADOS DEL NORTE',NULL,'',NULL,'12cfac8d7a983fcd2e515b7f816bca3c','n',NULL,'a'),(997,'997',NULL,NULL,NULL,'B/FENELON ORDOÑEZ',NULL,'',NULL,'ec5aa0b7846082a2415f0902f0da88f2','n',NULL,'a'),(998,'998',NULL,NULL,NULL,'B/FENELON ORDOÑEZ',NULL,'',NULL,'9ab0d88431732957a618d4a469a0d4c3','n',NULL,'a'),(1085662398,'1085662398',NULL,NULL,NULL,'VDA/BRICEÑO',NULL,'',NULL,'c8d6929bbba8ac8e45c5589aec6f567d','n',NULL,'a'),(98061516115,'9806151611',NULL,NULL,NULL,'B/SAN ANTONIO',NULL,'',NULL,'9a46ac1594374091e8177be6b1a80cd9','n',NULL,'a'),(1007310772,'1007310772',NULL,NULL,NULL,'VDA/LA ESTANCIA',NULL,'',NULL,'d38fe9540bcf4e24f02898986cf9a68f','n',NULL,'a'),(98050967565,'9805096756',NULL,NULL,NULL,'LA ESTANCIA',NULL,'',NULL,'c70fc3495feeadc6551927afe1c0a3f2','n',NULL,'a'),(98070269880,'9807026988',NULL,NULL,NULL,'B/MOROCHILLO',NULL,'',NULL,'99be6db7f3ca50ed8b4ce9f323992887','n',NULL,'a'),(98082469370,'9808246937',NULL,NULL,NULL,'VDA/CABUYALES',NULL,'',NULL,'8bf12809a51794a10e9ee0f6c5c5cb54','n',NULL,'a'),(97101719352,'9710171935',NULL,NULL,NULL,'VDA/CABUYALES',NULL,'',NULL,'cf79365fa4dcccdd08d56058adf2c5e9','n',NULL,'a'),(98031551595,'9803155159',NULL,NULL,NULL,'VDA/CABUYALES',NULL,'',NULL,'f16173ccac6b7db7d003fa1c86002753','n',NULL,'a'),(98012670672,'9801267067',NULL,NULL,NULL,'B/FENELON ORDOÑEZ',NULL,'',NULL,'266df7d7ea4bdf9a08c3722d2be1801e','n',NULL,'a'),(98110612796,'9811061279',NULL,NULL,NULL,'SAN RAFAEL',NULL,'',NULL,'e6f6d3e053aba9ecc41cf047e3d751e7','n',NULL,'a'),(96112519715,'9611251971',NULL,NULL,NULL,'LA POLA',NULL,'',NULL,'845ce232768c6c18bfc85105d6e9965a','n',NULL,'a'),(1010,'1010',NULL,NULL,NULL,'B/FENELON ORDOÑEZ',NULL,'',NULL,'1e48c4420b7073bc11916c6c1de226bb','n',NULL,'a'),(98032667376,'9803266737',NULL,NULL,NULL,'B/PABLO VI',NULL,'',NULL,'bd2d62faa0272a561b1529bcaca1c8c0','n',NULL,'a'),(98032151485,'9803215148',NULL,NULL,NULL,'B/SANTANDER',NULL,'',NULL,'30e36e0a02a87353888bf27e7e0fc85d','n',NULL,'a'),(1058674618,'1058674618',NULL,NULL,NULL,'LA CRUZ ',NULL,'',NULL,'6a0de18c538cb5ba254b52c3a97d5774','n',NULL,'a'),(1014,'1014',NULL,NULL,NULL,'LLANOGRANDE',NULL,'',NULL,'766d856ef1a6b02f93d894415e6bfa0e','n',NULL,'a'),(97110620385,'9711062038',NULL,NULL,NULL,'B/SANANTONIO',NULL,'',NULL,'5bfc3a3fc79d198bd2c6733773415d14','n',NULL,'a'),(98061667938,'9806166793',NULL,NULL,NULL,'VDA/LLANOGRANDE',NULL,'',NULL,'20e264426d3275d0d783521874c5f858','n',NULL,'a'),(1088975309,'1088975309',NULL,NULL,NULL,'VDA/ ESCANDOY',NULL,'',NULL,'a9ad41ee32b74c3674a3540542e91b78','n',NULL,'a'),(97072218969,'9707221896',NULL,NULL,NULL,'VDA/ LA CUCHILLA',NULL,'',NULL,'4025114e9efa1ff8fd37369312a82004','n',NULL,'a'),(98020754150,'9802075415',NULL,NULL,NULL,'VDA/ LLANOGRANDE',NULL,'',NULL,'15a9e67ddfc9150215487649c1c40aab','n',NULL,'a'),(98102462912,'9810246291',NULL,NULL,NULL,'VDA/TAJUMBINA',NULL,'',NULL,'c1d67d43c9bb6a599b587c1c33220d15','n',NULL,'a'),(1088975340,'1088975340',NULL,NULL,NULL,'VDA/LLANOGRANDE',NULL,'',NULL,'a9d57735f801c76af82567b2518a85fb','n',NULL,'a'),(98102413709,'9810241370',NULL,NULL,NULL,'B/GRANADA',NULL,'',NULL,'7386c305f1f81c0ffcc5cfb02caccbb2','n',NULL,'a'),(97102122104,'9710212210',NULL,NULL,NULL,'B/MOROCHILLO',NULL,'',NULL,'0e9ea9f8a3ae344d14bb6e7c94e12715','n',NULL,'a'),(1088975254,'1088975254',NULL,NULL,NULL,'B/LA POLA',NULL,'',NULL,'a256244c96501019627aa169fbed342b','n',NULL,'a'),(1007311103,'1007311103',NULL,NULL,NULL,'B/FENELON ORDOÑEZ',NULL,'',NULL,'e0dd4d487dbe76b7ba1724e4a5aea5dc','n',NULL,'a'),(98072269934,'9807226993',NULL,NULL,NULL,'B/SANTANDER',NULL,'',NULL,'471bd72fb27bb2e867fa8af840d8e46d','n',NULL,'a'),(1027,'1027',NULL,NULL,NULL,'LLANOGRANDE',NULL,'',NULL,'883e881bb4d22a7add958f2d6b052c9f','n',NULL,'a'),(1085308730,'1085308730',NULL,NULL,NULL,'B/CENTRO',NULL,'',NULL,'a224e37a04edd52256743765c92286ef','n',NULL,'a'),(99011517567,'9901151756',NULL,NULL,NULL,'CARRERA 6 NO 2-11',NULL,'',NULL,'8c88ca85d13951f85a6aa434428086fb','n',NULL,'a'),(98042469939,'9804246993',NULL,NULL,NULL,'VDA/CABUYALES',NULL,'',NULL,'fbbc5d28bd4d424f3fb08c0fdec29120','n',NULL,'a'),(1031,'1031',NULL,NULL,NULL,'B/PRADOS DEL NORTE',NULL,'',NULL,'afdec7005cc9f14302cd0474fd0f3c96','n',NULL,'a'),(98062368489,'9806236848',NULL,NULL,NULL,'B/BELEN',NULL,'',NULL,'ad22713b1cc07d0295398d66903139a5','n',NULL,'a'),(97090508893,'9709050889',NULL,NULL,NULL,'VDA/TAJUMBINA',NULL,'',NULL,'834964ff786d71d7cb8e2ec1a591d623','n',NULL,'a'),(98042667056,'9804266705',NULL,NULL,NULL,'B/MOROCHILLO',NULL,'',NULL,'efe3e85cc6b270501ae01c2c5e4226c6','n',NULL,'a'),(98030568095,'9803056809',NULL,NULL,NULL,'VDA/ COFRADIA',NULL,'',NULL,'0a93223cc4c5a584ebb9580620821ae1','n',NULL,'a'),(99050102684,'9905010268',NULL,NULL,NULL,'B/MADRIGAL',NULL,'',NULL,'b11245a31542c383e7a7fc44b304eae8','n',NULL,'a'),(98042665797,'9804266579',NULL,NULL,NULL,'B/FENELON ORDOÑEZ',NULL,'',NULL,'09e245930ce412dfc6c2a60404e84d14','n',NULL,'a'),(1088975295,'1088975295',NULL,NULL,NULL,'B/LLANOGRANDE',NULL,'',NULL,'a53bcabb6a969bb1393ba4c619037337','n',NULL,'a'),(1039,'1039',NULL,NULL,NULL,'B/SAN ANTONIO',NULL,'',NULL,'27ed0fb950b856b06e1273989422e7d3','n',NULL,'a'),(99052403541,'9905240354',NULL,NULL,NULL,'VDA /TAJUMBINA',NULL,'',NULL,'bef727b68590fbf4dfb501206cd25641','n',NULL,'a'),(98070467097,'9807046709',NULL,NULL,NULL,'VDA/ESCANDOY',NULL,'',NULL,'d0493455c0d5a48b732e2d761ad28544','n',NULL,'a'),(1007708486,'1007708486',NULL,NULL,NULL,'B/LLANOGRANDE',NULL,'',NULL,'b10b0fd4196eddb4670581bc33e5267c','n',NULL,'a'),(1043,'1043',NULL,NULL,NULL,'LA CRUZ ',NULL,'',NULL,'b9141aff1412dc76340b3822d9ea6c72','n',NULL,'a'),(97040123753,'9704012375',NULL,NULL,NULL,'B/SAN ANTONIO',NULL,'',NULL,'aeef1ee32a41979a5024a505b43c8462','n',NULL,'a'),(97041123323,'9704112332',NULL,NULL,NULL,'B/FENELON ORDOÑEZ',NULL,'',NULL,'1781b713656342367fe6604fbb4d5895','n',NULL,'a'),(1002805542,'1002805542',NULL,NULL,NULL,'B/MOROCHILLO',NULL,'',NULL,'b01349b6fb638895a6e89c01c79e633e','n',NULL,'a'),(1047,'1047',NULL,NULL,NULL,'VDA/LAS ARADAS',NULL,'',NULL,'20b5e1cf8694af7a3c1ba4a87f073021','n',NULL,'a'),(97052917860,'9705291786',NULL,NULL,NULL,'VDA /TAJUMBINA',NULL,'',NULL,'d23a7fd831421e18d60473061253828c','n',NULL,'a'),(1049,'1049',NULL,NULL,NULL,'B/SANTANDER',NULL,'',NULL,'58c54802a9fb9526cd0923353a34a7ae','n',NULL,'a'),(1086550290,'1086550290',NULL,NULL,NULL,'B/PRADOS DEL NORTE',NULL,'',NULL,'13a23e8e056cfa2e0b7c4f4857a79bdb','n',NULL,'a'),(98110265344,'9811026534',NULL,NULL,NULL,'VDA/TAJUMBINA',NULL,'',NULL,'761684ea6f75ccf67902d06619ffd3ca','n',NULL,'a'),(1002901756,'1002901756',NULL,NULL,NULL,'B/FENELON ORDOÑEZ',NULL,'',NULL,'4827216f80a15de75aeca525782d1621','n',NULL,'a'),(98071869504,'9807186950',NULL,NULL,NULL,'B/PABLO VI',NULL,'',NULL,'9cbfa7eb3487c9975351c11c17ff712b','n',NULL,'a'),(97121512339,'9712151233',NULL,NULL,NULL,'VDA/COFRADIA',NULL,'',NULL,'7eaa613523364d6bb0e9a893811b823f','n',NULL,'a'),(1004710662,'1004710662',NULL,NULL,NULL,'B/LLANOGRANDE',NULL,'',NULL,'3ea8cb1027f117aa718550ee7110edf1','n',NULL,'a'),(98101111733,'9810111173',NULL,NULL,NULL,'B/FENELON ORDOÑEZ',NULL,'',NULL,'9e7dee8ae4cbd0a7f76418970f6786da','n',NULL,'a'),(1057,'1057',NULL,NULL,NULL,'B/MOROCHILLO',NULL,'',NULL,'d8700cbd38cc9f30cecb34f0c195b137','n',NULL,'a'),(99021314273,'9902131427',NULL,NULL,NULL,'B/PRADOS DEL NORTE',NULL,'',NULL,'08276c6b15529e13326ef35d12973f10','n',NULL,'a'),(96121215753,'9612121575',NULL,NULL,NULL,'VDA/COFRADIA',NULL,'',NULL,'594c95d58c4d847d79dea58551782a13','n',NULL,'a'),(1002805912,'1002805912',NULL,NULL,NULL,'B/FENELON ORDOÑEZ',NULL,'',NULL,'a7aed067b26c29b642a69a750f654776','n',NULL,'a'),(99111210183,'9911121018',NULL,NULL,NULL,'VDA/SAN RAFA EL',NULL,'',NULL,'c47ddd121db5bd4d97ce9d4b2f869c16','n',NULL,'a'),(1004711377,'1004711377',NULL,NULL,NULL,'VDA/LLANOGRANDE',NULL,'',NULL,'337983fbce6b1f732c9e7308d20803fa','n',NULL,'a'),(1088975342,'1088975342',NULL,NULL,NULL,'B/LAPOLA',NULL,'',NULL,'b23fca0848c44bd0a4ec35b3ed90f730','n',NULL,'a'),(1059362413,'1059362413',NULL,NULL,NULL,'B/GRANADA',NULL,'',NULL,'3b1ff4ec9aba0890d694ea8b45f348b1','n',NULL,'a'),(1002793577,'1002793577',NULL,NULL,NULL,'B/GRANADA',NULL,'',NULL,'eac9683d8d2dc6c381eb46f436eed545','n',NULL,'a'),(1088975541,'1088975541',NULL,NULL,NULL,'VDA/EL HATICO',NULL,'',NULL,'6f1abaea20734610f59c767779b0cc63','n',NULL,'a'),(97062715131,'9706271513',NULL,NULL,NULL,'PRADOS DEL NORTE',NULL,'',NULL,'1bbdf97aff0428a63aaa502f65e72432','n',NULL,'a'),(97063011901,'9706301190',NULL,NULL,NULL,'B/CENTRO',NULL,'',NULL,'1b96582a5d882e113ab14be783cacd0c','n',NULL,'a'),(97101520793,'9710152079',NULL,NULL,NULL,'B/CENTRO',NULL,'',NULL,'c60c63b2a53fade142ad6819a6ed546b','n',NULL,'a'),(98020454296,'9802045429',NULL,NULL,NULL,'B/LA POLA',NULL,'',NULL,'45d8e0971a4a596852f2f08614a9290d','n',NULL,'a'),(97051920108,'9705192010',NULL,NULL,NULL,'B/FENELON ORDOÑEZ',NULL,'',NULL,'a83b0a69dcebbb3a77d90d4a10796ff2','n',NULL,'a'),(97040719699,'9704071969',NULL,NULL,NULL,'B/LA POLA',NULL,'',NULL,'87ac2541963dbda98785fb465700b9d2','n',NULL,'a'),(97072616450,'9707261645',NULL,NULL,NULL,'B/LA POLA',NULL,'',NULL,'81bef115e391e4ae0eec7ec8f397980c','n',NULL,'a'),(96123102360,'9612310236',NULL,NULL,NULL,'B/LA POLA',NULL,'',NULL,'5c44c0693dc58a4b05a50ec73dfea9f3','n',NULL,'a'),(98010657032,'9801065703',NULL,NULL,NULL,'B/MOROCHILLO',NULL,'',NULL,'ad58bbacf6611976415f0ffdf7865ab0','n',NULL,'a'),(96082801941,'9608280194',NULL,NULL,NULL,'VDA/ LA VEGA',NULL,'',NULL,'83c9d3ac347ef333fe816040186122f2','n',NULL,'a'),(97032622848,'9703262284',NULL,NULL,NULL,'VDA/LA VEGA',NULL,'',NULL,'5a51f1e8254778f87778cc2820f8d366','n',NULL,'a'),(97062612804,'9706261280',NULL,NULL,NULL,'B/LA POLA',NULL,'',NULL,'becfdf81607202ed46ec40d5b19b817d','n',NULL,'a'),(1002807871,'1002807871',NULL,NULL,NULL,'B/MOROCHILLO',NULL,'',NULL,'6e667f5222222f6a014583024f2d562a','n',NULL,'a'),(1088975439,'1088975439',NULL,NULL,NULL,'B/CENTRO',NULL,'',NULL,'f84df525c345e1177d54fae9e3fea3d1','n',NULL,'a'),(98010761506,'9801076150',NULL,NULL,NULL,'B/CENTRO',NULL,'',NULL,'44005f8e4580392fd2b4175f19e7a8ba','n',NULL,'a'),(97031501680,'9703150168',NULL,NULL,NULL,'B/LA POLA',NULL,'',NULL,'eca84878c9e71445985e8db10b454f24','n',NULL,'a'),(98011171524,'9801117152',NULL,NULL,NULL,'B/LA POLA',NULL,'',NULL,'28f4c0314115272bdf15e0de93ea5b20','n',NULL,'a'),(97091523659,'9709152365',NULL,NULL,NULL,'B/MOROCHILLO',NULL,'',NULL,'a634e99c774a2fd68c870b84aa5616e6','n',NULL,'a'),(97061819057,'9706181905',NULL,NULL,NULL,'B/LA POLA',NULL,'',NULL,'e5f87d3918898b2a20786265251a5e4f','n',NULL,'a'),(98011659810,'9801165981',NULL,NULL,NULL,'LA CRUZ ',NULL,'',NULL,'59bd745f8fdcbe893a650ac6d3ecb838','n',NULL,'a'),(97101316355,'9710131635',NULL,NULL,NULL,'B/CENTRO',NULL,'',NULL,'ab7a9fdf7493b8ed5663f1302ad848ff','n',NULL,'a'),(98030167457,'9803016745',NULL,NULL,NULL,'B/GRANADA',NULL,'',NULL,'d6c705d6e8cd2b6ce9d9721c8de98b45','n',NULL,'a'),(97071315456,'9707131545',NULL,NULL,NULL,'B/MOROCHILLO',NULL,'',NULL,'c1af758aafc091f3f1efa88a12d415c0','n',NULL,'a'),(97021022083,'9702102208',NULL,NULL,NULL,'B/GRANADA',NULL,'',NULL,'a9d575ee002fb5003ddb34df07727f2a','n',NULL,'a'),(97051419964,'9705141996',NULL,NULL,NULL,'B/LA POLA',NULL,'',NULL,'20c99bd10f4ebb61413f0b86e20341fe','n',NULL,'a'),(97041220680,'9704122068',NULL,NULL,NULL,'B/LA FLORESTA',NULL,'',NULL,'d92efdcf46b8341591d1e952546f69d7','n',NULL,'a'),(98031351529,'9803135152',NULL,NULL,NULL,'B/CENTRO',NULL,'',NULL,'8adb4576455b3118d39f14c9be4db685','n',NULL,'a'),(97091122140,'9709112214',NULL,NULL,NULL,'B/CENTRO',NULL,'',NULL,'d758c851e511f47b57b5d39301675bcf','n',NULL,'a'),(97101604504,'9710160450',NULL,NULL,NULL,'B/CENTRO',NULL,'',NULL,'08da2296a8a013865b7a0f1a3a9cd87a','n',NULL,'a'),(97032901356,'9703290135',NULL,NULL,NULL,'VDA/LA VEGA',NULL,'',NULL,'30a3cb4fe6ce24280ff18d54dfafc0c6','n',NULL,'a'),(97031216315,'9703121631',NULL,NULL,NULL,'B/CENTRO',NULL,'',NULL,'31a1f55e37c117ae16699e2cd4fb7b37','n',NULL,'a'),(1002806817,'1002806817',NULL,NULL,NULL,'B/PRADOS DEL NORTE',NULL,'',NULL,'b7b5aec91c279080b2f2cb2e9be4d8dc','n',NULL,'a'),(1058974708,'1058974708',NULL,NULL,NULL,'B/PRADOS DEL NORTE',NULL,'',NULL,'70d7dea5572992234fbd5417925b0073','n',NULL,'a'),(97030615950,'9703061595',NULL,NULL,NULL,'B/SAN ANTONIO',NULL,'',NULL,'7fe35521c05c926c78239d5c4523de0a','n',NULL,'a'),(1002807964,'1002807964',NULL,NULL,NULL,'B/FENELON ORDOÑEZ',NULL,'',NULL,'1560ced4e3aca8caab4cb9d7b54c08b7','n',NULL,'a'),(1088975256,'1088975256',NULL,NULL,NULL,'B/LLANOGRANDE',NULL,'',NULL,'da49dab339f31447a3f9d94a719f600d','n',NULL,'a'),(1088970354,'1088970354',NULL,NULL,NULL,'B/MOROCHILLO',NULL,'',NULL,'359a39554e5a4d64af79391a68d6f122','n',NULL,'a'),(97080201323,'9708020132',NULL,NULL,NULL,'B/CHORRILLO',NULL,'',NULL,'451d0a6a73b2f4add94ce15e8abb6cf8','n',NULL,'a'),(96081302038,'9608130203',NULL,NULL,NULL,'B/FENELON ORDOÑEZ',NULL,'',NULL,'6d493fc889287e68bbde9e8cbec082da','n',NULL,'a'),(97101915879,'9710191587',NULL,NULL,NULL,'B/SANTANDER',NULL,'',NULL,'91019a65e89ea228656d315bd1504a78','n',NULL,'a'),(1058974433,'1058974433',NULL,NULL,NULL,'B/LLANOGRANDE',NULL,'',NULL,'0816e92e5f6b4319fe1b561a170461f8','n',NULL,'a'),(1088974813,'1088974813',NULL,NULL,NULL,'B/SAN ANTONIO',NULL,'',NULL,'dcaeeeb4888da86a27d7433aec0cc700','n',NULL,'a'),(98040472037,'9804047203',NULL,NULL,NULL,'LA CRUZ ',NULL,'',NULL,'35fee9661ac170c3e2f7d2dc65a15633','n',NULL,'a'),(98041369469,'9804136946',NULL,NULL,NULL,'B/PRADOS DEL NORTE',NULL,'',NULL,'29b10ef481975dbd1785727a3d25862c','n',NULL,'a'),(1088974949,'1088974949',NULL,NULL,NULL,'B/MOROCHILLO',NULL,'',NULL,'191fbf6e374c0d9611fd188ec1907f5b','n',NULL,'a'),(96102503748,'9610250374',NULL,NULL,NULL,'B/CENTRO',NULL,'',NULL,'a39d4ba2a2e7048ccc108e6fb109f898','n',NULL,'a'),(96081410140,'9608141014',NULL,NULL,NULL,'B/LA FLORESTA',NULL,'',NULL,'d7638f0a89b82196b5a307db7902cce6','n',NULL,'a'),(1002792773,'1002792773',NULL,NULL,NULL,'B/SANTANDER',NULL,'',NULL,'5f881fdf15a7689b8b2fa0423be2e9cc','n',NULL,'a'),(97012316783,'9701231678',NULL,NULL,NULL,'B/PRADOS DEL NORTE',NULL,'',NULL,'08442f8a63b787cb9ae9984e54f9e410','n',NULL,'a'),(1088975563,'1088975563',NULL,NULL,NULL,'LA CRUZ ',NULL,'',NULL,'dcaf9c76ee8698b6fe7f5cf78f68ca20','n',NULL,'a'),(98111818916,'9811181891',NULL,NULL,NULL,'LA CRUZ ',NULL,'',NULL,'7be3940b05b30847128718951e4d24f9','n',NULL,'a'),(1088975504,'1088975504',NULL,NULL,NULL,'VDA/LLANOGRANDE',NULL,'',NULL,'d2d6c78e9819d3e9aaa99fe39c441af1','n',NULL,'a'),(1088975195,'1088975195',NULL,NULL,NULL,'B/FENELON ORDOÑEZ',NULL,'',NULL,'72080b4dc372c807ad9a87ca7f1f6c72','n',NULL,'a'),(97101218949,'9710121894',NULL,NULL,NULL,'VDA/CABUYALES',NULL,'',NULL,'1c8025f2431f838aa5d7b17b99f8ce2a','n',NULL,'a'),(1002834982,'1002834982',NULL,NULL,NULL,'LA CRUZ ',NULL,'',NULL,'c2d597e0c49b005b09bb26c14a803e8b','n',NULL,'a'),(98070570076,'9807057007',NULL,NULL,NULL,'B/MOROCHILLO',NULL,'',NULL,'440269835c03d32c1c46c9fe40241761','n',NULL,'a'),(1002792126,'1002792126',NULL,NULL,NULL,'LA CRUZ ',NULL,'',NULL,'9f75aad6e7796292ecc87bd960459bf5','n',NULL,'a'),(1004711024,'1004711024',NULL,NULL,NULL,'B/PRADOS DEL NORTE',NULL,'',NULL,'a72a144559958fbc6b89f01bc5a8ceb4','n',NULL,'a'),(1088974719,'1088974719',NULL,NULL,NULL,'B/GRANADA',NULL,'',NULL,'5d00a7fd76907369ab9a742048f1ef24','n',NULL,'a'),(97060414630,'9706041463',NULL,NULL,NULL,'B/FENELON ORDOÑEZ',NULL,'',NULL,'db053d02357be36b75229912eba858b2','n',NULL,'a'),(1088973044,'1088973044',NULL,NULL,NULL,'LA CRUZ ',NULL,'',NULL,'c79c4e2116e2ee391603f7cfc1fd5f94','n',NULL,'a'),(97012101736,'9701210173',NULL,NULL,NULL,'B/PABLO VI',NULL,'',NULL,'d8c50909834afa0fb5f1fbbaa433969d','n',NULL,'a'),(1088975183,'1088975183',NULL,NULL,NULL,'B/PRADOS DEL NORTE',NULL,'',NULL,'5030744541070712edf2e21798f93995','n',NULL,'a'),(97083009636,'9708300963',NULL,NULL,NULL,'B/SANTANDER',NULL,'',NULL,'449767f2e2cb7a4bc05b2ea597b75129','n',NULL,'a'),(98073170001,'9807317000',NULL,NULL,NULL,'B/FENELON ORDOÑEZ',NULL,'',NULL,'7920333a4bfe3633cdae582c973db7f0','n',NULL,'a'),(10317235,'10317235',NULL,NULL,NULL,'B/SANTANDER',NULL,'',NULL,'fbab084659a96127f775e6369904cfcc','n',NULL,'a'),(96120702782,'9612070278',NULL,NULL,NULL,'B/SULTANA DEL MAYO',NULL,'',NULL,'6b5e8fd6c5ac7a82786413e0593ac8ac','n',NULL,'a'),(97123014018,'9712301401',NULL,NULL,NULL,'B/GRANADA',NULL,'',NULL,'75ff61288a8464fb558d49098f424cf9','n',NULL,'a'),(1002807162,'1002807162',NULL,NULL,NULL,'B/LA POLA',NULL,'',NULL,'07c54a09e2bd40c01b2d9b2790d3ce6f','n',NULL,'a'),(96090723011,'9609072301',NULL,NULL,NULL,'VDA/EL PARAMITO',NULL,'',NULL,'0378954e59c8cfd889801e156c077d38','n',NULL,'a'),(97051218454,'9705121845',NULL,NULL,NULL,'B/PRADOS DEL NORTE',NULL,'',NULL,'508c5c81c485662931d1a34e62d8e1c3','n',NULL,'a'),(97052120130,'9705212013',NULL,NULL,NULL,'VDA/LA LOMA',NULL,'',NULL,'c74d939f11e00d2dd7af39b503c9e65a','n',NULL,'a'),(97032201370,'9703220137',NULL,NULL,NULL,'B/LA POLA',NULL,'',NULL,'21d55c5925cb96dd017d07afb9702bbd','n',NULL,'a'),(98091174022,'9809117402',NULL,NULL,NULL,'B/SAN ANTONIO',NULL,'',NULL,'c2687fe866baf0816bfd1c21d9beacd3','n',NULL,'a'),(98051369564,'9805136956',NULL,NULL,NULL,'B/LA POLA',NULL,'',NULL,'e541ab328e60be3a61d507edf446d400','n',NULL,'a'),(97102420342,'9710242034',NULL,NULL,NULL,'B/PRADOS DEL NORTE',NULL,'',NULL,'103721b24728fe612b81926539f2e579','n',NULL,'a'),(97101119967,'9710111996',NULL,NULL,NULL,'B/LA POLA',NULL,'',NULL,'04dbccd4416131cb3f203a345cda23da','n',NULL,'a'),(1088975417,'1088975417',NULL,NULL,NULL,'VDA/COFRADIA',NULL,'',NULL,'7727206a1cf55c7e3566d46bf4b3522c','n',NULL,'a'),(97052720595,'9705272059',NULL,NULL,NULL,'B/MOROCHILLO',NULL,'',NULL,'1e1a11f8c0558da508d74550a033376e','n',NULL,'a'),(98051520165,'9805152016',NULL,NULL,NULL,'B/CENTRO',NULL,'',NULL,'9af4fce6aff6f15f8817f59385af2dc9','n',NULL,'a'),(98011969330,'9801196933',NULL,NULL,NULL,'VDA/LA CIENEGA',NULL,'',NULL,'85c2f51539bb9434b8b0f59732cd901b','n',NULL,'a'),(1088975423,'1088975423',NULL,NULL,NULL,'B/SAN ANTONIO',NULL,'',NULL,'5d71c8347bac3194d9cda7837dd7711b','n',NULL,'a'),(96110705260,'9611070526',NULL,NULL,NULL,'B/LA POLA',NULL,'',NULL,'9c3962c704cd6f25da83f559fd8b2937','n',NULL,'a'),(97111804811,'9711180481',NULL,NULL,NULL,'B/GRANADA',NULL,'',NULL,'e8acf9a95509d2bbd98b68ee65fe8406','n',NULL,'a'),(1151,'1151',NULL,NULL,NULL,'LA CRUZ ',NULL,'',NULL,'f197002b9a0853eca5e046d9ca4663d5','n',NULL,'a'),(97021301071,'9702130107',NULL,NULL,NULL,'B/GRANADA',NULL,'',NULL,'7f754cbc1a82d794484b0d6451bdc9bc','n',NULL,'a'),(1004711380,'1004711380',NULL,NULL,NULL,'B/MOROCHILLO',NULL,'',NULL,'29fe803777d4af1cf8bbd7960dc775fb','n',NULL,'a'),(1088974669,'1088974669',NULL,NULL,NULL,'VDA/LA CAÑADA',NULL,'',NULL,'0b982e3b7dfb408b2effcdd3e217024d','n',NULL,'a'),(97123115655,'9712311565',NULL,NULL,NULL,'LA CRUZ ',NULL,'',NULL,'94a2456e119a46faa05909ebe79d8764','n',NULL,'a'),(1088975303,'1088975303',NULL,NULL,NULL,'B/MOROCHILLO',NULL,'',NULL,'d1fc0660142e1a2e374e6219414ab9ee','n',NULL,'a'),(96090320138,'9609032013',NULL,NULL,NULL,'B/PABLO VI',NULL,'',NULL,'dd5ba541962229a1b8c169c0d0467370','n',NULL,'a'),(97081013199,'9708101319',NULL,NULL,NULL,'B/SAN ANTONIO',NULL,'',NULL,'2aba34f12b15eaa0dc400588f8d864cd','n',NULL,'a'),(97032110782,'9703211078',NULL,NULL,NULL,'B/CENTRO',NULL,'',NULL,'acc576a68fe660d60bef6990d2a5a7e5','n',NULL,'a'),(1088975369,'1088975369',NULL,NULL,NULL,'B/GRANADA',NULL,'',NULL,'0f4febb1e16af2efca20bfe3d5f28ee4','n',NULL,'a'),(1088975405,'1088975405',NULL,NULL,NULL,'VDA/LLANOGRANDE',NULL,'',NULL,'85dd97bfa5974a67a2899f8d18e8f035','n',NULL,'a'),(98022468669,'9802246866',NULL,NULL,NULL,'B/MOROCHILLO',NULL,'',NULL,'585d4c18b283352cfc23356756b0d00e','n',NULL,'a'),(1088975266,'1088975266',NULL,NULL,NULL,'VDA/LAS ARADAS',NULL,'',NULL,'37d5d5a8a74b5534e16caa8caebcc69a','n',NULL,'a'),(97040602031,'9704060203',NULL,NULL,NULL,'B/PRADOS DEL NORTE',NULL,'',NULL,'487b4b872d0328ca6152838bd95f871a','n',NULL,'a'),(98112267751,'9811226775',NULL,NULL,NULL,'VDA/EL APOSENTO',NULL,'',NULL,'e488453c40fab7768a4a304ddd0f4de7','n',NULL,'a'),(97062512168,'9706251216',NULL,NULL,NULL,'B/BELEN',NULL,'',NULL,'69ff56268367b70486ac04df2933fd4f','n',NULL,'a'),(98022352075,'9802235207',NULL,NULL,NULL,'VDA/LAS ARADAS',NULL,'',NULL,'db8d043ab4c295a9fd4e158b2a2acda5','n',NULL,'a'),(98040470174,'9804047017',NULL,NULL,NULL,'B/PRADOS DEL NORTE',NULL,'',NULL,'ad94d10cb5aec146d4497f01be2551be','n',NULL,'a'),(97102423996,'9710242399',NULL,NULL,NULL,'VDA/SAN RAFA EL',NULL,'',NULL,'dd43e01e46c1fea00f454d5103824be1','n',NULL,'a'),(99092211173,'9909221117',NULL,NULL,NULL,'VDA/TAJUMBINA',NULL,'',NULL,'39318efcfecb1182492670bac88a60cd','n',NULL,'a'),(1088974946,'1088974946',NULL,NULL,NULL,'VDA/ALTOSANO',NULL,'',NULL,'f7bdee12badde2ca1ff6b55ddc73c691','n',NULL,'a'),(97043002094,'9704300209',NULL,NULL,NULL,'B/FENELON ORDOÑEZ',NULL,'',NULL,'8befed6d9865894687590d6aa4e60667','n',NULL,'a'),(97060718893,'9706071889',NULL,NULL,NULL,'B/CENTRO',NULL,'',NULL,'fb414d48a8036cda18138983361eeef2','n',NULL,'a'),(98030860985,'9803086098',NULL,NULL,NULL,'B/PRADOS  DEL NORTE',NULL,'',NULL,'c2b9f9155cff0c7c73aad993608c72c4','n',NULL,'a'),(97031420559,'9703142055',NULL,NULL,NULL,'B/SAN ANTONIO',NULL,'',NULL,'6b1842a0b72f0f07ea03312a77c62e7c','n',NULL,'a'),(1088975406,'1088975406',NULL,NULL,NULL,'B/PORTALES DEL NORTE',NULL,'',NULL,'08577f8486f9b1505b59817a176b7579','n',NULL,'a'),(97071619404,'9707161940',NULL,NULL,NULL,'B/SANTANDER',NULL,'',NULL,'79f2205bf9af7d644824e85ea96f5482','n',NULL,'a'),(98021253766,'9802125376',NULL,NULL,NULL,'VDA/SAN RAFAEL',NULL,'',NULL,'bec7d5864a493ab6b81a06b2d70817b0','n',NULL,'a'),(1088975507,'1088975507',NULL,NULL,NULL,'VDA/CABUYALES',NULL,'',NULL,'0784dd0cdd1f074807a3eedc50c3bf3d','n',NULL,'a'),(98020270136,'9802027013',NULL,NULL,NULL,'B/PRADOS  DEL NORTE',NULL,'',NULL,'9110b643817e7c076f1f7405f3425fc1','n',NULL,'a'),(98011152074,'9801115207',NULL,NULL,NULL,'B/SANTANDER',NULL,'',NULL,'21188697240e324f8ba223c6c9397991','n',NULL,'a'),(97050920635,'9705092063',NULL,NULL,NULL,'CALLE 11 9-70',NULL,'',NULL,'bef6f59471620931005d8e01b6522fd4','n',NULL,'a'),(97090414937,'9709041493',NULL,NULL,NULL,'CENTRO',NULL,'',NULL,'23b416c04c26ec1da3517af959b7b662','n',NULL,'a'),(1088974825,'1088974825',NULL,NULL,NULL,'CRA 5 NO 4-73',NULL,'',NULL,'aabd75a3c56ace3b7165d71714b9fa8e','n',NULL,'a'),(97031923780,'9703192378',NULL,NULL,NULL,'B/PRADOS  DEL NORTE',NULL,'',NULL,'c974c0f037b5b2830946dabc4dc6e5cd','n',NULL,'a'),(97012502145,'9701250214',NULL,NULL,NULL,'B/LA POLA',NULL,'',NULL,'fe01baf7ef98181949cf7f1da4789df4','n',NULL,'a'),(98011360521,'9801136052',NULL,NULL,NULL,'VDA/JUAN LOPEZ',NULL,'',NULL,'104d5245b3b4704660a1a34a538039f9','n',NULL,'a'),(97052001963,'9705200196',NULL,NULL,NULL,'VDA/JUAN LOPEZ',NULL,'',NULL,'dd6576ebedeb6f3a2c947c845295596c','n',NULL,'a'),(97093020786,'9709302078',NULL,NULL,NULL,'VDA/SAN FRANCISCO',NULL,'',NULL,'b639efcb62e825dd08cbb92bc17a4512','n',NULL,'a'),(1088975211,'1088975211',NULL,NULL,NULL,'B/SAN ANTONIO',NULL,'',NULL,'055f76d81346df6200b9a26bf1b15ccc','n',NULL,'a'),(1088975018,'1088975018',NULL,NULL,NULL,'VDA/EL HATICO',NULL,'',NULL,'3c1f60f19a3242ca8117e0930050b96e','n',NULL,'a'),(97120602946,'9712060294',NULL,NULL,NULL,'VDA/SAN RAFAEL',NULL,'',NULL,'eb33bd6a3c0586af5ca884f9eb96e7f9','n',NULL,'a'),(98041268085,'9804126808',NULL,NULL,NULL,'VDA/SAN FRANCISCO',NULL,'',NULL,'f00e65f4bb15ed7c814a663c3da60951','n',NULL,'a'),(1088975392,'1088975392',NULL,NULL,NULL,'VDA/JUAN LOPEZ',NULL,'',NULL,'d20ae7cb9b9cebe096001f5bfb2751ed','n',NULL,'a'),(1088975449,'1088975449',NULL,NULL,NULL,'VDA/SAN FRANCISCO',NULL,'',NULL,'29c550acdfefb933174802ac8710ad74','n',NULL,'a'),(1088975062,'1088975062',NULL,NULL,NULL,'VDA/ESCANDOY',NULL,'',NULL,'f2fa6d3143ae9ab82669b1319c35e2db','n',NULL,'a'),(1088975329,'1088975329',NULL,NULL,NULL,'VDA/SAN RAFAEL',NULL,'',NULL,'9af3859d7894d81847a2ad1fbc1d5daa','n',NULL,'a'),(97081812393,'9708181239',NULL,NULL,NULL,'B/LA POLA',NULL,'',NULL,'b048e6733beeb233b59c098985be7f78','n',NULL,'a'),(98022351974,'9802235197',NULL,NULL,NULL,'B/SANTANDER',NULL,'',NULL,'e828b5cf349b0e202d638d00b48d0846','n',NULL,'a'),(97121612805,'9712161280',NULL,NULL,NULL,'B/GRANADA',NULL,'',NULL,'68de4173f94490d0382b80d0db46e0c9','n',NULL,'a'),(1004710644,'1004710644',NULL,NULL,NULL,'B/PRADOS  DEL NORTE',NULL,'',NULL,'08943a0370b5c84420cae57253ffb109','n',NULL,'a'),(1202,'1202',NULL,NULL,NULL,'B/SANTANDER',NULL,'',NULL,'147702db07145348245dc5a2f2fe5683','n',NULL,'a'),(1203,'1203',NULL,NULL,NULL,'B/FENELON ORDOÑEZ',NULL,'',NULL,'491442df5f88c6aa018e86dac21d3606','n',NULL,'a'),(96090702235,'9609070223',NULL,NULL,NULL,'B/SANTANDER',NULL,'',NULL,'8425d4b21c4771857b8af5a456a6d703','n',NULL,'a'),(97030918995,'9703091899',NULL,NULL,NULL,'B/PORTALES DE LLANOGRANDE',NULL,'',NULL,'cebccd254cc99681f607e2781dfa02e8','n',NULL,'a'),(97032120834,'9703212083',NULL,NULL,NULL,'B/FENELON ORDOÑEZ',NULL,'',NULL,'5e5c2000fbd5945be2c8036af6e6f7e6','n',NULL,'a'),(96090726975,'9609072697',NULL,NULL,NULL,'B/CENTRO',NULL,'',NULL,'d89ae619b1658babb0b035f73dd082dd','n',NULL,'a'),(1088974342,'1088974342',NULL,NULL,NULL,'B/PRADOS DEL NORTE',NULL,'',NULL,'039509dade834af277263fd22f1e9ff7','n',NULL,'a'),(1209,'1209',NULL,NULL,NULL,'B/MADRIGAL',NULL,'',NULL,'7e7e69ea3384874304911625ac34321c','n',NULL,'a'),(1210,'1210',NULL,NULL,NULL,'LA CRUZ ',NULL,'',NULL,'f7cade80b7cc92b991cf4d2806d6bd78','n',NULL,'a'),(1088975388,'1088975388',NULL,NULL,NULL,'VDA/CABUYALES',NULL,'',NULL,'b1f5e1dee7a77065688f2a849dd56510','n',NULL,'a'),(1058670617,'1058670617',NULL,NULL,NULL,'B/FENELON ORDOÑEZ',NULL,'',NULL,'6cabd21ce39594f51d333596a8657bb7','n',NULL,'a'),(31575065,'31575065',NULL,NULL,NULL,'CRA 8 NO. 5-82 B',NULL,'',NULL,'f2be3eee98ecaff2b0aaa10e1b5ff718','n',NULL,'a'),(1063807091,'1063807091',NULL,NULL,NULL,'B/PRADOS DEL NORTE',NULL,'',NULL,'2778e56dae2117c204096c60045bd0ac','n',NULL,'a'),(1088975228,'1088975228',NULL,NULL,NULL,'B/MOROCHILLO',NULL,'',NULL,'0ec9f0b4d61c5655fffbeb09832e2714','n',NULL,'a'),(1088974725,'1088974725',NULL,NULL,NULL,'LA CRUZ ',NULL,'',NULL,'8676e62a5cb5a23661b6dbd5377242ec','n',NULL,'a'),(96101901596,'9610190159',NULL,NULL,NULL,'B/SULTANA DEL MAYO',NULL,'',NULL,'a5d3b29297e02a8c0cbeadba8dda6074','n',NULL,'a'),(1058673972,'1058673972',NULL,NULL,NULL,'B/PRADOS DEL NORTE',NULL,'',NULL,'fafd1583c03736ef94c4a531258feee2','n',NULL,'a'),(1058968867,'1058968867',NULL,NULL,NULL,'B/SANTANDER',NULL,'',NULL,'1296f52d0d044ed1921f649ec901130e','n',NULL,'a'),(97070518159,'9707051815',NULL,NULL,NULL,'B/PORTALES DE LLANOGRANDE',NULL,'',NULL,'2ddcb36919538ddaa55f9b64527ed2d7','n',NULL,'a'),(1088974772,'1088974772',NULL,NULL,NULL,'B/PRADOS DEL NORTE',NULL,'',NULL,'af9fb52f7ecc26690d0137a22975e644','n',NULL,'a'),(1088970648,'1088970648',NULL,NULL,NULL,'LA CRUZ ',NULL,'',NULL,'1dc8ba0c3c83c038cb46f9cea0b957f6','n',NULL,'a'),(97011918496,'9701191849',NULL,NULL,NULL,'B/LA POLA',NULL,'',NULL,'195d65fad51269a71803745a1fdde00e','n',NULL,'a'),(96082504181,'9608250418',NULL,NULL,NULL,'LA CRUZ ',NULL,'',NULL,'1f45847eb8632297805452fbb4cbbaae','n',NULL,'a'),(1088973807,'1088973807',NULL,NULL,NULL,'B/SAN ANTONIO',NULL,'',NULL,'e8594c971a85cd6782385c1bb666e14e','n',NULL,'a'),(1058972564,'1058972564',NULL,NULL,NULL,'VDA/LLANOGRANDE',NULL,'',NULL,'3ab4c9d7974429b0edc5f25801c5c498','n',NULL,'a'),(1088974161,'1088974161',NULL,NULL,NULL,'CALLE 5 NO 5-54',NULL,'',NULL,'646d8f5d52870cd7b84381dc2d7c5a19','n',NULL,'a'),(1088974657,'1088974657',NULL,NULL,NULL,'CALLE 4NO. 4-29',NULL,'',NULL,'f83d30e20e1f297244f9803c7ec6f70c','n',NULL,'a'),(1229,'1229',NULL,NULL,NULL,'B/SAN ANTONIO',NULL,'',NULL,'310ce61c90f3a46e340ee8257bc70e93','n',NULL,'a'),(1088974391,'1088974391',NULL,NULL,NULL,'CALLE  7 NO. 11-73',NULL,'',NULL,'9854252a758c41eb03034be2c822183a','n',NULL,'a'),(1058967426,'1058967426',NULL,NULL,NULL,'CALLE 11 NO, 8-105',NULL,'',NULL,'54beb50adaceeb84b640e625ee8711cc','n',NULL,'a'),(1088974630,'1088974630',NULL,NULL,NULL,'CRA 11 NO 8-105',NULL,'',NULL,'83d77e3774568824b783e413149fed78','n',NULL,'a'),(96040326909,'9604032690',NULL,NULL,NULL,'B/PRADOS DEL NORTE',NULL,'',NULL,'b190db7f3bff49659ebfc6e9ef5610a3','n',NULL,'a'),(27281627,'27281627',NULL,NULL,NULL,'B/PRADOS DEL NORTE',NULL,'',NULL,'94507e01b849b13870ec572d695b9c70','n',NULL,'a'),(97032918372,'9703291837',NULL,NULL,NULL,'LA CRUZ ',NULL,'',NULL,'df7f34845952aa4006483a40d44d7ec1','n',NULL,'a'),(1085662806,'1085662806',NULL,NULL,NULL,'B/PRADOS DEL NORTE',NULL,'',NULL,'17cdc4e4301fa422eced68a40ef38685','n',NULL,'a'),(1088973615,'1088973615',NULL,NULL,NULL,'B/SULTANA DEL MAYO',NULL,'',NULL,'9555237f34a2ccdf12e74319b5113fde','n',NULL,'a'),(1107090879,'1107090879',NULL,NULL,NULL,'B/SULTANA DEL MAYO',NULL,'',NULL,'a3f3595c3da59a694a7b5a6d4e5bc517','n',NULL,'a'),(1058673094,'1058673094',NULL,NULL,NULL,'B/PRADOS DEL NORTE',NULL,'',NULL,'b223bb8135439ed0ed94fa51228c89d1','n',NULL,'a'),(1088975285,'1088975285',NULL,NULL,NULL,'B/PRADOS DEL NORTE',NULL,'',NULL,'7c636346eea37286d6cd028e44e15b00','n',NULL,'a'),(1088973333,'1088973333',NULL,NULL,NULL,'B/VILLA DEL NORTE',NULL,'',NULL,'ece186dc1596e3e03fb7491f698bf6db','n',NULL,'a'),(1088975113,'1088975113',NULL,NULL,NULL,'B/CENTRO',NULL,'',NULL,'1ce9e32819f7d0467d00cd98f1d0ea1c','n',NULL,'a'),(1088974812,'1088974812',NULL,NULL,NULL,'VDA/LA VEGA',NULL,'',NULL,'edd33ff5558b5857e101f91d0355165f','n',NULL,'a'),(1088974773,'1088974773',NULL,NULL,NULL,'B/GRANADA',NULL,'',NULL,'a9a45dca54c17a5f0118f8fbbd63664f','n',NULL,'a'),(1088975169,'1088975169',NULL,NULL,NULL,'b/SAN ANTONIO',NULL,'',NULL,'d6bb51800618c1d6d74095f6838555d9','n',NULL,'a'),(1088975110,'1088975110',NULL,NULL,NULL,'B/FENELON ORDOÑEZ',NULL,'',NULL,'2075512f1d240294d38d8c15e4588ae5','n',NULL,'a'),(1088975164,'1088975164',NULL,NULL,NULL,'B/SAN ANTONIO',NULL,'',NULL,'c3d52d0cb73e84b4e0781ff5487cb14e','n',NULL,'a'),(1088974489,'1088974489',NULL,NULL,NULL,'B/LLANOGRANDE',NULL,'',NULL,'b290b02b948c2b2501dd539d16ad29e7','n',NULL,'a'),(1088974997,'1088974997',NULL,NULL,NULL,'B/GRANADA',NULL,'',NULL,'78f4962e746ce978782649cc8e6052f8','n',NULL,'a'),(1088975580,'1088975580',NULL,NULL,NULL,'B/PRADOS DEL NORTE',NULL,'',NULL,'40112d2f9669d9cf2cdb2ca80c00cea5','n',NULL,'a'),(1088974713,'1088974713',NULL,NULL,NULL,'B/BELEN',NULL,'',NULL,'08dc4060d3dda01eca60e2b389106e20','n',NULL,'a'),(1252,'1252',NULL,NULL,NULL,'B/LLANOGRANDE',NULL,'',NULL,'a284df1155ec3e67286080500df36a9a','n',NULL,'a'),(1085662769,'1085662769',NULL,NULL,NULL,'B/FENELON ORDOÑEZ',NULL,'',NULL,'a86c8e5311cd2b1d8abd145f7bfe9aa7','n',NULL,'a'),(1088974385,'1088974385',NULL,NULL,NULL,'B/FENELON ORDOÑEZ',NULL,'',NULL,'2582e33a5f0e23b4e09418e6867f03ed','n',NULL,'a'),(1088975384,'1088975384',NULL,NULL,NULL,'CALLE 11 No 8 -42',NULL,'',NULL,'d8ce81c0cf72ce8864b99882cb6ed5c8','n',NULL,'a'),(1088975569,'1088975569',NULL,NULL,NULL,'B/PORTALES DEL NORTE',NULL,'',NULL,'1b37d3d8ba4c7188c4fd2b36978d4a0f','n',NULL,'a'),(1088975545,'1088975545',NULL,NULL,NULL,'B/PRADOS DEL NORTE',NULL,'',NULL,'cd538571784e6652417d8c2c55208320','n',NULL,'a'),(87247310,'87247310',NULL,NULL,NULL,'',NULL,'',NULL,'c929388f095d670ae3c522fc2a37e826','n',NULL,'a'),(1088971190,'1088971190',NULL,NULL,NULL,'B/SULTANA DEL MAYO',NULL,'',NULL,'6450b60de31f0f719a83720cd84c7070','n',NULL,'a'),(1088974574,'1088974574',NULL,NULL,NULL,'LA CRUZ ',NULL,'',NULL,'a184caf8cba52e189adbfff4265dcfcf','n',NULL,'a'),(1088973271,'1088973271',NULL,NULL,NULL,'B/MOROCHILLO',NULL,'',NULL,'884b8cac6b8fa046b4cfb108822a6ff7','n',NULL,'a'),(1088974767,'1088974767',NULL,NULL,NULL,'B/LLANOGRANDE',NULL,'',NULL,'4517651e213ba50abcc9873b17029bff','n',NULL,'a'),(1088975206,'1088975206',NULL,NULL,NULL,'LA CRUZ ',NULL,'',NULL,'9c0eaeff6e4e6bca9b82070dc4c2a987','n',NULL,'a'),(1088974927,'1088974927',NULL,NULL,NULL,'LA CRUZ ',NULL,'',NULL,'ec200a410246cbd67f700edc5ba0c2b2','n',NULL,'a'),(1088975367,'1088975367',NULL,NULL,NULL,'B/SULTANA DEL MAYO',NULL,'',NULL,'0cb67ba8193a7de0ec50c81ca6f27828','n',NULL,'a'),(1088974885,'1088974885',NULL,NULL,NULL,'B/PRADOS DEL NORTE',NULL,'',NULL,'64f0394b577c91c2d5cac36d8456f1ef','n',NULL,'a'),(1088974193,'1088974193',NULL,NULL,NULL,'VDA/LA CAÑADA',NULL,'',NULL,'017fe7562012a1fc110b7168bcd918e4','n',NULL,'a'),(1088975190,'1088975190',NULL,NULL,NULL,'VDA/CABUYALES',NULL,'',NULL,'2f5146abae4e4a1246d714329c6b5137','n',NULL,'a'),(1088975108,'1088975108',NULL,NULL,NULL,'B/PRADOS DEL NORTE',NULL,'',NULL,'7f809b8b3eda13e102f39c3ebe04b5eb','n',NULL,'a'),(95102919115,'9510291911',NULL,NULL,NULL,'B/PRADOS DEL NORTE',NULL,'',NULL,'7012626269e673b1c281c328e405fbdf','n',NULL,'a'),(27281844,'27281844',NULL,NULL,NULL,'B/GRANADA',NULL,'',NULL,'c1ea587320cc807822bbc8442672e3f2','n',NULL,'a'),(1088975327,'1088975327',NULL,NULL,NULL,'B/PRADOS DEL NORTE',NULL,'',NULL,'e34150c35b4af1a480598a3eb4315bfc','n',NULL,'a'),(1088974731,'1088974731',NULL,NULL,NULL,'LA CRUZ ',NULL,'',NULL,'d60e288a0aa316850249e783d52c3d20','n',NULL,'a'),(27282206,'27282206',NULL,NULL,NULL,'B/MOROCHILLO',NULL,'',NULL,'da9b8b0ed99c7e2c0e64ca6f1a967184','n',NULL,'a'),(1088974044,'1088974044',NULL,NULL,NULL,'B/VILLA DEL NORTE',NULL,'',NULL,'012f8c28d991579b2406d4eaafed3e29','n',NULL,'a'),(1085662652,'1085662652',NULL,NULL,NULL,'B/VILLA DEL NORTE',NULL,'',NULL,'80b46833220029aa8c627943c9d7f5ef','n',NULL,'a'),(1088970875,'1088970875',NULL,NULL,NULL,'B/CENTRO',NULL,'',NULL,'0526b96bf25ab8e82b34747d1495cb7b','n',NULL,'a'),(1004731525,'1004731525',NULL,NULL,NULL,'B/LLANOGRANDE',NULL,'',NULL,'d820349db0fe69b581ab9b22f56ec723','n',NULL,'a'),(1059912861,'1059912861',NULL,NULL,NULL,'B/LA POLA',NULL,'',NULL,'0e30085bb35df16815cf1121e4c99fac','n',NULL,'a'),(1061750474,'1061750474',NULL,NULL,NULL,'B/LA POLA',NULL,'',NULL,'83bb43e0451ba35f415217ee1879fb19','n',NULL,'a'),(1088971849,'1088971849',NULL,NULL,NULL,'B/VILLA DEL NORTE',NULL,'',NULL,'7761619133c84c1ebe4a486ca7aa55cb','n',NULL,'a'),(1059912224,'1059912224',NULL,NULL,NULL,'B/VILLA DEL NORTE',NULL,'',NULL,'48539560e12d0c922f7dcd2aae0d2c9c','n',NULL,'a'),(1088975346,'1088975346',NULL,NULL,NULL,'B/BELEN',NULL,'',NULL,'467909e86c2b90e84d40d0073ff99d35','n',NULL,'a'),(1010013829,'1010013829',NULL,NULL,NULL,'B/BELEN',NULL,'',NULL,'bfcbe7f3becd3b0ee36dfc013a33d1c1','n',NULL,'a'),(1285,'1285',NULL,NULL,NULL,'B/SAN ANTONIO',NULL,'',NULL,'944bdd9636749a0801c39b6e449dbedc','n',NULL,'a');

--
